000
CDUS44 KLCH 200824
CLIARA


CLIMATE REPORT
NATIONAL WEATHER SERVICE LAKE CHARLES, LA
223 AM CST SAT DEC 20 2014


...................................

...THE NEW IBERIA CLIMATE SUMMARY FOR DECEMBER 19 2014...

CLIMATE NORMAL PERIOD 1981 TO 2010
CLIMATE RECORD PERIOD 1948 TO 2014


WEATHER ITEM   OBSERVED TIME   RECORD YEAR NORMAL DEPARTURE LAST
                VALUE   (LST)  VALUE       VALUE  FROM      YEAR
                                                  NORMAL
..................................................................
TEMPERATURE (F)
 YESTERDAY
  MAXIMUM         61    127 AM  79    2012  64     -3       76
                                      2008
  MINIMUM         51   1159 PM  22    1996  44      7       45
  AVERAGE         56                        54      2       61

PRECIPITATION (IN)
  YESTERDAY        0.87          4.05 1956   0.16   0.71     0.00
  MONTH TO DATE    0.94                      3.35  -2.41     1.88
  SINCE DEC 1      0.94                      3.35  -2.41     1.88
  SINCE JAN 1     49.50                     58.04  -8.54    64.96

SNOWFALL (IN)
  YESTERDAY        0.0           0.0    MM  MM               0.0
  MONTH TO DATE    0.0                      MM               0.0
  SINCE DEC 1      0.0                      MM               0.0
  SINCE JUL 1      0.0                      MM               0.0

DEGREE DAYS
 HEATING
  YESTERDAY        9                        12     -3        4
  MONTH TO DATE  110                       203    -93      233
  SINCE DEC 1    110                       203    -93      233
  SINCE JUL 1    397                       398     -1      466

 COOLING
  YESTERDAY        0                         1     -1        0
  MONTH TO DATE   19                        19      0       28
  SINCE DEC 1     19                        19      0       28
  SINCE JAN 1   2848                      2811     37     3219
..................................................................


WIND (MPH)
  RESULTANT WIND SPEED   9   RESULTANT WIND DIRECTION  NE (50)
  HIGHEST WIND SPEED    18   HIGHEST WIND DIRECTION    NE (30)
  HIGHEST GUST SPEED    23   HIGHEST GUST DIRECTION    NE (60)
  AVERAGE WIND SPEED    10.3


SKY COVER
  POSSIBLE SUNSHINE  MM
  AVERAGE SKY COVER 1.0


WEATHER CONDITIONS
 THE FOLLOWING WEATHER WAS RECORDED YESTERDAY.
  THUNDERSTORM
  HEAVY RAIN
  RAIN
  LIGHT RAIN
  FOG


RELATIVE HUMIDITY (PERCENT)
 HIGHEST    96           600 PM
 LOWEST     84          1200 AM
 AVERAGE    90

..........................................................


THE NEW IBERIA CLIMATE NORMALS FOR TODAY
                         NORMAL    RECORD    YEAR
 MAXIMUM TEMPERATURE (F)   64        79      1978
 MINIMUM TEMPERATURE (F)   44        24      1996


SUNRISE AND SUNSET
DECEMBER 20 2014......SUNRISE   659 AM CST   SUNSET   512 PM CST
DECEMBER 21 2014......SUNRISE   659 AM CST   SUNSET   512 PM CST


-  INDICATES NEGATIVE NUMBERS.
R  INDICATES RECORD WAS SET OR TIED.
MM INDICATES DATA IS MISSING.
T  INDICATES TRACE AMOUNT.




$$
