000
CDUS44 KLCH 180825
CLIARA


CLIMATE REPORT
NATIONAL WEATHER SERVICE LAKE CHARLES, LA
223 AM CST THU JAN 18 2018


...................................

...THE NEW IBERIA CLIMATE SUMMARY FOR JANUARY 17 2018...

CLIMATE NORMAL PERIOD 1981 TO 2010
CLIMATE RECORD PERIOD 1948 TO 2018


WEATHER ITEM   OBSERVED TIME   RECORD YEAR NORMAL DEPARTURE LAST
                VALUE   (LST)  VALUE       VALUE  FROM      YEAR
                                                  NORMAL
..................................................................
TEMPERATURE (F)
 YESTERDAY
  MAXIMUM         32    345 PM  79    2017  63    -31       79
  MINIMUM         17R   739 AM  21    1977  43    -26       66
  AVERAGE         25                        53    -28       73

PRECIPITATION (IN)
  YESTERDAY        0.00          2.00 1980   0.17  -0.17      T
                                      1953
  MONTH TO DATE    1.68                      2.82  -1.14     0.80
  SINCE DEC 1      9.90                      7.82   2.08     9.50
  SINCE JAN 1      1.68                      2.82  -1.14     0.80

SNOWFALL (IN)
  YESTERDAY        0.0           0.0    MM  MM               0.0
  MONTH TO DATE    T                        MM               0.0
  SINCE DEC 1      2.4                      MM               0.0
  SINCE JUL 1      2.4                      MM               0.0

DEGREE DAYS
 HEATING
  YESTERDAY       40                        13     27        0
  MONTH TO DATE  374                       221    153      123
  SINCE DEC 1    742                       573    169      359
  SINCE JUL 1    921                       768    153      454

 COOLING
  YESTERDAY        0                         0      0        8
  MONTH TO DATE    0                         9     -9       41
  SINCE DEC 1     19                        31    -12      108
  SINCE JAN 1      0                         9     -9       41
..................................................................


WIND (MPH)
  RESULTANT WIND SPEED  14   RESULTANT WIND DIRECTION   N (10)
  HIGHEST WIND SPEED    24   HIGHEST WIND DIRECTION     N (20)
  HIGHEST GUST SPEED    30   HIGHEST GUST DIRECTION     N (10)
  AVERAGE WIND SPEED    14.9


SKY COVER
  POSSIBLE SUNSHINE  MM
  AVERAGE SKY COVER 0.0


WEATHER CONDITIONS
 THE FOLLOWING WEATHER WAS RECORDED YESTERDAY.
  NO SIGNIFICANT WEATHER WAS OBSERVED.


RELATIVE HUMIDITY (PERCENT)
 HIGHEST    77          1000 PM
 LOWEST     47           300 PM
 AVERAGE    62

..........................................................


THE NEW IBERIA CLIMATE NORMALS FOR TODAY
                         NORMAL    RECORD    YEAR
 MAXIMUM TEMPERATURE (F)   63        80      1950
 MINIMUM TEMPERATURE (F)   43        19      1948


SUNRISE AND SUNSET
JANUARY 18 2018.......SUNRISE   704 AM CST   SUNSET   533 PM CST
JANUARY 19 2018.......SUNRISE   703 AM CST   SUNSET   534 PM CST


-  INDICATES NEGATIVE NUMBERS.
R  INDICATES RECORD WAS SET OR TIED.
MM INDICATES DATA IS MISSING.
T  INDICATES TRACE AMOUNT.




$$
