000
CDUS44 KLCH 311005
CLIARA


CLIMATE REPORT
NATIONAL WEATHER SERVICE LAKE CHARLES, LA
405 AM CST SAT JAN 31 2015


...................................

...THE NEW IBERIA CLIMATE SUMMARY FOR JANUARY 30 2015...

CLIMATE NORMAL PERIOD 1981 TO 2010
CLIMATE RECORD PERIOD 1948 TO 2015


WEATHER ITEM   OBSERVED TIME   RECORD YEAR NORMAL DEPARTURE LAST
                VALUE   (LST)  VALUE       VALUE  FROM      YEAR
                                                  NORMAL
..................................................................
TEMPERATURE (F)
 YESTERDAY
  MAXIMUM         63    411 PM  80    1957  63      0       52
                                      1950
  MINIMUM         45    723 AM  18    1966  43      2       21
  AVERAGE         54                        53      1       37

PRECIPITATION (IN)
  YESTERDAY        0.00          2.10 1972   0.19  -0.19     0.00
  MONTH TO DATE    4.37                      5.04  -0.67     2.35
  SINCE DEC 1      6.08                     10.04  -3.96     4.91
  SINCE JAN 1      4.37                      5.04  -0.67     2.35

SNOWFALL (IN)
  YESTERDAY        0.0           2.1  1949  MM               0.0
  MONTH TO DATE    0.0                      MM               0.1
  SINCE DEC 1      0.0                      MM               0.1
  SINCE JUL 1      0.0                      MM               0.1

DEGREE DAYS
 HEATING
  YESTERDAY       11                        12     -1       28
  MONTH TO DATE  430                       381     49      558
  SINCE DEC 1    674                       733    -59      960
  SINCE JUL 1    961                       928     33     1193

 COOLING
  YESTERDAY        0                         0      0        0
  MONTH TO DATE    2                         9     -7        0
  SINCE DEC 1     24                        31     -7       41
  SINCE JAN 1      2                         9     -7        0
..................................................................


WIND (MPH)
  RESULTANT WIND SPEED  11   RESULTANT WIND DIRECTION  NE (30)
  HIGHEST WIND SPEED    23   HIGHEST WIND DIRECTION    NE (30)
  HIGHEST GUST SPEED    27   HIGHEST GUST DIRECTION    NE (30)
  AVERAGE WIND SPEED    11.7


SKY COVER
  POSSIBLE SUNSHINE  MM
  AVERAGE SKY COVER 0.0


WEATHER CONDITIONS
 THE FOLLOWING WEATHER WAS RECORDED YESTERDAY.
  FOG


RELATIVE HUMIDITY (PERCENT)
 HIGHEST    93          1200 AM
 LOWEST     34           400 PM
 AVERAGE    64

..........................................................


THE NEW IBERIA CLIMATE NORMALS FOR TODAY
                         NORMAL    RECORD    YEAR
 MAXIMUM TEMPERATURE (F)   63        81      2002
                                             1957
 MINIMUM TEMPERATURE (F)   43        23      1949


SUNRISE AND SUNSET
JANUARY 31 2015.......SUNRISE   658 AM CST   SUNSET   544 PM CST
FEBRUARY  1 2015......SUNRISE   658 AM CST   SUNSET   545 PM CST


-  INDICATES NEGATIVE NUMBERS.
R  INDICATES RECORD WAS SET OR TIED.
MM INDICATES DATA IS MISSING.
T  INDICATES TRACE AMOUNT.




$$
