000
CDUS44 KLCH 230822
CLIARA


CLIMATE REPORT
NATIONAL WEATHER SERVICE LAKE CHARLES, LA
322 AM CDT WED JUL 23 2014


...................................

...THE NEW IBERIA CLIMATE SUMMARY FOR JULY 22 2014...

CLIMATE NORMAL PERIOD 1981 TO 2010
CLIMATE RECORD PERIOD 1948 TO 2014


WEATHER ITEM   OBSERVED TIME   RECORD YEAR NORMAL DEPARTURE LAST
                VALUE   (LST)  VALUE       VALUE  FROM      YEAR
                                                  NORMAL
..................................................................
TEMPERATURE (F)
 YESTERDAY
  MAXIMUM         92    357 PM  98    1948  92      0       93
  MINIMUM         75    515 AM  67    1970  74      1       77
                                      1956
  AVERAGE         84                        83      1       85

PRECIPITATION (IN)
  YESTERDAY        0.00          3.70 1983   0.22  -0.22     0.23
  MONTH TO DATE    8.97                      4.71   4.26     6.27
  SINCE JUN 1     16.66                     11.61   5.05    12.46
  SINCE JAN 1     33.00                     33.84  -0.84    47.83

SNOWFALL (IN)
  YESTERDAY        0.0           0.0    MM  MM               0.0
  MONTH TO DATE    0.0                      MM               0.0
  SINCE JUN 1      0.0                      MM               0.0
  SINCE JUL 1      0.0                      MM               0.0

DEGREE DAYS
 HEATING
  YESTERDAY        0                         0      0        0
  MONTH TO DATE    0                         0      0        0
  SINCE JUN 1      0                         0      0        0
  SINCE JUL 1      0                         0      0        0

 COOLING
  YESTERDAY       19                        18      1       20
  MONTH TO DATE  370                       385    -15      388
  SINCE JUN 1    877                       856     21      951
  SINCE JAN 1   1363                      1426    -63     1532
..................................................................


WIND (MPH)
  RESULTANT WIND SPEED   4   RESULTANT WIND DIRECTION   N (20)
  HIGHEST WIND SPEED    14   HIGHEST WIND DIRECTION     N (10)
  HIGHEST GUST SPEED    17   HIGHEST GUST DIRECTION    NE (50)
  AVERAGE WIND SPEED     4.2


SKY COVER
  POSSIBLE SUNSHINE  MM
  AVERAGE SKY COVER 0.1


WEATHER CONDITIONS
 THE FOLLOWING WEATHER WAS RECORDED YESTERDAY.
  FOG


RELATIVE HUMIDITY (PERCENT)
 HIGHEST    94           200 AM
 LOWEST     47           400 PM
 AVERAGE    71

..........................................................


THE NEW IBERIA CLIMATE NORMALS FOR TODAY
                         NORMAL    RECORD    YEAR
 MAXIMUM TEMPERATURE (F)   92        98      1948
 MINIMUM TEMPERATURE (F)   74        65      1970


SUNRISE AND SUNSET
JULY 23 2014..........SUNRISE   621 AM CDT   SUNSET   807 PM CDT
JULY 24 2014..........SUNRISE   622 AM CDT   SUNSET   806 PM CDT


-  INDICATES NEGATIVE NUMBERS.
R  INDICATES RECORD WAS SET OR TIED.
MM INDICATES DATA IS MISSING.
T  INDICATES TRACE AMOUNT.




$$
