000
CDUS44 KLCH 250832
CLIARA


CLIMATE REPORT
NATIONAL WEATHER SERVICE LAKE CHARLES, LA
331 AM CDT THU MAY 25 2017


...................................

...THE NEW IBERIA CLIMATE SUMMARY FOR MAY 24 2017...

CLIMATE NORMAL PERIOD 1981 TO 2010
CLIMATE RECORD PERIOD 1948 TO 2017


WEATHER ITEM   OBSERVED TIME   RECORD YEAR NORMAL DEPARTURE LAST
                VALUE   (LST)  VALUE       VALUE  FROM      YEAR
                                                  NORMAL
..................................................................
TEMPERATURE (F)
 YESTERDAY
  MAXIMUM         78    336 PM  95    2005  87     -9       88
  MINIMUM         60   1159 PM  56    1967  69     -9       68
  AVERAGE         69                        78     -9       78

PRECIPITATION (IN)
  YESTERDAY        0.01          1.98 2015   0.22  -0.21     0.00
  MONTH TO DATE    6.93                      3.28   3.65     4.53
  SINCE MAR 1     12.72                     11.12   1.60    14.82
  SINCE JAN 1     15.52                     20.53  -5.01    25.05

SNOWFALL (IN)
  YESTERDAY        0.0           0.0    MM  MM               0.0
  MONTH TO DATE    0.0                      MM               0.0
  SINCE MAR 1      0.0                      MM               0.0
  SINCE JUL 1      0.0                      MM               0.0

DEGREE DAYS
 HEATING
  YESTERDAY        0                         0      0        0
  MONTH TO DATE    4                         0      4        0
  SINCE MAR 1     87                       192   -105       81
  SINCE JUL 1    716                      1408   -692      997

 COOLING
  YESTERDAY        4                        13     -9       13
  MONTH TO DATE  195                       253    -58      226
  SINCE MAR 1    527                       442     85      512
  SINCE JAN 1    662                       473    189      522
..................................................................


WIND (MPH)
  RESULTANT WIND SPEED  11   RESULTANT WIND DIRECTION  NW (310)
  HIGHEST WIND SPEED    24   HIGHEST WIND DIRECTION     W (290)
  HIGHEST GUST SPEED    35   HIGHEST GUST DIRECTION    NW (310)
  AVERAGE WIND SPEED    11.7


SKY COVER
  POSSIBLE SUNSHINE  MM
  AVERAGE SKY COVER 0.2


WEATHER CONDITIONS
 THE FOLLOWING WEATHER WAS RECORDED YESTERDAY.
  LIGHT RAIN


RELATIVE HUMIDITY (PERCENT)
 HIGHEST    87           400 AM
 LOWEST     35           200 PM
 AVERAGE    61

..........................................................


THE NEW IBERIA CLIMATE NORMALS FOR TODAY
                         NORMAL    RECORD    YEAR
 MAXIMUM TEMPERATURE (F)   88        94      2010
                                             2005
 MINIMUM TEMPERATURE (F)   69        60      1985


SUNRISE AND SUNSET
MAY 25 2017...........SUNRISE   609 AM CDT   SUNSET   800 PM CDT
MAY 26 2017...........SUNRISE   609 AM CDT   SUNSET   801 PM CDT


-  INDICATES NEGATIVE NUMBERS.
R  INDICATES RECORD WAS SET OR TIED.
MM INDICATES DATA IS MISSING.
T  INDICATES TRACE AMOUNT.




$$
