000
CDUS43 KLOT 300633
CLIARR


CLIMATE REPORT
NATIONAL WEATHER SERVICE CHICAGO IL
132 AM CDT TUE MAY 30 2017


...................................

...THE AURORA MUNICIPAL AIRPORT CLIMATE SUMMARY FOR MAY 29 2017...

CLIMATE NORMAL PERIOD 1981 TO 2010
CLIMATE RECORD PERIOD 1998 TO 2017


WEATHER ITEM   OBSERVED TIME   RECORD YEAR NORMAL DEPARTURE LAST
                VALUE   (LST)  VALUE       VALUE  FROM      YEAR
                                                  NORMAL
..................................................................
TEMPERATURE (F)
 YESTERDAY
  MAXIMUM         77    152 PM  92    2006  75      2       80
  MINIMUM         54    445 AM  40    2008  52      2       63
  AVERAGE         66                        63      3       72

PRECIPITATION (IN)
  YESTERDAY        0.00          1.23 2011   0.14  -0.14     0.00
  MONTH TO DATE    4.49                      3.98   0.51     6.48
  SINCE MAR 1     14.19                      9.51   4.68    11.81
  SINCE JAN 1     18.08                     12.60   5.48    13.30

DEGREE DAYS
 HEATING
  YESTERDAY        0                         4     -4        0
  MONTH TO DATE  211                       222    -11      204
  SINCE MAR 1   1348                      1590   -242     1332
  SINCE JUL 1   5409                      6728  -1319     5453

 COOLING
  YESTERDAY        1                         2     -1        7
  MONTH TO DATE   28                        32     -4       59
  SINCE MAR 1     34                        35     -1       64
  SINCE JAN 1     34                        35     -1       64
..................................................................


WIND (MPH)
  RESULTANT WIND SPEED  13   RESULTANT WIND DIRECTION   W (260)
  HIGHEST WIND SPEED    29   HIGHEST WIND DIRECTION     W (280)
  HIGHEST GUST SPEED    37   HIGHEST GUST DIRECTION     W (260)
  AVERAGE WIND SPEED    13.8


SKY COVER
  POSSIBLE SUNSHINE  MM
  AVERAGE SKY COVER 0.2


WEATHER CONDITIONS
 THE FOLLOWING WEATHER WAS RECORDED YESTERDAY.
  HAZE


RELATIVE HUMIDITY (PERCENT)
 HIGHEST    86           500 AM
 LOWEST     31           200 PM
 AVERAGE    59

..........................................................


THE AURORA MUNICIPAL AIRPORT CLIMATE NORMALS FOR TODAY
                         NORMAL    RECORD    YEAR
 MAXIMUM TEMPERATURE (F)   75        91      2010
 MINIMUM TEMPERATURE (F)   52        42      2001


SUNRISE AND SUNSET
MAY 30 2017...........SUNRISE   522 AM CDT   SUNSET   821 PM CDT
MAY 31 2017...........SUNRISE   522 AM CDT   SUNSET   822 PM CDT


-  INDICATES NEGATIVE NUMBERS.
R  INDICATES RECORD WAS SET OR TIED.
MM INDICATES DATA IS MISSING.
T  INDICATES TRACE AMOUNT.




$$
