000
CDUS43 KLOT 030649
CLIARR


CLIMATE REPORT
NATIONAL WEATHER SERVICE CHICAGO IL
1248 AM CST SAT DEC 3 2016


...................................

...THE AURORA MUNICIPAL AIRPORT CLIMATE SUMMARY FOR DECEMBER 2 2016...

CLIMATE NORMAL PERIOD 1981 TO 2010
CLIMATE RECORD PERIOD 1998 TO 2016


WEATHER ITEM   OBSERVED TIME   RECORD YEAR NORMAL DEPARTURE LAST
                VALUE   (LST)  VALUE       VALUE  FROM      YEAR
                                                  NORMAL
..................................................................
TEMPERATURE (F)
 YESTERDAY
  MAXIMUM         40    229 PM  63    2012  38      2       36
  MINIMUM         33   1159 PM   0    2006  22     11       32
  AVERAGE         37                        30      7       34

PRECIPITATION (IN)
  YESTERDAY        T             0.46 2007   0.10  -0.10     0.15
  MONTH TO DATE    0.01                      0.19  -0.18     0.31
  SINCE DEC 1      0.01                      0.19  -0.18     0.31
  SINCE JAN 1     33.57                     35.09  -1.52    35.47

DEGREE DAYS
 HEATING
  YESTERDAY       28                        35     -7       31
  MONTH TO DATE   54                        70    -16       56
  SINCE DEC 1     54                        70    -16       56
  SINCE JUL 1    952                      1484   -532     1136

 COOLING
  YESTERDAY        0                         0      0        0
  MONTH TO DATE    0                         0      0        0
  SINCE DEC 1      0                         0      0        0
  SINCE JAN 1   1039                       655    384      750
..................................................................


WIND (MPH)
  RESULTANT WIND SPEED   8   RESULTANT WIND DIRECTION   W (290)
  HIGHEST WIND SPEED    17   HIGHEST WIND DIRECTION     W (270)
  HIGHEST GUST SPEED    20   HIGHEST GUST DIRECTION     W (280)
  AVERAGE WIND SPEED     8.8


SKY COVER
  POSSIBLE SUNSHINE  MM
  AVERAGE SKY COVER 0.9


WEATHER CONDITIONS
 THE FOLLOWING WEATHER WAS RECORDED YESTERDAY.
  LIGHT RAIN
  LIGHT SNOW
  FOG


RELATIVE HUMIDITY (PERCENT)
 HIGHEST    85           200 AM
 LOWEST     70           500 PM
 AVERAGE    78

..........................................................


THE AURORA MUNICIPAL AIRPORT CLIMATE NORMALS FOR TODAY
                         NORMAL    RECORD    YEAR
 MAXIMUM TEMPERATURE (F)   38        70      2012
 MINIMUM TEMPERATURE (F)   21        -3      2006


SUNRISE AND SUNSET
DECEMBER  3 2016......SUNRISE   704 AM CST   SUNSET   423 PM CST
DECEMBER  4 2016......SUNRISE   705 AM CST   SUNSET   423 PM CST


-  INDICATES NEGATIVE NUMBERS.
R  INDICATES RECORD WAS SET OR TIED.
MM INDICATES DATA IS MISSING.
T  INDICATES TRACE AMOUNT.




$$
