000
CDUS43 KLOT 250636
CLIARR


CLIMATE REPORT
NATIONAL WEATHER SERVICE CHICAGO IL
1235 AM CST SAT NOV 25 2017


...................................

...THE AURORA MUNICIPAL AIRPORT CLIMATE SUMMARY FOR NOVEMBER 24 2017...

CLIMATE NORMAL PERIOD 1981 TO 2010
CLIMATE RECORD PERIOD 1998 TO 2017


WEATHER ITEM   OBSERVED TIME   RECORD YEAR NORMAL DEPARTURE LAST
                VALUE   (LST)  VALUE       VALUE  FROM      YEAR
                                                  NORMAL
..................................................................
TEMPERATURE (F)
 YESTERDAY
  MAXIMUM         63R   253 PM  63    2001  43     20       42
  MINIMUM         28    318 AM   8    2013  25      3       37
  AVERAGE         46                        34     12       40

PRECIPITATION (IN)
  YESTERDAY        0.00          0.60 2001   0.08  -0.08     0.00
  MONTH TO DATE    1.45                      2.57  -1.12     0.78
  SINCE SEP 1     12.92                      9.13   3.79     5.25
  SINCE JAN 1     41.30                     34.33   6.97    32.08

DEGREE DAYS
 HEATING
  YESTERDAY       19                        31    -12       25
  MONTH TO DATE  678                       609     69      444
  SINCE SEP 1   1061                      1192   -131      755
  SINCE JUL 1   1086                      1216   -130      758

 COOLING
  YESTERDAY        0                         0      0        0
  MONTH TO DATE    0                         0      0        3
  SINCE SEP 1    144                        71     73      185
  SINCE JAN 1    713                       655     58     1039
..................................................................


WIND (MPH)
  RESULTANT WIND SPEED  10   RESULTANT WIND DIRECTION   S (190)
  HIGHEST WIND SPEED    26   HIGHEST WIND DIRECTION     S (180)
  HIGHEST GUST SPEED    33   HIGHEST GUST DIRECTION     S (180)
  AVERAGE WIND SPEED    11.9


SKY COVER
  POSSIBLE SUNSHINE  MM
  AVERAGE SKY COVER 0.1


WEATHER CONDITIONS
 THE FOLLOWING WEATHER WAS RECORDED YESTERDAY.
  NO SIGNIFICANT WEATHER WAS OBSERVED.


RELATIVE HUMIDITY (PERCENT)
 HIGHEST    85          1200 AM
 LOWEST     43           100 PM
 AVERAGE    64

..........................................................


THE AURORA MUNICIPAL AIRPORT CLIMATE NORMALS FOR TODAY
                         NORMAL    RECORD    YEAR
 MAXIMUM TEMPERATURE (F)   42        58      2006
 MINIMUM TEMPERATURE (F)   24         8      2004


SUNRISE AND SUNSET
NOVEMBER 25 2017......SUNRISE   655 AM CST   SUNSET   426 PM CST
NOVEMBER 26 2017......SUNRISE   656 AM CST   SUNSET   426 PM CST


-  INDICATES NEGATIVE NUMBERS.
R  INDICATES RECORD WAS SET OR TIED.
MM INDICATES DATA IS MISSING.
T  INDICATES TRACE AMOUNT.




$$
