000
CDUS43 KLOT 310636
CLIARR


CLIMATE REPORT
NATIONAL WEATHER SERVICE CHICAGO IL
1235 AM CST SAT JAN 31 2015


...................................

...THE AURORA MUNICIPAL AIRPORT CLIMATE SUMMARY FOR JANUARY 30 2015...

CLIMATE NORMAL PERIOD 1981 TO 2010
CLIMATE RECORD PERIOD 1998 TO 2015


WEATHER ITEM   OBSERVED TIME   RECORD YEAR NORMAL DEPARTURE LAST
                VALUE   (LST)  VALUE       VALUE  FROM      YEAR
                                                  NORMAL
..................................................................
TEMPERATURE (F)
 YESTERDAY
  MAXIMUM         30   1222 AM  MM      MM  30      0       32
  MINIMUM         18   1143 PM  MM      MM  12      6       17
  AVERAGE         24                        21      3       25

PRECIPITATION (IN)
  YESTERDAY        0.00         MM      MM   0.06  -0.06      T
  MONTH TO DATE    0.60                      1.41  -0.81     0.80
  SINCE DEC 1      1.31                      3.37  -2.06     1.45
  SINCE JAN 1      0.60                      1.41  -0.81     0.80

DEGREE DAYS
 HEATING
  YESTERDAY       41                        44     -3       40
  MONTH TO DATE 1319                      1322     -3     1227
  SINCE DEC 1   2349                      2557   -208     2606
  SINCE JUL 1   3928                      3971    -43     4056

 COOLING
  YESTERDAY        0                         0      0        0
  MONTH TO DATE    0                         0      0        0
  SINCE DEC 1      0                         0      0        0
  SINCE JAN 1      0                         0      0        0
..................................................................


WIND (MPH)
  RESULTANT WIND SPEED   5   RESULTANT WIND DIRECTION   N (340)
  HIGHEST WIND SPEED    22   HIGHEST WIND DIRECTION     N (340)
  HIGHEST GUST SPEED    28   HIGHEST GUST DIRECTION     N (340)
  AVERAGE WIND SPEED     6.3


SKY COVER
  POSSIBLE SUNSHINE  MM
  AVERAGE SKY COVER 0.2


WEATHER CONDITIONS
 THE FOLLOWING WEATHER WAS RECORDED YESTERDAY.
  NO SIGNIFICANT WEATHER WAS OBSERVED.


RELATIVE HUMIDITY (PERCENT)
 HIGHEST    80          1100 PM
 LOWEST     46          1100 AM
 AVERAGE    63

..........................................................


THE AURORA MUNICIPAL AIRPORT CLIMATE NORMALS FOR TODAY
                         NORMAL    RECORD    YEAR
 MAXIMUM TEMPERATURE (F)   30        MM        MM
 MINIMUM TEMPERATURE (F)   13        MM        MM


SUNRISE AND SUNSET
JANUARY 31 2015.......SUNRISE   707 AM CST   SUNSET   508 PM CST
FEBRUARY  1 2015......SUNRISE   706 AM CST   SUNSET   509 PM CST


-  INDICATES NEGATIVE NUMBERS.
R  INDICATES RECORD WAS SET OR TIED.
MM INDICATES DATA IS MISSING.
T  INDICATES TRACE AMOUNT.




$$
