000
CDUS41 KBUF 191021
CLIART


CLIMATE REPORT
NATIONAL WEATHER SERVICE BUFFALO NY
520 AM EST MON FEB 19 2018


...................................

...THE WATERTOWN NY CLIMATE SUMMARY FOR FEBRUARY 18 2018...

CLIMATE NORMAL PERIOD 1981 TO 2010
CLIMATE RECORD PERIOD 1949 TO 2018


WEATHER ITEM   OBSERVED TIME   RECORD YEAR NORMAL DEPARTURE LAST
                VALUE   (LST)  VALUE       VALUE  FROM      YEAR
                                                  NORMAL
..................................................................
TEMPERATURE (F)
 YESTERDAY
  MAXIMUM         36   1222 PM  57    1981  32      4       53
  MINIMUM         27   1159 PM -30    1979  11     16       15
  AVERAGE         32                        22     10       34

PRECIPITATION (IN)
  YESTERDAY        0.04          0.38 1992   0.08  -0.04     0.00
  MONTH TO DATE    0.73                      1.41  -0.68     1.11
  SINCE DEC 1      4.78                      7.22  -2.44     5.08
  SINCE JAN 1      2.99                      4.07  -1.08     2.89

DEGREE DAYS
 HEATING
  YESTERDAY       33                        43    -10       31
  MONTH TO DATE  750                       811    -61      730
  SINCE DEC 1   3607                      3423    184     3019
  SINCE JUL 1   4966                      5022    -56     4361

 COOLING
  YESTERDAY        0                         0      0        0
  MONTH TO DATE    0                         0      0        0
  SINCE DEC 1      0                         0      0        0
  SINCE JAN 1      0                         0      0        0
..................................................................


WIND (MPH)
  HIGHEST WIND SPEED    16   HIGHEST WIND DIRECTION    SW (240)
  HIGHEST GUST SPEED    23   HIGHEST GUST DIRECTION    SW (230)
  AVERAGE WIND SPEED     7.4


SKY COVER
  AVERAGE SKY COVER 0.7


WEATHER CONDITIONS
 THE FOLLOWING WEATHER WAS RECORDED YESTERDAY.
  SNOW
  LIGHT SNOW
  FOG
  FOG W/VISIBILITY <= 1/4 MILE
  HAZE


RELATIVE HUMIDITY (PERCENT)
 HIGHEST   100          1200 AM
 LOWEST     69          1100 AM
 AVERAGE    85

..........................................................


THE WATERTOWN NY CLIMATE NORMALS FOR TODAY
                         NORMAL    RECORD    YEAR
 MAXIMUM TEMPERATURE (F)   33        60      1994
 MINIMUM TEMPERATURE (F)   11       -35      2007


SUNRISE AND SUNSET
FEBRUARY 19 2018......SUNRISE   657 AM EST   SUNSET   539 PM EST
FEBRUARY 20 2018......SUNRISE   656 AM EST   SUNSET   541 PM EST


-  INDICATES NEGATIVE NUMBERS.
R  INDICATES RECORD WAS SET OR TIED.
MM INDICATES DATA IS MISSING.
T  INDICATES TRACE AMOUNT.




$$
