000
CDUS46 KPQR 291147
CLIAST


CLIMATE REPORT
NATIONAL WEATHER SERVICE PORTLAND OREGON
445 AM PDT SAT AUG 29 2015


...................................

...THE ASTORIA OR CLIMATE SUMMARY FOR AUGUST 28 2015...

CLIMATE NORMAL PERIOD 1981 TO 2010
CLIMATE RECORD PERIOD 1892 TO 2015


WEATHER ITEM   OBSERVED TIME   RECORD YEAR NORMAL DEPARTURE LAST
                VALUE   (LST)  VALUE       VALUE  FROM      YEAR
                                                  NORMAL
..................................................................
TEMPERATURE (F)
 YESTERDAY
  MAXIMUM         70   1206 PM  89    1909  69      1       72
  MINIMUM         59    403 AM  42    1985  52      7       59
                                      1984
  AVERAGE         65                        61      4       66

PRECIPITATION (IN)
  YESTERDAY        0.27          0.74 1983   0.05   0.22     0.00
  MONTH TO DATE    0.42                      0.99  -0.57     0.57
  SINCE OCT 1     53.82                     64.95 -11.13    54.34
  SINCE JAN 1     28.20                     37.93  -9.73    42.18

DEGREE DAYS
 HEATING
  YESTERDAY        0                         5     -5        0
  MONTH TO DATE   43                       113    -70       47
  SINCE JUN 1    231                       505   -274      337
  SINCE JUL 1     82                       263   -181      157

 COOLING
  YESTERDAY        0                         0      0        1
  MONTH TO DATE   16                         0     16        6
  SINCE JUN 1     41                         3     38       14
  SINCE JAN 1     43                         3     40       25
..................................................................


WIND (MPH)
  HIGHEST WIND SPEED    10   HIGHEST WIND DIRECTION    NE (50)
  HIGHEST GUST SPEED    12   HIGHEST GUST DIRECTION     E (90)
  AVERAGE WIND SPEED     4.5


SKY COVER
  POSSIBLE SUNSHINE  MM
  AVERAGE SKY COVER 0.9


WEATHER CONDITIONS
 THE FOLLOWING WEATHER WAS RECORDED YESTERDAY.
  HEAVY RAIN
  RAIN
  LIGHT RAIN
  FOG


RELATIVE HUMIDITY (PERCENT)
 HIGHEST   100           700 AM
 LOWEST     73          1200 PM
 AVERAGE    87

..........................................................


THE ASTORIA OR CLIMATE NORMALS FOR TODAY
                         NORMAL    RECORD    YEAR
 MAXIMUM TEMPERATURE (F)   69        90      1936
 MINIMUM TEMPERATURE (F)   52        42      1985
                                             1980
                                             1969


SUNRISE AND SUNSET
AUGUST 29 2015........SUNRISE   632 AM PDT   SUNSET   800 PM PDT
AUGUST 30 2015........SUNRISE   633 AM PDT   SUNSET   758 PM PDT


-  INDICATES NEGATIVE NUMBERS.
R  INDICATES RECORD WAS SET OR TIED.
MM INDICATES DATA IS MISSING.
T  INDICATES TRACE AMOUNT.




$$
