000
CDUS46 KPQR 270338
CLIAST


CLIMATE REPORT
NATIONAL WEATHER SERVICE PORTLAND OREGON
838 PM PDT SUN MAR 26 2017


...................................

...THE ASTORIA OR CLIMATE SUMMARY FOR MARCH 26 2017...
VALID TODAY AS OF 0800 PM LOCAL TIME.

CLIMATE NORMAL PERIOD 1981 TO 2010
CLIMATE RECORD PERIOD 1892 TO 2017


WEATHER ITEM   OBSERVED TIME   RECORD YEAR NORMAL DEPARTURE LAST
                VALUE   (LST)  VALUE       VALUE  FROM      YEAR
                                                  NORMAL
..................................................................
TEMPERATURE (F)
 TODAY
  MAXIMUM         51    204 PM  72    1994  55     -4       57
  MINIMUM         43    746 AM  29    1996  40      3       42
                                      1991
  AVERAGE         47                        47      0       50

PRECIPITATION (IN)
  TODAY            0.61          3.17 1929   0.22   0.39     0.21
  MONTH TO DATE   13.29                      6.35   6.94    11.86
  SINCE OCT 1     75.04                     50.76  24.28    76.67
  SINCE JAN 1     31.17                     23.74   7.43    34.14

DEGREE DAYS
 HEATING
  TODAY           18                        18      0       15
  MONTH TO DATE  482                       490     -8      379
  SINCE MAR 1    482                       490     -8      379
  SINCE JUL 1   3465                      3832   -367     2998

 COOLING
  TODAY            0                         0      0        0
  MONTH TO DATE    0                         0      0        0
  SINCE MAR 1      0                         0      0        0
  SINCE JAN 1      0                         0      0        0
..................................................................


WIND (MPH)
  HIGHEST WIND SPEED    23   HIGHEST WIND DIRECTION     S (200)
  HIGHEST GUST SPEED    33   HIGHEST GUST DIRECTION     S (200)
  AVERAGE WIND SPEED     7.5


SKY COVER
  POSSIBLE SUNSHINE  MM
  AVERAGE SKY COVER 1.0


WEATHER CONDITIONS
 THE FOLLOWING WEATHER WAS RECORDED TODAY.
  RAIN
  LIGHT RAIN
  FOG
  HAZE


RELATIVE HUMIDITY (PERCENT)
 HIGHEST    89           600 AM
 LOWEST     76           100 AM
 AVERAGE    83

..........................................................


THE ASTORIA OR CLIMATE NORMALS FOR TOMORROW
                         NORMAL    RECORD    YEAR
 MAXIMUM TEMPERATURE (F)   55        79      1941
 MINIMUM TEMPERATURE (F)   40        29      1991
                                             1975


SUNRISE AND SUNSET
MARCH 26 2017.........SUNRISE   706 AM PDT   SUNSET   737 PM PDT
MARCH 27 2017.........SUNRISE   704 AM PDT   SUNSET   738 PM PDT


-  INDICATES NEGATIVE NUMBERS.
R  INDICATES RECORD WAS SET OR TIED.
MM INDICATES DATA IS MISSING.
T  INDICATES TRACE AMOUNT.




$$
