000
CDUS46 KPQR 201141
CLIAST


CLIMATE REPORT
NATIONAL WEATHER SERVICE PORTLAND OREGON
440 AM PDT WED AUG 20 2014


...................................

...THE ASTORIA OR CLIMATE SUMMARY FOR AUGUST 19 2014...

CLIMATE NORMAL PERIOD 1981 TO 2010
CLIMATE RECORD PERIOD 1892 TO 2014


WEATHER ITEM   OBSERVED TIME   RECORD YEAR NORMAL DEPARTURE LAST
                VALUE   (LST)  VALUE       VALUE  FROM      YEAR
                                                  NORMAL
..................................................................
TEMPERATURE (F)
 YESTERDAY
  MAXIMUM         66    447 PM  91    1939  69     -3       68
  MINIMUM         55   1034 PM  33    1936  53      2       52
  AVERAGE         61                        61      0       60

PRECIPITATION (IN)
  YESTERDAY        0.00          0.79 2008   0.04  -0.04     0.00
  MONTH TO DATE    0.56                      0.58  -0.02     0.31
  SINCE OCT 1     54.33                     64.54 -10.21    76.93
  SINCE JAN 1     42.17                     37.52   4.65    35.31

DEGREE DAYS
 HEATING
  YESTERDAY        4                         4      0        5
  MONTH TO DATE   32                        76    -44       70
  SINCE JUN 1    317                       468   -151      393
  SINCE JUL 1    137                       226    -89      212

 COOLING
  YESTERDAY        0                         0      0        0
  MONTH TO DATE    2                         0      2        0
  SINCE JUN 1     10                         3      7        3
  SINCE JAN 1     21                         3     18        4
..................................................................


WIND (MPH)
  HIGHEST WIND SPEED    14   HIGHEST WIND DIRECTION    NW (330)
  HIGHEST GUST SPEED    18   HIGHEST GUST DIRECTION    NW (330)
  AVERAGE WIND SPEED     6.8


SKY COVER
  POSSIBLE SUNSHINE  MM
  AVERAGE SKY COVER 0.8


WEATHER CONDITIONS
 THE FOLLOWING WEATHER WAS RECORDED YESTERDAY.
  FOG


RELATIVE HUMIDITY (PERCENT)
 HIGHEST   100           200 AM
 LOWEST     84          1000 AM
 AVERAGE    92

..........................................................


THE ASTORIA OR CLIMATE NORMALS FOR TODAY
                         NORMAL    RECORD    YEAR
 MAXIMUM TEMPERATURE (F)   69        89      1966
 MINIMUM TEMPERATURE (F)   53        43      1947


SUNRISE AND SUNSET
AUGUST 20 2014........SUNRISE   621 AM PDT   SUNSET   816 PM PDT
AUGUST 21 2014........SUNRISE   622 AM PDT   SUNSET   814 PM PDT


-  INDICATES NEGATIVE NUMBERS.
R  INDICATES RECORD WAS SET OR TIED.
MM INDICATES DATA IS MISSING.
T  INDICATES TRACE AMOUNT.




$$
