000
CDUS46 KPQR 211141
CLIAST


CLIMATE REPORT
NATIONAL WEATHER SERVICE PORTLAND OREGON
441 AM PDT SAT OCT 21 2017


...................................

...THE ASTORIA OR CLIMATE SUMMARY FOR OCTOBER 20 2017...

CLIMATE NORMAL PERIOD 1981 TO 2010
CLIMATE RECORD PERIOD 1892 TO 2017


WEATHER ITEM   OBSERVED TIME   RECORD YEAR NORMAL DEPARTURE LAST
                VALUE   (LST)  VALUE       VALUE  FROM      YEAR
                                                  NORMAL
..................................................................
TEMPERATURE (F)
 YESTERDAY
  MAXIMUM         53    131 PM  76    1938  60     -7       62
  MINIMUM         46    202 PM  33    1949  44      2       49
  AVERAGE         50                        52     -2       56

PRECIPITATION (IN)
  YESTERDAY        0.77          2.27 1940   0.22   0.55     0.70
  MONTH TO DATE    4.65                      3.23   1.42    13.35
  SINCE OCT 1      4.65                      3.23   1.42    13.35
  SINCE JAN 1     57.86                     43.47  14.39    56.33

DEGREE DAYS
 HEATING
  YESTERDAY       15                        13      2        9
  MONTH TO DATE  267                       228     39      172
  SINCE SEP 1    411                       428    -17      305
  SINCE JUL 1    651                       709    -58      426

 COOLING
  YESTERDAY        0                         0      0        0
  MONTH TO DATE    0                         0      0        0
  SINCE SEP 1     22                         5     17        7
  SINCE JAN 1     55                        12     43       62
..................................................................


WIND (MPH)
  HIGHEST WIND SPEED    24   HIGHEST WIND DIRECTION     W (280)
  HIGHEST GUST SPEED    30   HIGHEST GUST DIRECTION     W (280)
  AVERAGE WIND SPEED     6.8


SKY COVER
  POSSIBLE SUNSHINE  MM
  AVERAGE SKY COVER 0.7


WEATHER CONDITIONS
 THE FOLLOWING WEATHER WAS RECORDED YESTERDAY.
  HEAVY RAIN
  RAIN
  LIGHT RAIN
  FOG


RELATIVE HUMIDITY (PERCENT)
 HIGHEST    93          1200 AM
 LOWEST     80           400 PM
 AVERAGE    87

..........................................................


THE ASTORIA OR CLIMATE NORMALS FOR TODAY
                         NORMAL    RECORD    YEAR
 MAXIMUM TEMPERATURE (F)   60        75      1998
                                             1937
 MINIMUM TEMPERATURE (F)   44        33      1957


SUNRISE AND SUNSET
OCTOBER 21 2017.......SUNRISE   741 AM PDT   SUNSET   618 PM PDT
OCTOBER 22 2017.......SUNRISE   743 AM PDT   SUNSET   616 PM PDT


-  INDICATES NEGATIVE NUMBERS.
R  INDICATES RECORD WAS SET OR TIED.
MM INDICATES DATA IS MISSING.
T  INDICATES TRACE AMOUNT.




$$
