000
CDUS46 KPQR 302320
CLIAST


CLIMATE REPORT
NATIONAL WEATHER SERVICE PORTLAND OREGON
420 PM PDT MON MAR 30 2015


...................................

...THE ASTORIA OR CLIMATE SUMMARY FOR MARCH 30 2015...
VALID TODAY AS OF 0400 PM LOCAL TIME.

CLIMATE NORMAL PERIOD 1981 TO 2010
CLIMATE RECORD PERIOD 1892 TO 2015


WEATHER ITEM   OBSERVED TIME   RECORD YEAR NORMAL DEPARTURE LAST
                VALUE   (LST)  VALUE       VALUE  FROM      YEAR
                                                  NORMAL
..................................................................
TEMPERATURE (F)
 TODAY
  MAXIMUM         58   1158 AM  72    1941  55      3       53
  MINIMUM         51    700 AM  26    1905  40     11       40
  AVERAGE         55                        47      8       47

PRECIPITATION (IN)
  TODAY            0.00          1.79 1931   0.22  -0.22     0.08
  MONTH TO DATE    6.38                      7.23  -0.85    10.74
  SINCE OCT 1     47.48                     51.64  -4.16    36.66
  SINCE JAN 1     21.86                     24.62  -2.76    24.50

DEGREE DAYS
 HEATING
  TODAY           10                        18     -8       18
  MONTH TO DATE  451                       562   -111      500
  SINCE MAR 1    451                       562   -111      500
  SINCE JUL 1   2991                      3904   -913     3929

 COOLING
  TODAY            0                         0      0        0
  MONTH TO DATE    0                         0      0        0
  SINCE MAR 1      0                         0      0        0
  SINCE JAN 1      0                         0      0        0
..................................................................


WIND (MPH)
  HIGHEST WIND SPEED    16   HIGHEST WIND DIRECTION    SW (230)
  HIGHEST GUST SPEED    22   HIGHEST GUST DIRECTION    SW (210)
  AVERAGE WIND SPEED     6.5


SKY COVER
  POSSIBLE SUNSHINE  MM
  AVERAGE SKY COVER 0.9


WEATHER CONDITIONS
 THE FOLLOWING WEATHER WAS RECORDED TODAY.
  NO SIGNIFICANT WEATHER WAS OBSERVED.


RELATIVE HUMIDITY (PERCENT)
 HIGHEST    89           400 AM
 LOWEST     72          1000 AM
 AVERAGE    81

..........................................................


THE ASTORIA OR CLIMATE NORMALS FOR TOMORROW
                         NORMAL    RECORD    YEAR
 MAXIMUM TEMPERATURE (F)   55        72      1987
 MINIMUM TEMPERATURE (F)   40        29      1936


SUNRISE AND SUNSET
MARCH 30 2015.........SUNRISE   659 AM PDT   SUNSET   741 PM PDT
MARCH 31 2015.........SUNRISE   658 AM PDT   SUNSET   743 PM PDT


-  INDICATES NEGATIVE NUMBERS.
R  INDICATES RECORD WAS SET OR TIED.
MM INDICATES DATA IS MISSING.
T  INDICATES TRACE AMOUNT.




$$
