000
CDUS46 KPQR 270220
CLIAST


CLIMATE REPORT
NATIONAL WEATHER SERVICE PORTLAND OREGON
720 PM PDT MON SEP 26 2016


...................................

...THE ASTORIA OR CLIMATE SUMMARY FOR SEPTEMBER 26 2016...
VALID TODAY AS OF 0700 PM LOCAL TIME.

CLIMATE NORMAL PERIOD 1981 TO 2010
CLIMATE RECORD PERIOD 1892 TO 2016


WEATHER ITEM   OBSERVED TIME   RECORD YEAR NORMAL DEPARTURE LAST
                VALUE   (LST)  VALUE       VALUE  FROM      YEAR
                                                  NORMAL
..................................................................
TEMPERATURE (F)
 TODAY
  MAXIMUM         77   1117 AM  85    1967  66     11       64
                                      1949
  MINIMUM         58    358 AM  38    1908  48     10       46
  AVERAGE         68                        57     11       55

PRECIPITATION (IN)
  TODAY            0.00          2.01 2014   0.09  -0.09     0.00
  MONTH TO DATE    2.12                      1.75   0.37     2.13
  SINCE OCT 1     85.50                     66.87  18.63    56.87
  SINCE JAN 1     42.97                     39.85   3.12    31.25

DEGREE DAYS
 HEATING
  TODAY            0                         8     -8       10
  MONTH TO DATE  101                       164    -63      140
  SINCE SEP 1    101                       164    -63      140
  SINCE JUL 1    222                       445   -223      228

 COOLING
  TODAY            3                         0      3        0
  MONTH TO DATE    7                         0      7        4
  SINCE SEP 1      7                         0      7        4
  SINCE JAN 1     62                         7     55       47
..................................................................


WIND (MPH)
  HIGHEST WIND SPEED    22   HIGHEST WIND DIRECTION    NW (310)
  HIGHEST GUST SPEED    28   HIGHEST GUST DIRECTION    NW (320)
  AVERAGE WIND SPEED     8.1


SKY COVER
  POSSIBLE SUNSHINE  MM
  AVERAGE SKY COVER 0.1


WEATHER CONDITIONS
 THE FOLLOWING WEATHER WAS RECORDED TODAY.
  NO SIGNIFICANT WEATHER WAS OBSERVED.


RELATIVE HUMIDITY (PERCENT)
 HIGHEST    93           400 AM
 LOWEST     54          1100 AM
 AVERAGE    74

..........................................................


THE ASTORIA OR CLIMATE NORMALS FOR TOMORROW
                         NORMAL    RECORD    YEAR
 MAXIMUM TEMPERATURE (F)   66        84      2003
 MINIMUM TEMPERATURE (F)   47        33      1972


SUNRISE AND SUNSET
SEPTEMBER 26 2016.....SUNRISE   708 AM PDT   SUNSET   704 PM PDT
SEPTEMBER 27 2016.....SUNRISE   710 AM PDT   SUNSET   702 PM PDT


-  INDICATES NEGATIVE NUMBERS.
R  INDICATES RECORD WAS SET OR TIED.
MM INDICATES DATA IS MISSING.
T  INDICATES TRACE AMOUNT.




$$
