000
CDUS46 KPQR 251142
CLIAST


CLIMATE REPORT
NATIONAL WEATHER SERVICE PORTLAND OREGON
441 AM PDT MON MAY 25 2015


...................................

...THE ASTORIA OR CLIMATE SUMMARY FOR MAY 24 2015...

CLIMATE NORMAL PERIOD 1981 TO 2010
CLIMATE RECORD PERIOD 1892 TO 2015


WEATHER ITEM   OBSERVED TIME   RECORD YEAR NORMAL DEPARTURE LAST
                VALUE   (LST)  VALUE       VALUE  FROM      YEAR
                                                  NORMAL
..................................................................
TEMPERATURE (F)
 YESTERDAY
  MAXIMUM         59    203 PM  84    1993  61     -2       63
  MINIMUM         51    940 PM  38    1923  47      4       49
  AVERAGE         55                        54      1       56

PRECIPITATION (IN)
  YESTERDAY        0.05          0.93 1974   0.10  -0.05     0.01
  MONTH TO DATE    1.26                      2.62  -1.36     4.98
  SINCE OCT 1     52.25                     59.68  -7.43    49.84
  SINCE JAN 1     26.63                     32.66  -6.03    37.68

DEGREE DAYS
 HEATING
  YESTERDAY       10                        11     -1        9
  MONTH TO DATE  258                       300    -42      197
  SINCE MAR 1   1188                      1367   -179     1150
  SINCE JUL 1   3728                      4709   -981     4579

 COOLING
  YESTERDAY        0                         0      0        0
  MONTH TO DATE    0                         0      0        8
  SINCE MAR 1      2                         0      2       11
  SINCE JAN 1      2                         0      2       11
..................................................................


WIND (MPH)
  HIGHEST WIND SPEED    14   HIGHEST WIND DIRECTION    NW (330)
  HIGHEST GUST SPEED    16   HIGHEST GUST DIRECTION     N (340)
  AVERAGE WIND SPEED     6.1


SKY COVER
  POSSIBLE SUNSHINE  MM
  AVERAGE SKY COVER 1.0


WEATHER CONDITIONS
 THE FOLLOWING WEATHER WAS RECORDED YESTERDAY.
  LIGHT RAIN
  FOG


RELATIVE HUMIDITY (PERCENT)
 HIGHEST    96           300 AM
 LOWEST     72           100 PM
 AVERAGE    84

..........................................................


THE ASTORIA OR CLIMATE NORMALS FOR TODAY
                         NORMAL    RECORD    YEAR
 MAXIMUM TEMPERATURE (F)   62        81      2005
 MINIMUM TEMPERATURE (F)   47        34      1967


SUNRISE AND SUNSET
MAY 25 2015...........SUNRISE   533 AM PDT   SUNSET   853 PM PDT
MAY 26 2015...........SUNRISE   532 AM PDT   SUNSET   854 PM PDT


-  INDICATES NEGATIVE NUMBERS.
R  INDICATES RECORD WAS SET OR TIED.
MM INDICATES DATA IS MISSING.
T  INDICATES TRACE AMOUNT.




$$
