000
CDUS42 KFFC 290819
CLIATL


CLIMATE REPORT
NATIONAL WEATHER SERVICE PEACHTREE CITY GA
418 AM EDT FRI MAY 29 2015


...................................

...THE ATLANTA CLIMATE SUMMARY FOR MAY 28 2015...

CLIMATE NORMAL PERIOD 1981 TO 2010
CLIMATE RECORD PERIOD 1878 TO 2015


WEATHER ITEM   OBSERVED TIME   RECORD YEAR NORMAL DEPARTURE LAST
                VALUE   (LST)  VALUE       VALUE  FROM      YEAR
                                                  NORMAL
..................................................................
TEMPERATURE (F)
 YESTERDAY
  MAXIMUM         81   1227 PM  94    1941  83     -2       87
  MINIMUM         67    639 AM  42    1961  64      3       66
  AVERAGE         74                        73      1       77

PRECIPITATION (IN)
  YESTERDAY        0.59          2.10 1973   0.11   0.48      T
  MONTH TO DATE    4.25                      3.33   0.92     1.81
  SINCE MAR 1     15.02                     11.50   3.52    10.83
  SINCE JAN 1     23.53                     20.37   3.16    17.99

DEGREE DAYS
 HEATING
  YESTERDAY        0                         0      0        0
  MONTH TO DATE    6                        24    -18       32
  SINCE MAR 1    298                       509   -211      526
  SINCE JUL 1   2656                      2764   -108     2929

 COOLING
  YESTERDAY        9                         8      1       12
  MONTH TO DATE  230                       156     74      193
  SINCE MAR 1    326                       221    105      244
  SINCE JAN 1    326                       222    104      246
..................................................................


WIND (MPH)
  RESULTANT WIND SPEED   4   RESULTANT WIND DIRECTION   E (110)
  HIGHEST WIND SPEED    14   HIGHEST WIND DIRECTION     E (80)
  HIGHEST GUST SPEED    20   HIGHEST GUST DIRECTION     S (180)
  AVERAGE WIND SPEED     4.9


SKY COVER
  AVERAGE SKY COVER 0.8


WEATHER CONDITIONS
 THE FOLLOWING WEATHER WAS RECORDED YESTERDAY.
  THUNDERSTORM
  HEAVY RAIN
  RAIN
  LIGHT RAIN
  FOG


RELATIVE HUMIDITY (PERCENT)
 HIGHEST    93           100 AM
 LOWEST     62          1200 PM
 AVERAGE    78

..........................................................


THE ATLANTA CLIMATE NORMALS FOR TODAY
                         NORMAL    RECORD    YEAR
 MAXIMUM TEMPERATURE (F)   83        97      1941
                                             1914
 MINIMUM TEMPERATURE (F)   64        49      1984


SUNRISE AND SUNSET
MAY 29 2015...........SUNRISE   630 AM EDT   SUNSET   841 PM EDT
MAY 30 2015...........SUNRISE   629 AM EDT   SUNSET   842 PM EDT


-  INDICATES NEGATIVE NUMBERS.
R  INDICATES RECORD WAS SET OR TIED.
MM INDICATES DATA IS MISSING.
T  INDICATES TRACE AMOUNT.




$$
