000
CDUS42 KFFC 310026
CLIATL


CLIMATE REPORT
NATIONAL WEATHER SERVICE PEACHTREE CITY GA
824 PM EDT WED JUL 30 2014


...................................

...THE ATLANTA CLIMATE SUMMARY FOR JULY 30 2014...
VALID AS OF 0800 PM LOCAL TIME.

CLIMATE NORMAL PERIOD 1981 TO 2010
CLIMATE RECORD PERIOD 1878 TO 2014


WEATHER ITEM   OBSERVED TIME   RECORD YEAR NORMAL DEPARTURE LAST
                VALUE   (LST)  VALUE       VALUE  FROM      YEAR
                                                  NORMAL
..................................................................
TEMPERATURE (F)
 TODAY
  MAXIMUM         84    515 PM  98    1986  89     -5       90
                                      1980
  MINIMUM         59R   607 AM  61    1936  71    -12       65
  AVERAGE         72                        80     -8       78

PRECIPITATION (IN)
  TODAY            0.00          3.51 1887   0.14  -0.14     0.00
  MONTH TO DATE    4.47                      5.12  -0.65     7.91
  SINCE JUN 1      9.57                      9.07   0.50    17.48
  SINCE JAN 1     28.04                     29.78  -1.74    45.23

SNOWFALL (IN)
  TODAY            0.0           0.0  2002   0.0    0.0      0.0
                                      2001
  MONTH TO DATE    0.0                       0.0    0.0      0.0
  SINCE JUN 1      0.0                       0.0    0.0      0.0
  SINCE JUL 1      0.0                       0.0    0.0      0.0
  SNOW DEPTH       0

DEGREE DAYS
 HEATING
  TODAY            0                         0      0        0
  MONTH TO DATE    0                         0      0        0
  SINCE JUN 1      0                         2     -2        0
  SINCE JUL 1      0                         0      0        0

 COOLING
  TODAY            7                        15     -8       13
  MONTH TO DATE  398                       450    -52      385
  SINCE JUN 1    803                       821    -18      768
  SINCE JAN 1   1086                      1071     15      976
..................................................................


WIND (MPH)
  RESULTANT WIND SPEED   4   RESULTANT WIND DIRECTION  NE (30)
  HIGHEST WIND SPEED    12   HIGHEST WIND DIRECTION     N (20)
  HIGHEST GUST SPEED    16   HIGHEST GUST DIRECTION    NE (40)
  AVERAGE WIND SPEED     6.2


SKY COVER
  AVERAGE SKY COVER 0.3


WEATHER CONDITIONS
 THE FOLLOWING WEATHER WAS RECORDED TODAY.
  NO SIGNIFICANT WEATHER WAS OBSERVED.


RELATIVE HUMIDITY (PERCENT)
 HIGHEST    78           400 AM
 LOWEST     34           500 PM

..........................................................


THE ATLANTA CLIMATE NORMALS FOR TOMORROW
                         NORMAL    RECORD    YEAR
 MAXIMUM TEMPERATURE (F)   89        99      1999
                                             1986
                                             1980
 MINIMUM TEMPERATURE (F)   71        59      1936


SUNRISE AND SUNSET
JULY 30 2014..........SUNRISE   648 AM EDT   SUNSET   839 PM EDT
JULY 31 2014..........SUNRISE   649 AM EDT   SUNSET   839 PM EDT


-  INDICATES NEGATIVE NUMBERS.
R  INDICATES RECORD WAS SET OR TIED.
MM INDICATES DATA IS MISSING.
T  INDICATES TRACE AMOUNT.




$$
