000
CDUS42 KFFC 270923
CLIATL


CLIMATE REPORT
NATIONAL WEATHER SERVICE PEACHTREE CITY GA
422 AM EST FRI FEB 27 2015


...................................

...THE ATLANTA CLIMATE SUMMARY FOR FEBRUARY 26 2015...

CLIMATE NORMAL PERIOD 1981 TO 2010
CLIMATE RECORD PERIOD 1878 TO 2015


WEATHER ITEM   OBSERVED TIME   RECORD YEAR NORMAL DEPARTURE LAST
                VALUE   (LST)  VALUE       VALUE  FROM      YEAR
                                                  NORMAL
..................................................................
TEMPERATURE (F)
 YESTERDAY
  MAXIMUM         43   1231 PM  80    1996  59    -16       49
  MINIMUM         33   1159 PM  14    1967  40     -7       33
  AVERAGE         38                        50    -12       41

PRECIPITATION (IN)
  YESTERDAY        T             2.72 1899   0.16  -0.16     0.17
  MONTH TO DATE    4.15                      4.35  -0.20     3.80
  SINCE DEC 1     14.02                     12.45   1.57    14.95
  SINCE JAN 1      8.51                      8.55  -0.04     7.15

SNOWFALL (IN)
  YESTERDAY        0.0           2.5  2004   0.0    0.0      0.0
  MONTH TO DATE    T                         0.4   -0.4      2.0
  SINCE DEC 1      T                         2.1   -2.1      4.6
  SINCE JUL 1      T                         2.1   -2.1      5.0
  SNOW DEPTH       0

DEGREE DAYS
 HEATING
  YESTERDAY       27                        15     12       24
  MONTH TO DATE  636                       470    166      442
  SINCE DEC 1   1764                      1756      8     1826
  SINCE JUL 1   2311                      2224     87     2353

 COOLING
  YESTERDAY        0                         0      0        0
  MONTH TO DATE    0                         0      0        2
  SINCE DEC 1      0                         1     -1        9
  SINCE JAN 1      0                         0      0        2
..................................................................


WIND (MPH)
  RESULTANT WIND SPEED   9   RESULTANT WIND DIRECTION  NW (320)
  HIGHEST WIND SPEED    17   HIGHEST WIND DIRECTION    NW (320)
  HIGHEST GUST SPEED    28   HIGHEST GUST DIRECTION     N (340)
  AVERAGE WIND SPEED     9.3


SKY COVER
  AVERAGE SKY COVER 0.9


WEATHER CONDITIONS
 THE FOLLOWING WEATHER WAS RECORDED YESTERDAY.
  LIGHT RAIN
  FOG


RELATIVE HUMIDITY (PERCENT)
 HIGHEST    92          1200 AM
 LOWEST     70          1200 PM
 AVERAGE    81

..........................................................


THE ATLANTA CLIMATE NORMALS FOR TODAY
                         NORMAL    RECORD    YEAR
 MAXIMUM TEMPERATURE (F)   60        79      1962
 MINIMUM TEMPERATURE (F)   40        13      1934


SUNRISE AND SUNSET
FEBRUARY 27 2015......SUNRISE   709 AM EST   SUNSET   632 PM EST
FEBRUARY 28 2015......SUNRISE   708 AM EST   SUNSET   633 PM EST


-  INDICATES NEGATIVE NUMBERS.
R  INDICATES RECORD WAS SET OR TIED.
MM INDICATES DATA IS MISSING.
T  INDICATES TRACE AMOUNT.




$$
