000
CDUS42 KFFC 290920
CLIATL


CLIMATE REPORT
NATIONAL WEATHER SERVICE PEACHTREE CITY GA
419 AM EST MON DEC 29 2014


...................................

...THE ATLANTA CLIMATE SUMMARY FOR DECEMBER 28 2014...

CLIMATE NORMAL PERIOD 1981 TO 2010
CLIMATE RECORD PERIOD 1878 TO 2014


WEATHER ITEM   OBSERVED TIME   RECORD YEAR NORMAL DEPARTURE LAST
                VALUE   (LST)  VALUE       VALUE  FROM      YEAR
                                                  NORMAL
..................................................................
TEMPERATURE (F)
 YESTERDAY
  MAXIMUM         61    513 PM  74    1984  52      9       46
                                      1971
  MINIMUM         53    338 AM   5    1925  35     18       36
  AVERAGE         57                        43     14       41

PRECIPITATION (IN)
  YESTERDAY        2.01          3.49 1915   0.12   1.89     1.41
  MONTH TO DATE    5.37                      3.55   1.82     7.60
  SINCE DEC 1      5.37                      3.55   1.82     7.60
  SINCE JAN 1     47.48                     49.36  -1.88    65.82

SNOWFALL (IN)
  YESTERDAY        0.0           0.0  2001   0.0    0.0      0.0
  MONTH TO DATE    0.0                       0.3   -0.3      0.0
  SINCE DEC 1      0.0                       0.3   -0.3      0.0
  SINCE JUL 1      0.0                       0.3   -0.3      0.4
  SNOW DEPTH       0

DEGREE DAYS
 HEATING
  YESTERDAY        8                        22    -14       24
  MONTH TO DATE  409                       549   -140      459
  SINCE DEC 1    409                       549   -140      459
  SINCE JUL 1    956                      1017    -61      986

 COOLING
  YESTERDAY        0                         0      0        0
  MONTH TO DATE    0                         0      0        7
  SINCE DEC 1      0                         0      0        7
  SINCE JAN 1   1986                      1882    104     1762
..................................................................


WIND (MPH)
  RESULTANT WIND SPEED   4   RESULTANT WIND DIRECTION  SW (210)
  HIGHEST WIND SPEED    13   HIGHEST WIND DIRECTION     S (190)
  HIGHEST GUST SPEED    18   HIGHEST GUST DIRECTION     S (190)
  AVERAGE WIND SPEED     5.0


SKY COVER
  AVERAGE SKY COVER 0.9


WEATHER CONDITIONS
 THE FOLLOWING WEATHER WAS RECORDED YESTERDAY.
  HEAVY RAIN
  RAIN
  LIGHT RAIN
  FOG


RELATIVE HUMIDITY (PERCENT)
 HIGHEST    93           200 AM
 LOWEST     87          1100 PM
 AVERAGE    90

..........................................................


THE ATLANTA CLIMATE NORMALS FOR TODAY
                         NORMAL    RECORD    YEAR
 MAXIMUM TEMPERATURE (F)   52        72      1984
 MINIMUM TEMPERATURE (F)   35         4      1894


SUNRISE AND SUNSET
DECEMBER 29 2014......SUNRISE   742 AM EST   SUNSET   538 PM EST
DECEMBER 30 2014......SUNRISE   742 AM EST   SUNSET   539 PM EST


-  INDICATES NEGATIVE NUMBERS.
R  INDICATES RECORD WAS SET OR TIED.
MM INDICATES DATA IS MISSING.
T  INDICATES TRACE AMOUNT.




$$
