000
CDUS42 KFFC 240820
CLIATL


CLIMATE REPORT
NATIONAL WEATHER SERVICE PEACHTREE CITY GA
420 AM EDT SAT JUN 24 2017


...................................

...THE ATLANTA CLIMATE SUMMARY FOR JUNE 23 2017...

CLIMATE NORMAL PERIOD 1981 TO 2010
CLIMATE RECORD PERIOD 1878 TO 2017


WEATHER ITEM   OBSERVED TIME   RECORD YEAR NORMAL DEPARTURE LAST
                VALUE   (LST)  VALUE       VALUE  FROM      YEAR
                                                  NORMAL
..................................................................
TEMPERATURE (F)
 YESTERDAY
  MAXIMUM         88    514 PM  99    1944  88      0       93
                                      1930
  MINIMUM         72   1159 PM  54    1972  70      2       72
  AVERAGE         80                        79      1       83

PRECIPITATION (IN)
  YESTERDAY        0.32          2.36 1941   0.15   0.17     0.00
  MONTH TO DATE    5.63                      2.85   2.78     2.42
  SINCE JUN 1      5.63                      2.85   2.78     2.42
  SINCE JAN 1     28.71                     23.56   5.15    21.56

DEGREE DAYS
 HEATING
  YESTERDAY        0                         0      0        0
  MONTH TO DATE    0                         0      0        0
  SINCE JUN 1      0                         0      0        0
  SINCE JUL 1   1690                      2766  -1076     1999

 COOLING
  YESTERDAY       15                        14      1       18
  MONTH TO DATE  277                       270      7      359
  SINCE JUN 1    277                       270      7      359
  SINCE JAN 1    685                       520    165      688
..................................................................


WIND (MPH)
  RESULTANT WIND SPEED  11   RESULTANT WIND DIRECTION  SW (210)
  HIGHEST WIND SPEED    29   HIGHEST WIND DIRECTION     W (260)
  HIGHEST GUST SPEED    41   HIGHEST GUST DIRECTION     W (260)
  AVERAGE WIND SPEED    11.2


SKY COVER
  AVERAGE SKY COVER 0.7


WEATHER CONDITIONS
 THE FOLLOWING WEATHER WAS RECORDED YESTERDAY.
  THUNDERSTORM
  HEAVY RAIN
  LIGHT RAIN
  FOG


RELATIVE HUMIDITY (PERCENT)
 HIGHEST   100           600 AM
 LOWEST     55           200 PM
 AVERAGE    78

..........................................................


THE ATLANTA CLIMATE NORMALS FOR TODAY
                         NORMAL    RECORD    YEAR
 MAXIMUM TEMPERATURE (F)   88        99      1988
                                             1930
 MINIMUM TEMPERATURE (F)   70        54      1972


SUNRISE AND SUNSET
JUNE 24 2017..........SUNRISE   629 AM EDT   SUNSET   852 PM EDT
JUNE 25 2017..........SUNRISE   629 AM EDT   SUNSET   852 PM EDT


-  INDICATES NEGATIVE NUMBERS.
R  INDICATES RECORD WAS SET OR TIED.
MM INDICATES DATA IS MISSING.
T  INDICATES TRACE AMOUNT.




$$
