000
CDUS42 KFFC 230825
CLIATL


CLIMATE REPORT
NATIONAL WEATHER SERVICE PEACHTREE CITY GA
424 AM EDT TUE MAY 23 2017


...................................

...THE ATLANTA CLIMATE SUMMARY FOR MAY 22 2017...

CLIMATE NORMAL PERIOD 1981 TO 2010
CLIMATE RECORD PERIOD 1878 TO 2017


WEATHER ITEM   OBSERVED TIME   RECORD YEAR NORMAL DEPARTURE LAST
                VALUE   (LST)  VALUE       VALUE  FROM      YEAR
                                                  NORMAL
..................................................................
TEMPERATURE (F)
 YESTERDAY
  MAXIMUM         79   1225 PM  94    1941  81     -2       79
                                      1938
  MINIMUM         68    540 AM  43    1883  62      6       58
  AVERAGE         74                        72      2       69

PRECIPITATION (IN)
  YESTERDAY        0.34          1.61 1967   0.11   0.23     0.00
  MONTH TO DATE    2.18                      2.67  -0.49     1.25
  SINCE MAR 1     10.61                     10.84  -0.23     6.61
  SINCE JAN 1     20.66                     19.71   0.95    19.14

DEGREE DAYS
 HEATING
  YESTERDAY        0                         0      0        0
  MONTH TO DATE   24                        24      0       19
  SINCE MAR 1    334                       509   -175      284
  SINCE JUL 1   1690                      2764  -1074     1999

 COOLING
  YESTERDAY        9                         7      2        4
  MONTH TO DATE  156                       109     47      109
  SINCE MAR 1    340                       174    166      221
  SINCE JAN 1    345                       175    170      221
..................................................................


WIND (MPH)
  RESULTANT WIND SPEED   1   RESULTANT WIND DIRECTION   W (280)
  HIGHEST WIND SPEED    12   HIGHEST WIND DIRECTION     E (110)
  HIGHEST GUST SPEED    15   HIGHEST GUST DIRECTION     N (360)
  AVERAGE WIND SPEED     3.2


SKY COVER
  AVERAGE SKY COVER 0.8


WEATHER CONDITIONS
 THE FOLLOWING WEATHER WAS RECORDED YESTERDAY.
  THUNDERSTORM
  HEAVY RAIN
  RAIN
  LIGHT RAIN
  FOG


RELATIVE HUMIDITY (PERCENT)
 HIGHEST    97          1100 PM
 LOWEST     71          1200 PM
 AVERAGE    84

..........................................................


THE ATLANTA CLIMATE NORMALS FOR TODAY
                         NORMAL    RECORD    YEAR
 MAXIMUM TEMPERATURE (F)   82        95      1941
 MINIMUM TEMPERATURE (F)   62        40      1883


SUNRISE AND SUNSET
MAY 23 2017...........SUNRISE   632 AM EDT   SUNSET   837 PM EDT
MAY 24 2017...........SUNRISE   631 AM EDT   SUNSET   838 PM EDT


-  INDICATES NEGATIVE NUMBERS.
R  INDICATES RECORD WAS SET OR TIED.
MM INDICATES DATA IS MISSING.
T  INDICATES TRACE AMOUNT.




$$
