000
CDUS42 KFFC 230817
CLIATL


CLIMATE REPORT
NATIONAL WEATHER SERVICE PEACHTREE CITY GA
417 AM EDT SAT AUG 23 2014


...................................

...THE ATLANTA CLIMATE SUMMARY FOR AUGUST 22 2014...

CLIMATE NORMAL PERIOD 1981 TO 2010
CLIMATE RECORD PERIOD 1878 TO 2014


WEATHER ITEM   OBSERVED TIME   RECORD YEAR NORMAL DEPARTURE LAST
                VALUE   (LST)  VALUE       VALUE  FROM      YEAR
                                                  NORMAL
..................................................................
TEMPERATURE (F)
 YESTERDAY
  MAXIMUM         93    457 PM 104    2007  88      5       88
  MINIMUM         74    640 AM  57    1930  71      3       71
  AVERAGE         84                        79      5       80

PRECIPITATION (IN)
  YESTERDAY        0.00          3.66 1901   0.14  -0.14     0.00
  MONTH TO DATE    5.00                      2.74   2.26     5.24
  SINCE JUN 1     14.70                     11.96   2.74    23.29
  SINCE JAN 1     33.17                     32.67   0.50    51.04

DEGREE DAYS
 HEATING
  YESTERDAY        0                         0      0        0
  MONTH TO DATE    0                         0      0        1
  SINCE JUN 1      0                         2     -2        1
  SINCE JUL 1      0                         0      0        1

 COOLING
  YESTERDAY       19                        14      5       15
  MONTH TO DATE  310                       325    -15      277
  SINCE JUN 1   1124                      1167    -43     1056
  SINCE JAN 1   1407                      1417    -10     1264
..................................................................


WIND (MPH)
  RESULTANT WIND SPEED   7   RESULTANT WIND DIRECTION  NW (320)
  HIGHEST WIND SPEED    15   HIGHEST WIND DIRECTION    NW (330)
  HIGHEST GUST SPEED    21   HIGHEST GUST DIRECTION     N (350)
  AVERAGE WIND SPEED     7.1


SKY COVER
  AVERAGE SKY COVER 0.3


WEATHER CONDITIONS
 THE FOLLOWING WEATHER WAS RECORDED YESTERDAY.
  NO SIGNIFICANT WEATHER WAS OBSERVED.


RELATIVE HUMIDITY (PERCENT)
 HIGHEST    87           200 AM
 LOWEST     46           300 PM
 AVERAGE    67

..........................................................


THE ATLANTA CLIMATE NORMALS FOR TODAY
                         NORMAL    RECORD    YEAR
 MAXIMUM TEMPERATURE (F)   88        98      2007
 MINIMUM TEMPERATURE (F)   70        57      1931


SUNRISE AND SUNSET
AUGUST 23 2014........SUNRISE   705 AM EDT   SUNSET   815 PM EDT
AUGUST 24 2014........SUNRISE   706 AM EDT   SUNSET   813 PM EDT


-  INDICATES NEGATIVE NUMBERS.
R  INDICATES RECORD WAS SET OR TIED.
MM INDICATES DATA IS MISSING.
T  INDICATES TRACE AMOUNT.




$$
