000
CDUS44 KEWX 200746
CLIATT


CLIMATE REPORT
NATIONAL WEATHER SERVICE AUSTIN/SAN ANTONIO, TX
145 AM CST TUE FEB 20 2018


...................................

...THE AUSTIN CAMP MABRY CLIMATE SUMMARY FOR FEBRUARY 19 2018...

CLIMATE NORMAL PERIOD 1981 TO 2010
CLIMATE RECORD PERIOD 1897 TO 2018


WEATHER ITEM   OBSERVED TIME   RECORD YEAR NORMAL DEPARTURE LAST
                VALUE   (LST)  VALUE       VALUE  FROM      YEAR
                                                  NORMAL
..................................................................
TEMPERATURE (F)
 YESTERDAY
  MAXIMUM         80   1256 PM  93    1986  66     14       81
  MINIMUM         69    838 AM  24    1978  46     23       61
  AVERAGE         75                        56     19

PRECIPITATION (IN)
  YESTERDAY        T             2.00 1932   0.07  -0.07     0.09
  MONTH TO DATE    0.39                      1.36  -0.97     0.97
  SINCE DEC 1      4.98                      5.98  -1.00     7.64
  SINCE JAN 1      0.67                      3.58  -2.91     5.10

SNOWFALL (IN)
  YESTERDAY        0.0
  MONTH TO DATE    T
  SINCE DEC 1      0.4
  SINCE JUL 1      0.4
  SNOW DEPTH       0

DEGREE DAYS
 HEATING
  YESTERDAY        0                        10    -10        0
  MONTH TO DATE  228                       217     11       84
  SINCE DEC 1   1089                      1045     44      698
  SINCE JUL 1   1212                      1257    -45      758

 COOLING
  YESTERDAY       10                         1      9        6
  MONTH TO DATE   16                        14      2       60
  SINCE DEC 1     31                        36     -5      122
  SINCE JAN 1     17                        23     -6       82
..................................................................


WIND (MPH)
  HIGHEST WIND SPEED    20   HIGHEST WIND DIRECTION    SE (150)
  HIGHEST GUST SPEED    31   HIGHEST GUST DIRECTION     S (180)
  AVERAGE WIND SPEED     9.4


SKY COVER
  AVERAGE SKY COVER 0.9


WEATHER CONDITIONS
 THE FOLLOWING WEATHER WAS RECORDED YESTERDAY.
  LIGHT RAIN


RELATIVE HUMIDITY (PERCENT)
 HIGHEST    84           200 AM
 LOWEST     54           100 PM
 AVERAGE    69

..........................................................


THE AUSTIN CAMP MABRY CLIMATE NORMALS FOR TODAY
                         NORMAL    RECORD    YEAR
 MAXIMUM TEMPERATURE (F)   66        97      1986
 MINIMUM TEMPERATURE (F)   46        27      1908


SUNRISE AND SUNSET
FEBRUARY 20 2018......SUNRISE   706 AM CST   SUNSET   623 PM CST
FEBRUARY 21 2018......SUNRISE   705 AM CST   SUNSET   624 PM CST


-  INDICATES NEGATIVE NUMBERS.
R  INDICATES RECORD WAS SET OR TIED.
MM INDICATES DATA IS MISSING.
T  INDICATES TRACE AMOUNT.




$$
