000
CDUS44 KEWX 130648
CLIATT


CLIMATE REPORT
NATIONAL WEATHER SERVICE AUSTIN/SAN ANTONIO, TX
1244 AM CST WED DEC 13 2017


...................................

...THE AUSTIN CAMP MABRY CLIMATE SUMMARY FOR DECEMBER 12 2017...

CLIMATE NORMAL PERIOD 1981 TO 2010
CLIMATE RECORD PERIOD 1897 TO 2017


WEATHER ITEM   OBSERVED TIME   RECORD YEAR NORMAL DEPARTURE LAST
                VALUE   (LST)  VALUE       VALUE  FROM      YEAR
                                                  NORMAL
..................................................................
TEMPERATURE (F)
 YESTERDAY
  MAXIMUM         65    256 PM  86    1973  63      2       67
  MINIMUM         39   1159 PM  21    1957  43     -4       46
  AVERAGE         52                        53     -1

PRECIPITATION (IN)
  YESTERDAY        0.00          3.00 1891   0.07  -0.07     0.00
  MONTH TO DATE    1.18                      0.92   0.26     2.53
  SINCE DEC 1      1.18                      0.92   0.26     2.53
  SINCE JAN 1     31.59                     32.84  -1.25    38.84

SNOWFALL (IN)
  YESTERDAY        0.0
  MONTH TO DATE    0.4
  SINCE DEC 1      0.4
  SINCE JUL 1      0.4
  SNOW DEPTH       0

DEGREE DAYS
 HEATING
  YESTERDAY       13                        13      0        8
  MONTH TO DATE  124                       138    -14      174
  SINCE DEC 1    124                       138    -14      174
  SINCE JUL 1    247                       350   -103      234

 COOLING
  YESTERDAY        0                         0      0        0
  MONTH TO DATE   14                         6      8        0
  SINCE DEC 1     14                         6      8        0
  SINCE JAN 1   3655                      3132    523     3450
..................................................................


WIND (MPH)
  HIGHEST WIND SPEED    13   HIGHEST WIND DIRECTION    NW (330)
  HIGHEST GUST SPEED    22   HIGHEST GUST DIRECTION     N (360)
  AVERAGE WIND SPEED     5.2


SKY COVER
  AVERAGE SKY COVER 0.0


WEATHER CONDITIONS
 THE FOLLOWING WEATHER WAS RECORDED YESTERDAY.
  NO SIGNIFICANT WEATHER WAS OBSERVED.


RELATIVE HUMIDITY (PERCENT)
 HIGHEST    70          1000 PM
 LOWEST     26           200 PM
 AVERAGE    48

..........................................................


THE AUSTIN CAMP MABRY CLIMATE NORMALS FOR TODAY
                         NORMAL    RECORD    YEAR
 MAXIMUM TEMPERATURE (F)   63        82      1933
 MINIMUM TEMPERATURE (F)   42        22      1989


SUNRISE AND SUNSET
DECEMBER 13 2017......SUNRISE   719 AM CST   SUNSET   532 PM CST
DECEMBER 14 2017......SUNRISE   719 AM CST   SUNSET   532 PM CST


-  INDICATES NEGATIVE NUMBERS.
R  INDICATES RECORD WAS SET OR TIED.
MM INDICATES DATA IS MISSING.
T  INDICATES TRACE AMOUNT.




$$
