000
CDUS44 KEWX 280701
CLIATT


CLIMATE REPORT
NATIONAL WEATHER SERVICE AUSTIN/SAN ANTONIO, TX
1255 AM CST WED JAN 28 2015


...................................

...THE AUSTIN CAMP MABRY CLIMATE SUMMARY FOR JANUARY 27 2015...

CLIMATE NORMAL PERIOD 1981 TO 2010
CLIMATE RECORD PERIOD 1897 TO 2015


WEATHER ITEM   OBSERVED TIME   RECORD YEAR NORMAL DEPARTURE LAST
                VALUE   (LST)  VALUE       VALUE  FROM      YEAR
                                                  NORMAL
..................................................................
TEMPERATURE (F)
 YESTERDAY
  MAXIMUM         83R   301 PM  83    1972  62     21       60
  MINIMUM         51    747 AM  19    1940  42      9       34
  AVERAGE         67                        52     15

PRECIPITATION (IN)
  YESTERDAY        0.00          1.36 2005   0.07  -0.07     0.02
  MONTH TO DATE    4.71                      1.95   2.76     0.40
  SINCE DEC 1      5.77                      4.35   1.42     1.12
  SINCE JAN 1      4.71                      1.95   2.76     0.40

SNOWFALL (IN)
  YESTERDAY        0.0
  MONTH TO DATE    T
  SINCE DEC 1      T
  SINCE JUL 1      T
  SNOW DEPTH       0

DEGREE DAYS
 HEATING
  YESTERDAY        0                        13    -13       18
  MONTH TO DATE  477                       373    104      365
  SINCE DEC 1    786                       773     13      833
  SINCE JUL 1   1076                       985     91     1107

 COOLING
  YESTERDAY        2                         0      2        0
  MONTH TO DATE    2                         0      2        0
  SINCE DEC 1     11                        13     -2       15
  SINCE JAN 1      2                         0      2        0
..................................................................


WIND (MPH)
  HIGHEST WIND SPEED    14   HIGHEST WIND DIRECTION    NW (300)
  HIGHEST GUST SPEED    24   HIGHEST GUST DIRECTION    NW (320)
  AVERAGE WIND SPEED     5.6


SKY COVER
  AVERAGE SKY COVER 0.0


WEATHER CONDITIONS
 THE FOLLOWING WEATHER WAS RECORDED YESTERDAY.
  NO SIGNIFICANT WEATHER WAS OBSERVED.


RELATIVE HUMIDITY (PERCENT)
 HIGHEST    71          1100 PM
 LOWEST     23           200 PM
 AVERAGE    47

..........................................................


THE AUSTIN CAMP MABRY CLIMATE NORMALS FOR TODAY
                         NORMAL    RECORD    YEAR
 MAXIMUM TEMPERATURE (F)   62        79      1970
 MINIMUM TEMPERATURE (F)   42        18      1948
                                             1925


SUNRISE AND SUNSET
JANUARY 28 2015.......SUNRISE   724 AM CST   SUNSET   604 PM CST
JANUARY 29 2015.......SUNRISE   723 AM CST   SUNSET   605 PM CST


-  INDICATES NEGATIVE NUMBERS.
R  INDICATES RECORD WAS SET OR TIED.
MM INDICATES DATA IS MISSING.
T  INDICATES TRACE AMOUNT.




$$
