000
CDUS44 KEWX 182251
CLIATT


CLIMATE REPORT
NATIONAL WEATHER SERVICE AUSTIN/SAN ANTONIO, TX
551 PM CDT FRI AUG 18 2017


...................................

...THE AUSTIN CAMP MABRY CLIMATE SUMMARY FOR AUGUST 18 2017...
VALID TODAY AS OF 550 PM LOCAL TIME.

CLIMATE NORMAL PERIOD 1981 TO 2010
CLIMATE RECORD PERIOD 1897 TO 2017


WEATHER ITEM   OBSERVED TIME   RECORD YEAR NORMAL DEPARTURE LAST
                VALUE   (LST)  VALUE       VALUE  FROM      YEAR
                                                  NORMAL
..................................................................
TEMPERATURE (F)
 TODAY
  MAXIMUM        101    344 PM 109    1923  97      4       88
  MINIMUM         78    649 AM  65    1901  75      3       74
  AVERAGE         90                        86      4       81

PRECIPITATION (IN)
  TODAY            0.00          2.08 1932   0.07  -0.07     0.17
  MONTH TO DATE    2.44                      1.13   1.31     5.63
  SINCE JUN 1      5.72                      7.34  -1.62    10.18
  SINCE JAN 1     18.50                     20.87  -2.37    29.64

SNOWFALL (IN)
  TODAY            0.0
  MONTH TO DATE    0.0
  SINCE JUN 1      0.0
  SINCE JUL 1      0.0
  SNOW DEPTH       0

DEGREE DAYS
 HEATING
  TODAY            0                         0      0        0
  MONTH TO DATE    0                         0      0        0
  SINCE JUN 1      0                         0      0        0
  SINCE JUL 1      0                         0      0        0

 COOLING
  TODAY           25                        21      4       16
  MONTH TO DATE  404                       378     26      378
  SINCE JUN 1   1730                      1514    216     1648
  SINCE JAN 1   2592                      2127    465     2263
..................................................................


WIND (MPH)
  HIGHEST WIND SPEED    10   HIGHEST WIND DIRECTION    SE (130)
  HIGHEST GUST SPEED    20   HIGHEST GUST DIRECTION     S (200)
  AVERAGE WIND SPEED     5.5


SKY COVER
  AVERAGE SKY COVER 0.2


WEATHER CONDITIONS
 THE FOLLOWING WEATHER WAS RECORDED TODAY.
  NO SIGNIFICANT WEATHER WAS OBSERVED.


RELATIVE HUMIDITY (PERCENT)
 HIGHEST    85           300 AM
 LOWEST     31           400 PM
 AVERAGE    58

..........................................................


THE AUSTIN CAMP MABRY CLIMATE NORMALS FOR TOMORROW
                         NORMAL    RECORD    YEAR
 MAXIMUM TEMPERATURE (F)   97       107      2011
 MINIMUM TEMPERATURE (F)   75        68      1913
                                             1900


SUNRISE AND SUNSET
AUGUST 18 2017........SUNRISE   700 AM CDT   SUNSET   809 PM CDT
AUGUST 19 2017........SUNRISE   700 AM CDT   SUNSET   808 PM CDT


-  INDICATES NEGATIVE NUMBERS.
R  INDICATES RECORD WAS SET OR TIED.
MM INDICATES DATA IS MISSING.
T  INDICATES TRACE AMOUNT.




$$
