000
CDUS44 KEWX 240703
CLIATT


CLIMATE REPORT
NATIONAL WEATHER SERVICE AUSTIN/SAN ANTONIO, TX
159 AM CDT FRI MAR 24 2017


...................................

...THE AUSTIN CAMP MABRY CLIMATE SUMMARY FOR MARCH 23 2017...

CLIMATE NORMAL PERIOD 1981 TO 2010
CLIMATE RECORD PERIOD 1897 TO 2017


WEATHER ITEM   OBSERVED TIME   RECORD YEAR NORMAL DEPARTURE LAST
                VALUE   (LST)  VALUE       VALUE  FROM      YEAR
                                                  NORMAL
..................................................................
TEMPERATURE (F)
 YESTERDAY
  MAXIMUM         85    309 PM  92    1995  74     11       82
                                      1929
  MINIMUM         65    610 AM  31    1968  53     12       65
  AVERAGE         75                        64     11

PRECIPITATION (IN)
  YESTERDAY        0.00          1.63 1983   0.10  -0.10     0.05
  MONTH TO DATE    1.70                      2.06  -0.36     3.31
  SINCE MAR 1      1.70                      2.06  -0.36     3.31
  SINCE JAN 1      7.92                      6.30   1.62     4.99

SNOWFALL (IN)
  YESTERDAY        0.0
  MONTH TO DATE    0.0
  SINCE MAR 1      0.0
  SINCE JUL 1      0.0
  SNOW DEPTH       0

DEGREE DAYS
 HEATING
  YESTERDAY        0                         4     -4        0
  MONTH TO DATE   53                       135    -82       47
  SINCE MAR 1     53                       135    -82       47
  SINCE JUL 1    831                      1472   -641     1044

 COOLING
  YESTERDAY       10                         2      8        9
  MONTH TO DATE  109                        36     73       91
  SINCE MAR 1    109                        36     73       91
  SINCE JAN 1    226                        63    163      130
..................................................................


WIND (MPH)
  HIGHEST WIND SPEED    24   HIGHEST WIND DIRECTION     S (160)
  HIGHEST GUST SPEED    38   HIGHEST GUST DIRECTION     S (160)
  AVERAGE WIND SPEED    10.3


SKY COVER
  AVERAGE SKY COVER 0.4


WEATHER CONDITIONS
 THE FOLLOWING WEATHER WAS RECORDED YESTERDAY.
  NO SIGNIFICANT WEATHER WAS OBSERVED.


RELATIVE HUMIDITY (PERCENT)
 HIGHEST    87           200 AM
 LOWEST     24           400 PM
 AVERAGE    56

..........................................................


THE AUSTIN CAMP MABRY CLIMATE NORMALS FOR TODAY
                         NORMAL    RECORD    YEAR
 MAXIMUM TEMPERATURE (F)   74        90      1928
 MINIMUM TEMPERATURE (F)   53        30      1952


SUNRISE AND SUNSET
MARCH 24 2017.........SUNRISE   729 AM CDT   SUNSET   745 PM CDT
MARCH 25 2017.........SUNRISE   728 AM CDT   SUNSET   746 PM CDT


-  INDICATES NEGATIVE NUMBERS.
R  INDICATES RECORD WAS SET OR TIED.
MM INDICATES DATA IS MISSING.
T  INDICATES TRACE AMOUNT.




$$
