000
CDUS44 KEWX 300738
CLIATT


CLIMATE REPORT
NATIONAL WEATHER SERVICE AUSTIN/SAN ANTONIO, TX
236 AM CDT TUE AUG 30 2016


...................................

...THE AUSTIN CAMP MABRY CLIMATE SUMMARY FOR AUGUST 29 2016...

CLIMATE NORMAL PERIOD 1981 TO 2010
CLIMATE RECORD PERIOD 1897 TO 2016


WEATHER ITEM   OBSERVED TIME   RECORD YEAR NORMAL DEPARTURE LAST
                VALUE   (LST)  VALUE       VALUE  FROM      YEAR
                                                  NORMAL
..................................................................
TEMPERATURE (F)
 YESTERDAY
  MAXIMUM         91    456 PM 109    2011  95     -4       95
  MINIMUM         73    340 AM  65    1992  74     -1       71
                                      1968
                                      1900
  AVERAGE         82                        85     -3

PRECIPITATION (IN)
  YESTERDAY        0.06          4.00 1945   0.10  -0.04     0.00
  MONTH TO DATE    6.84                      2.14   4.70     0.35
  SINCE JUN 1     11.39                      8.35   3.04     9.24
  SINCE JAN 1     30.85                     21.88   8.97    39.49

SNOWFALL (IN)
  YESTERDAY        0.0
  MONTH TO DATE    0.0
  SINCE JUN 1      0.0
  SINCE JUL 1      0.0
  SNOW DEPTH       0

DEGREE DAYS
 HEATING
  YESTERDAY        0                         0      0        0
  MONTH TO DATE    0                         0      0        0
  SINCE JUN 1      0                         0      0        0
  SINCE JUL 1      0                         0      0        0

 COOLING
  YESTERDAY       17                        20     -3       18
  MONTH TO DATE  572                       603    -31      661
  SINCE JUN 1   1842                      1739    103     1797
  SINCE JAN 1   2457                      2352    105     2398
..................................................................


WIND (MPH)
  HIGHEST WIND SPEED    16   HIGHEST WIND DIRECTION     E (100)
  HIGHEST GUST SPEED    25   HIGHEST GUST DIRECTION     E (100)
  AVERAGE WIND SPEED     4.5


SKY COVER
  AVERAGE SKY COVER 0.4


WEATHER CONDITIONS
 THE FOLLOWING WEATHER WAS RECORDED YESTERDAY.
  RAIN
  LIGHT RAIN
  FOG


RELATIVE HUMIDITY (PERCENT)
 HIGHEST    94           900 PM
 LOWEST     56           200 PM
 AVERAGE    75

..........................................................


THE AUSTIN CAMP MABRY CLIMATE NORMALS FOR TODAY
                         NORMAL    RECORD    YEAR
 MAXIMUM TEMPERATURE (F)   95       105      2013
                                             2011
 MINIMUM TEMPERATURE (F)   74        63      1986


SUNRISE AND SUNSET
AUGUST 30 2016........SUNRISE   707 AM CDT   SUNSET   755 PM CDT
AUGUST 31 2016........SUNRISE   707 AM CDT   SUNSET   754 PM CDT


-  INDICATES NEGATIVE NUMBERS.
R  INDICATES RECORD WAS SET OR TIED.
MM INDICATES DATA IS MISSING.
T  INDICATES TRACE AMOUNT.




$$
