599
CDUS44 KEWX 292257
CLIATT


CLIMATE REPORT
NATIONAL WEATHER SERVICE AUSTIN/SAN ANTONIO, TX
556 PM CDT SAT APR 29 2017


...................................

...THE AUSTIN CAMP MABRY CLIMATE SUMMARY FOR APRIL 29 2017...
VALID TODAY AS OF 550 PM LOCAL TIME.

CLIMATE NORMAL PERIOD 1981 TO 2010
CLIMATE RECORD PERIOD 1897 TO 2017


WEATHER ITEM   OBSERVED TIME   RECORD YEAR NORMAL DEPARTURE LAST
                VALUE   (LST)  VALUE       VALUE  FROM      YEAR
                                                  NORMAL
..................................................................
TEMPERATURE (F)
 TODAY
  MAXIMUM         92    306 PM  95    1937  83      9       84
  MINIMUM         77    602 AM  42    1903  62     15       75
  AVERAGE         85                        72     13       80

PRECIPITATION (IN)
  TODAY            0.00          3.00 1905   0.09  -0.09      T
  MONTH TO DATE    1.16                      1.99  -0.83     6.20
  SINCE MAR 1      3.64                      4.75  -1.11     9.71
  SINCE JAN 1      9.86                      8.99   0.87    11.39

SNOWFALL (IN)
  TODAY            0.0
  MONTH TO DATE    0.0
  SINCE MAR 1      0.0
  SINCE JUL 1      0.0
  SNOW DEPTH       0

DEGREE DAYS
 HEATING
  TODAY            0                         0      0        0
  MONTH TO DATE    3                        37    -34       14
  SINCE MAR 1     56                       199   -143       83
  SINCE JUL 1    834                      1536   -702     1080

 COOLING
  TODAY           20                         8     12       15
  MONTH TO DATE  220                       157     63      162
  SINCE MAR 1    392                       218    174      272
  SINCE JAN 1    509                       245    264      311
..................................................................


WIND (MPH)
  HIGHEST WIND SPEED    18   HIGHEST WIND DIRECTION     S (160)
  HIGHEST GUST SPEED    30   HIGHEST GUST DIRECTION     S (170)
  AVERAGE WIND SPEED     9.5


SKY COVER
  AVERAGE SKY COVER 0.9


WEATHER CONDITIONS
 THE FOLLOWING WEATHER WAS RECORDED TODAY.
  HAZE


RELATIVE HUMIDITY (PERCENT)
 HIGHEST    82          1200 AM
 LOWEST     56          1200 PM
 AVERAGE    69

..........................................................


THE AUSTIN CAMP MABRY CLIMATE NORMALS FOR TOMORROW
                         NORMAL    RECORD    YEAR
 MAXIMUM TEMPERATURE (F)   83        95      1933
 MINIMUM TEMPERATURE (F)   63        40      1907
                                             1903


SUNRISE AND SUNSET
APRIL 29 2017.........SUNRISE   649 AM CDT   SUNSET   808 PM CDT
APRIL 30 2017.........SUNRISE   648 AM CDT   SUNSET   808 PM CDT


-  INDICATES NEGATIVE NUMBERS.
R  INDICATES RECORD WAS SET OR TIED.
MM INDICATES DATA IS MISSING.
T  INDICATES TRACE AMOUNT.




$$
