000
CDUS43 KABR 221024
CLIATY


CLIMATE REPORT
NATIONAL WEATHER SERVICE ABERDEEN SD
523 AM CDT TUE JUL 22 2014


...................................

...THE WATERTOWN SD CLIMATE SUMMARY FOR JULY 21 2014...

CLIMATE NORMAL PERIOD 1981 TO 2010
CLIMATE RECORD PERIOD 1898 TO 2014


WEATHER ITEM   OBSERVED TIME   RECORD YEAR NORMAL DEPARTURE LAST
                VALUE   (LST)  VALUE       VALUE  FROM      YEAR
                                                  NORMAL
..................................................................
TEMPERATURE (F)
 YESTERDAY
  MAXIMUM         89   1215 PM 110    1934  83      6       83
  MINIMUM         69   1253 AM  40    1911  60      9       62
  AVERAGE         79                        71      8       73

PRECIPITATION (IN)
  YESTERDAY        0.00          0.85 1939   0.10  -0.10      T
  MONTH TO DATE    0.49                      2.08  -1.59     2.42
  SINCE JUN 1      5.09                      5.66  -0.57     7.93
  SINCE JAN 1      9.96                     12.51  -2.55    15.92

DEGREE DAYS
 HEATING
  YESTERDAY        0                         0      0        0
  MONTH TO DATE   26                         8     18        0
  SINCE JUN 1     89                        86      3       88
  SINCE JUL 1     26                         8     18        0

 COOLING
  YESTERDAY       14                         7      7        8
  MONTH TO DATE   96                       140    -44      185
  SINCE JUN 1    157                       236    -79      274
  SINCE JAN 1    198                       258    -60      296
..................................................................


WIND (MPH)
  HIGHEST WIND SPEED    24   HIGHEST WIND DIRECTION    SE (150)
  HIGHEST GUST SPEED    32   HIGHEST GUST DIRECTION    SE (150)
  AVERAGE WIND SPEED    11.9


SKY COVER
  POSSIBLE SUNSHINE  MM
  AVERAGE SKY COVER 0.4


WEATHER CONDITIONS
 THE FOLLOWING WEATHER WAS RECORDED YESTERDAY.
  FOG


RELATIVE HUMIDITY (PERCENT)
 HIGHEST   100           500 AM
 LOWEST     64          1200 PM
 AVERAGE    82

..........................................................


THE WATERTOWN SD CLIMATE NORMALS FOR TODAY
                         NORMAL    RECORD    YEAR
 MAXIMUM TEMPERATURE (F)   83       106      1934
 MINIMUM TEMPERATURE (F)   60        39      1925


SUNRISE AND SUNSET
JULY 22 2014..........SUNRISE   603 AM CDT   SUNSET   906 PM CDT
JULY 23 2014..........SUNRISE   604 AM CDT   SUNSET   905 PM CDT


-  INDICATES NEGATIVE NUMBERS.
R  INDICATES RECORD WAS SET OR TIED.
MM INDICATES DATA IS MISSING.
T  INDICATES TRACE AMOUNT.




$$
