242
CDUS43 KABR 191041
CLIATY


CLIMATE REPORT
NATIONAL WEATHER SERVICE ABERDEEN SD
440 AM CST SUN FEB 19 2017


...................................

...THE WATERTOWN SD CLIMATE SUMMARY FOR FEBRUARY 18 2017...

CLIMATE NORMAL PERIOD 1981 TO 2010
CLIMATE RECORD PERIOD 1898 TO 2017


WEATHER ITEM   OBSERVED TIME   RECORD YEAR NORMAL DEPARTURE LAST
                VALUE   (LST)  VALUE       VALUE  FROM      YEAR
                                                  NORMAL
..................................................................
TEMPERATURE (F)
 YESTERDAY
  MAXIMUM         49    524 PM  64    1913  28     21       39
  MINIMUM         28    725 AM -26    1903   9     19       31
  AVERAGE         39                        18     21       35

PRECIPITATION (IN)
  YESTERDAY        0.00          0.42 1991   0.02  -0.02     0.00
  MONTH TO DATE    0.08                      0.31  -0.23     0.34
  SINCE DEC 1      1.99                      1.36   0.63     1.14
  SINCE JAN 1      0.74                      0.83  -0.09     0.82

SNOWFALL (IN)
  YESTERDAY        0.0
  MONTH TO DATE    T
  SINCE OCT 1     27.5
  SINCE JUL 1     27.5
  SNOW DEPTH       0

DEGREE DAYS
 HEATING
  YESTERDAY       26                        47    -21       30
  MONTH TO DATE  739                       885   -146      819
  SINCE DEC 1   3913                      4027   -114     3594
  SINCE JUL 1   5284                      5967   -683     4953

 COOLING
  YESTERDAY        0                         0      0        0
  MONTH TO DATE    0                         0      0        0
  SINCE DEC 1      0                         0      0        0
  SINCE JAN 1      0                         0      0        0
..................................................................


WIND (MPH)
  HIGHEST WIND SPEED    13   HIGHEST WIND DIRECTION     W (280)
  HIGHEST GUST SPEED    16   HIGHEST GUST DIRECTION     W (270)
  AVERAGE WIND SPEED     5.0


SKY COVER
  POSSIBLE SUNSHINE  MM
  AVERAGE SKY COVER 0.0


WEATHER CONDITIONS
 THE FOLLOWING WEATHER WAS RECORDED YESTERDAY.
  NO SIGNIFICANT WEATHER WAS OBSERVED.


RELATIVE HUMIDITY (PERCENT)
 HIGHEST   100           600 AM
 LOWEST     66           100 PM
 AVERAGE    83

..........................................................


THE WATERTOWN SD CLIMATE NORMALS FOR TODAY
                         NORMAL    RECORD    YEAR
 MAXIMUM TEMPERATURE (F)   29        63      1930
 MINIMUM TEMPERATURE (F)    9       -38      1929


SUNRISE AND SUNSET
FEBRUARY 19 2017......SUNRISE   723 AM CST   SUNSET   603 PM CST
FEBRUARY 20 2017......SUNRISE   721 AM CST   SUNSET   604 PM CST


-  INDICATES NEGATIVE NUMBERS.
R  INDICATES RECORD WAS SET OR TIED.
MM INDICATES DATA IS MISSING.
T  INDICATES TRACE AMOUNT.




$$
