000
CDUS43 KABR 301037
CLIATY


CLIMATE REPORT
NATIONAL WEATHER SERVICE ABERDEEN SD
536 AM CDT SAT JUL 30 2016


...................................

...THE WATERTOWN SD CLIMATE SUMMARY FOR JULY 29 2016...

CLIMATE NORMAL PERIOD 1981 TO 2010
CLIMATE RECORD PERIOD 1898 TO 2016


WEATHER ITEM   OBSERVED TIME   RECORD YEAR NORMAL DEPARTURE LAST
                VALUE   (LST)  VALUE       VALUE  FROM      YEAR
                                                  NORMAL
..................................................................
TEMPERATURE (F)
 YESTERDAY
  MAXIMUM         80    425 PM 107    1933  82     -2       81
  MINIMUM         59    522 AM  44    1925  60     -1       59
  AVERAGE         70                        71     -1       70

PRECIPITATION (IN)
  YESTERDAY        T             1.20 1950   0.10  -0.10     0.00
  MONTH TO DATE    2.48                      2.82  -0.34     3.57
  SINCE JUN 1      4.01                      6.40  -2.39     6.50
  SINCE JAN 1      9.66                     13.25  -3.59    12.50

DEGREE DAYS
 HEATING
  YESTERDAY        0                         1     -1        0
  MONTH TO DATE   12                        16     -4       13
  SINCE JUN 1     37                        94    -57       40
  SINCE JUL 1     12                        16     -4       13

 COOLING
  YESTERDAY        5                         7     -2        5
  MONTH TO DATE  230                       196     34      211
  SINCE JUN 1    429                       292    137      308
  SINCE JAN 1    453                       314    139      316
..................................................................


WIND (MPH)
  HIGHEST WIND SPEED    12   HIGHEST WIND DIRECTION    SW (210)
  HIGHEST GUST SPEED    15   HIGHEST GUST DIRECTION     S (180)
  AVERAGE WIND SPEED     5.0


SKY COVER
  POSSIBLE SUNSHINE  MM
  AVERAGE SKY COVER 0.3


WEATHER CONDITIONS
 THE FOLLOWING WEATHER WAS RECORDED YESTERDAY.
  LIGHT RAIN


RELATIVE HUMIDITY (PERCENT)
 HIGHEST    90           300 AM
 LOWEST     43           300 PM
 AVERAGE    67

..........................................................


THE WATERTOWN SD CLIMATE NORMALS FOR TODAY
                         NORMAL    RECORD    YEAR
 MAXIMUM TEMPERATURE (F)   82       108      1933
 MINIMUM TEMPERATURE (F)   60        37      1971


SUNRISE AND SUNSET
JULY 30 2016..........SUNRISE   613 AM CDT   SUNSET   857 PM CDT
JULY 31 2016..........SUNRISE   614 AM CDT   SUNSET   855 PM CDT


-  INDICATES NEGATIVE NUMBERS.
R  INDICATES RECORD WAS SET OR TIED.
MM INDICATES DATA IS MISSING.
T  INDICATES TRACE AMOUNT.




$$
