000
CDUS43 KABR 290907
CLIATY


CLIMATE REPORT
NATIONAL WEATHER SERVICE ABERDEEN SD
406 AM CDT MON AUG 29 2016


...................................

...THE WATERTOWN SD CLIMATE SUMMARY FOR AUGUST 28 2016...

CLIMATE NORMAL PERIOD 1981 TO 2010
CLIMATE RECORD PERIOD 1898 TO 2016


WEATHER ITEM   OBSERVED TIME   RECORD YEAR NORMAL DEPARTURE LAST
                VALUE   (LST)  VALUE       VALUE  FROM      YEAR
                                                  NORMAL
..................................................................
TEMPERATURE (F)
 YESTERDAY
  MAXIMUM         87    418 PM  98    1984  78      9       78
  MINIMUM         66    650 AM  32    1965  55     11       61
  AVERAGE         77                        66     11       70

PRECIPITATION (IN)
  YESTERDAY        0.00          1.41 1932   0.09  -0.09     0.00
  MONTH TO DATE    6.97                      2.53   4.44     5.44
  SINCE JUN 1     10.98                      9.13   1.85    11.94
  SINCE JAN 1     16.63                     15.98   0.65    17.94

DEGREE DAYS
 HEATING
  YESTERDAY        0                         2     -2        0
  MONTH TO DATE   14                        34    -20       49
  SINCE JUN 1     51                       129    -78       89
  SINCE JUL 1     26                        51    -25       62

 COOLING
  YESTERDAY       12                         3      9        5
  MONTH TO DATE  194                       140     54      130
  SINCE JUN 1    638                       442    196      450
  SINCE JAN 1    662                       464    198      458
..................................................................


WIND (MPH)
  HIGHEST WIND SPEED    25   HIGHEST WIND DIRECTION     S (170)
  HIGHEST GUST SPEED    33   HIGHEST GUST DIRECTION     S (170)
  AVERAGE WIND SPEED    13.9


SKY COVER
  POSSIBLE SUNSHINE  MM
  AVERAGE SKY COVER 0.2


WEATHER CONDITIONS
 THE FOLLOWING WEATHER WAS RECORDED YESTERDAY.
  THUNDERSTORM


RELATIVE HUMIDITY (PERCENT)
 HIGHEST    87          1200 AM
 LOWEST     59           200 PM
 AVERAGE    73

..........................................................


THE WATERTOWN SD CLIMATE NORMALS FOR TODAY
                         NORMAL    RECORD    YEAR
 MAXIMUM TEMPERATURE (F)   77        97      1961
                                             1961
 MINIMUM TEMPERATURE (F)   55        35      1911


SUNRISE AND SUNSET
AUGUST 29 2016........SUNRISE   648 AM CDT   SUNSET   810 PM CDT
AUGUST 30 2016........SUNRISE   649 AM CDT   SUNSET   808 PM CDT


-  INDICATES NEGATIVE NUMBERS.
R  INDICATES RECORD WAS SET OR TIED.
MM INDICATES DATA IS MISSING.
T  INDICATES TRACE AMOUNT.




$$
