000
CDUS43 KABR 221044
CLIATY


CLIMATE REPORT
NATIONAL WEATHER SERVICE ABERDEEN SD
442 AM CST SUN JAN 22 2017


...................................

...THE WATERTOWN SD CLIMATE SUMMARY FOR JANUARY 21 2017...

CLIMATE NORMAL PERIOD 1981 TO 2010
CLIMATE RECORD PERIOD 1898 TO 2017


WEATHER ITEM   OBSERVED TIME   RECORD YEAR NORMAL DEPARTURE LAST
                VALUE   (LST)  VALUE       VALUE  FROM      YEAR
                                                  NORMAL
..................................................................
TEMPERATURE (F)
 YESTERDAY
  MAXIMUM         35    501 AM  50    1933  22     13       24
  MINIMUM         30   1141 PM -30    1954   3     27        8
  AVERAGE         33                        12     21       16

PRECIPITATION (IN)
  YESTERDAY       MM             0.50 1917   0.01  MM        0.08
  MONTH TO DATE    0.57                      0.35   0.22     0.21
  SINCE DEC 1      1.82                      0.88   0.94     0.53
  SINCE JAN 1      0.57                      0.35   0.22     0.21

SNOWFALL (IN)
  YESTERDAY       MM
  MONTH TO DATE    9.0
  SINCE OCT 1     26.7
  SINCE JUL 1     26.7
  SNOW DEPTH       8

DEGREE DAYS
 HEATING
  YESTERDAY       32                        53    -21       49
  MONTH TO DATE 1184                      1106     78     1102
  SINCE DEC 1   2779                      2625    154     2367
  SINCE JUL 1   4150                      4565   -415     3726

 COOLING
  YESTERDAY        0                         0      0        0
  MONTH TO DATE    0                         0      0        0
  SINCE DEC 1      0                         0      0        0
  SINCE JAN 1      0                         0      0        0
..................................................................


WIND (MPH)
  HIGHEST WIND SPEED    14   HIGHEST WIND DIRECTION     S (160)
  HIGHEST GUST SPEED    17   HIGHEST GUST DIRECTION     S (170)
  AVERAGE WIND SPEED     6.9


SKY COVER
  POSSIBLE SUNSHINE  MM
  AVERAGE SKY COVER 1.0


WEATHER CONDITIONS
 THE FOLLOWING WEATHER WAS RECORDED YESTERDAY.
  LIGHT RAIN
  FOG
  FOG W/VISIBILITY <= 1/4 MILE


RELATIVE HUMIDITY (PERCENT)
 HIGHEST   100          1200 AM
 LOWEST     92           700 PM
 AVERAGE    96

..........................................................


THE WATERTOWN SD CLIMATE NORMALS FOR TODAY
                         NORMAL    RECORD    YEAR
 MAXIMUM TEMPERATURE (F)   22        54      1942
                                             1981
 MINIMUM TEMPERATURE (F)    3       -31      1936


SUNRISE AND SUNSET
JANUARY 22 2017.......SUNRISE   758 AM CST   SUNSET   523 PM CST
JANUARY 23 2017.......SUNRISE   757 AM CST   SUNSET   525 PM CST


-  INDICATES NEGATIVE NUMBERS.
R  INDICATES RECORD WAS SET OR TIED.
MM INDICATES DATA IS MISSING.
T  INDICATES TRACE AMOUNT.




$$
