000
CDUS43 KABR 061031
CLIATY


CLIMATE REPORT
NATIONAL WEATHER SERVICE ABERDEEN SD
531 AM CDT MON JUL 6 2015


...................................

...THE WATERTOWN SD CLIMATE SUMMARY FOR JULY 5 2015...

CLIMATE NORMAL PERIOD 1981 TO 2010
CLIMATE RECORD PERIOD 1898 TO 2015


WEATHER ITEM   OBSERVED TIME   RECORD YEAR NORMAL DEPARTURE LAST
                VALUE   (LST)  VALUE       VALUE  FROM      YEAR
                                                  NORMAL
..................................................................
TEMPERATURE (F)
 YESTERDAY
  MAXIMUM         88    459 PM 100    1988  82      6       87
  MINIMUM         68   1146 PM  42    1899  59      9       66
  AVERAGE         78                        71      7       77

PRECIPITATION (IN)
  YESTERDAY        0.73          1.58 1900   0.11   0.62     0.00
  MONTH TO DATE    0.79                      0.51   0.28     0.10
  SINCE JUN 1      3.72                      4.09  -0.37     4.70
  SINCE JAN 1      9.72                     10.94  -1.22     9.57

DEGREE DAYS
 HEATING
  YESTERDAY        0                         1     -1        0
  MONTH TO DATE    0                         5     -5       11
  SINCE JUN 1     27                        83    -56       74
  SINCE JUL 1      0                         5     -5       11

 COOLING
  YESTERDAY       13                         6      7       12
  MONTH TO DATE   27                        30     -3       20
  SINCE JUN 1    124                       126     -2       81
  SINCE JAN 1    132                       148    -16      122
..................................................................


WIND (MPH)
  HIGHEST WIND SPEED    29   HIGHEST WIND DIRECTION    SW (220)
  HIGHEST GUST SPEED    36   HIGHEST GUST DIRECTION    SW (210)
  AVERAGE WIND SPEED    13.3


SKY COVER
  POSSIBLE SUNSHINE  MM
  AVERAGE SKY COVER 0.2


WEATHER CONDITIONS
 THE FOLLOWING WEATHER WAS RECORDED YESTERDAY.
  THUNDERSTORM
  HEAVY RAIN
  LIGHT RAIN
  FOG


RELATIVE HUMIDITY (PERCENT)
 HIGHEST    84           200 AM
 LOWEST     55          1100 AM
 AVERAGE    70

..........................................................


THE WATERTOWN SD CLIMATE NORMALS FOR TODAY
                         NORMAL    RECORD    YEAR
 MAXIMUM TEMPERATURE (F)   82       104      1936
 MINIMUM TEMPERATURE (F)   59        40      1942


SUNRISE AND SUNSET
JULY  6 2015..........SUNRISE   549 AM CDT   SUNSET   917 PM CDT
JULY  7 2015..........SUNRISE   550 AM CDT   SUNSET   917 PM CDT


-  INDICATES NEGATIVE NUMBERS.
R  INDICATES RECORD WAS SET OR TIED.
MM INDICATES DATA IS MISSING.
T  INDICATES TRACE AMOUNT.




$$
