000
CDUS43 KABR 222226
CLIATY


CLIMATE REPORT
NATIONAL WEATHER SERVICE ABERDEEN SD
526 PM CDT FRI AUG 22 2014


...................................

...THE WATERTOWN SD CLIMATE SUMMARY FOR AUGUST 22 2014...
VALID TODAY AS OF 0500 PM LOCAL TIME.

CLIMATE NORMAL PERIOD 1981 TO 2010
CLIMATE RECORD PERIOD 1898 TO 2014


WEATHER ITEM   OBSERVED TIME   RECORD YEAR NORMAL DEPARTURE LAST
                VALUE   (LST)  VALUE       VALUE  FROM      YEAR
                                                  NORMAL
..................................................................
TEMPERATURE (F)
 TODAY
  MAXIMUM         82    240 PM  98    1971  79      3       81
  MINIMUM         60    330 AM  35    1923  56      4       62
  AVERAGE         71                        68      3       72

PRECIPITATION (IN)
  TODAY            0.00          1.17 1954   0.09  -0.09     0.00
  MONTH TO DATE    1.65                      2.00  -0.35     0.48
  SINCE JUN 1      7.50                      8.60  -1.10     8.78
  SINCE JAN 1     12.37                     15.45  -3.08    16.77

SNOWFALL (IN)
  TODAY            0.0
  MONTH TO DATE    0.0
  SINCE OCT 1     28.2
  SINCE JUL 1      0.0
  SNOW DEPTH       0

DEGREE DAYS
 HEATING
  TODAY            0                         1     -1        0
  MONTH TO DATE    4                        22    -18       19
  SINCE JUN 1    102                       117    -15      139
  SINCE JUL 1     39                        39      0       51

 COOLING
  TODAY            6                         4      2        7
  MONTH TO DATE   90                       117    -27       76
  SINCE JUN 1    272                       419   -147      362
  SINCE JAN 1    313                       441   -128      384
..................................................................


WIND (MPH)
  HIGHEST WIND SPEED    12   HIGHEST WIND DIRECTION    NE (50)
  HIGHEST GUST SPEED    14   HIGHEST GUST DIRECTION    NE (60)
  AVERAGE WIND SPEED     3.9


SKY COVER
  POSSIBLE SUNSHINE  MM
  AVERAGE SKY COVER 0.5


WEATHER CONDITIONS
 THE FOLLOWING WEATHER WAS RECORDED TODAY.
  FOG
  FOG W/VISIBILITY <= 1/4 MILE


RELATIVE HUMIDITY (PERCENT)
 HIGHEST   100          1200 AM
 LOWEST     62          1100 AM
 AVERAGE    81

..........................................................


THE WATERTOWN SD CLIMATE NORMALS FOR TOMORROW
                         NORMAL    RECORD    YEAR
 MAXIMUM TEMPERATURE (F)   79        98      1936
 MINIMUM TEMPERATURE (F)   56        37      1927


SUNRISE AND SUNSET
AUGUST 22 2014........SUNRISE   639 AM CDT   SUNSET   823 PM CDT
AUGUST 23 2014........SUNRISE   640 AM CDT   SUNSET   821 PM CDT


-  INDICATES NEGATIVE NUMBERS.
R  INDICATES RECORD WAS SET OR TIED.
MM INDICATES DATA IS MISSING.
T  INDICATES TRACE AMOUNT.




$$
