000
CDUS43 KABR 291038
CLIATY


CLIMATE REPORT
NATIONAL WEATHER SERVICE ABERDEEN SD
537 AM CDT FRI MAY 29 2015


...................................

...THE WATERTOWN SD CLIMATE SUMMARY FOR MAY 28 2015...

CLIMATE NORMAL PERIOD 1981 TO 2010
CLIMATE RECORD PERIOD 1898 TO 2015


WEATHER ITEM   OBSERVED TIME   RECORD YEAR NORMAL DEPARTURE LAST
                VALUE   (LST)  VALUE       VALUE  FROM      YEAR
                                                  NORMAL
..................................................................
TEMPERATURE (F)
 YESTERDAY
  MAXIMUM         81    421 PM 102    1934  71     10       84
  MINIMUM         60    551 AM  31    1965  49     11       55
  AVERAGE         71                        60     11       70

PRECIPITATION (IN)
  YESTERDAY        0.70          1.40 1972   0.10   0.60     0.00
  MONTH TO DATE    4.45                      2.35   2.10     1.37
  SINCE MAR 1      5.19                      5.48  -0.29     3.93
  SINCE JAN 1      5.84                      6.56  -0.72     4.36

DEGREE DAYS
 HEATING
  YESTERDAY        0                         6     -6        0
  MONTH TO DATE  277                       277      0      330
  SINCE MAR 1   1759                      2017   -258     2307
  SINCE JUL 1   8151                      8428   -277     9273

 COOLING
  YESTERDAY        6                         1      5        5
  MONTH TO DATE    8                        17     -9       22
  SINCE MAR 1      8                        19    -11       22
  SINCE JAN 1      8                        19    -11       22
..................................................................


WIND (MPH)
  HIGHEST WIND SPEED    28   HIGHEST WIND DIRECTION     S (170)
  HIGHEST GUST SPEED    35   HIGHEST GUST DIRECTION     S (180)
  AVERAGE WIND SPEED    14.4


SKY COVER
  POSSIBLE SUNSHINE  MM
  AVERAGE SKY COVER 0.3


WEATHER CONDITIONS
 THE FOLLOWING WEATHER WAS RECORDED YESTERDAY.
  HEAVY RAIN
  RAIN
  LIGHT RAIN
  FOG
  HAZE


RELATIVE HUMIDITY (PERCENT)
 HIGHEST    78          1100 PM
 LOWEST     45           300 PM
 AVERAGE    62

..........................................................


THE WATERTOWN SD CLIMATE NORMALS FOR TODAY
                         NORMAL    RECORD    YEAR
 MAXIMUM TEMPERATURE (F)   71        97      1934
 MINIMUM TEMPERATURE (F)   49        31      1930


SUNRISE AND SUNSET
MAY 29 2015...........SUNRISE   547 AM CDT   SUNSET   905 PM CDT
MAY 30 2015...........SUNRISE   547 AM CDT   SUNSET   906 PM CDT


-  INDICATES NEGATIVE NUMBERS.
R  INDICATES RECORD WAS SET OR TIED.
MM INDICATES DATA IS MISSING.
T  INDICATES TRACE AMOUNT.




$$
