000
CDUS44 KEWX 282256
CLIAUS


CLIMATE REPORT
NATIONAL WEATHER SERVICE AUSTIN/SAN ANTONIO, TX
555 PM CDT SAT MAY 28 2016


...................................

...THE AUSTIN BERGSTROM CLIMATE SUMMARY FOR MAY 28 2016...
VALID TODAY AS OF 555 PM LOCAL TIME.

CLIMATE NORMAL PERIOD 1981 TO 2010
CLIMATE RECORD PERIOD 1943 TO 2016


WEATHER ITEM   OBSERVED TIME   RECORD YEAR NORMAL DEPARTURE LAST
                VALUE   (LST)  VALUE       VALUE  FROM      YEAR
                                                  NORMAL
..................................................................
TEMPERATURE (F)
 TODAY
  MAXIMUM         91    346 PM 100    2011  89      2       88
  MINIMUM         64    426 AM  56    2003  67     -3       73
  AVERAGE         78                        78      0       81

PRECIPITATION (IN)
  TODAY            T             1.83 1965   0.14  -0.14      T
  MONTH TO DATE   14.70                      3.65  11.05    12.21
  SINCE MAR 1     24.99                      8.70  16.29    18.60
  SINCE JAN 1     27.17                     13.21  13.96    24.34

SNOWFALL (IN)
  TODAY            0.0
  MONTH TO DATE    T
  SINCE MAR 1      T
  SINCE JUL 1      T
  SNOW DEPTH       0

DEGREE DAYS
 HEATING
  TODAY            0                         0      0        0
  MONTH TO DATE    3                         0      3        0
  SINCE MAR 1    146                       285   -139      265
  SINCE JUL 1   1380                      1900   -520     1979

 COOLING
  TODAY           13                        13      0       16
  MONTH TO DATE  236                       280    -44      252
  SINCE MAR 1    442                       452    -10      458
  SINCE JAN 1    465                       468     -3      460
..................................................................


WIND (MPH)
  HIGHEST WIND SPEED    17   HIGHEST WIND DIRECTION     S (190)
  HIGHEST GUST SPEED    22   HIGHEST GUST DIRECTION     S (180)
  AVERAGE WIND SPEED     7.9


SKY COVER
  AVERAGE SKY COVER 0.8


WEATHER CONDITIONS
 THE FOLLOWING WEATHER WAS RECORDED TODAY.
  LIGHT RAIN
  FOG
  FOG W/VISIBILITY <= 1/4 MILE


RELATIVE HUMIDITY (PERCENT)
 HIGHEST   100          1200 AM
 LOWEST     56           400 PM
 AVERAGE    78

..........................................................


THE AUSTIN BERGSTROM CLIMATE NORMALS FOR TOMORROW
                         NORMAL    RECORD    YEAR
 MAXIMUM TEMPERATURE (F)   90        98      1951
 MINIMUM TEMPERATURE (F)   67        54      2003
                                             1947


SUNRISE AND SUNSET
MAY 28 2016...........SUNRISE   631 AM CDT   SUNSET   826 PM CDT
MAY 29 2016...........SUNRISE   630 AM CDT   SUNSET   826 PM CDT


-  INDICATES NEGATIVE NUMBERS.
R  INDICATES RECORD WAS SET OR TIED.
MM INDICATES DATA IS MISSING.
T  INDICATES TRACE AMOUNT.




$$
