000
CDUS44 KEWX 280655
CLIAUS


CLIMATE REPORT
NATIONAL WEATHER SERVICE AUSTIN/SAN ANTONIO, TX
150 AM CDT FRI APR 28 2017


...................................

...THE AUSTIN BERGSTROM CLIMATE SUMMARY FOR APRIL 27 2017...

CLIMATE NORMAL PERIOD 1981 TO 2010
CLIMATE RECORD PERIOD 1943 TO 2017


WEATHER ITEM   OBSERVED TIME   RECORD YEAR NORMAL DEPARTURE LAST
                VALUE   (LST)  VALUE       VALUE  FROM      YEAR
                                                  NORMAL
..................................................................
TEMPERATURE (F)
 YESTERDAY
  MAXIMUM         85    406 PM  94    1961  83      2       90
  MINIMUM         46    458 AM  45    2005  58    -12       60
                                      2001
  AVERAGE         66                        70     -4       75

PRECIPITATION (IN)
  YESTERDAY        0.00          1.37 2009   0.10  -0.10     0.44
  MONTH TO DATE    0.99                      1.98  -0.99     5.36
  SINCE MAR 1      4.32                      4.76  -0.44     9.17
  SINCE JAN 1     11.63                      9.27   2.36    11.35

SNOWFALL (IN)
  YESTERDAY        0.0
  MONTH TO DATE    0.0
  SINCE MAR 1      0.0
  SINCE JUL 1      0.0
  SNOW DEPTH       0

DEGREE DAYS
 HEATING
  YESTERDAY        0                         1     -1        0
  MONTH TO DATE   13                        61    -48       35
  SINCE MAR 1     86                       283   -197      143
  SINCE JUL 1    960                      1898   -938     1377

 COOLING
  YESTERDAY        1                         6     -5       10
  MONTH TO DATE  158                       112     46      102
  SINCE MAR 1    311                       154    157      174
  SINCE JAN 1    420                       170    250      197
..................................................................


WIND (MPH)
  HIGHEST WIND SPEED    22   HIGHEST WIND DIRECTION     S (180)
  HIGHEST GUST SPEED    29   HIGHEST GUST DIRECTION     S (190)
  AVERAGE WIND SPEED     9.3


SKY COVER
  AVERAGE SKY COVER 0.4


WEATHER CONDITIONS
 THE FOLLOWING WEATHER WAS RECORDED YESTERDAY.
  NO SIGNIFICANT WEATHER WAS OBSERVED.


RELATIVE HUMIDITY (PERCENT)
 HIGHEST    93           400 AM
 LOWEST     28           200 PM
 AVERAGE    61

..........................................................


THE AUSTIN BERGSTROM CLIMATE NORMALS FOR TODAY
                         NORMAL    RECORD    YEAR
 MAXIMUM TEMPERATURE (F)   83        93      1955
 MINIMUM TEMPERATURE (F)   58        43      2008


SUNRISE AND SUNSET
APRIL 28 2017.........SUNRISE   650 AM CDT   SUNSET   807 PM CDT
APRIL 29 2017.........SUNRISE   649 AM CDT   SUNSET   807 PM CDT


-  INDICATES NEGATIVE NUMBERS.
R  INDICATES RECORD WAS SET OR TIED.
MM INDICATES DATA IS MISSING.
T  INDICATES TRACE AMOUNT.




$$
