000
CDUS44 KEWX 292223
CLIAUS


CLIMATE REPORT
NATIONAL WEATHER SERVICE AUSTIN/SAN ANTONIO, TX
522 PM CDT TUE JUL 29 2014

...................................

...THE AUSTIN BERGSTROM CLIMATE SUMMARY FOR JULY 29 2014...
VALID TODAY AS OF 0500 PM LOCAL TIME.

CLIMATE NORMAL PERIOD 1981 TO 2010
CLIMATE RECORD PERIOD 1943 TO 2014


WEATHER ITEM   OBSERVED TIME   RECORD YEAR NORMAL DEPARTURE LAST
                VALUE   (LST)  VALUE       VALUE  FROM      YEAR
                                                  NORMAL
..................................................................
TEMPERATURE (F)
 TODAY
  MAXIMUM         98    346 PM 105    1995  96      2      101
  MINIMUM         70    523 AM  68    2003  72     -2       76
                                      1999
                                      1994
  AVERAGE         84                        84      0       89

PRECIPITATION (IN)
  TODAY            0.00          1.41 2004   0.05  -0.05     0.00
  MONTH TO DATE    2.05                      2.35  -0.30     1.44
  SINCE JUN 1      3.73                      6.98  -3.25     2.19
  SINCE JAN 1     15.55                     21.03  -5.48    17.57

SNOWFALL (IN)
  TODAY            0.0
  MONTH TO DATE    0.0
  SINCE JUN 1      0.0
  SINCE JUL 1      0.0
  SNOW DEPTH       0

DEGREE DAYS
 HEATING
  TODAY            0                         0      0        0
  MONTH TO DATE    0                         0      0        0
  SINCE JUN 1      0                         0      0        0
  SINCE JUL 1      0                         0      0        0

 COOLING
  TODAY           19                        19      0       24
  MONTH TO DATE  517                       535    -18      557
  SINCE JUN 1   1024                      1016      8     1126
  SINCE JAN 1   1479                      1523    -44     1640
..................................................................


WIND (MPH)
  HIGHEST WIND SPEED    28   HIGHEST WIND DIRECTION    NE (40)
  HIGHEST GUST SPEED    35   HIGHEST GUST DIRECTION    NE (30)
  AVERAGE WIND SPEED     3.2


SKY COVER
  AVERAGE SKY COVER 0.4


WEATHER CONDITIONS
 THE FOLLOWING WEATHER WAS RECORDED TODAY.
  NO SIGNIFICANT WEATHER WAS OBSERVED.


RELATIVE HUMIDITY (PERCENT)
 HIGHEST    93           500 AM
 LOWEST     36           100 PM
 AVERAGE    65

..........................................................


THE AUSTIN BERGSTROM CLIMATE NORMALS FOR TOMORROW
                         NORMAL    RECORD    YEAR
 MAXIMUM TEMPERATURE (F)   96       105      1957
 MINIMUM TEMPERATURE (F)   72        67      1971


SUNRISE AND SUNSET
JULY 29 2014..........SUNRISE   648 AM CDT   SUNSET   826 PM CDT
JULY 30 2014..........SUNRISE   648 AM CDT   SUNSET   826 PM CDT


-  INDICATES NEGATIVE NUMBERS.
R  INDICATES RECORD WAS SET OR TIED.
MM INDICATES DATA IS MISSING.
T  INDICATES TRACE AMOUNT.


$$
