000
CDUS43 KGRB 200655
CLIAUW


CLIMATE REPORT
NATIONAL WEATHER SERVICE GREEN BAY
1255 AM CST SAT JAN 20 2018


...................................

...THE WAUSAU WI CLIMATE SUMMARY FOR JANUARY 19 2018...

CLIMATE NORMAL PERIOD 1981 TO 2010
CLIMATE RECORD PERIOD 1896 TO 2018


WEATHER ITEM   OBSERVED TIME   RECORD YEAR NORMAL DEPARTURE LAST
                VALUE   (LST)  VALUE       VALUE  FROM      YEAR
                                                  NORMAL
..................................................................
TEMPERATURE (F)
 YESTERDAY
  MAXIMUM         37    426 PM  50    1908  23     14       37
  MINIMUM         21    755 AM -32    1994   6     15       29
  AVERAGE         29                        14     15

PRECIPITATION (IN)
  YESTERDAY        0.00          0.51 1935   0.03  -0.03     0.00
  MONTH TO DATE    0.46                      0.64  -0.18     1.67
  SINCE DEC 1      1.62                      2.00  -0.38     4.33
  SINCE JAN 1      0.46                      0.64  -0.18     1.67

SNOWFALL (IN)
  YESTERDAY        0.0           8.5  1935   0.5   -0.5      0.0
  MONTH TO DATE    4.3                       8.3   -4.0     11.8
  SINCE JUL 1     22.2                      30.5   -8.3     39.0
  SNOW DEPTH      MM

DEGREE DAYS
 HEATING
  YESTERDAY       36                        51    -15       32
  MONTH TO DATE 1020                       963     57     1005
  SINCE DEC 1   2550                      2390    160     2422
  SINCE JUL 1   4235                      4249    -14     3700

 COOLING
  YESTERDAY        0                         0      0        0
  MONTH TO DATE    0                         0      0        0
  SINCE DEC 1      0                         0      0        0
  SINCE JAN 1      0                         0      0        0
..................................................................


WIND (MPH)
  HIGHEST WIND SPEED    14   HIGHEST WIND DIRECTION     S (170)
  HIGHEST GUST SPEED    19   HIGHEST GUST DIRECTION    SW (210)
  AVERAGE WIND SPEED     5.7


SKY COVER
  POSSIBLE SUNSHINE  MM
  AVERAGE SKY COVER 0.0


WEATHER CONDITIONS
 THE FOLLOWING WEATHER WAS RECORDED YESTERDAY.
  NO SIGNIFICANT WEATHER WAS OBSERVED.


RELATIVE HUMIDITY (PERCENT)
 HIGHEST    92           700 AM
 LOWEST     59           400 PM
 AVERAGE    76

..........................................................


THE WAUSAU WI CLIMATE NORMALS FOR TODAY
                         NORMAL    RECORD    YEAR
 MAXIMUM TEMPERATURE (F)   23        48      1908
 MINIMUM TEMPERATURE (F)    6       -27      1985


SUNRISE AND SUNSET
JANUARY 20 2018.......SUNRISE   730 AM CST   SUNSET   450 PM CST
JANUARY 21 2018.......SUNRISE   729 AM CST   SUNSET   451 PM CST


-  INDICATES NEGATIVE NUMBERS.
R  INDICATES RECORD WAS SET OR TIED.
MM INDICATES DATA IS MISSING.
T  INDICATES TRACE AMOUNT.




$$
