000
CDUS43 KGRB 070809
CLIAUW


CLIMATE REPORT
NATIONAL WEATHER SERVICE GREEN BAY
207 AM CST WED DEC 7 2016


...................................

...THE WAUSAU WI CLIMATE SUMMARY FOR DECEMBER 6 2016...

CLIMATE NORMAL PERIOD 1981 TO 2010
CLIMATE RECORD PERIOD 1896 TO 2016


WEATHER ITEM   OBSERVED TIME   RECORD YEAR NORMAL DEPARTURE LAST
                VALUE   (LST)  VALUE       VALUE  FROM      YEAR
                                                  NORMAL
..................................................................
TEMPERATURE (F)
 YESTERDAY
  MAXIMUM         31    123 PM  51    1939  29      2       43
  MINIMUM         21   1159 PM -21    1972  15      6       31
  AVERAGE         26                        22      4

PRECIPITATION (IN)
  YESTERDAY        0.04          0.55 1936   0.05  -0.01     0.00
  MONTH TO DATE    0.39                      0.30   0.09     0.29
  SINCE DEC 1      0.39                      0.30   0.09     0.29
  SINCE JAN 1     34.71                     31.35   3.36    32.64

SNOWFALL (IN)
  YESTERDAY        1.5           7.0  1936   0.5    1.0      0.0
  MONTH TO DATE    4.9                       2.5    2.4      1.4
  SINCE JUL 1      8.0                      10.8   -2.8      1.6
  SNOW DEPTH       2

DEGREE DAYS
 HEATING
  YESTERDAY       39                        43     -4       28
  MONTH TO DATE  208                       251    -43      180
  SINCE DEC 1    208                       251    -43      180
  SINCE JUL 1   1486                      2110   -624     1586

 COOLING
  YESTERDAY        0                         0      0        0
  MONTH TO DATE    0                         0      0        0
  SINCE DEC 1      0                         0      0        0
  SINCE JAN 1    512                       407    105      435
..................................................................


WIND (MPH)
  HIGHEST WIND SPEED    25   HIGHEST WIND DIRECTION    SW (240)
  HIGHEST GUST SPEED    30   HIGHEST GUST DIRECTION    SW (230)
  AVERAGE WIND SPEED    11.8


SKY COVER
  POSSIBLE SUNSHINE  MM
  AVERAGE SKY COVER 0.8


WEATHER CONDITIONS
 THE FOLLOWING WEATHER WAS RECORDED YESTERDAY.
  SNOW
  LIGHT SNOW
  FOG


RELATIVE HUMIDITY (PERCENT)
 HIGHEST   100          1200 PM
 LOWEST     71           500 PM
 AVERAGE    86

..........................................................


THE WAUSAU WI CLIMATE NORMALS FOR TODAY
                         NORMAL    RECORD    YEAR
 MAXIMUM TEMPERATURE (F)   29        47      1939
 MINIMUM TEMPERATURE (F)   14       -25      1972


SUNRISE AND SUNSET
DECEMBER  7 2016......SUNRISE   723 AM CST   SUNSET   417 PM CST
DECEMBER  8 2016......SUNRISE   724 AM CST   SUNSET   417 PM CST


-  INDICATES NEGATIVE NUMBERS.
R  INDICATES RECORD WAS SET OR TIED.
MM INDICATES DATA IS MISSING.
T  INDICATES TRACE AMOUNT.

$$
