000
CDUS43 KGRB 280800
CLIAUW


CLIMATE REPORT
NATIONAL WEATHER SERVICE GREEN BAY
257 AM CDT TUE MAR 28 2017


...................................

...THE WAUSAU WI CLIMATE SUMMARY FOR MARCH 27 2017...

CLIMATE NORMAL PERIOD 1981 TO 2010
CLIMATE RECORD PERIOD 1896 TO 2017


WEATHER ITEM   OBSERVED TIME   RECORD YEAR NORMAL DEPARTURE LAST
                VALUE   (LST)  VALUE       VALUE  FROM      YEAR
                                                  NORMAL
..................................................................
TEMPERATURE (F)
 YESTERDAY
  MAXIMUM         43    633 PM  72    1946  45     -2       45
                                      1910
  MINIMUM         29   1027 PM  -5    1964  25      4       38
  AVERAGE         36                        35      1

PRECIPITATION (IN)
  YESTERDAY        0.00          1.14 1961   0.06  -0.06     0.01
  MONTH TO DATE    2.16                      1.50   0.66     4.09
  SINCE MAR 1      2.16                      1.50   0.66     4.09
  SINCE JAN 1      6.10                      3.44   2.66     5.52

SNOWFALL (IN)
  YESTERDAY        0.0           5.6  1975   0.2   -0.2      0.0
  MONTH TO DATE    5.0                       9.1   -4.1     13.2
  SINCE JUL 1     58.8                      54.4    4.4     37.6
  SNOW DEPTH       0

DEGREE DAYS
 HEATING
  YESTERDAY       29                        30     -1       23
  MONTH TO DATE  988                       968     20      726
  SINCE MAR 1    988                       968     20      726
  SINCE JUL 1   6214                      7104   -890     5849

 COOLING
  YESTERDAY        0                         0      0        0
  MONTH TO DATE    0                         0      0        0
  SINCE MAR 1      0                         0      0        0
  SINCE JAN 1      0                         0      0        0
..................................................................


WIND (MPH)
  HIGHEST WIND SPEED     9   HIGHEST WIND DIRECTION     N (340)
  HIGHEST GUST SPEED    12   HIGHEST GUST DIRECTION     N (350)
  AVERAGE WIND SPEED     3.2


SKY COVER
  POSSIBLE SUNSHINE  MM
  AVERAGE SKY COVER 0.9


WEATHER CONDITIONS
 THE FOLLOWING WEATHER WAS RECORDED YESTERDAY.
  FOG


RELATIVE HUMIDITY (PERCENT)
 HIGHEST   100          1200 AM
 LOWEST     76           200 PM
 AVERAGE    88

..........................................................


THE WAUSAU WI CLIMATE NORMALS FOR TODAY
                         NORMAL    RECORD    YEAR
 MAXIMUM TEMPERATURE (F)   45        75      1986
 MINIMUM TEMPERATURE (F)   25        -4      1923


SUNRISE AND SUNSET
MARCH 28 2017.........SUNRISE   646 AM CDT   SUNSET   722 PM CDT
MARCH 29 2017.........SUNRISE   644 AM CDT   SUNSET   723 PM CDT


-  INDICATES NEGATIVE NUMBERS.
R  INDICATES RECORD WAS SET OR TIED.
MM INDICATES DATA IS MISSING.
T  INDICATES TRACE AMOUNT.

$$
