000
CDUS43 KGRB 010637
CLIAUW


CLIMATE REPORT
NATIONAL WEATHER SERVICE GREEN BAY
1236 AM CST SUN FEB 1 2015


...................................

...THE WAUSAU WI CLIMATE SUMMARY FOR JANUARY 31 2015...

CLIMATE NORMAL PERIOD 1981 TO 2010
CLIMATE RECORD PERIOD 1896 TO 2015


WEATHER ITEM   OBSERVED TIME   RECORD YEAR NORMAL DEPARTURE LAST
                VALUE   (LST)  VALUE       VALUE  FROM      YEAR
                                                  NORMAL
..................................................................
TEMPERATURE (F)
 YESTERDAY
  MAXIMUM         27    236 PM  48    1993  24      3        3
  MINIMUM         16   1159 PM -34    1899   7      9      -13
  AVERAGE         22                        15      7

PRECIPITATION (IN)
  YESTERDAY        0.00          1.03 1917   0.03  -0.03     0.00
  MONTH TO DATE    0.58                      1.02  -0.44     1.55
  SINCE DEC 1      1.98                      2.38  -0.40     3.12
  SINCE JAN 1      0.58                      1.02  -0.44     1.55

SNOWFALL (IN)
  YESTERDAY        0.0          10.0  1917   0.4   -0.4      0.0
  MONTH TO DATE    9.4                      13.5   -4.1     23.3
  SINCE JUL 1     40.4                      35.7    4.7     52.0
  SNOW DEPTH       9

DEGREE DAYS
 HEATING
  YESTERDAY       43                        50     -7       70
  MONTH TO DATE 1550                      1567    -17     1837
  SINCE DEC 1   2874                      2991   -117     3500
  SINCE JUL 1   4957                      4850    107     5310

 COOLING
  YESTERDAY        0                         0      0        0
  MONTH TO DATE    0                         0      0        0
  SINCE DEC 1      0                         0      0        0
  SINCE JAN 1      0                         0      0        0
..................................................................


WIND (MPH)
  HIGHEST WIND SPEED    14   HIGHEST WIND DIRECTION    NE (50)
  HIGHEST GUST SPEED    20   HIGHEST GUST DIRECTION    NE (50)
  AVERAGE WIND SPEED     6.2


SKY COVER
  POSSIBLE SUNSHINE  MM
  AVERAGE SKY COVER 1.0


WEATHER CONDITIONS
 THE FOLLOWING WEATHER WAS RECORDED YESTERDAY.
  NO SIGNIFICANT WEATHER WAS OBSERVED.


RELATIVE HUMIDITY (PERCENT)
 HIGHEST    77          1000 AM
 LOWEST     61          1200 AM
 AVERAGE    69

..........................................................


THE WAUSAU WI CLIMATE NORMALS FOR TODAY
                         NORMAL    RECORD    YEAR
 MAXIMUM TEMPERATURE (F)   25        43      1931
 MINIMUM TEMPERATURE (F)    7       -30      1918


SUNRISE AND SUNSET
FEBRUARY  1 2015......SUNRISE   718 AM CST   SUNSET   506 PM CST
FEBRUARY  2 2015......SUNRISE   717 AM CST   SUNSET   508 PM CST


-  INDICATES NEGATIVE NUMBERS.
R  INDICATES RECORD WAS SET OR TIED.
MM INDICATES DATA IS MISSING.
T  INDICATES TRACE AMOUNT.




$$
