000
CDUS42 KGSP 290634
CLIAVL

CLIMATE REPORT
NATIONAL WEATHER SERVICE GREENVILLE-SPARTANBURG SC
231 AM EDT FRI APR 29 2016


...................................

...THE ASHEVILLE NC CLIMATE SUMMARY FOR APRIL 28 2016...

CLIMATE NORMAL PERIOD 1981 TO 2010
CLIMATE RECORD PERIOD 1869 TO 2016


WEATHER ITEM   OBSERVED TIME   RECORD YEAR NORMAL DEPARTURE LAST
                VALUE   (LST)  VALUE       VALUE  FROM      YEAR
                                                  NORMAL
..................................................................
TEMPERATURE (F)
 YESTERDAY
  MAXIMUM         84    211 PM  86    1986  71     13       70
                                      1957
  MINIMUM         58    622 AM  29    1928  46     12       39
  AVERAGE         71                        59     12       55

PRECIPITATION (IN)
  YESTERDAY        0.00          1.95 2013   0.11  -0.11     0.00
  MONTH TO DATE    1.43                      3.11  -1.68     4.89
  SINCE MAR 1      2.99                      6.94  -3.95     7.01
  SINCE JAN 1     11.97                     14.37  -2.40    12.85

SNOWFALL (IN)
  YESTERDAY        0.0           2.0  1928   0.0             0.0
  MONTH TO DATE    0.0                       0.7             0.0
  SINCE MAR 1      T                         2.6              T
  SINCE JUL 1     13.9                       9.9            13.3
  SNOW DEPTH       0

DEGREE DAYS
 HEATING
  YESTERDAY        0                         7     -7       10
  MONTH TO DATE  255                       288    -33      184
  SINCE MAR 1    616                       843   -227      609
  SINCE JUL 1   3363                      4060   -697     3918

 COOLING
  YESTERDAY        6                         0      6        0
  MONTH TO DATE   11                         0     11       19
  SINCE MAR 1     11                         1     10       19
  SINCE JAN 1     11                         1     10       19
..................................................................


WIND (MPH)
  HIGHEST WIND SPEED    21   HIGHEST WIND DIRECTION     N (350)
  HIGHEST GUST SPEED    27   HIGHEST GUST DIRECTION     S (180)
  AVERAGE WIND SPEED     7.1


SKY COVER
  POSSIBLE SUNSHINE  MM
  AVERAGE SKY COVER 0.2


WEATHER CONDITIONS
 THE FOLLOWING WEATHER WAS RECORDED YESTERDAY.
  FOG


RELATIVE HUMIDITY (PERCENT)
 HIGHEST    93           600 AM
 LOWEST     33           700 PM
 AVERAGE    63

..........................................................


THE ASHEVILLE NC CLIMATE NORMALS FOR TODAY
                         NORMAL    RECORD    YEAR
 MAXIMUM TEMPERATURE (F)   71        89      1970
 MINIMUM TEMPERATURE (F)   47        28      1967


SUNRISE AND SUNSET
APRIL 29 2016.........SUNRISE   640 AM EDT   SUNSET   815 PM EDT
APRIL 30 2016.........SUNRISE   639 AM EDT   SUNSET   816 PM EDT


-  INDICATES NEGATIVE NUMBERS.
R  INDICATES RECORD WAS SET OR TIED.
MM INDICATES DATA IS MISSING.
T  INDICATES TRACE AMOUNT.

$$
