000
CDUS42 KGSP 202031
CLIAVL

CLIMATE REPORT
NATIONAL WEATHER SERVICE GREENVILLE-SPARTANBURG SC
429 PM EDT THU JUL 20 2017


...................................

...THE ASHEVILLE NC CLIMATE SUMMARY FOR JULY 20 2017...VALID TODAY
AS OF 400 PM LOCAL TIME.

CLIMATE NORMAL PERIOD 1981 TO 2010
CLIMATE RECORD PERIOD 1869 TO 2017


WEATHER ITEM   OBSERVED TIME   RECORD YEAR NORMAL DEPARTURE LAST
                VALUE   (LST)  VALUE       VALUE  FROM      YEAR
                                                  NORMAL
..................................................................
TEMPERATURE (F)
 TODAY
  MAXIMUM         89    329 PM  97    1932  84      5       91
  MINIMUM         63    558 AM  52    1909  64     -1       65
  AVERAGE         76                        74      2       78

PRECIPITATION (IN)
  TODAY            0.00          2.28 1946   0.14  -0.14     0.00
  MONTH TO DATE    3.20                      2.79   0.41     3.69
  SINCE JUN 1      5.91                      7.44  -1.53     6.22
  SINCE JAN 1     28.93                     25.69   3.24    21.10

SNOWFALL (IN)
  TODAY            0.0           0.0    MM   0.0    0.0      0.0
  MONTH TO DATE    0.0                       0.0    0.0      0.0
  SINCE JUN 1      0.0                       0.0    0.0      0.0
  SINCE JUL 1      0.0                       0.0    0.0      0.0
  SNOW DEPTH       0

DEGREE DAYS
 HEATING
  TODAY            0                         0      0        0
  MONTH TO DATE    0                         0      0        0
  SINCE JUN 1      1                        14    -13        0
  SINCE JUL 1      0                         0      0        0

 COOLING
  TODAY           11                         9      2       13
  MONTH TO DATE  214                       176     38      233
  SINCE JUN 1    396                       353     43      510
  SINCE JAN 1    495                       411     84      583
..................................................................


WIND (MPH)
  HIGHEST WIND SPEED    13   HIGHEST WIND DIRECTION     N (340)
  HIGHEST GUST SPEED    16   HIGHEST GUST DIRECTION     N (350)
  AVERAGE WIND SPEED     4.2


SKY COVER
  POSSIBLE SUNSHINE  MM
  AVERAGE SKY COVER 0.0


WEATHER CONDITIONS
 THE FOLLOWING WEATHER WAS RECORDED TODAY.
  NO SIGNIFICANT WEATHER WAS OBSERVED.


RELATIVE HUMIDITY (PERCENT)
 HIGHEST   100           200 AM
 LOWEST     37           300 PM
 AVERAGE    69

..........................................................


THE ASHEVILLE NC CLIMATE NORMALS FOR TOMORROW
                         NORMAL    RECORD    YEAR
 MAXIMUM TEMPERATURE (F)   84        96      1926
 MINIMUM TEMPERATURE (F)   64        50      1929


SUNRISE AND SUNSET
JULY 20 2017..........SUNRISE   630 AM EDT   SUNSET   843 PM EDT
JULY 21 2017..........SUNRISE   631 AM EDT   SUNSET   842 PM EDT


-  INDICATES NEGATIVE NUMBERS.
R  INDICATES RECORD WAS SET OR TIED.
MM INDICATES DATA IS MISSING.
T  INDICATES TRACE AMOUNT.




$$
