000
CDUS42 KGSP 240644
CLIAVL

CLIMATE REPORT
NATIONAL WEATHER SERVICE GREENVILLE-SPARTANBURG SC
144 AM EST TUE JAN 24 2017


...................................

...THE ASHEVILLE NC CLIMATE SUMMARY FOR JANUARY 23 2017...

CLIMATE NORMAL PERIOD 1981 TO 2010
CLIMATE RECORD PERIOD 1869 TO 2017


WEATHER ITEM   OBSERVED TIME   RECORD YEAR NORMAL DEPARTURE LAST
                VALUE   (LST)  VALUE       VALUE  FROM      YEAR
                                                  NORMAL
..................................................................
TEMPERATURE (F)
 YESTERDAY
  MAXIMUM         53    238 PM  73    1927  48      5       28
  MINIMUM         47   1159 PM   1    1936  27     20       21
  AVERAGE         50                        37     13       25

PRECIPITATION (IN)
  YESTERDAY        1.03          2.04 1999   0.13   0.90      T
  MONTH TO DATE    3.68                      2.71   0.97     3.25
  SINCE DEC 1      5.99                      6.30  -0.31    12.01
  SINCE JAN 1      3.68                      2.71   0.97     3.25

SNOWFALL (IN)
  YESTERDAY        0.0           5.0  1940   0.1             0.1
  MONTH TO DATE    7.0                       3.1            13.8
  SINCE DEC 1      7.0                       4.0            13.8
  SINCE JUL 1      7.0                       4.1            13.8
  SNOW DEPTH       0

DEGREE DAYS
 HEATING
  YESTERDAY       15                        28    -13       40
  MONTH TO DATE  447                       644   -197      711
  SINCE DEC 1   1154                      1438   -284     1132
  SINCE JUL 1   1725                      2305   -580     1807

 COOLING
  YESTERDAY        0                         0      0        0
  MONTH TO DATE    0                         0      0        0
  SINCE DEC 1      0                         0      0        0
  SINCE JAN 1      0                         0      0        0
..................................................................


WIND (MPH)
  HIGHEST WIND SPEED    26   HIGHEST WIND DIRECTION     N (340)
  HIGHEST GUST SPEED    36   HIGHEST GUST DIRECTION     N (340)
  AVERAGE WIND SPEED    10.1


SKY COVER
  POSSIBLE SUNSHINE  MM
  AVERAGE SKY COVER 1.0


WEATHER CONDITIONS
 THE FOLLOWING WEATHER WAS RECORDED YESTERDAY.
  THUNDERSTORM
  HEAVY RAIN
  RAIN
  LIGHT RAIN
  FOG


RELATIVE HUMIDITY (PERCENT)
 HIGHEST    96           100 AM
 LOWEST     66          1100 PM
 AVERAGE    81

..........................................................


THE ASHEVILLE NC CLIMATE NORMALS FOR TODAY
                         NORMAL    RECORD    YEAR
 MAXIMUM TEMPERATURE (F)   48        74      1949
 MINIMUM TEMPERATURE (F)   27        -7      1963


SUNRISE AND SUNSET
JANUARY 24 2017.......SUNRISE   735 AM EST   SUNSET   550 PM EST
JANUARY 25 2017.......SUNRISE   734 AM EST   SUNSET   551 PM EST


-  INDICATES NEGATIVE NUMBERS.
R  INDICATES RECORD WAS SET OR TIED.
MM INDICATES DATA IS MISSING.
T  INDICATES TRACE AMOUNT.

$$

OUTLAW
