000
CDUS42 KGSP 260635
CLIAVL

CLIMATE REPORT
NATIONAL WEATHER SERVICE GREENVILLE-SPARTANBURG SC
235 AM EDT TUE SEP 26 2017


...................................

...THE ASHEVILLE NC CLIMATE SUMMARY FOR SEPTEMBER 25 2017...

CLIMATE NORMAL PERIOD 1981 TO 2010
CLIMATE RECORD PERIOD 1869 TO 2017


WEATHER ITEM   OBSERVED TIME   RECORD YEAR NORMAL DEPARTURE LAST
                VALUE   (LST)  VALUE       VALUE  FROM      YEAR
                                                  NORMAL
..................................................................
TEMPERATURE (F)
 YESTERDAY
  MAXIMUM         83    401 PM  89    1895  74      9       86
  MINIMUM         58    641 AM  36    1990  52      6       59
                                      1983
  AVERAGE         71                        63      8       73

PRECIPITATION (IN)
  YESTERDAY        0.00          1.93 1956   0.12  -0.12     0.00
  MONTH TO DATE    3.75                      3.22   0.53     0.05
  SINCE SEP 1      3.75                      3.22   0.53     0.05
  SINCE JAN 1     40.36                     34.83   5.53    28.50

SNOWFALL (IN)
  YESTERDAY        0.0           0.0    MM   0.0             0.0
  MONTH TO DATE    0.0                       0.0             0.0
  SINCE SEP 1      0.0                       0.0             0.0
  SINCE JUL 1      0.0                       0.0             0.0
  SNOW DEPTH       0

DEGREE DAYS
 HEATING
  YESTERDAY        0                         3     -3        0
  MONTH TO DATE   37                        32      5        0
  SINCE SEP 1     37                        32      5        0
  SINCE JUL 1     37                        34      3        0

 COOLING
  YESTERDAY        6                         2      4        8
  MONTH TO DATE   82                        90     -8      199
  SINCE SEP 1     82                        90     -8      199
  SINCE JAN 1    948                       847    101     1282
..................................................................


WIND (MPH)
  HIGHEST WIND SPEED     9   HIGHEST WIND DIRECTION     E (100)
  HIGHEST GUST SPEED    13   HIGHEST GUST DIRECTION     E (110)
  AVERAGE WIND SPEED     2.5


SKY COVER
  POSSIBLE SUNSHINE  MM
  AVERAGE SKY COVER 0.0


WEATHER CONDITIONS
 THE FOLLOWING WEATHER WAS RECORDED YESTERDAY.
  NO SIGNIFICANT WEATHER WAS OBSERVED.


RELATIVE HUMIDITY (PERCENT)
 HIGHEST   100           500 AM
 LOWEST     42           100 PM
 AVERAGE    71

..........................................................


THE ASHEVILLE NC CLIMATE NORMALS FOR TODAY
                         NORMAL    RECORD    YEAR
 MAXIMUM TEMPERATURE (F)   74        86      1945
                                             1933
 MINIMUM TEMPERATURE (F)   52        38      1943


SUNRISE AND SUNSET
SEPTEMBER 26 2017.....SUNRISE   721 AM EDT   SUNSET   721 PM EDT
SEPTEMBER 27 2017.....SUNRISE   722 AM EDT   SUNSET   719 PM EDT


-  INDICATES NEGATIVE NUMBERS.
R  INDICATES RECORD WAS SET OR TIED.
MM INDICATES DATA IS MISSING.
T  INDICATES TRACE AMOUNT.




$$
