000
CDUS42 KGSP 300638
CLIAVL

CLIMATE REPORT
NATIONAL WEATHER SERVICE GREENVILLE-SPARTANBURG SC
138 AM EST FRI JAN 30 2015


...................................

...THE ASHEVILLE NC CLIMATE SUMMARY FOR JANUARY 29 2015...

CLIMATE NORMAL PERIOD 1981 TO 2010
CLIMATE RECORD PERIOD 1869 TO 2015


WEATHER ITEM   OBSERVED TIME   RECORD YEAR NORMAL DEPARTURE LAST
                VALUE   (LST)  VALUE       VALUE  FROM      YEAR
                                                  NORMAL
..................................................................
TEMPERATURE (F)
 YESTERDAY
  MAXIMUM         51    327 PM  76    2002  48      3       27
  MINIMUM         23    531 AM  -1    1897  27     -4        8
  AVERAGE         37                        38     -1       18

PRECIPITATION (IN)
  YESTERDAY        T             1.26 1887   0.12  -0.12     0.00
  MONTH TO DATE    3.06                      3.42  -0.36     2.33
  SINCE DEC 1      5.46                      7.01  -1.55    10.00
  SINCE JAN 1      3.06                      3.42  -0.36     2.33

SNOWFALL (IN)
  YESTERDAY        0.0          11.0  2010   0.1             0.0
  MONTH TO DATE    T                         3.8             1.3
  SINCE DEC 1      T                         4.7             1.3
  SINCE JUL 1      3.2                       4.8             1.5
  SNOW DEPTH       0

DEGREE DAYS
 HEATING
  YESTERDAY       28                        27      1       47
  MONTH TO DATE  803                       810     -7      983
  SINCE DEC 1   1442                      1604   -162     1680
  SINCE JUL 1   2357                      2471   -114     2563

 COOLING
  YESTERDAY        0                         0      0        0
  MONTH TO DATE    0                         0      0        0
  SINCE DEC 1      0                         0      0        0
  SINCE JAN 1      0                         0      0        0
..................................................................


WIND (MPH)
  HIGHEST WIND SPEED    21   HIGHEST WIND DIRECTION     S (200)
  HIGHEST GUST SPEED    27   HIGHEST GUST DIRECTION     S (200)
  AVERAGE WIND SPEED     6.0


SKY COVER
  POSSIBLE SUNSHINE  MM
  AVERAGE SKY COVER 0.2


WEATHER CONDITIONS
 THE FOLLOWING WEATHER WAS RECORDED YESTERDAY.
  LIGHT RAIN


RELATIVE HUMIDITY (PERCENT)
 HIGHEST    81           100 AM
 LOWEST     36           100 PM
 AVERAGE    59

..........................................................


THE ASHEVILLE NC CLIMATE NORMALS FOR TODAY
                         NORMAL    RECORD    YEAR
 MAXIMUM TEMPERATURE (F)   48        76      2002
 MINIMUM TEMPERATURE (F)   27        -7      1966


SUNRISE AND SUNSET
JANUARY 30 2015.......SUNRISE   731 AM EST   SUNSET   556 PM EST
JANUARY 31 2015.......SUNRISE   731 AM EST   SUNSET   557 PM EST


-  INDICATES NEGATIVE NUMBERS.
R  INDICATES RECORD WAS SET OR TIED.
MM INDICATES DATA IS MISSING.
T  INDICATES TRACE AMOUNT.

$$
