000
CDUS42 KGSP 310633 RRB
CLIAVL

CLIMATE REPORT
NATIONAL WEATHER SERVICE GREENVILLE-SPARTANBURG SC
230 AM EDT SUN JUL 31 2016

...................................

...THE ASHEVILLE NC CLIMATE SUMMARY FOR JULY 30 2016...

CLIMATE NORMAL PERIOD 1981 TO 2010
CLIMATE RECORD PERIOD 1869 TO 2016


WEATHER ITEM   OBSERVED TIME   RECORD YEAR NORMAL DEPARTURE LAST
                VALUE   (LST)  VALUE       VALUE  FROM      YEAR
                                                  NORMAL
..................................................................
TEMPERATURE (F)
 YESTERDAY
  MAXIMUM         87    154 PM  93    1954  84      3       91
  MINIMUM         68    645 AM  54    2014  64      4       68
                                      1897
                                      1895
  AVERAGE         78                        74      4       80

PRECIPITATION (IN)
  YESTERDAY        0.60          1.70 1936   0.14   0.46     0.00
  MONTH TO DATE    4.39                      4.17   0.22     2.66
  SINCE JUN 1      6.92                      8.82  -1.90     9.08
  SINCE JAN 1     21.80                     27.07  -5.27    23.33

SNOWFALL (IN)
  YESTERDAY        0.0           0.0    MM   0.0             0.0
  MONTH TO DATE    0.0                       0.0             0.0
  SINCE JUN 1      0.0                       0.0             0.0
  SINCE JUL 1      0.0                       0.0             0.0
  SNOW DEPTH       0

DEGREE DAYS
 HEATING
  YESTERDAY        0                         0      0        0
  MONTH TO DATE    0                         0      0        0
  SINCE JUN 1      0                        14    -14        0
  SINCE JUL 1      0                         0      0        0

 COOLING
  YESTERDAY       13                         9      4       15
  MONTH TO DATE  370                       266    104      328
  SINCE JUN 1    647                       443    204      591
  SINCE JAN 1    720                       501    219      713
..................................................................


WIND (MPH)
  HIGHEST WIND SPEED    23   HIGHEST WIND DIRECTION    NW (330)
  HIGHEST GUST SPEED    32   HIGHEST GUST DIRECTION    NW (330)
  AVERAGE WIND SPEED     4.1


SKY COVER
  POSSIBLE SUNSHINE  MM
  AVERAGE SKY COVER 0.3


WEATHER CONDITIONS
 THE FOLLOWING WEATHER WAS RECORDED YESTERDAY.
  THUNDERSTORM
  HEAVY RAIN
  RAIN
  LIGHT RAIN
  FOG
  HAZE


RELATIVE HUMIDITY (PERCENT)
 HIGHEST    90          1200 AM
 LOWEST     46           200 PM
 AVERAGE    68

..........................................................


THE ASHEVILLE NC CLIMATE NORMALS FOR TODAY
                         NORMAL    RECORD    YEAR
 MAXIMUM TEMPERATURE (F)   84        95      1999
 MINIMUM TEMPERATURE (F)   64        53      1986
                                             1914


SUNRISE AND SUNSET
JULY 31 2016..........SUNRISE   638 AM EDT   SUNSET   834 PM EDT
AUGUST  1 2016........SUNRISE   639 AM EDT   SUNSET   833 PM EDT


-  INDICATES NEGATIVE NUMBERS.
R  INDICATES RECORD WAS SET OR TIED.
MM INDICATES DATA IS MISSING.
T  INDICATES TRACE AMOUNT.

$$
