000
CDUS42 KGSP 282035
CLIAVL

CLIMATE REPORT
NATIONAL WEATHER SERVICE GREENVILLE-SPARTANBURG SC
433 PM EDT THU MAY 28 2015


...................................

...THE ASHEVILLE NC CLIMATE SUMMARY FOR MAY 28 2015...VALID TODAY AS
OF 430 PM LOCAL TIME.

CLIMATE NORMAL PERIOD 1981 TO 2010
CLIMATE RECORD PERIOD 1869 TO 2015


WEATHER ITEM   OBSERVED TIME   RECORD YEAR NORMAL DEPARTURE LAST
                VALUE   (LST)  VALUE       VALUE  FROM      YEAR
                                                  NORMAL
..................................................................
TEMPERATURE (F)
 TODAY
  MAXIMUM         79   1218 PM  91    1941  77      2       83
                                      1914
  MINIMUM         63    702 AM  35    1961  55      8       56
  AVERAGE         71                        66      5       70

PRECIPITATION (IN)
  TODAY            0.01          2.78 1976   0.13  -0.12     0.02
  MONTH TO DATE    1.34                      3.28  -1.94     3.62
  SINCE MAR 1      8.40                     10.44  -2.04    11.01
  SINCE JAN 1     14.24                     17.87  -3.63    16.36

SNOWFALL (IN)
  TODAY            0.0           0.0    MM   0.0    0.0      0.0
  MONTH TO DATE    0.0                       0.0    0.0      0.0
  SINCE MAR 1      T                         2.6   -2.6      0.4
  SINCE JUL 1     13.3                       9.9    3.4      9.8
  SNOW DEPTH       0

DEGREE DAYS
 HEATING
  TODAY            0                         2     -2        0
  MONTH TO DATE   43                       105    -62       83
  SINCE MAR 1    674                       960   -286      975
  SINCE JUL 1   3983                      4177   -194     4294

 COOLING
  TODAY            6                         3      3        5
  MONTH TO DATE   87                        44     43       63
  SINCE MAR 1    106                        52     54       65
  SINCE JAN 1    106                        52     54       65
..................................................................


WIND (MPH)
  HIGHEST WIND SPEED    10   HIGHEST WIND DIRECTION    SE (150)
  HIGHEST GUST SPEED    13   HIGHEST GUST DIRECTION     N (340)
  AVERAGE WIND SPEED     4.6


SKY COVER
  POSSIBLE SUNSHINE  MM
  AVERAGE SKY COVER 0.8


WEATHER CONDITIONS
 THE FOLLOWING WEATHER WAS RECORDED TODAY.
  THUNDERSTORM
  LIGHT RAIN
  FOG
  HAZE


RELATIVE HUMIDITY (PERCENT)
 HIGHEST    93           200 AM
 LOWEST     52          1200 PM
 AVERAGE    73

..........................................................


THE ASHEVILLE NC CLIMATE NORMALS FOR TOMORROW
                         NORMAL    RECORD    YEAR
 MAXIMUM TEMPERATURE (F)   78        92      1941
 MINIMUM TEMPERATURE (F)   55        40      1894


SUNRISE AND SUNSET
MAY 28 2015...........SUNRISE   618 AM EDT   SUNSET   837 PM EDT
MAY 29 2015...........SUNRISE   618 AM EDT   SUNSET   838 PM EDT


-  INDICATES NEGATIVE NUMBERS.
R  INDICATES RECORD WAS SET OR TIED.
MM INDICATES DATA IS MISSING.
T  INDICATES TRACE AMOUNT.




$$
