000
CDUS42 KGSP 170629
CLIAVL

CLIMATE REPORT
NATIONAL WEATHER SERVICE GREENVILLE-SPARTANBURG SC
126 AM EST SUN DEC 17 2017


...................................

...THE ASHEVILLE NC CLIMATE SUMMARY FOR DECEMBER 16 2017...

CLIMATE NORMAL PERIOD 1981 TO 2010
CLIMATE RECORD PERIOD 1869 TO 2017


WEATHER ITEM   OBSERVED TIME   RECORD YEAR NORMAL DEPARTURE LAST
                VALUE   (LST)  VALUE       VALUE  FROM      YEAR
                                                  NORMAL
..................................................................
TEMPERATURE (F)
 YESTERDAY
  MAXIMUM         49    430 PM  71    1971  49      0       33
  MINIMUM         28   1107 PM   4    1914  29     -1       19
  AVERAGE         39                        39      0       26

PRECIPITATION (IN)
  YESTERDAY        0.00          1.60 1874   0.11  -0.11     0.00
  MONTH TO DATE    1.52                      2.02  -0.50     1.94
  SINCE DEC 1      1.52                      2.02  -0.50     1.94
  SINCE JAN 1     53.15                     44.00   9.15    33.03

SNOWFALL (IN)
  YESTERDAY        0.0           4.0  1932   0.1             0.0
                                      1989
  MONTH TO DATE    8.7                       0.3             0.0
  SINCE DEC 1      8.7                       0.3             0.0
  SINCE JUL 1      8.7                       0.4             0.0
  SNOW DEPTH       0

DEGREE DAYS
 HEATING
  YESTERDAY       26                        26      0       39
  MONTH TO DATE  390                       388      2      419
  SINCE DEC 1    390                       388      2      419
  SINCE JUL 1   1108                      1255   -147      990

 COOLING
  YESTERDAY        0                         0      0        0
  MONTH TO DATE    0                         0      0        0
  SINCE DEC 1      0                         0      0        0
  SINCE JAN 1   1042                       863    179     1317
..................................................................


WIND (MPH)
  HIGHEST WIND SPEED    17   HIGHEST WIND DIRECTION     N (340)
  HIGHEST GUST SPEED    23   HIGHEST GUST DIRECTION     N (350)
  AVERAGE WIND SPEED     4.1


SKY COVER
  POSSIBLE SUNSHINE  MM
  AVERAGE SKY COVER 0.0


WEATHER CONDITIONS
 THE FOLLOWING WEATHER WAS RECORDED YESTERDAY.
  NO SIGNIFICANT WEATHER WAS OBSERVED.


RELATIVE HUMIDITY (PERCENT)
 HIGHEST    85          1100 PM
 LOWEST     34           300 PM
 AVERAGE    60

..........................................................


THE ASHEVILLE NC CLIMATE NORMALS FOR TODAY
                         NORMAL    RECORD    YEAR
 MAXIMUM TEMPERATURE (F)   49        72      1924
 MINIMUM TEMPERATURE (F)   29         7      1943


SUNRISE AND SUNSET
DECEMBER 17 2017......SUNRISE   733 AM EST   SUNSET   520 PM EST
DECEMBER 18 2017......SUNRISE   734 AM EST   SUNSET   520 PM EST


-  INDICATES NEGATIVE NUMBERS.
R  INDICATES RECORD WAS SET OR TIED.
MM INDICATES DATA IS MISSING.
T  INDICATES TRACE AMOUNT.




$$
