000
CDUS42 KGSP 060633 RRA
CLIAVL

CLIMATE REPORT
NATIONAL WEATHER SERVICE GREENVILLE-SPARTANBURG SC
133 AM EST SAT FEB 6 2016


...................................

...THE ASHEVILLE NC CLIMATE SUMMARY FOR FEBRUARY 5 2016...

CLIMATE NORMAL PERIOD 1981 TO 2010
CLIMATE RECORD PERIOD 1869 TO 2016


WEATHER ITEM   OBSERVED TIME   RECORD YEAR NORMAL DEPARTURE LAST
                VALUE   (LST)  VALUE       VALUE  FROM      YEAR
                                                  NORMAL
..................................................................
TEMPERATURE (F)
 YESTERDAY
  MAXIMUM         41    344 PM  73    2008  49     -8       38
  MINIMUM         27   1159 PM  -4    1917  28     -1       24
  AVERAGE         34                        39     -5       31

PRECIPITATION (IN)
  YESTERDAY        T             1.80 2010   0.13  -0.13     0.00
  MONTH TO DATE    2.42                      0.67   1.75     0.71
  SINCE DEC 1     14.47                      7.93   6.54     6.17
  SINCE JAN 1      5.71                      4.34   1.37     3.77

SNOWFALL (IN)
  YESTERDAY        T             6.0  1929   0.1             0.0
  MONTH TO DATE    T                         0.5              T
  SINCE DEC 1     13.8                       5.5              T
  SINCE JUL 1     13.8                       5.6             3.2
  SNOW DEPTH       0

DEGREE DAYS
 HEATING
  YESTERDAY       31                        26      5       34
  MONTH TO DATE   88                       134    -46      144
  SINCE DEC 1   1436                      1794   -358     1644
  SINCE JUL 1   2111                      2661   -550     2559

 COOLING
  YESTERDAY        0                         0      0        0
  MONTH TO DATE    0                         0      0        0
  SINCE DEC 1      0                         0      0        0
  SINCE JAN 1      0                         0      0        0
..................................................................


WIND (MPH)
  HIGHEST WIND SPEED    33   HIGHEST WIND DIRECTION     N (340)
  HIGHEST GUST SPEED    42   HIGHEST GUST DIRECTION    NW (330)
  AVERAGE WIND SPEED    13.1


SKY COVER
  POSSIBLE SUNSHINE  MM
  AVERAGE SKY COVER 0.2


WEATHER CONDITIONS
 THE FOLLOWING WEATHER WAS RECORDED YESTERDAY.
  LIGHT SNOW


RELATIVE HUMIDITY (PERCENT)
 HIGHEST    63           200 AM
 LOWEST     30           400 PM
 AVERAGE    47

..........................................................


THE ASHEVILLE NC CLIMATE NORMALS FOR TODAY
                         NORMAL    RECORD    YEAR
 MAXIMUM TEMPERATURE (F)   49        71      1938
 MINIMUM TEMPERATURE (F)   28         6      1966


SUNRISE AND SUNSET
FEBRUARY  6 2016......SUNRISE   726 AM EST   SUNSET   603 PM EST
FEBRUARY  7 2016......SUNRISE   725 AM EST   SUNSET   604 PM EST


-  INDICATES NEGATIVE NUMBERS.
R  INDICATES RECORD WAS SET OR TIED.
MM INDICATES DATA IS MISSING.
T  INDICATES TRACE AMOUNT.

$$
