000
CDUS42 KGSP 280632
CLIAVL

CLIMATE REPORT
NATIONAL WEATHER SERVICE GREENVILLE-SPARTANBURG SC
231 AM EDT SUN MAY 28 2017


...................................

...THE ASHEVILLE NC CLIMATE SUMMARY FOR MAY 27 2017...

CLIMATE NORMAL PERIOD 1981 TO 2010
CLIMATE RECORD PERIOD 1869 TO 2017


WEATHER ITEM   OBSERVED TIME   RECORD YEAR NORMAL DEPARTURE LAST
                VALUE   (LST)  VALUE       VALUE  FROM      YEAR
                                                  NORMAL
..................................................................
TEMPERATURE (F)
 YESTERDAY
  MAXIMUM         81    517 PM  93    1890  77      4       80
  MINIMUM         54    546 AM  36    1961  55     -1       59
  AVERAGE         68                        66      2       70

PRECIPITATION (IN)
  YESTERDAY        0.06          4.39 1973   0.13  -0.07     0.28
  MONTH TO DATE    6.92                      3.15   3.77     1.83
  SINCE MAR 1     18.49                     10.31   8.18     5.89
  SINCE JAN 1     22.91                     17.74   5.17    14.87

SNOWFALL (IN)
  YESTERDAY        0.0           0.0    MM   0.0             0.0
  MONTH TO DATE    0.0                       0.0             0.0
  SINCE MAR 1      2.1                       2.6              T
  SINCE JUL 1      9.4                       9.9            13.9
  SNOW DEPTH       0

DEGREE DAYS
 HEATING
  YESTERDAY        0                         2     -2        0
  MONTH TO DATE   70                       103    -33       93
  SINCE MAR 1    729                       958   -229      709
  SINCE JUL 1   3123                      4175  -1052     3456

 COOLING
  YESTERDAY        3                         3      0        5
  MONTH TO DATE   51                        41     10       36
  SINCE MAR 1     79                        49     30       52
  SINCE JAN 1     79                        49     30       52
..................................................................


WIND (MPH)
  HIGHEST WIND SPEED    28   HIGHEST WIND DIRECTION     W (260)
  HIGHEST GUST SPEED    36   HIGHEST GUST DIRECTION     W (250)
  AVERAGE WIND SPEED     3.1


SKY COVER
  POSSIBLE SUNSHINE  MM
  AVERAGE SKY COVER 0.2


WEATHER CONDITIONS
 THE FOLLOWING WEATHER WAS RECORDED YESTERDAY.
  THUNDERSTORM
  RAIN
  LIGHT RAIN
  FOG


RELATIVE HUMIDITY (PERCENT)
 HIGHEST    93           300 AM
 LOWEST     48          1200 PM
 AVERAGE    71

..........................................................


THE ASHEVILLE NC CLIMATE NORMALS FOR TODAY
                         NORMAL    RECORD    YEAR
 MAXIMUM TEMPERATURE (F)   77        91      1941
                                             1914
 MINIMUM TEMPERATURE (F)   55        35      1961


SUNRISE AND SUNSET
MAY 28 2017...........SUNRISE   618 AM EDT   SUNSET   838 PM EDT
MAY 29 2017...........SUNRISE   617 AM EDT   SUNSET   838 PM EDT


-  INDICATES NEGATIVE NUMBERS.
R  INDICATES RECORD WAS SET OR TIED.
MM INDICATES DATA IS MISSING.
T  INDICATES TRACE AMOUNT.




$$
