000
CDUS42 KGSP 160629
CLIAVL

CLIMATE REPORT
NATIONAL WEATHER SERVICE GREENVILLE-SPARTANBURG SC
229 AM EDT TUE SEP 16 2014


...................................

...THE ASHEVILLE NC CLIMATE SUMMARY FOR SEPTEMBER 15 2014...

CLIMATE NORMAL PERIOD 1981 TO 2010
CLIMATE RECORD PERIOD 1869 TO 2014


WEATHER ITEM   OBSERVED TIME   RECORD YEAR NORMAL DEPARTURE LAST
                VALUE   (LST)  VALUE       VALUE  FROM      YEAR
                                                  NORMAL
..................................................................
TEMPERATURE (F)
 YESTERDAY
  MAXIMUM         77    141 PM  95    1897  77      0       77
  MINIMUM         60   1237 AM  36    1985  56      4       52
  AVERAGE         69                        67      2       65

PRECIPITATION (IN)
  YESTERDAY        0.68          1.52 1977   0.13   0.55     0.00
  MONTH TO DATE    5.79                      2.00   3.79     0.53
  SINCE SEP 1      5.79                      2.00   3.79     0.53
  SINCE JAN 1     36.57                     33.61   2.96    59.29

SNOWFALL (IN)
  YESTERDAY        0.0           0.0    MM   0.0             0.0
  MONTH TO DATE    0.0                       0.0             0.0
  SINCE SEP 1      0.0                       0.0             0.0
  SINCE JUL 1      0.0                       0.0             0.0
  SNOW DEPTH       0

DEGREE DAYS
 HEATING
  YESTERDAY        0                         1     -1        0
  MONTH TO DATE    2                         7     -5        1
  SINCE SEP 1      2                         7     -5        1
  SINCE JUL 1      4                         9     -5        6

 COOLING
  YESTERDAY        4                         3      1        0
  MONTH TO DATE  122                        67     55       91
  SINCE SEP 1    122                        67     55       91
  SINCE JAN 1    874                       824     50      829
..................................................................


WIND (MPH)
  HIGHEST WIND SPEED    13   HIGHEST WIND DIRECTION     S (160)
  HIGHEST GUST SPEED    17   HIGHEST GUST DIRECTION     S (170)
  AVERAGE WIND SPEED     3.6


SKY COVER
  POSSIBLE SUNSHINE  MM
  AVERAGE SKY COVER 0.9


WEATHER CONDITIONS
 THE FOLLOWING WEATHER WAS RECORDED YESTERDAY.
  HEAVY RAIN
  LIGHT RAIN
  FOG


RELATIVE HUMIDITY (PERCENT)
 HIGHEST   100           400 AM
 LOWEST     68          1200 PM
 AVERAGE    84

..........................................................


THE ASHEVILLE NC CLIMATE NORMALS FOR TODAY
                         NORMAL    RECORD    YEAR
 MAXIMUM TEMPERATURE (F)   77        94      1897
 MINIMUM TEMPERATURE (F)   56        38      1902


SUNRISE AND SUNSET
SEPTEMBER 16 2014.....SUNRISE   714 AM EDT   SUNSET   736 PM EDT
SEPTEMBER 17 2014.....SUNRISE   714 AM EDT   SUNSET   734 PM EDT


-  INDICATES NEGATIVE NUMBERS.
R  INDICATES RECORD WAS SET OR TIED.
MM INDICATES DATA IS MISSING.
T  INDICATES TRACE AMOUNT.

$$
