000
CDUS42 KGSP 242130 RRB
CLIAVL

CLIMATE REPORT
NATIONAL WEATHER SERVICE GREENVILLE-SPARTANBURG SC
429 PM EST FRI FEB 24 2017

...THE ASHEVILLE NC CLIMATE SUMMARY FOR FEBRUARY 24 2017...
VALID TODAY AS OF 0400 PM LOCAL TIME.

CLIMATE NORMAL PERIOD 1981 TO 2010
CLIMATE RECORD PERIOD 1869 TO 2017


WEATHER ITEM   OBSERVED TIME   RECORD YEAR NORMAL DEPARTURE LAST
                VALUE   (LST)  VALUE       VALUE  FROM      YEAR
                                                  NORMAL
..................................................................
TEMPERATURE (F)
 TODAY
  MAXIMUM         71    259 PM  77    1930  53     18       64
  MINIMUM         41    741 AM   6    1967  31     10       38
  AVERAGE         56                        42     14       51

PRECIPITATION (IN)
  TODAY            0.00          1.62 1916   0.14  -0.14     1.05
  MONTH TO DATE    0.62                      3.24  -2.62     5.69
  SINCE DEC 1      6.65                     10.50  -3.85    17.74
  SINCE JAN 1      4.34                      6.91  -2.57     8.98

SNOWFALL (IN)
  TODAY            0.0           5.6  1942   0.1   -0.1      0.0
  MONTH TO DATE    0.0                       1.9   -1.9      0.1
  SINCE DEC 1      7.3                       6.9    0.4     13.9
  SINCE JUL 1      7.3                       7.0    0.3     13.9
  SNOW DEPTH       0

DEGREE DAYS
 HEATING
  TODAY            9                        23    -14       14
  MONTH TO DATE  409                       601   -192      613
  SINCE DEC 1   1751                      2261   -510     1961
  SINCE JUL 1   2322                      3128   -806     2636

 COOLING
  TODAY            0                         0      0        0
  MONTH TO DATE    0                         0      0        0
  SINCE DEC 1      0                         0      0        0
  SINCE JAN 1      0                         0      0        0
..................................................................


WIND (MPH)
  HIGHEST WIND SPEED    20   HIGHEST WIND DIRECTION     S (180)
  HIGHEST GUST SPEED    26   HIGHEST GUST DIRECTION     S (180)
  AVERAGE WIND SPEED     5.3


SKY COVER
  POSSIBLE SUNSHINE  MM
  AVERAGE SKY COVER 0.1


WEATHER CONDITIONS
 THE FOLLOWING WEATHER WAS RECORDED TODAY.
  FOG


RELATIVE HUMIDITY (PERCENT)
 HIGHEST    93           700 AM
 LOWEST     41           300 PM
 AVERAGE    67

..........................................................


THE ASHEVILLE NC CLIMATE NORMALS FOR TOMORROW
                         NORMAL    RECORD    YEAR
 MAXIMUM TEMPERATURE (F)   53        78      1930
 MINIMUM TEMPERATURE (F)   32        -2      1967


SUNRISE AND SUNSET
FEBRUARY 24 2017......SUNRISE   706 AM EST   SUNSET   621 PM EST
FEBRUARY 25 2017......SUNRISE   705 AM EST   SUNSET   622 PM EST


-  INDICATES NEGATIVE NUMBERS.
R  INDICATES RECORD WAS SET OR TIED.
MM INDICATES DATA IS MISSING.
T  INDICATES TRACE AMOUNT.

$$
