000
CDUS41 KBGM 162120
CLIAVP


CLIMATE REPORT
NATIONAL WEATHER SERVICE BINGHAMTON NY
520 PM EDT TUE SEP 16 2014


...................................

...THE AVOCA PA CLIMATE SUMMARY FOR SEPTEMBER 16 2014...
VALID TODAY AS OF 0500 PM LOCAL TIME.

CLIMATE NORMAL PERIOD 1981 TO 2010
CLIMATE RECORD PERIOD 1901 TO 2014


WEATHER ITEM   OBSERVED TIME   RECORD YEAR NORMAL DEPARTURE LAST
                VALUE   (LST)  VALUE       VALUE  FROM      YEAR
                                                  NORMAL
..................................................................
TEMPERATURE (F)
 TODAY
  MAXIMUM         68    144 PM  90    1991  72     -4       66
                                      1939
                                      1915
  MINIMUM         52    104 AM  37    1964  52      0       46
  AVERAGE         60                        62     -2       56

PRECIPITATION (IN)
  TODAY            0.02          4.91 1999   0.15  -0.13     0.08
  MONTH TO DATE    0.48                      2.10  -1.62     0.69
  SINCE SEP 1      0.48                      2.10  -1.62     0.69
  SINCE JAN 1     22.04                     27.13  -5.09    19.04

SNOWFALL (IN)
  TODAY            0.0           0.0    MM   0.0    0.0      0.0
  MONTH TO DATE    0.0                       0.0    0.0      0.0
  SINCE SEP 1      0.0                       0.0    0.0      0.0
  SINCE JUL 1      0.0                       0.0    0.0      0.0

DEGREE DAYS
 HEATING
  TODAY            5                         4      1        9
  MONTH TO DATE   43                        42      1       64
  SINCE SEP 1     43                        42      1       64
  SINCE JUL 1     54                        68    -14       73

 COOLING
  TODAY            0                         1     -1        0
  MONTH TO DATE   77                        40     37       69
  SINCE SEP 1     77                        40     37       69
  SINCE JAN 1    663                       564     99      771
..................................................................


WIND (MPH)
  HIGHEST WIND SPEED    17   HIGHEST WIND DIRECTION    NW (330)
  HIGHEST GUST SPEED    21   HIGHEST GUST DIRECTION    NW (330)
  AVERAGE WIND SPEED     5.0


SKY COVER
  AVERAGE SKY COVER 0.9


WEATHER CONDITIONS
 THE FOLLOWING WEATHER WAS RECORDED TODAY.
  LIGHT RAIN
  FOG


RELATIVE HUMIDITY (PERCENT)
 HIGHEST    83           100 AM
 LOWEST     52           200 PM
 AVERAGE    68

..........................................................


THE AVOCA PA CLIMATE NORMALS FOR TOMORROW
                         NORMAL    RECORD    YEAR
 MAXIMUM TEMPERATURE (F)   72        87      1991
                                             1942
 MINIMUM TEMPERATURE (F)   52        36      2013
                                             1986


SUNRISE AND SUNSET
SEPTEMBER 16 2014.....SUNRISE   644 AM EDT   SUNSET   710 PM EDT
SEPTEMBER 17 2014.....SUNRISE   645 AM EDT   SUNSET   709 PM EDT


-  INDICATES NEGATIVE NUMBERS.
R  INDICATES RECORD WAS SET OR TIED.
MM INDICATES DATA IS MISSING.
T  INDICATES TRACE AMOUNT.




$$
