000
CDUS41 KBGM 270539
CLIAVP


CLIMATE REPORT
NATIONAL WEATHER SERVICE BINGHAMTON NY
138 AM EDT FRI MAR 27 2015


...................................

...THE AVOCA PA CLIMATE SUMMARY FOR MARCH 26 2015...

CLIMATE NORMAL PERIOD 1981 TO 2010
CLIMATE RECORD PERIOD 1901 TO 2015


WEATHER ITEM   OBSERVED TIME   RECORD YEAR NORMAL DEPARTURE LAST
                VALUE   (LST)  VALUE       VALUE  FROM      YEAR
                                                  NORMAL
..................................................................
TEMPERATURE (F)
 YESTERDAY
  MAXIMUM         60    200 PM  76    1945  50     10       28
                                      1919
  MINIMUM         34    609 AM   8    1960  31      3       17
  AVERAGE         47                        40      7       23

PRECIPITATION (IN)
  YESTERDAY        0.11          1.19 2002   0.09   0.02     0.01
  MONTH TO DATE    1.66                      2.08  -0.42     0.36
  SINCE MAR 1      1.66                      2.08  -0.42     0.36
  SINCE JAN 1      4.66                      6.48  -1.82     5.24

SNOWFALL (IN)
  YESTERDAY        0.0           1.3  2006   0.2   -0.2      0.1
  MONTH TO DATE    6.4                       8.2   -1.8      0.2
  SINCE MAR 1      6.4                       8.2   -1.8      0.2
  SINCE JUL 1     48.5                      42.1    6.4     56.0

DEGREE DAYS
 HEATING
  YESTERDAY       18                        25     -7       42
  MONTH TO DATE  841                       755     86      911
  SINCE MAR 1    841                       755     86      911
  SINCE JUL 1   5538                      5361    177     5734

 COOLING
  YESTERDAY        0                         0      0        0
  MONTH TO DATE    0                         0      0        0
  SINCE MAR 1      0                         0      0        0
  SINCE JAN 1      0                         0      0        0
..................................................................


WIND (MPH)
  HIGHEST WIND SPEED    18   HIGHEST WIND DIRECTION     N (350)
  HIGHEST GUST SPEED    24   HIGHEST GUST DIRECTION    NW (310)
  AVERAGE WIND SPEED     6.1


SKY COVER
  AVERAGE SKY COVER 0.7



RELATIVE HUMIDITY (PERCENT)
 HIGHEST    92           200 AM
 LOWEST     66          1100 AM
 AVERAGE    79

..........................................................


THE AVOCA PA CLIMATE NORMALS FOR TODAY
                         NORMAL    RECORD    YEAR
 MAXIMUM TEMPERATURE (F)   51        80      1921
 MINIMUM TEMPERATURE (F)   31        11      2014


SUNRISE AND SUNSET
MARCH 27 2015.........SUNRISE   655 AM EDT   SUNSET   722 PM EDT
MARCH 28 2015.........SUNRISE   653 AM EDT   SUNSET   724 PM EDT


-  INDICATES NEGATIVE NUMBERS.
R  INDICATES RECORD WAS SET OR TIED.
MM INDICATES DATA IS MISSING.
T  INDICATES TRACE AMOUNT.

$$
