000
CDUS41 KBGM 200552
CLIAVP


CLIMATE REPORT
NATIONAL WEATHER SERVICE BINGHAMTON NY
1252 AM EST MON NOV 20 2017


...................................

...THE AVOCA PA CLIMATE SUMMARY FOR NOVEMBER 19 2017...

CLIMATE NORMAL PERIOD 1981 TO 2010
CLIMATE RECORD PERIOD 1901 TO 2017


WEATHER ITEM   OBSERVED TIME   RECORD YEAR NORMAL DEPARTURE LAST
                VALUE   (LST)  VALUE       VALUE  FROM      YEAR
                                                  NORMAL
..................................................................
TEMPERATURE (F)
 YESTERDAY
  MAXIMUM         57    412 AM  71    1921  48      9       70
  MINIMUM         32   1121 PM  14    1924  33     -1       33
  AVERAGE         45                        40      5       52

PRECIPITATION (IN)
  YESTERDAY        0.11          1.56 2003   0.11   0.00     0.35
  MONTH TO DATE    0.99                      1.97  -0.98     0.66
  SINCE SEP 1      5.63                      9.38  -3.75     6.26
  SINCE JAN 1     35.75                     34.41   1.34    27.82

SNOWFALL (IN)
  YESTERDAY        T             3.2  2016   0.2   -0.2      3.2
  MONTH TO DATE    T                         1.6   -1.6      3.2
  SINCE SEP 1      T                         1.7   -1.7      3.2
  SINCE JUL 1      T                         1.7   -1.7      3.2

DEGREE DAYS
 HEATING
  YESTERDAY       20                        25     -5       13
  MONTH TO DATE  429                       413     16      340
  SINCE SEP 1    750                       990   -240      739
  SINCE JUL 1    767                      1016   -249      740

 COOLING
  YESTERDAY        0                         0      0        0
  MONTH TO DATE    0                         0      0        0
  SINCE SEP 1    165                        56    109      132
  SINCE JAN 1    804                       580    224      998
..................................................................


WIND (MPH)
  HIGHEST WIND SPEED    29   HIGHEST WIND DIRECTION    NW (300)
  HIGHEST GUST SPEED    42   HIGHEST GUST DIRECTION    SW (230)
  AVERAGE WIND SPEED    14.6


SKY COVER
  AVERAGE SKY COVER 1.0



RELATIVE HUMIDITY (PERCENT)
 HIGHEST    93          1200 AM
 LOWEST     53           100 PM
 AVERAGE    73

..........................................................


THE AVOCA PA CLIMATE NORMALS FOR TODAY
                         NORMAL    RECORD    YEAR
 MAXIMUM TEMPERATURE (F)   48        75      1934
 MINIMUM TEMPERATURE (F)   32        16      1986


SUNRISE AND SUNSET
NOVEMBER 20 2017......SUNRISE   657 AM EST   SUNSET   439 PM EST
NOVEMBER 21 2017......SUNRISE   659 AM EST   SUNSET   439 PM EST


-  INDICATES NEGATIVE NUMBERS.
R  INDICATES RECORD WAS SET OR TIED.
MM INDICATES DATA IS MISSING.
T  INDICATES TRACE AMOUNT.




$$
