000
CDUS41 KBGM 010220
CLIAVP


CLIMATE REPORT
NATIONAL WEATHER SERVICE BINGHAMTON NY
1019 PM EDT TUE MAY 31 2016


...................................

...THE AVOCA PA CLIMATE SUMMARY FOR MAY 31 2016...
VALID AS OF 1000 PM LOCAL TIME.

CLIMATE NORMAL PERIOD 1981 TO 2010
CLIMATE RECORD PERIOD 1901 TO 2016


WEATHER ITEM   OBSERVED TIME   RECORD YEAR NORMAL DEPARTURE LAST
                VALUE   (LST)  VALUE       VALUE  FROM      YEAR
                                                  NORMAL
..................................................................
TEMPERATURE (F)
 TODAY
  MAXIMUM         85    427 PM  91    2011  74     11       78
                                      1939
  MINIMUM         60    323 AM  36    1996  52      8       63
  AVERAGE         73                        63     10       71

PRECIPITATION (IN)
  TODAY            0.00          2.30 1972   0.12  -0.12     0.36
  MONTH TO DATE    2.55                      3.52  -0.97     1.72
  SINCE MAR 1      7.02                      9.40  -2.38     6.56
  SINCE JAN 1     12.82                     13.80  -0.98     9.56

SNOWFALL (IN)
  TODAY            0.0           0.0    MM   0.0    0.0      0.0
  MONTH TO DATE    0.0                       0.0    0.0      0.0
  SINCE MAR 1      3.5                      12.3   -8.8      9.0
  SINCE JUL 1     15.5                      46.2  -30.7     51.4

DEGREE DAYS
 HEATING
  TODAY            0                         4     -4        0
  MONTH TO DATE  231                       228      3      100
  SINCE MAR 1   1372                      1595   -223     1547
  SINCE JUL 1   4942                      6201  -1259     6244

 COOLING
  TODAY            8                         2      6        6
  MONTH TO DATE   71                        31     40      148
  SINCE MAR 1     72                        37     35      148
  SINCE JAN 1     72                        37     35      148
..................................................................


WIND (MPH)
  HIGHEST WIND SPEED    16   HIGHEST WIND DIRECTION    NW (310)
  HIGHEST GUST SPEED    22   HIGHEST GUST DIRECTION     N (350)
  AVERAGE WIND SPEED     4.3


SKY COVER
  AVERAGE SKY COVER 0.3


WEATHER CONDITIONS
 THE FOLLOWING WEATHER WAS RECORDED TODAY.
  FOG
  FOG W/VISIBILITY <= 1/4 MILE
  HAZE


RELATIVE HUMIDITY (PERCENT)
 HIGHEST   100           200 AM
 LOWEST     34           200 PM
 AVERAGE    67

..........................................................


THE AVOCA PA CLIMATE NORMALS FOR TOMORROW
                         NORMAL    RECORD    YEAR
 MAXIMUM TEMPERATURE (F)   74        93      1937
 MINIMUM TEMPERATURE (F)   52        36      2009


SUNRISE AND SUNSET
MAY 31 2016...........SUNRISE   532 AM EDT   SUNSET   830 PM EDT
JUNE  1 2016..........SUNRISE   532 AM EDT   SUNSET   830 PM EDT


-  INDICATES NEGATIVE NUMBERS.
R  INDICATES RECORD WAS SET OR TIED.
MM INDICATES DATA IS MISSING.
T  INDICATES TRACE AMOUNT.




$$
