000
CDUS41 KBGM 090525
CLIAVP


CLIMATE REPORT
NATIONAL WEATHER SERVICE BINGHAMTON NY
1223 AM EST FRI DEC 9 2016


...................................

...THE AVOCA PA CLIMATE SUMMARY FOR DECEMBER 8 2016...

CLIMATE NORMAL PERIOD 1981 TO 2010
CLIMATE RECORD PERIOD 1901 TO 2016


WEATHER ITEM   OBSERVED TIME   RECORD YEAR NORMAL DEPARTURE LAST
                VALUE   (LST)  VALUE       VALUE  FROM      YEAR
                                                  NORMAL
..................................................................
TEMPERATURE (F)
 YESTERDAY
  MAXIMUM         40    223 PM  61    1980  40      0       43
  MINIMUM         30   1159 PM   6    1906  26      4       30
  AVERAGE         35                        33      2       37

PRECIPITATION (IN)
  YESTERDAY        0.00          1.35 1963   0.09  -0.09     0.00
  MONTH TO DATE    0.69                      0.79  -0.10     0.57
  SINCE DEC 1      0.69                      0.79  -0.10     0.57
  SINCE JAN 1     29.93                     36.37  -6.44    29.20

SNOWFALL (IN)
  YESTERDAY        0.0           2.5  1996   0.2   -0.2      0.0
  MONTH TO DATE    0.0                       1.3   -1.3       T
  SINCE DEC 1      0.0                       1.3   -1.3       T
  SINCE JUL 1      5.7                       4.3    1.4       T

DEGREE DAYS
 HEATING
  YESTERDAY       30                        32     -2       28
  MONTH TO DATE  208                       245    -37      198
  SINCE DEC 1    208                       245    -37      198
  SINCE JUL 1   1226                      1558   -332     1106

 COOLING
  YESTERDAY        0                         0      0        0
  MONTH TO DATE    0                         0      0        0
  SINCE DEC 1      0                         0      0        0
  SINCE JAN 1    998                       580    418      929
..................................................................


WIND (MPH)
  HIGHEST WIND SPEED    23   HIGHEST WIND DIRECTION     W (260)
  HIGHEST GUST SPEED    30   HIGHEST GUST DIRECTION     W (260)
  AVERAGE WIND SPEED    10.5


SKY COVER
  AVERAGE SKY COVER 0.9



RELATIVE HUMIDITY (PERCENT)
 HIGHEST    69           500 AM
 LOWEST     40           400 PM
 AVERAGE    55

..........................................................


THE AVOCA PA CLIMATE NORMALS FOR TODAY
                         NORMAL    RECORD    YEAR
 MAXIMUM TEMPERATURE (F)   40        64      1966
 MINIMUM TEMPERATURE (F)   26         3      1902


SUNRISE AND SUNSET
DECEMBER  9 2016......SUNRISE   717 AM EST   SUNSET   434 PM EST
DECEMBER 10 2016......SUNRISE   718 AM EST   SUNSET   434 PM EST


-  INDICATES NEGATIVE NUMBERS.
R  INDICATES RECORD WAS SET OR TIED.
MM INDICATES DATA IS MISSING.
T  INDICATES TRACE AMOUNT.




$$
