000
CDUS41 KBGM 290559
CLIAVP


CLIMATE REPORT
NATIONAL WEATHER SERVICE BINGHAMTON NY
158 AM EDT THU SEP 29 2016


...................................

...THE AVOCA PA CLIMATE SUMMARY FOR SEPTEMBER 28 2016...

CLIMATE NORMAL PERIOD 1981 TO 2010
CLIMATE RECORD PERIOD 1901 TO 2016


WEATHER ITEM   OBSERVED TIME   RECORD YEAR NORMAL DEPARTURE LAST
                VALUE   (LST)  VALUE       VALUE  FROM      YEAR
                                                  NORMAL
..................................................................
TEMPERATURE (F)
 YESTERDAY
  MAXIMUM         70   1049 AM  84    1946  67      3       79
                                      1945
  MINIMUM         50    325 AM  30    1957  47      3       57
                                      1947
  AVERAGE         60                        57      3       68

PRECIPITATION (IN)
  YESTERDAY        0.01          2.00 1908   0.14  -0.13      T
  MONTH TO DATE    2.07                      3.79  -1.72     0.67
  SINCE SEP 1      2.07                      3.79  -1.72     0.67
  SINCE JAN 1     23.63                     28.82  -5.19    21.82

SNOWFALL (IN)
  YESTERDAY        0.0           0.0    MM   0.0    0.0      0.0
  MONTH TO DATE    0.0                       0.0    0.0      0.0
  SINCE SEP 1      0.0                       0.0    0.0      0.0
  SINCE JUL 1      0.0                       0.0    0.0      0.0

DEGREE DAYS
 HEATING
  YESTERDAY        5                         8     -3        0
  MONTH TO DATE   41                       118    -77       25
  SINCE SEP 1     41                       118    -77       25
  SINCE JUL 1     42                       144   -102       25

 COOLING
  YESTERDAY        0                         1     -1        3
  MONTH TO DATE  127                        52     75      146
  SINCE SEP 1    127                        52     75      146
  SINCE JAN 1    993                       576    417      922
..................................................................


WIND (MPH)
  HIGHEST WIND SPEED    17   HIGHEST WIND DIRECTION     E (70)
  HIGHEST GUST SPEED    24   HIGHEST GUST DIRECTION    SE (130)
  AVERAGE WIND SPEED     7.1


SKY COVER
  AVERAGE SKY COVER 0.5



RELATIVE HUMIDITY (PERCENT)
 HIGHEST    84           700 PM
 LOWEST     47          1000 AM
 AVERAGE    66

..........................................................


THE AVOCA PA CLIMATE NORMALS FOR TODAY
                         NORMAL    RECORD    YEAR
 MAXIMUM TEMPERATURE (F)   67        85      1921
 MINIMUM TEMPERATURE (F)   47        29      2000


SUNRISE AND SUNSET
SEPTEMBER 29 2016.....SUNRISE   658 AM EDT   SUNSET   647 PM EDT
SEPTEMBER 30 2016.....SUNRISE   659 AM EDT   SUNSET   646 PM EDT


-  INDICATES NEGATIVE NUMBERS.
R  INDICATES RECORD WAS SET OR TIED.
MM INDICATES DATA IS MISSING.
T  INDICATES TRACE AMOUNT.




$$
