446
CDUS41 KBGM 230538
CLIAVP


CLIMATE REPORT
NATIONAL WEATHER SERVICE BINGHAMTON NY
1238 AM EST MON JAN 23 2017


...................................

...THE AVOCA PA CLIMATE SUMMARY FOR JANUARY 22 2017...

CLIMATE NORMAL PERIOD 1981 TO 2010
CLIMATE RECORD PERIOD 1901 TO 2017


WEATHER ITEM   OBSERVED TIME   RECORD YEAR NORMAL DEPARTURE LAST
                VALUE   (LST)  VALUE       VALUE  FROM      YEAR
                                                  NORMAL
..................................................................
TEMPERATURE (F)
 YESTERDAY
  MAXIMUM         56    258 PM  66    1906  33     23       25
  MINIMUM         40    835 AM -11    1984  18     22       10
  AVERAGE         48                        26     22       18

PRECIPITATION (IN)
  YESTERDAY        0.00          0.90 1904   0.08  -0.08     0.00
  MONTH TO DATE    2.12                      1.65   0.47     1.59
  SINCE DEC 1      4.18                      4.33  -0.15     4.14
  SINCE JAN 1      2.12                      1.65   0.47     1.59

SNOWFALL (IN)
  YESTERDAY        0.0           9.3  1987   0.4   -0.4      0.0
  MONTH TO DATE    1.9                      10.3   -8.4      2.3
  SINCE DEC 1      8.8                      17.7   -8.9      3.1
  SINCE JUL 1     14.5                      20.7   -6.2      3.1

DEGREE DAYS
 HEATING
  YESTERDAY       17                        39    -22       47
  MONTH TO DATE  715                       857   -142      829
  SINCE DEC 1   1709                      1922   -213     1457
  SINCE JUL 1   2727                      3235   -508     2365

 COOLING
  YESTERDAY        0                         0      0        0
  MONTH TO DATE    0                         0      0        0
  SINCE DEC 1      0                         0      0        0
  SINCE JAN 1      0                         0      0        0
..................................................................


WIND (MPH)
  HIGHEST WIND SPEED    13   HIGHEST WIND DIRECTION    SE (120)
  HIGHEST GUST SPEED    20   HIGHEST GUST DIRECTION    SE (120)
  AVERAGE WIND SPEED     3.3


SKY COVER
  AVERAGE SKY COVER 1.0



RELATIVE HUMIDITY (PERCENT)
 HIGHEST   100          1200 AM
 LOWEST     77           300 PM
 AVERAGE    89

..........................................................


THE AVOCA PA CLIMATE NORMALS FOR TODAY
                         NORMAL    RECORD    YEAR
 MAXIMUM TEMPERATURE (F)   33        68      1906
 MINIMUM TEMPERATURE (F)   18        -8      1936


SUNRISE AND SUNSET
JANUARY 23 2017.......SUNRISE   722 AM EST   SUNSET   508 PM EST
JANUARY 24 2017.......SUNRISE   721 AM EST   SUNSET   510 PM EST


-  INDICATES NEGATIVE NUMBERS.
R  INDICATES RECORD WAS SET OR TIED.
MM INDICATES DATA IS MISSING.
T  INDICATES TRACE AMOUNT.




$$
