000
CDUS43 KGRR 170521
CLIAZO


CLIMATE REPORT
NATIONAL WEATHER SERVICE GRAND RAPIDS, MI
121 AM EDT TUE OCT 17 2017


...................................

...THE KALAMAZOO MI CLIMATE SUMMARY FOR OCTOBER 16 2017...

CLIMATE NORMAL PERIOD 1981 TO 2010
CLIMATE RECORD PERIOD 1998 TO 2017


WEATHER ITEM   OBSERVED TIME   NORMAL DEPARTURE LAST
                VALUE   (LST)  VALUE  FROM      YEAR
                                      NORMAL
......................................................
TEMPERATURE (F)
 YESTERDAY
  MAXIMUM         59    336 PM  60     -1       68
  MINIMUM         45    711 AM  41      4       63
  AVERAGE         52            51      1       66

PRECIPITATION (IN)
  YESTERDAY        0.02          0.11  -0.09     0.81
  MONTH TO DATE    9.60          1.71   7.89     2.10
  SINCE SEP 1     11.41          5.53   5.88     5.43
  SINCE JAN 1     32.44         29.12   3.32    33.14

DEGREE DAYS
 HEATING
  YESTERDAY       13            14     -1        0
  MONTH TO DATE   64           194   -130       98
  SINCE SEP 1    146           327   -181      125
  SINCE JUL 1    164           343   -179      126

 COOLING
  YESTERDAY        0             0      0        1
  MONTH TO DATE   17             7     10       10
  SINCE SEP 1    149            63     86      111
  SINCE JAN 1    765           674     91      905
......................................................


WIND (MPH)
  RESULTANT WIND SPEED   1   RESULTANT WIND DIRECTION  SW (220)
  HIGHEST WIND SPEED     4   HIGHEST WIND DIRECTION     W (260)
  HIGHEST GUST SPEED    19   HIGHEST GUST DIRECTION    NW (310)
  AVERAGE WIND SPEED     1.7


SKY COVER
  AVERAGE SKY COVER 0.4


WEATHER CONDITIONS
 THE FOLLOWING WEATHER WAS RECORDED YESTERDAY.
  LIGHT RAIN
  FOG


RELATIVE HUMIDITY (PERCENT)
 HIGHEST    89           700 AM
 LOWEST     46           600 PM
 AVERAGE    68

..........................................................


THE KALAMAZOO MI CLIMATE NORMALS FOR TODAY
                         NORMAL
 MAXIMUM TEMPERATURE (F)   60
 MINIMUM TEMPERATURE (F)   41


SUNRISE AND SUNSET
OCTOBER 17 2017.......SUNRISE   758 AM EDT   SUNSET   657 PM EDT
OCTOBER 18 2017.......SUNRISE   759 AM EDT   SUNSET   655 PM EDT


-  INDICATES NEGATIVE NUMBERS.
R  INDICATES RECORD WAS SET OR TIED.
MM INDICATES DATA IS MISSING.
T  INDICATES TRACE AMOUNT.




$$
