000
CDUS43 KGRR 152235
CLIAZO


CLIMATE REPORT
NATIONAL WEATHER SERVICE GRAND RAPIDS, MI
534 PM EST FRI DEC 15 2017


...................................

...THE KALAMAZOO MI CLIMATE SUMMARY FOR DECEMBER 15 2017...
VALID TODAY AS OF 0500 PM LOCAL TIME.

CLIMATE NORMAL PERIOD 1981 TO 2010
CLIMATE RECORD PERIOD 1998 TO 2017


WEATHER ITEM   OBSERVED TIME   NORMAL DEPARTURE LAST
                VALUE   (LST)  VALUE  FROM      YEAR
                                      NORMAL
......................................................
TEMPERATURE (F)
 TODAY
  MAXIMUM         28    459 PM  35     -7       17
  MINIMUM         19    121 AM  23     -4        6
  AVERAGE         24            29     -5       12

PRECIPITATION (IN)
  TODAY            T             0.06  -0.06      T
  MONTH TO DATE    0.40          1.09  -0.69     0.64
  SINCE DEC 1      0.40          1.09  -0.69     0.64
  SINCE JAN 1     38.96         34.85   4.11    37.12

DEGREE DAYS
 HEATING
  TODAY           41            36      5       53
  MONTH TO DATE  510           508      2      556
  SINCE DEC 1    510           508      2      556
  SINCE JUL 1   1673          1835   -162     1456

 COOLING
  TODAY            0             0      0        0
  MONTH TO DATE    0             0      0        0
  SINCE DEC 1      0             0      0        0
  SINCE JAN 1    768           675     93      912
......................................................


WIND (MPH)
  RESULTANT WIND SPEED  10   RESULTANT WIND DIRECTION  SW (230)
  HIGHEST WIND SPEED    23   HIGHEST WIND DIRECTION     W (260)
  HIGHEST GUST SPEED    30   HIGHEST GUST DIRECTION     W (290)
  AVERAGE WIND SPEED    12.2


SKY COVER
  AVERAGE SKY COVER 1.0


WEATHER CONDITIONS
 THE FOLLOWING WEATHER WAS RECORDED TODAY.
  LIGHT SNOW
  FOG
  HAZE


RELATIVE HUMIDITY (PERCENT)
 HIGHEST    84          1200 AM
 LOWEST     58           400 PM
 AVERAGE    71

..........................................................


THE KALAMAZOO MI CLIMATE NORMALS FOR TOMORROW
                         NORMAL
 MAXIMUM TEMPERATURE (F)   34
 MINIMUM TEMPERATURE (F)   22


SUNRISE AND SUNSET
DECEMBER 15 2017......SUNRISE   804 AM EST   SUNSET   511 PM EST
DECEMBER 16 2017......SUNRISE   805 AM EST   SUNSET   511 PM EST


-  INDICATES NEGATIVE NUMBERS.
R  INDICATES RECORD WAS SET OR TIED.
MM INDICATES DATA IS MISSING.
T  INDICATES TRACE AMOUNT.




$$
