000
CDUS43 KGRR 280517
CLIAZO


CLIMATE REPORT
NATIONAL WEATHER SERVICE GRAND RAPIDS, MI
113 AM EDT THU AUG 28 2014


...................................

...THE KALAMAZOO MI CLIMATE SUMMARY FOR AUGUST 27 2014...

CLIMATE NORMAL PERIOD 1981 TO 2010
CLIMATE RECORD PERIOD 1998 TO 2014


WEATHER ITEM   OBSERVED TIME   NORMAL DEPARTURE LAST
                VALUE   (LST)  VALUE  FROM      YEAR
                                      NORMAL
......................................................
TEMPERATURE (F)
 YESTERDAY
  MAXIMUM         80    321 PM  79      1       90
  MINIMUM         60    648 AM  59      1       74
  AVERAGE         70            69      1       82

PRECIPITATION (IN)
  YESTERDAY        0.00          0.14  -0.14     0.01
  MONTH TO DATE    1.32          3.29  -1.97     4.20
  SINCE JUN 1      8.14         10.57  -2.43    14.03
  SINCE JAN 1     16.56         23.01  -6.45    29.09

DEGREE DAYS
 HEATING
  YESTERDAY        0             1     -1        0
  MONTH TO DATE    9             3      6       20
  SINCE JUN 1     51            56     -5       76
  SINCE JUL 1     32             8     24       37

 COOLING
  YESTERDAY        5             5      0       17
  MONTH TO DATE  176           168      8      123
  SINCE JUN 1    467           553    -86      503
  SINCE JAN 1    521           594    -73      583
......................................................


WIND (MPH)
  RESULTANT WIND SPEED   6   RESULTANT WIND DIRECTION   N (360)
  HIGHEST WIND SPEED    13   HIGHEST WIND DIRECTION    NW (330)
  HIGHEST GUST SPEED    20   HIGHEST GUST DIRECTION     N (350)
  AVERAGE WIND SPEED     6.4


SKY COVER
  AVERAGE SKY COVER 0.1


WEATHER CONDITIONS
 THE FOLLOWING WEATHER WAS RECORDED YESTERDAY.
  FOG


RELATIVE HUMIDITY (PERCENT)
 HIGHEST    97           700 AM
 LOWEST     42           300 PM
 AVERAGE    70

..........................................................


THE KALAMAZOO MI CLIMATE NORMALS FOR TODAY
                         NORMAL
 MAXIMUM TEMPERATURE (F)   79
 MINIMUM TEMPERATURE (F)   59


SUNRISE AND SUNSET
AUGUST 28 2014........SUNRISE   703 AM EDT   SUNSET   823 PM EDT
AUGUST 29 2014........SUNRISE   704 AM EDT   SUNSET   821 PM EDT


-  INDICATES NEGATIVE NUMBERS.
R  INDICATES RECORD WAS SET OR TIED.
MM INDICATES DATA IS MISSING.
T  INDICATES TRACE AMOUNT.




$$
