000
CDUS43 KGRR 012124
CLIAZO


CLIMATE REPORT
NATIONAL WEATHER SERVICE GRAND RAPIDS, MI
523 PM EDT FRI AUG 1 2014


...................................

...THE KALAMAZOO MI CLIMATE SUMMARY FOR AUGUST 1 2014...
VALID TODAY AS OF 0500 PM LOCAL TIME.

CLIMATE NORMAL PERIOD 1981 TO 2010
CLIMATE RECORD PERIOD 9999 TO 9999


WEATHER ITEM   OBSERVED TIME   RECORD YEAR NORMAL DEPARTURE LAST
                VALUE   (LST)  VALUE       VALUE  FROM      YEAR
                                                  NORMAL
..................................................................
TEMPERATURE (F)
 TODAY
  MAXIMUM         83    116 PM  MM      MM  82      1       79
  MINIMUM         60    618 AM  MM      MM  62     -2       59
  AVERAGE         72                        72      0       69

PRECIPITATION (IN)
  TODAY            0.06         MM      MM   0.09  -0.03     0.01
  MONTH TO DATE    0.06                      0.09  -0.03     0.01
  SINCE JUN 1      6.88                      7.37  -0.49     9.84
  SINCE JAN 1     15.30                     19.81  -4.51    24.90

DEGREE DAYS
 HEATING
  TODAY            0                         0      0        0
  MONTH TO DATE    0                         0      0        0
  SINCE JUN 1     42                        53    -11       56
  SINCE JUL 1     23                         5     18       17

 COOLING
  TODAY            7                         7      0        4
  MONTH TO DATE    7                         7      0        4
  SINCE JUN 1    298                       392    -94      384
  SINCE JAN 1    352                       433    -81      464
..................................................................


WIND (MPH)
  RESULTANT WIND SPEED   6   RESULTANT WIND DIRECTION  SW (230)
  HIGHEST WIND SPEED    21   HIGHEST WIND DIRECTION    NW (330)
  HIGHEST GUST SPEED    27   HIGHEST GUST DIRECTION    NW (330)
  AVERAGE WIND SPEED     6.4



WEATHER CONDITIONS
 THE FOLLOWING WEATHER WAS RECORDED TODAY.
  THUNDERSTORM
  RAIN
  FOG
  HAZE


RELATIVE HUMIDITY (PERCENT)
 HIGHEST    93           700 AM
 LOWEST     43           100 PM
 AVERAGE    68

..........................................................




SUNRISE AND SUNSET
AUGUST  1 2014........SUNRISE   635 AM EDT   SUNSET   901 PM EDT
AUGUST  2 2014........SUNRISE   636 AM EDT   SUNSET   900 PM EDT


-  INDICATES NEGATIVE NUMBERS.
R  INDICATES RECORD WAS SET OR TIED.
MM INDICATES DATA IS MISSING.
T  INDICATES TRACE AMOUNT.




$$
