000
CDUS43 KGRR 180520
CLIAZO


CLIMATE REPORT
NATIONAL WEATHER SERVICE GRAND RAPIDS, MI
119 AM EDT FRI AUG 18 2017


...................................

...THE KALAMAZOO MI CLIMATE SUMMARY FOR AUGUST 17 2017...

CLIMATE NORMAL PERIOD 1981 TO 2010
CLIMATE RECORD PERIOD 1998 TO 2017


WEATHER ITEM   OBSERVED TIME   NORMAL DEPARTURE LAST
                VALUE   (LST)  VALUE  FROM      YEAR
                                      NORMAL
......................................................
TEMPERATURE (F)
 YESTERDAY
  MAXIMUM         86    338 PM  81      5       84
  MINIMUM         71    527 AM  61     10       65
  AVERAGE         79            71      8       75

PRECIPITATION (IN)
  YESTERDAY        0.07          0.13  -0.06     0.02
  MONTH TO DATE    0.98          1.98  -1.00     5.47
  SINCE JUN 1      5.41          9.26  -3.85    14.82
  SINCE JAN 1     20.56         21.70  -1.14    25.80

DEGREE DAYS
 HEATING
  YESTERDAY        0             0      0        0
  MONTH TO DATE    3             0      3        0
  SINCE JUN 1     22            53    -31       29
  SINCE JUL 1      3             5     -2        1

 COOLING
  YESTERDAY       14             6      8       10
  MONTH TO DATE  108           114     -6      176
  SINCE JUN 1    532           499     33      625
  SINCE JAN 1    571           540     31      692
......................................................


WIND (MPH)
  RESULTANT WIND SPEED  10   RESULTANT WIND DIRECTION  SW (210)
  HIGHEST WIND SPEED    20   HIGHEST WIND DIRECTION    SW (230)
  HIGHEST GUST SPEED    26   HIGHEST GUST DIRECTION    SW (220)
  AVERAGE WIND SPEED    10.1


SKY COVER
  AVERAGE SKY COVER 0.6


WEATHER CONDITIONS
 THE FOLLOWING WEATHER WAS RECORDED YESTERDAY.
  FOG
  HAZE


RELATIVE HUMIDITY (PERCENT)
 HIGHEST    90           600 AM
 LOWEST     51           500 PM
 AVERAGE    71

..........................................................


THE KALAMAZOO MI CLIMATE NORMALS FOR TODAY
                         NORMAL
 MAXIMUM TEMPERATURE (F)   81
 MINIMUM TEMPERATURE (F)   60


SUNRISE AND SUNSET
AUGUST 18 2017........SUNRISE   653 AM EDT   SUNSET   838 PM EDT
AUGUST 19 2017........SUNRISE   654 AM EDT   SUNSET   837 PM EDT


-  INDICATES NEGATIVE NUMBERS.
R  INDICATES RECORD WAS SET OR TIED.
MM INDICATES DATA IS MISSING.
T  INDICATES TRACE AMOUNT.




$$
