000
CDUS43 KGRR 142128
CLIAZO


CLIMATE REPORT
NATIONAL WEATHER SERVICE GRAND RAPIDS, MI
525 PM EDT SUN SEP 14 2014


...................................

...THE KALAMAZOO MI CLIMATE SUMMARY FOR SEPTEMBER 14 2014...
VALID TODAY AS OF 0500 PM LOCAL TIME.

CLIMATE NORMAL PERIOD 1981 TO 2010
CLIMATE RECORD PERIOD 1998 TO 2014


WEATHER ITEM   OBSERVED TIME   RECORD YEAR NORMAL DEPARTURE LAST
                VALUE   (LST)  VALUE       VALUE  FROM      YEAR
                                                  NORMAL
..................................................................
TEMPERATURE (F)
 TODAY
  MAXIMUM         64    344 PM  MM      MM  74    -10       69
  MINIMUM         42    104 AM  MM      MM  53    -11       40
  AVERAGE         53                        63    -10       55

PRECIPITATION (IN)
  TODAY            0.00         MM      MM   0.13  -0.13     0.00
  MONTH TO DATE    2.15                      1.88   0.27     1.12
  SINCE SEP 1      2.15                      1.88   0.27     1.12
  SINCE JAN 1     18.94                     25.47  -6.53    30.21

DEGREE DAYS
 HEATING
  TODAY           12                         3      9       10
  MONTH TO DATE   48                        28     20       23
  SINCE SEP 1     48                        28     20       23
  SINCE JUL 1     80                        44     36       60

 COOLING
  TODAY            0                         2     -2        0
  MONTH TO DATE   55                        40     15       75
  SINCE SEP 1     55                        40     15       75
  SINCE JAN 1    606                       651    -45      703
..................................................................


WIND (MPH)
  RESULTANT WIND SPEED   4   RESULTANT WIND DIRECTION  SW (210)
  HIGHEST WIND SPEED    14   HIGHEST WIND DIRECTION    SW (210)
  HIGHEST GUST SPEED    19   HIGHEST GUST DIRECTION    SW (210)
  AVERAGE WIND SPEED     4.5



WEATHER CONDITIONS
 THE FOLLOWING WEATHER WAS RECORDED TODAY.
  FOG


RELATIVE HUMIDITY (PERCENT)
 HIGHEST    93           300 AM
 LOWEST     43           200 PM
 AVERAGE    68

..........................................................




SUNRISE AND SUNSET
SEPTEMBER 14 2014.....SUNRISE   721 AM EDT   SUNSET   754 PM EDT
SEPTEMBER 15 2014.....SUNRISE   722 AM EDT   SUNSET   752 PM EDT


-  INDICATES NEGATIVE NUMBERS.
R  INDICATES RECORD WAS SET OR TIED.
MM INDICATES DATA IS MISSING.
T  INDICATES TRACE AMOUNT.




$$

CAS
