000
CDUS43 KGRR 031452
CLIAZO


CLIMATE REPORT
NATIONAL WEATHER SERVICE GRAND RAPIDS, MI
952 AM EST SAT DEC 3 2016


...................................

...THE KALAMAZOO MI CLIMATE SUMMARY FOR DECEMBER 3 2016...
VALID AS OF 0900 AM LOCAL TIME.

CLIMATE NORMAL PERIOD 1981 TO 2010
CLIMATE RECORD PERIOD 1998 TO 2016


WEATHER ITEM   OBSERVED TIME   NORMAL DEPARTURE LAST
                VALUE   (LST)  VALUE  FROM      YEAR
                                      NORMAL
......................................................
TEMPERATURE (F)
 TODAY
  MAXIMUM         36    859 AM  39     -3       42
  MINIMUM         35    447 AM  27      8       33
  AVERAGE         36            33      3       38

PRECIPITATION (IN)
  TODAY            0.00          0.08  -0.08     0.01
  MONTH TO DATE    0.22          0.25  -0.03     0.10
  SINCE DEC 1      0.22          0.25  -0.03     0.10
  SINCE JAN 1     36.70         34.01   2.69    29.00

DEGREE DAYS
 HEATING
  TODAY           29            32     -3       27
  MONTH TO DATE   83            95    -12       83
  SINCE DEC 1     83            95    -12       83
  SINCE JUL 1    983          1422   -439     1148

 COOLING
  TODAY            0             0      0        0
  MONTH TO DATE    0             0      0        0
  SINCE DEC 1      0             0      0        0
  SINCE JAN 1    912           675    237      657
......................................................


WIND (MPH)
  RESULTANT WIND SPEED   3   RESULTANT WIND DIRECTION   W (250)
  HIGHEST WIND SPEED     8   HIGHEST WIND DIRECTION    SW (240)
  HIGHEST GUST SPEED    10   HIGHEST GUST DIRECTION     W (250)
  AVERAGE WIND SPEED     2.9


SKY COVER
  AVERAGE SKY COVER 1.0


WEATHER CONDITIONS
 THE FOLLOWING WEATHER WAS RECORDED TODAY.
  NO SIGNIFICANT WEATHER WAS OBSERVED.


RELATIVE HUMIDITY (PERCENT)
 HIGHEST    75          1200 AM
 LOWEST     70           800 AM
 AVERAGE    73

..........................................................


THE KALAMAZOO MI CLIMATE NORMALS FOR TOMORROW
                         NORMAL
 MAXIMUM TEMPERATURE (F)   39
 MINIMUM TEMPERATURE (F)   27


SUNRISE AND SUNSET
DECEMBER  3 2016......SUNRISE   754 AM EST   SUNSET   510 PM EST
DECEMBER  4 2016......SUNRISE   755 AM EST   SUNSET   510 PM EST


-  INDICATES NEGATIVE NUMBERS.
R  INDICATES RECORD WAS SET OR TIED.
MM INDICATES DATA IS MISSING.
T  INDICATES TRACE AMOUNT.




$$
