000
CDUS43 KGRR 030542
CLIAZO


CLIMATE REPORT
NATIONAL WEATHER SERVICE GRAND RAPIDS, MI
141 AM EDT WED JUN 3 2015


...................................

...THE KALAMAZOO MI CLIMATE SUMMARY FOR JUNE 2 2015...

CLIMATE NORMAL PERIOD 1981 TO 2010
CLIMATE RECORD PERIOD 1998 TO 2015


WEATHER ITEM   OBSERVED TIME   NORMAL DEPARTURE LAST
                VALUE   (LST)  VALUE  FROM      YEAR
                                      NORMAL
......................................................
TEMPERATURE (F)
 YESTERDAY
  MAXIMUM         73    551 PM  75     -2       83
  MINIMUM         42    457 AM  53    -11       67
  AVERAGE         58            64     -6       75

PRECIPITATION (IN)
  YESTERDAY        0.00          0.15  -0.15     0.50
  MONTH TO DATE    0.00          0.29  -0.29     0.53
  SINCE JUN 1      0.00          0.29  -0.29     0.53
  SINCE JAN 1      9.71         12.73  -3.02     8.95

DEGREE DAYS
 HEATING
  YESTERDAY        7             4      3        0
  MONTH TO DATE   15             8      7        0
  SINCE JUN 1     15             8      7        0
  SINCE JUL 1   6862          6376    486     7048

 COOLING
  YESTERDAY        0             3     -3       10
  MONTH TO DATE    0             6     -6       16
  SINCE JUN 1      0             6     -6       16
  SINCE JAN 1     67            47     20       70
......................................................


WIND (MPH)
  RESULTANT WIND SPEED   2   RESULTANT WIND DIRECTION   E (110)
  HIGHEST WIND SPEED     9   HIGHEST WIND DIRECTION    SE (150)
  HIGHEST GUST SPEED    16   HIGHEST GUST DIRECTION     E (90)
  AVERAGE WIND SPEED     3.2


SKY COVER
  AVERAGE SKY COVER 0.0


WEATHER CONDITIONS
 THE FOLLOWING WEATHER WAS RECORDED YESTERDAY.
  NO SIGNIFICANT WEATHER WAS OBSERVED.


RELATIVE HUMIDITY (PERCENT)
 HIGHEST    96           600 AM
 LOWEST     40           100 PM
 AVERAGE    68

..........................................................


THE KALAMAZOO MI CLIMATE NORMALS FOR TODAY
                         NORMAL
 MAXIMUM TEMPERATURE (F)   76
 MINIMUM TEMPERATURE (F)   54


SUNRISE AND SUNSET
JUNE  3 2015..........SUNRISE   608 AM EDT   SUNSET   913 PM EDT
JUNE  4 2015..........SUNRISE   607 AM EDT   SUNSET   914 PM EDT


-  INDICATES NEGATIVE NUMBERS.
R  INDICATES RECORD WAS SET OR TIED.
MM INDICATES DATA IS MISSING.
T  INDICATES TRACE AMOUNT.




$$

63
