000
CDUS43 KGRR 240532
CLIAZO


CLIMATE REPORT
NATIONAL WEATHER SERVICE GRAND RAPIDS, MI
131 AM EDT WED MAY 24 2017


...................................

...THE KALAMAZOO MI CLIMATE SUMMARY FOR MAY 23 2017...

CLIMATE NORMAL PERIOD 1981 TO 2010
CLIMATE RECORD PERIOD 1998 TO 2017


WEATHER ITEM   OBSERVED TIME   NORMAL DEPARTURE LAST
                VALUE   (LST)  VALUE  FROM      YEAR
                                      NORMAL
......................................................
TEMPERATURE (F)
 YESTERDAY
  MAXIMUM         67   1141 AM  72     -5       80
  MINIMUM         58   1159 PM  50      8       42
  AVERAGE         63            61      2       61

PRECIPITATION (IN)
  YESTERDAY        0.05          0.13  -0.08     0.00
  MONTH TO DATE    3.10          2.93   0.17     2.84
  SINCE MAR 1      9.89          8.26   1.63     8.93
  SINCE JAN 1     14.61         11.50   3.11    10.49

DEGREE DAYS
 HEATING
  YESTERDAY        2             6     -4        4
  MONTH TO DATE  216           188     28      229
  SINCE MAR 1   1454          1558   -104     1439
  SINCE JUL 1   5350          6331   -981     5487

 COOLING
  YESTERDAY        0             2     -2        0
  MONTH TO DATE   23            20      3        0
  SINCE MAR 1     34            24     10        2
  SINCE JAN 1     34            24     10        2
......................................................


WIND (MPH)
  RESULTANT WIND SPEED   2   RESULTANT WIND DIRECTION  SW (220)
  HIGHEST WIND SPEED    13   HIGHEST WIND DIRECTION     S (200)
  HIGHEST GUST SPEED    16   HIGHEST GUST DIRECTION    SW (210)
  AVERAGE WIND SPEED     6.1


SKY COVER
  AVERAGE SKY COVER 0.9


WEATHER CONDITIONS
 THE FOLLOWING WEATHER WAS RECORDED YESTERDAY.
  LIGHT RAIN


RELATIVE HUMIDITY (PERCENT)
 HIGHEST    86          1000 PM
 LOWEST     56          1200 PM
 AVERAGE    71

..........................................................


THE KALAMAZOO MI CLIMATE NORMALS FOR TODAY
                         NORMAL
 MAXIMUM TEMPERATURE (F)   72
 MINIMUM TEMPERATURE (F)   50


SUNRISE AND SUNSET
MAY 24 2017...........SUNRISE   613 AM EDT   SUNSET   906 PM EDT
MAY 25 2017...........SUNRISE   612 AM EDT   SUNSET   906 PM EDT


-  INDICATES NEGATIVE NUMBERS.
R  INDICATES RECORD WAS SET OR TIED.
MM INDICATES DATA IS MISSING.
T  INDICATES TRACE AMOUNT.




$$
