000
CDUS43 KGRR 250530
CLIAZO


CLIMATE REPORT
NATIONAL WEATHER SERVICE GRAND RAPIDS, MI
130 AM EDT SAT OCT 25 2014


...................................

...THE KALAMAZOO MI CLIMATE SUMMARY FOR OCTOBER 24 2014...

CLIMATE NORMAL PERIOD 1981 TO 2010
CLIMATE RECORD PERIOD 1998 TO 2014


WEATHER ITEM   OBSERVED TIME   NORMAL DEPARTURE LAST
                VALUE   (LST)  VALUE  FROM      YEAR
                                      NORMAL
......................................................
TEMPERATURE (F)
 YESTERDAY
  MAXIMUM         64    359 PM  58      6       42
  MINIMUM         44   1148 PM  39      5       33
  AVERAGE         54            48      6       38

PRECIPITATION (IN)
  YESTERDAY        0.00          0.11  -0.11     0.12
  MONTH TO DATE    4.48          2.59   1.89     2.13
  SINCE SEP 1      7.30          6.41   0.89     3.86
  SINCE JAN 1     24.09         30.00  -5.91    32.95

DEGREE DAYS
 HEATING
  YESTERDAY       11            17     -6       27
  MONTH TO DATE  337           319     18      264
  SINCE SEP 1    486           452     34      383
  SINCE JUL 1    518           468     50      420

 COOLING
  YESTERDAY        0             0      0        0
  MONTH TO DATE    0             7     -7       16
  SINCE SEP 1     58            63     -5       97
  SINCE JAN 1    609           674    -65      725
......................................................


WIND (MPH)
  RESULTANT WIND SPEED   3   RESULTANT WIND DIRECTION   S (200)
  HIGHEST WIND SPEED    14   HIGHEST WIND DIRECTION     W (260)
  HIGHEST GUST SPEED    17   HIGHEST GUST DIRECTION     W (260)
  AVERAGE WIND SPEED     3.9


SKY COVER
  AVERAGE SKY COVER 0.6


WEATHER CONDITIONS
 THE FOLLOWING WEATHER WAS RECORDED YESTERDAY.
  FOG
  FOG W/VISIBILITY <= 1/4 MILE
  HAZE


RELATIVE HUMIDITY (PERCENT)
 HIGHEST    93           800 PM
 LOWEST     56           200 PM
 AVERAGE    75

..........................................................


THE KALAMAZOO MI CLIMATE NORMALS FOR TODAY
                         NORMAL
 MAXIMUM TEMPERATURE (F)   57
 MINIMUM TEMPERATURE (F)   39


SUNRISE AND SUNSET
OCTOBER 25 2014.......SUNRISE   807 AM EDT   SUNSET   645 PM EDT
OCTOBER 26 2014.......SUNRISE   808 AM EDT   SUNSET   644 PM EDT


-  INDICATES NEGATIVE NUMBERS.
R  INDICATES RECORD WAS SET OR TIED.
MM INDICATES DATA IS MISSING.
T  INDICATES TRACE AMOUNT.




$$
