000
CDUS41 KBOX 282138
CLIBDL


CLIMATE REPORT
NATIONAL WEATHER SERVICE TAUNTON MA
531 PM EDT TUE MAR 28 2017


...................................

...THE HARTFORD CT CLIMATE SUMMARY FOR MARCH 28 2017...
VALID AS OF 0500 PM LOCAL TIME.

CLIMATE NORMAL PERIOD 1981 TO 2010
CLIMATE RECORD PERIOD 1904 TO 2017


WEATHER ITEM   OBSERVED TIME   RECORD YEAR NORMAL DEPARTURE LAST
                VALUE   (LST)  VALUE       VALUE  FROM      YEAR
                                                  NORMAL
..................................................................
TEMPERATURE (F)
 TODAY
  MAXIMUM         44    155 PM  84    1998  52     -8       49
  MINIMUM         37    547 AM   8    1923  32      5       38
  AVERAGE         41                        42     -1       44

PRECIPITATION (IN)
  TODAY            0.15          2.80 1932   0.12   0.03     0.63
  MONTH TO DATE    2.58                      3.26  -0.68     2.19
  SINCE MAR 1      2.58                      3.26  -0.68     2.19
  SINCE JAN 1      8.56                      9.38  -0.82     9.02

SNOWFALL (IN)
  TODAY            0.0           2.2  1940   0.2   -0.2      0.0
  MONTH TO DATE   18.1                       6.1   12.0      2.9
  SINCE MAR 1     18.1                       6.1   12.0      2.9
  SINCE JUL 1     60.8                      38.8   22.0     20.0
  SNOW DEPTH       0

DEGREE DAYS
 HEATING
  TODAY           24                        23      1       21
  MONTH TO DATE  904                       777    127      592
  SINCE MAR 1    904                       777    127      592
  SINCE JUL 1   4797                      5215   -418     4268

 COOLING
  TODAY            0                         0      0        0
  MONTH TO DATE    0                         0      0        0
  SINCE MAR 1      0                         0      0        0
  SINCE JAN 1      0                         0      0        0
..................................................................


WIND (MPH)
  HIGHEST WIND SPEED     8   HIGHEST WIND DIRECTION     N (360)
  HIGHEST GUST SPEED     9   HIGHEST GUST DIRECTION     N (360)
  AVERAGE WIND SPEED     2.7


SKY COVER
  POSSIBLE SUNSHINE  MM
  AVERAGE SKY COVER 1.0


WEATHER CONDITIONS
 THE FOLLOWING WEATHER WAS RECORDED TODAY.
  RAIN
  LIGHT RAIN
  FOG
  FOG W/VISIBILITY <= 1/4 MILE


RELATIVE HUMIDITY (PERCENT)
 HIGHEST   100           200 AM
 LOWEST     83          1100 AM
 AVERAGE    92

..........................................................


THE HARTFORD CT CLIMATE NORMALS FOR TOMORROW
                         NORMAL    RECORD    YEAR
 MAXIMUM TEMPERATURE (F)   53        86      1945
 MINIMUM TEMPERATURE (F)   32         4      1923


SUNRISE AND SUNSET
MARCH 28 2017.........SUNRISE   640 AM EDT   SUNSET   712 PM EDT
MARCH 29 2017.........SUNRISE   638 AM EDT   SUNSET   713 PM EDT


-  INDICATES NEGATIVE NUMBERS.
R  INDICATES RECORD WAS SET OR TIED.
MM INDICATES DATA IS MISSING.
T  INDICATES TRACE AMOUNT.




$$
