000
CDUS41 KBOX 290543
CLIBDL


CLIMATE REPORT
NATIONAL WEATHER SERVICE TAUNTON MA
140 AM EDT SUN MAR 29 2015


...................................

...THE HARTFORD CT CLIMATE SUMMARY FOR MARCH 28 2015...

CLIMATE NORMAL PERIOD 1981 TO 2010
CLIMATE RECORD PERIOD 1904 TO 2015


WEATHER ITEM   OBSERVED TIME   RECORD YEAR NORMAL DEPARTURE LAST
                VALUE   (LST)  VALUE       VALUE  FROM      YEAR
                                                  NORMAL
..................................................................
TEMPERATURE (F)
 YESTERDAY
  MAXIMUM         38    101 AM  84    1998  52    -14       50
  MINIMUM         28   1159 PM   8    1923  32     -4       34
  AVERAGE         33                        42     -9       42

PRECIPITATION (IN)
  YESTERDAY        0.14          2.80 1932   0.12   0.02     0.21
  MONTH TO DATE    2.66                      3.26  -0.60     1.42
  SINCE MAR 1      2.66                      3.26  -0.60     1.42
  SINCE JAN 1      8.84                      9.38  -0.54     8.79

SNOWFALL (IN)
  YESTERDAY        0.9           2.2  1940   0.2    0.7      0.0
  MONTH TO DATE    9.0                       6.1    2.9       T
  SINCE MAR 1      9.0                       6.1    2.9       T
  SINCE JUL 1     63.8                      38.8   25.0     50.1
  SNOW DEPTH       0

DEGREE DAYS
 HEATING
  YESTERDAY       32                        23      9       23
  MONTH TO DATE  918                       777    141      967
  SINCE MAR 1    918                       777    141      967
  SINCE JUL 1   5563                      5215    348     5646

 COOLING
  YESTERDAY        0                         0      0        0
  MONTH TO DATE    0                         0      0        0
  SINCE MAR 1      0                         0      0        0
  SINCE JAN 1      0                         0      0        0
..................................................................


WIND (MPH)
  RESULTANT WIND SPEED   9   RESULTANT WIND DIRECTION   N (340)
  HIGHEST WIND SPEED    17   HIGHEST WIND DIRECTION    NW (320)
  HIGHEST GUST SPEED    23   HIGHEST GUST DIRECTION     N (360)
  AVERAGE WIND SPEED    10.0


SKY COVER
  POSSIBLE SUNSHINE  MM
  AVERAGE SKY COVER 1.0


WEATHER CONDITIONS
 THE FOLLOWING WEATHER WAS RECORDED YESTERDAY.
  LIGHT SNOW
  FOG
  HAZE


RELATIVE HUMIDITY (PERCENT)
 HIGHEST    89           800 AM
 LOWEST     53          1100 PM
 AVERAGE    71

..........................................................


THE HARTFORD CT CLIMATE NORMALS FOR TODAY
                         NORMAL    RECORD    YEAR
 MAXIMUM TEMPERATURE (F)   53        86      1945
 MINIMUM TEMPERATURE (F)   32         4      1923


SUNRISE AND SUNSET
MARCH 29 2015.........SUNRISE   639 AM EDT   SUNSET   713 PM EDT
MARCH 30 2015.........SUNRISE   637 AM EDT   SUNSET   714 PM EDT


-  INDICATES NEGATIVE NUMBERS.
R  INDICATES RECORD WAS SET OR TIED.
MM INDICATES DATA IS MISSING.
T  INDICATES TRACE AMOUNT.




$$
