000
CDUS41 KBOX 290542
CLIBDL


CLIMATE REPORT
NATIONAL WEATHER SERVICE TAUNTON MA
138 AM EDT THU JUN 29 2017


...................................

...THE HARTFORD CT CLIMATE SUMMARY FOR JUNE 28 2017...

CLIMATE NORMAL PERIOD 1981 TO 2010
CLIMATE RECORD PERIOD 1904 TO 2017


WEATHER ITEM   OBSERVED TIME   RECORD YEAR NORMAL DEPARTURE LAST
                VALUE   (LST)  VALUE       VALUE  FROM      YEAR
                                                  NORMAL
..................................................................
TEMPERATURE (F)
 YESTERDAY
  MAXIMUM         79    420 PM  97    1969  83     -4       81
  MINIMUM         50    315 AM  44    1995  61    -11       68
  AVERAGE         65                        72     -7       75

PRECIPITATION (IN)
  YESTERDAY        0.00          1.59 1983   0.12  -0.12     0.28
  MONTH TO DATE    3.16                      4.12  -0.96     1.99
  SINCE JUN 1      3.16                      4.12  -0.96     1.99
  SINCE JAN 1     21.43                     21.93  -0.50    15.93

SNOWFALL (IN)
  YESTERDAY        0.0           0.0  2002   0.0    0.0      0.0
                                      2001
                                      2000
  MONTH TO DATE    0.0                       0.0    0.0      0.0
  SINCE JUN 1      0.0                       0.0    0.0      0.0
  SINCE JUL 1     62.3                      40.5   21.8     26.9
  SNOW DEPTH       0

DEGREE DAYS
 HEATING
  YESTERDAY        0                         0      0        0
  MONTH TO DATE   44                        39      5       16
  SINCE JUN 1     44                        39      5       16
  SINCE JUL 1   5515                      5997   -482     5060

 COOLING
  YESTERDAY        0                         7     -7       10
  MONTH TO DATE  152                       129     23      127
  SINCE JUN 1    152                       129     23      127
  SINCE JAN 1    212                       168     44      201
..................................................................


WIND (MPH)
  RESULTANT WIND SPEED   5   RESULTANT WIND DIRECTION   W (280)
  HIGHEST WIND SPEED    18   HIGHEST WIND DIRECTION     W (260)
  HIGHEST GUST SPEED    26   HIGHEST GUST DIRECTION     W (290)
  AVERAGE WIND SPEED     5.7


SKY COVER
  POSSIBLE SUNSHINE  MM
  AVERAGE SKY COVER 0.3


WEATHER CONDITIONS
 THE FOLLOWING WEATHER WAS RECORDED YESTERDAY.
  FOG


RELATIVE HUMIDITY (PERCENT)
 HIGHEST    96           200 AM
 LOWEST     35           300 PM
 AVERAGE    66

..........................................................


THE HARTFORD CT CLIMATE NORMALS FOR TODAY
                         NORMAL    RECORD    YEAR
 MAXIMUM TEMPERATURE (F)   83        98      1934
 MINIMUM TEMPERATURE (F)   61        46      1919


SUNRISE AND SUNSET
JUNE 29 2017..........SUNRISE   518 AM EDT   SUNSET   830 PM EDT
JUNE 30 2017..........SUNRISE   519 AM EDT   SUNSET   830 PM EDT


-  INDICATES NEGATIVE NUMBERS.
R  INDICATES RECORD WAS SET OR TIED.
MM INDICATES DATA IS MISSING.
T  INDICATES TRACE AMOUNT.




$$
