000
CDUS41 KBOX 251155
CLIBDL


CLIMATE REPORT
NATIONAL WEATHER SERVICE TAUNTON MA
652 AM EST SUN JAN 25 2015


...................................

...THE HARTFORD CT CLIMATE SUMMARY FOR JANUARY 24 2015...

CLIMATE NORMAL PERIOD 1981 TO 2010
CLIMATE RECORD PERIOD 1904 TO 2015


WEATHER ITEM   OBSERVED TIME   RECORD YEAR NORMAL DEPARTURE LAST
                VALUE   (LST)  VALUE       VALUE  FROM      YEAR
                                                  NORMAL
..................................................................
TEMPERATURE (F)
 YESTERDAY
  MAXIMUM         34    826 PM  65    1967  35     -1       18
  MINIMUM         32   1107 PM -19    1961  18     14        3
  AVERAGE         33                        26      7       11

PRECIPITATION (IN)
  YESTERDAY        0.48          1.32 1953   0.10   0.38     0.00
  MONTH TO DATE    2.89                      2.50   0.39     3.36
  SINCE DEC 1      7.44                      5.94   1.50     7.28
  SINCE JAN 1      2.89                      2.50   0.39     3.36

SNOWFALL (IN)
  YESTERDAY        4.9           5.5  1908   0.5    4.4      0.0
  MONTH TO DATE    9.0                       9.5   -0.5      9.8
  SINCE DEC 1      9.7                      16.9   -7.2     22.5
  SINCE JUL 1     14.8                      18.9   -4.1     22.5
  SNOW DEPTH       0

DEGREE DAYS
 HEATING
  YESTERDAY       32                        39     -7       54
  MONTH TO DATE  969                       933     36      947
  SINCE DEC 1   1871                      1970    -99     2011
  SINCE JUL 1   2968                      3177   -209     3243

 COOLING
  YESTERDAY        0                         0      0        0
  MONTH TO DATE    0                         0      0        0
  SINCE DEC 1      0                         0      0        0
  SINCE JAN 1      0                         0      0        0
..................................................................


WIND (MPH)
  RESULTANT WIND SPEED   3   RESULTANT WIND DIRECTION   N (350)
  HIGHEST WIND SPEED    20   HIGHEST WIND DIRECTION    NW (310)
  HIGHEST GUST SPEED    27   HIGHEST GUST DIRECTION    NW (300)
  AVERAGE WIND SPEED     7.9


SKY COVER
  POSSIBLE SUNSHINE  MM
  AVERAGE SKY COVER 1.0


WEATHER CONDITIONS
 THE FOLLOWING WEATHER WAS RECORDED YESTERDAY.
  LIGHT RAIN
  SNOW
  LIGHT SNOW
  SLEET
  FOG


RELATIVE HUMIDITY (PERCENT)
 HIGHEST    92           600 AM
 LOWEST     64           100 AM
 AVERAGE    78

..........................................................


THE HARTFORD CT CLIMATE NORMALS FOR TODAY
                         NORMAL    RECORD    YEAR
 MAXIMUM TEMPERATURE (F)   35        58      1938
 MINIMUM TEMPERATURE (F)   18        -4      1945


SUNRISE AND SUNSET
JANUARY 25 2015.......SUNRISE   710 AM EST   SUNSET   456 PM EST
JANUARY 26 2015.......SUNRISE   709 AM EST   SUNSET   458 PM EST


-  INDICATES NEGATIVE NUMBERS.
R  INDICATES RECORD WAS SET OR TIED.
MM INDICATES DATA IS MISSING.
T  INDICATES TRACE AMOUNT.




$$
