098
CDUS41 KOKX 290619
CLIBDR


CLIMATE REPORT
NATIONAL WEATHER SERVICE NEW YORK NY
219 AM EDT MON MAY 29 2017


...................................

...THE BRIDGEPORT CT CLIMATE SUMMARY FOR MAY 28 2017...

CLIMATE NORMAL PERIOD 1981 TO 2010
CLIMATE RECORD PERIOD 1948 TO 2017


WEATHER ITEM   OBSERVED TIME   RECORD YEAR NORMAL DEPARTURE LAST
                VALUE   (LST)  VALUE       VALUE  FROM      YEAR
                                                  NORMAL
..................................................................
TEMPERATURE (F)
 YESTERDAY
  MAXIMUM         69    219 PM  90    1991  71     -2       86
  MINIMUM         58   1159 PM  40    1961  55      3       65
  AVERAGE         64                        63      1       76

PRECIPITATION (IN)
  YESTERDAY        0.00          1.48 1985   0.13  -0.13     0.00
  MONTH TO DATE    4.91                      3.39   1.52     2.26
  SINCE MAR 1     14.07                     11.57   2.50     7.14
  SINCE JAN 1     19.26                     17.46   1.80    14.30

SNOWFALL (IN)
  YESTERDAY        0.0           0.0  2002   0.0    0.0      0.0
                                      2001
  MONTH TO DATE    0.0                       0.0    0.0      0.0
  SINCE OCT 1     40.9                      27.6   13.3     27.3
  SINCE JUL 1     40.9                      27.6   13.3     27.3
  SNOW DEPTH       0

DEGREE DAYS
 HEATING
  YESTERDAY        1                         4     -3        0
  MONTH TO DATE  178                       196    -18      198
  SINCE MAR 1   1357                      1464   -107     1282
  SINCE JUL 1   4524                      5351   -827     4417

 COOLING
  YESTERDAY        0                         2     -2       11
  MONTH TO DATE   36                        15     21       30
  SINCE MAR 1     44                        17     27       30
  SINCE JAN 1     44                        17     27       30
..................................................................


WIND (MPH)
  HIGHEST WIND SPEED    14   HIGHEST WIND DIRECTION     E (80)
  HIGHEST GUST SPEED    17   HIGHEST GUST DIRECTION     E (70)
  AVERAGE WIND SPEED     6.8


SKY COVER
  AVERAGE SKY COVER 0.5


WEATHER CONDITIONS
 THE FOLLOWING WEATHER WAS RECORDED YESTERDAY.
  NO SIGNIFICANT WEATHER WAS OBSERVED.


RELATIVE HUMIDITY (PERCENT)
 HIGHEST    84          1200 AM
 LOWEST     58           400 PM
 AVERAGE    71

..........................................................


THE BRIDGEPORT CT CLIMATE NORMALS FOR TODAY
                         NORMAL    RECORD    YEAR
 MAXIMUM TEMPERATURE (F)   72        92      1987
                                             1969
 MINIMUM TEMPERATURE (F)   55        43      1956


SUNRISE AND SUNSET
MAY 29 2017...........SUNRISE   524 AM EDT   SUNSET   817 PM EDT
MAY 30 2017...........SUNRISE   523 AM EDT   SUNSET   818 PM EDT


-  INDICATES NEGATIVE NUMBERS.
R  INDICATES RECORD WAS SET OR TIED.
MM INDICATES DATA IS MISSING.
T  INDICATES TRACE AMOUNT.




$$
