000
CDUS41 KOKX 030652
CLIBDR


CLIMATE REPORT
NATIONAL WEATHER SERVICE NEW YORK NY
252 AM EDT THU SEP 3 2015


...................................

...THE BRIDGEPORT CT CLIMATE SUMMARY FOR SEPTEMBER 2 2015...

CLIMATE NORMAL PERIOD 1981 TO 2010
CLIMATE RECORD PERIOD 1948 TO 2015


WEATHER ITEM   OBSERVED TIME   RECORD YEAR NORMAL DEPARTURE LAST
                VALUE   (LST)  VALUE       VALUE  FROM      YEAR
                                                  NORMAL
..................................................................
TEMPERATURE (F)
 YESTERDAY
  MAXIMUM         88    209 PM  99    1953  78     10       91
  MINIMUM         68    538 AM  50    1992  63      5       75
                                      1970
                                      1967
  AVERAGE         78                        71      7       83

PRECIPITATION (IN)
  YESTERDAY        0.00          2.20 2002   0.11  -0.11     0.00
  MONTH TO DATE    0.00                      0.22  -0.22      T
  SINCE SEP 1      0.00                      0.22  -0.22      T
  SINCE JAN 1     23.59                     29.12  -5.53    31.24

SNOWFALL (IN)
  YESTERDAY        0.0           0.0  2002   0.0    0.0      0.0
                                      2001
  MONTH TO DATE    0.0                       0.0    0.0      0.0
  SINCE OCT 1     59.7                      27.6   32.1     57.4
  SINCE JUL 1      0.0                       0.0    0.0      0.0
  SNOW DEPTH       0

DEGREE DAYS
 HEATING
  YESTERDAY        0                         0      0        0
  MONTH TO DATE    0                         0      0        0
  SINCE SEP 1      0                         0      0        0
  SINCE JUL 1      0                         4     -4        0

 COOLING
  YESTERDAY       13                         6      7       18
  MONTH TO DATE   27                        12     15       34
  SINCE SEP 1     27                        12     15       34
  SINCE JAN 1    947                       730    217      768
..................................................................


WIND (MPH)
  HIGHEST WIND SPEED    15   HIGHEST WIND DIRECTION     S (200)
  HIGHEST GUST SPEED    19   HIGHEST GUST DIRECTION     S (190)
  AVERAGE WIND SPEED     6.9


SKY COVER
  AVERAGE SKY COVER 0.0


WEATHER CONDITIONS
 THE FOLLOWING WEATHER WAS RECORDED YESTERDAY.
  FOG
  HAZE


RELATIVE HUMIDITY (PERCENT)
 HIGHEST    87           500 AM
 LOWEST     50           200 PM
 AVERAGE    69

..........................................................


THE BRIDGEPORT CT CLIMATE NORMALS FOR TODAY
                         NORMAL    RECORD    YEAR
 MAXIMUM TEMPERATURE (F)   78        91      1993
 MINIMUM TEMPERATURE (F)   63        46      1967


SUNRISE AND SUNSET
SEPTEMBER  3 2015.....SUNRISE   621 AM EDT   SUNSET   722 PM EDT
SEPTEMBER  4 2015.....SUNRISE   622 AM EDT   SUNSET   721 PM EDT


-  INDICATES NEGATIVE NUMBERS.
R  INDICATES RECORD WAS SET OR TIED.
MM INDICATES DATA IS MISSING.
T  INDICATES TRACE AMOUNT.




$$
