000
CDUS41 KOKX 252035
CLIBDR


CLIMATE REPORT
NATIONAL WEATHER SERVICE NEW YORK NY
435 PM EDT MON SEP 25 2017


...................................

...THE BRIDGEPORT CT CLIMATE SUMMARY FOR SEPTEMBER 25 2017...
VALID TODAY AS OF 0400 PM LOCAL TIME.

CLIMATE NORMAL PERIOD 1981 TO 2010
CLIMATE RECORD PERIOD 1948 TO 2017


WEATHER ITEM   OBSERVED TIME   RECORD YEAR NORMAL DEPARTURE LAST
                VALUE   (LST)  VALUE       VALUE  FROM      YEAR
                                                  NORMAL
..................................................................
TEMPERATURE (F)
 TODAY
  MAXIMUM         82    228 PM  85    1970  71     11       71
  MINIMUM         67    602 AM  37    1950  55     12       50
  AVERAGE         75                        63     12       61

PRECIPITATION (IN)
  TODAY            0.00          1.23 1991   0.12  -0.12     0.00
  MONTH TO DATE    1.72                      2.86  -1.14     2.32
  SINCE SEP 1      1.72                      2.86  -1.14     2.32
  SINCE JAN 1     30.31                     31.76  -1.45    27.08

SNOWFALL (IN)
  TODAY            0.0           0.0  2002   0.0    0.0      0.0
                                      2001
  MONTH TO DATE    0.0                       0.0    0.0      0.0
  SINCE OCT 1     40.9                      27.6   13.3     27.3
  SINCE JUL 1      0.0                       0.0    0.0      0.0
  SNOW DEPTH       0

DEGREE DAYS
 HEATING
  TODAY            0                         4     -4        4
  MONTH TO DATE   12                        41    -29        4
  SINCE SEP 1     12                        41    -29        4
  SINCE JUL 1     12                        45    -33        4

 COOLING
  TODAY           10                         2      8        0
  MONTH TO DATE  138                        93     45      188
  SINCE SEP 1    138                        93     45      188
  SINCE JAN 1    975                       811    164     1240
..................................................................


WIND (MPH)
  HIGHEST WIND SPEED    10   HIGHEST WIND DIRECTION     E (110)
  HIGHEST GUST SPEED    12   HIGHEST GUST DIRECTION     E (110)
  AVERAGE WIND SPEED     4.3


SKY COVER
  AVERAGE SKY COVER 0.0


WEATHER CONDITIONS
 THE FOLLOWING WEATHER WAS RECORDED TODAY.
  NO SIGNIFICANT WEATHER WAS OBSERVED.


RELATIVE HUMIDITY (PERCENT)
 HIGHEST    93           600 AM
 LOWEST     67          1200 PM
 AVERAGE    80

..........................................................


THE BRIDGEPORT CT CLIMATE NORMALS FOR TOMORROW
                         NORMAL    RECORD    YEAR
 MAXIMUM TEMPERATURE (F)   70        84      1958
 MINIMUM TEMPERATURE (F)   54        43      1987
                                             1949


SUNRISE AND SUNSET
SEPTEMBER 25 2017.....SUNRISE   643 AM EDT   SUNSET   644 PM EDT
SEPTEMBER 26 2017.....SUNRISE   644 AM EDT   SUNSET   643 PM EDT


-  INDICATES NEGATIVE NUMBERS.
R  INDICATES RECORD WAS SET OR TIED.
MM INDICATES DATA IS MISSING.
T  INDICATES TRACE AMOUNT.




$$
