000
CDUS41 KOKX 280617
CLIBDR


CLIMATE REPORT
NATIONAL WEATHER SERVICE NEW YORK NY
217 AM EDT TUE MAR 28 2017


...................................

...THE BRIDGEPORT CT CLIMATE SUMMARY FOR MARCH 27 2017...

CLIMATE NORMAL PERIOD 1981 TO 2010
CLIMATE RECORD PERIOD 1948 TO 2017


WEATHER ITEM   OBSERVED TIME   RECORD YEAR NORMAL DEPARTURE LAST
                VALUE   (LST)  VALUE       VALUE  FROM      YEAR
                                                  NORMAL
..................................................................
TEMPERATURE (F)
 YESTERDAY
  MAXIMUM         48    319 PM  74    2007  51     -3       47
  MINIMUM         38    418 AM  20    2001  35      3       41
                                      1966
  AVERAGE         43                        43      0       44

PRECIPITATION (IN)
  YESTERDAY        0.46          2.00 1978   0.14   0.32      T
  MONTH TO DATE    2.48                      3.51  -1.03     1.58
  SINCE MAR 1      2.48                      3.51  -1.03     1.58
  SINCE JAN 1      7.67                      9.40  -1.73     8.74

SNOWFALL (IN)
  YESTERDAY        0.0           0.0  2002   0.1   -0.1      0.0
                                      2001
  MONTH TO DATE   11.1                       4.8    6.3      2.3
  SINCE OCT 1     40.9                      26.4   14.5     27.2
  SINCE JUL 1     40.9                      26.4   14.5     27.2
  SNOW DEPTH       0

DEGREE DAYS
 HEATING
  YESTERDAY       22                        22      0       21
  MONTH TO DATE  763                       711     52      556
  SINCE MAR 1    763                       711     52      556
  SINCE JUL 1   3930                      4598   -668     3691

 COOLING
  YESTERDAY        0                         0      0        0
  MONTH TO DATE    0                         0      0        0
  SINCE MAR 1      0                         0      0        0
  SINCE JAN 1      0                         0      0        0
..................................................................


WIND (MPH)
  HIGHEST WIND SPEED    17   HIGHEST WIND DIRECTION     E (80)
  HIGHEST GUST SPEED    22   HIGHEST GUST DIRECTION     E (70)
  AVERAGE WIND SPEED     8.3


SKY COVER
  AVERAGE SKY COVER 1.0


WEATHER CONDITIONS
 THE FOLLOWING WEATHER WAS RECORDED YESTERDAY.
  HEAVY RAIN
  RAIN
  LIGHT RAIN
  FOG
  FOG W/VISIBILITY <= 1/4 MILE
  HAZE


RELATIVE HUMIDITY (PERCENT)
 HIGHEST    96          1100 AM
 LOWEST     85           500 AM
 AVERAGE    91

..........................................................


THE BRIDGEPORT CT CLIMATE NORMALS FOR TODAY
                         NORMAL    RECORD    YEAR
 MAXIMUM TEMPERATURE (F)   51        76      1991
 MINIMUM TEMPERATURE (F)   35        17      1966


SUNRISE AND SUNSET
MARCH 28 2017.........SUNRISE   642 AM EDT   SUNSET   714 PM EDT
MARCH 29 2017.........SUNRISE   640 AM EDT   SUNSET   715 PM EDT


-  INDICATES NEGATIVE NUMBERS.
R  INDICATES RECORD WAS SET OR TIED.
MM INDICATES DATA IS MISSING.
T  INDICATES TRACE AMOUNT.




$$
