000
CDAK48 PAFC 201338
CLIBET

CLIMATE REPORT
NATIONAL WEATHER SERVICE ANCHORAGE, AK
436 AM AKST FRI JAN 20 2017


...................................

...THE BETHEL CLIMATE SUMMARY FOR JANUARY 19 2017...

CLIMATE NORMAL PERIOD 1981 TO 2010
CLIMATE RECORD PERIOD 1948 TO 2017


WEATHER ITEM   OBSERVED TIME   RECORD YEAR NORMAL DEPARTURE LAST
                VALUE   (LST)  VALUE       VALUE  FROM      YEAR
                                                  NORMAL
..................................................................
TEMPERATURE (F)
 YESTERDAY
  MAXIMUM          1    759 AM  46    1937  12    -11       10
  MINIMUM        -13   1014 PM -52    1947   1    -14        3
  AVERAGE         -6                         6    -12        7

PRECIPITATION (IN)
  YESTERDAY        0.27          1.10 1937   0.03   0.24     0.00
  MONTH TO DATE    0.64                      0.51   0.13     0.14
  SINCE DEC 1      1.40                      1.63  -0.23     1.38
  SINCE JAN 1      0.64                      0.51   0.13     0.14

SNOWFALL (IN)
  YESTERDAY        2.7 R         2.7  2017   0.3    2.4      0.0
  MONTH TO DATE    4.3                       6.3   -2.0      2.2
  SINCE DEC 1     11.8                      17.7   -5.9     15.6
  SINCE JUL 1     15.4                      35.6  -20.2     25.0
  SNOW DEPTH       4

DEGREE DAYS
 HEATING
  YESTERDAY       71                        59     12       58
  MONTH TO DATE 1085                      1116    -31      809
  SINCE DEC 1   2674                      2810   -136     2307
  SINCE JUL 1   5902                      6533   -631     5519

 COOLING
  YESTERDAY        0                         0      0        0
  MONTH TO DATE    0                         0      0        0
  SINCE DEC 1      0                         0      0        0
  SINCE JAN 1      0                         0      0        0
..................................................................


WIND (MPH)
  RESULTANT WIND SPEED  20   RESULTANT WIND DIRECTION   N (20)
  HIGHEST WIND SPEED    31   HIGHEST WIND DIRECTION     N (20)
  HIGHEST GUST SPEED    37   HIGHEST GUST DIRECTION    NE (30)
  AVERAGE WIND SPEED    19.1



WEATHER CONDITIONS
 THE FOLLOWING WEATHER WAS RECORDED YESTERDAY.
  HEAVY SNOW
  SNOW
  LIGHT SNOW
  FOG
  FOG W/VISIBILITY <= 1/4 MILE
  HAZE
  BLOWING SNOW


RELATIVE HUMIDITY (PERCENT)
 HIGHEST    87
 LOWEST     74
 AVERAGE    81

..........................................................


THE BETHEL CLIMATE NORMALS FOR TODAY
                         NORMAL    RECORD    YEAR
 MAXIMUM TEMPERATURE (F)   12        45      1937
 MINIMUM TEMPERATURE (F)    1       -44      1947


SUNRISE AND SUNSET
JANUARY 20 2017.......SUNRISE  1031 AM AKST  SUNSET   527 PM AKST
JANUARY 21 2017.......SUNRISE  1029 AM AKST  SUNSET   529 PM AKST

CIVIL TWILIGHT
JANUARY 20 2017         START    939 AM GMT     END    620 PM GMT
JANUARY 21 2017         START    937 AM GMT     END    622 PM GMT



-  INDICATES NEGATIVE NUMBERS.
R  INDICATES RECORD WAS SET OR TIED.
MM INDICATES DATA IS MISSING.
T  INDICATES TRACE AMOUNT.




$$
&&
------------------------------------------------------
AMOUNT OF DAYLIGHT TODAY  (HOUR:MIN)........ 6:56
GAIN/LOSS SINCE YESTERDAY (HOUR:MIN:SEC)....+0:04:29

$$
