000
CDAK48 PABE 161113
CLIBET

CLIMATE REPORT
NATIONAL WEATHER SERVICE BETHEL, AK
313 AM AKDT TUE SEP 16 2014

...................................
...THE BETHEL AP CLIMATE SUMMARY FOR SEPTEMBER 15 2014...

CLIMATE NORMAL PERIOD  1981 TO  2010
CLIMATE RECORD PERIOD  1923 TO  2014

WEATHER ITEM   OBSERVED TIME    RECORD YEAR NORMAL DEPARTURE LAST
               VALUE    (LST)   VALUE       VALUE  FROM      YEAR
                                                   NORMAL
...................................................................
TEMPERATURE
YESTERDAY
 MAXIMUM            57  0143 PM    63  2010     53       4     50
 MINIMUM            43  0728 AM    26  1962     40       3     45
 AVERAGE            50                          46       4     48

PRECIPITATION
(INCHES)
 YESTERDAY           T           0.84  1938   0.09   -0.09   0.00
 MONTH TO DATE    0.90                        1.44   -0.54   2.20
 SINCE SEP 1      0.90                        1.44   -0.54   2.20
 SINCE JAN 1     10.21                       12.86   -2.65  12.68

SNOWFALL
(INCHES)
 YESTERDAY         0.0              T  1962    0.0     0.0    0.0
 MONTH TO DATE     0.0                         0.1    -0.1    0.0
 SINCE SEP 1       0.0                         0.1    -0.1    0.0
 SINCE JUL 1       0.0                         0.1    -0.1    0.0
 SNOW DEPTH (IN)     0                                          0

DEGREE DAYS
 HEATING
  YESTERDAY         15                          19      -4     17
  MONTH TO DATE    196                         243     -47    216
  SINCE SEP 1      196                         243     -47    216
  SINCE JUL 1      717                         885    -168    800

 COOLING
  YESTERDAY          0                           0       0      0
  MONTH TO DATE      0                           0       0      0
  SINCE SEP 1        0                           0       0      0
  SINCE JAN 1        0                           0       0     18
...................................................................

WIND (MPH)
 HIGHEST WIND SPEED     8     HIGHEST WIND DIRECTION    180
 HIGHEST GUST SPEED     9     HIGHEST GUST DIRECTION    210
 AVERAGE WIND SPEED   0.0

SKY COVER
  POSSIBLE SUNSHINE    MM          AVERAGE SKY COVER     MM

WEATHER CONDITIONS
 THE FOLLOWING WEATHER WAS RECORDED YESTERDAY.
  SMOKE OR HAZE
FOG
RAIN


RELATIVE HUMIDITY
 HIGHEST RH     MM PERCENT       MM
 LOWEST  RH     MM PERCENT       MM
 AVERAGE RH     MM PERCENT       MM
...................................................................

THE BETHEL CLIMATE NORMALS FOR TODAY
                           NORMAL    RECORD   YEAR
 MAXIMUM TEMPERATURE (F)     53        66     1957
 MINIMUM TEMPERATURE (F)     39        25     1928

SUNRISE AND SUNSET
 SEP 16 2014..........SUNRISE  8:18 AM      SUNSET  9:06 PM
 SEP 17 2014..........SUNRISE  8:20 AM      SUNSET  9:03 PM

-  INDICATES NEGATIVE NUMBERS.
R  INDICATES RECORD HAS BEEN SET OR TIED.
MM INDICATES DATA IS MISSING.
T  INDICATES TRACE OF PRECIPITATION.

&&
-------------------------------------------------------------------

AMOUNT OF DAYLIGHT TODAY  (HOUR:MIN)........12 HOURS 48 MINUTES
GAIN/LOSS SINCE YESTERDAY (HOUR:MIN:SEC)....-0:05:33

$$
BDW SEP 14
