341
CDAK48 PABE 281110
CLIBET


CLIMATE REPORT
NATIONAL WEATHER SERVICE ANCHORAGE, AK
310 AM AKDT FRI JUL 28 2017


...................................

...THE BETHEL CLIMATE SUMMARY FOR JULY 27 2017...

CLIMATE NORMAL PERIOD 1981 TO 2010
CLIMATE RECORD PERIOD 1948 TO 2017


WEATHER ITEM   OBSERVED TIME   RECORD YEAR NORMAL DEPARTURE LAST
                VALUE   (LST)  VALUE       VALUE  FROM      YEAR
                                                  NORMAL
..................................................................
TEMPERATURE (F)
 YESTERDAY
  MAXIMUM         63    154 PM  82    1953  62      1       66
  MINIMUM         51    757 AM  40    1936  49      2       53
  AVERAGE         57                        56      1       60

PRECIPITATION (IN)
  YESTERDAY        0.05          1.43 1952   0.09  -0.04     0.17
  MONTH TO DATE    3.05                      1.96   1.09     2.12
  SINCE JUN 1      4.44                      3.68   0.76     3.55
  SINCE JAN 1      9.41                      7.77   1.64     6.79

SNOWFALL (IN)
  YESTERDAY        0.0          MM      MM   0.0    0.0      0.0
  MONTH TO DATE    0.0                       0.0    0.0      0.0
  SINCE JUN 1      0.0                       T      0.0      0.0
  SINCE JUL 1      0.0                       0.0    0.0      0.0
  SNOW DEPTH       0

DEGREE DAYS
 HEATING
  YESTERDAY        8                        10     -2        5
  MONTH TO DATE  184                       244    -60      133
  SINCE JUN 1    459                       622   -163      406
  SINCE JUL 1    184                       244    -60      133

 COOLING
  YESTERDAY        0                         0      0        0
  MONTH TO DATE    3                         0      3       12
  SINCE JUN 1      3                         1      2       13
  SINCE JAN 1      3                         1      2       13
..................................................................


WIND (MPH)
  RESULTANT WIND SPEED   6   RESULTANT WIND DIRECTION  SW (230)
  HIGHEST WIND SPEED    20   HIGHEST WIND DIRECTION     S (170)
  HIGHEST GUST SPEED    23   HIGHEST GUST DIRECTION     S (170)
  AVERAGE WIND SPEED    10.4



WEATHER CONDITIONS
 THE FOLLOWING WEATHER WAS RECORDED YESTERDAY.
  LIGHT RAIN
  FOG
  FOG W/VISIBILITY <= 1/4 MILE


RELATIVE HUMIDITY (PERCENT)
 HIGHEST   100
 LOWEST     78
 AVERAGE    89

..........................................................


THE BETHEL CLIMATE NORMALS FOR TODAY
                         NORMAL    RECORD    YEAR
 MAXIMUM TEMPERATURE (F)   62        78      1987
 MINIMUM TEMPERATURE (F)   49        35      2000


SUNRISE AND SUNSET
JULY 28 2017..........SUNRISE   614 AM AKDT  SUNSET  1132 PM AKDT
JULY 29 2017..........SUNRISE   616 AM AKDT  SUNSET  1129 PM AKDT


-  INDICATES NEGATIVE NUMBERS.
R  INDICATES RECORD WAS SET OR TIED.
MM INDICATES DATA IS MISSING.
T  INDICATES TRACE AMOUNT.




$$
