000
CDAK48 PAFC 191314 RRB
CLIBET

CLIMATE REPORT
NATIONAL WEATHER SERVICE ANCHORAGE, AK
412 AM AKST SUN FEB 19 2017


...................................

...THE BETHEL CLIMATE SUMMARY FOR FEBRUARY 18 2017...

CLIMATE NORMAL PERIOD 1981 TO 2010
CLIMATE RECORD PERIOD 1948 TO 2017


WEATHER ITEM   OBSERVED TIME   RECORD YEAR NORMAL DEPARTURE LAST
                VALUE   (LST)  VALUE       VALUE  FROM      YEAR
                                                  NORMAL
..................................................................
TEMPERATURE (F)
 YESTERDAY
  MAXIMUM         -9    550 PM  48    1934  19    -28       23
  MINIMUM        -18   1009 AM -36    1932   5    -23       14
  AVERAGE        -13                        12    -25       19

PRECIPITATION (IN)
  YESTERDAY        0.00          0.51 2009   0.03  -0.03     0.00
  MONTH TO DATE    0.29                      0.46  -0.17     0.11
  SINCE DEC 1      2.26                      2.36  -0.10     1.58
  SINCE JAN 1      1.50                      1.24   0.26     0.34

SNOWFALL (IN)
  YESTERDAY        0.0           2.6  1996   0.2   -0.2      0.0
  MONTH TO DATE    2.1                       4.3   -2.2      0.8
  SINCE DEC 1     19.4                      25.3   -5.9     17.1
  SINCE JUL 1     23.0                      43.2  -20.2     26.5
  SNOW DEPTH       9

DEGREE DAYS
 HEATING
  YESTERDAY       78                        53     25       46
  MONTH TO DATE 1178                       987    191      803
  SINCE DEC 1   4515                      4491     24     3603
  SINCE JUL 1   7743                      8214   -471     6815

 COOLING
  YESTERDAY        0                         0      0        0
  MONTH TO DATE    0                         0      0        0
  SINCE DEC 1      0                         0      0        0
  SINCE JAN 1      0                         0      0        0
..................................................................


WIND (MPH)
  RESULTANT WIND SPEED  10   RESULTANT WIND DIRECTION  NW (300)
  HIGHEST WIND SPEED    14   HIGHEST WIND DIRECTION    NW (300)
  HIGHEST GUST SPEED    18   HIGHEST GUST DIRECTION    NW (310)
  AVERAGE WIND SPEED     9.5



WEATHER CONDITIONS
 THE FOLLOWING WEATHER WAS RECORDED YESTERDAY.
  HAZE


RELATIVE HUMIDITY (PERCENT)
 HIGHEST    87
 LOWEST     72
 AVERAGE    80

..........................................................


THE BETHEL CLIMATE NORMALS FOR TODAY
                         NORMAL    RECORD    YEAR
 MAXIMUM TEMPERATURE (F)   19        47      1934
 MINIMUM TEMPERATURE (F)    5       -32      1932


SUNRISE AND SUNSET
FEBRUARY 19 2017......SUNRISE   915 AM AKST  SUNSET   648 PM AKST
FEBRUARY 20 2017......SUNRISE   912 AM AKST  SUNSET   651 PM AKST

CIVIL TWILIGHT
FEBRUARY 19 2017        START    831 AM GMT     END    733 PM GMT
FEBRUARY 20 2017        START    829 AM GMT     END    735 PM GMT



-  INDICATES NEGATIVE NUMBERS.
R  INDICATES RECORD WAS SET OR TIED.
MM INDICATES DATA IS MISSING.
T  INDICATES TRACE AMOUNT.




$$
&&
------------------------------------------------------
AMOUNT OF DAYLIGHT TODAY  (HOUR:MIN)........ 9:33
GAIN/LOSS SINCE YESTERDAY (HOUR:MIN:SEC)....+0:05:35
