000
CDAK48 PABE 261124
CLIBET

CLIMATE REPORT
NATIONAL WEATHER SERVICE BETHEL, AK
225 AM AKST WED NOV 26 2014

...................................
...THE BETHEL AP CLIMATE SUMMARY FOR NOVEMBER 25 2014...

CLIMATE NORMAL PERIOD  1981 TO  2010
CLIMATE RECORD PERIOD  1923 TO  2014

WEATHER ITEM   OBSERVED TIME    RECORD YEAR NORMAL DEPARTURE LAST
               VALUE    (LST)   VALUE       VALUE  FROM      YEAR
                                                   NORMAL
...................................................................
TEMPERATURE
YESTERDAY
 MAXIMUM            35  0545 PM    42  1931     21      14     27
 MINIMUM            18  0436 AM   -24  1939      8      10     12
 AVERAGE            27                          15      12     20

PRECIPITATION
(INCHES)
 YESTERDAY        0.01           0.53  1990   0.05   -0.04   0.02
 MONTH TO DATE    1.08                        1.36   -0.28   2.48
 SINCE SEP 1      4.43                        5.76   -1.33   9.22
 SINCE JAN 1     13.74                       17.18   -3.44  19.70

SNOWFALL
(INCHES)
 YESTERDAY         0.2            3.4  1994    0.5    -0.3    0.2
 MONTH TO DATE     0.6                        10.6   -10.0    6.8
 SINCE SEP 1       7.4                        15.6    -8.2    6.8
 SINCE JUL 1       7.4                        15.6    -8.2    6.8
 SNOW DEPTH (IN)     T                                          2

DEGREE DAYS
 HEATING
  YESTERDAY         38                          50     -12     45
  MONTH TO DATE    945                        1173    -228   1067
  SINCE SEP 1     2578                        2833    -255   2496
  SINCE JUL 1     3099                        3475    -376   3083

 COOLING
  YESTERDAY          0                           0       0      0
  MONTH TO DATE      0                           0       0      0
  SINCE SEP 1        0                           0       0      0
  SINCE JAN 1        0                           0       0     18
...................................................................

WIND (MPH)
 HIGHEST WIND SPEED    13     HIGHEST WIND DIRECTION    150
 HIGHEST GUST SPEED    15     HIGHEST GUST DIRECTION    160
 AVERAGE WIND SPEED   6.4

SKY COVER
  POSSIBLE SUNSHINE    MM          AVERAGE SKY COVER     MM

WEATHER CONDITIONS
 THE FOLLOWING WEATHER WAS RECORDED YESTERDAY.
  FOG
RAIN
SNOW


RELATIVE HUMIDITY
 HIGHEST RH     MM PERCENT       MM
 LOWEST  RH     MM PERCENT       MM
 AVERAGE RH     MM PERCENT       MM
...................................................................

THE BETHEL CLIMATE NORMALS FOR TODAY
                           NORMAL    RECORD   YEAR
 MAXIMUM TEMPERATURE (F)     21        43     1943
 MINIMUM TEMPERATURE (F)      8       -24     1927

SUNRISE AND SUNSET
 NOV 26 2014..........SUNRISE 10:19 AM      SUNSET  4:51 PM
 NOV 27 2014..........SUNRISE 10:21 AM      SUNSET  4:49 PM

-  INDICATES NEGATIVE NUMBERS.
R  INDICATES RECORD HAS BEEN SET OR TIED.
MM INDICATES DATA IS MISSING.
T  INDICATES TRACE OF PRECIPITATION.

&&
-------------------------------------------------------------------

AMOUNT OF DAYLIGHT TODAY  (HOUR:MIN)........6 HOURS 32 MINUTES
GAIN/LOSS SINCE YESTERDAY (HOUR:MIN:SEC)....-0:04:03

$$
ANDERSON NOV 14
