515
CDAK48 PAFC 141246
CLIBET


CLIMATE REPORT
NATIONAL WEATHER SERVICE ANCHORAGE, AK
346 AM AKST THU DEC 14 2017


...................................

...THE BETHEL CLIMATE SUMMARY FOR DECEMBER 13 2017...

CLIMATE NORMAL PERIOD 1981 TO 2010
CLIMATE RECORD PERIOD 1948 TO 2017


WEATHER ITEM   OBSERVED TIME   RECORD YEAR NORMAL DEPARTURE LAST
                VALUE   (LST)  VALUE       VALUE  FROM      YEAR
                                                  NORMAL
..................................................................
TEMPERATURE (F)
 YESTERDAY
  MAXIMUM         36   1233 AM  40    2000  18     18       25
                                      1985
  MINIMUM         26    734 PM -37    1998   4     22        9
  AVERAGE         31                        11     20       17

PRECIPITATION (IN)
  YESTERDAY        T             0.39 1951   0.04  -0.04     0.00
  MONTH TO DATE    0.41                      0.50  -0.09      T
  SINCE SEP 1      9.15                      6.50   2.65     4.38
  SINCE JAN 1     24.08                     17.92   6.16    15.30

SNOWFALL (IN)
  YESTERDAY        T             3.9  1951   0.4   -0.4      0.0
  MONTH TO DATE    2.6                       5.1   -2.5       T
  SINCE SEP 1      9.9                      23.0  -13.1      3.6
  SINCE JUL 1      9.9                      23.0  -13.1      3.6
  SNOW DEPTH       2

DEGREE DAYS
 HEATING
  YESTERDAY       34                        54    -20       48
  MONTH TO DATE  520                       687   -167      882
  SINCE DEC 1    520                       687   -167      882
  SINCE JUL 1   3686                      4410   -724     4110

 COOLING
  YESTERDAY        0                         0      0        0
  MONTH TO DATE    0                         0      0        0
  SINCE DEC 1      0                         0      0        0
  SINCE JAN 1      6                         4      2       13
..................................................................


WIND (MPH)
  RESULTANT WIND SPEED   3   RESULTANT WIND DIRECTION  SW (210)
  HIGHEST WIND SPEED    16   HIGHEST WIND DIRECTION    SW (240)
  HIGHEST GUST SPEED    21   HIGHEST GUST DIRECTION    SW (230)
  AVERAGE WIND SPEED     6.7



WEATHER CONDITIONS
 THE FOLLOWING WEATHER WAS RECORDED YESTERDAY.
  LIGHT SNOW
  FOG
  FOG W/VISIBILITY <= 1/4 MILE


RELATIVE HUMIDITY (PERCENT)
 HIGHEST   100
 LOWEST     89
 AVERAGE    95

..........................................................


THE BETHEL CLIMATE NORMALS FOR TODAY
                         NORMAL    RECORD    YEAR
 MAXIMUM TEMPERATURE (F)   17        39      2000
                                             1985
                                             1963
 MINIMUM TEMPERATURE (F)    4       -36      1925


SUNRISE AND SUNSET
DECEMBER 14 2017......SUNRISE  1052 AM AKST  SUNSET   433 PM AKST
DECEMBER 15 2017......SUNRISE  1053 AM AKST  SUNSET   432 PM AKST


-  INDICATES NEGATIVE NUMBERS.
R  INDICATES RECORD WAS SET OR TIED.
MM INDICATES DATA IS MISSING.
T  INDICATES TRACE AMOUNT.




$$
