000
CDAK48 PABE 210906
CLIBET

CLIMATE REPORT
NATIONAL WEATHER SERVICE BETHEL, AK
106 AM AKDT MON APR 21 2014

...................................
...THE BETHEL AP CLIMATE SUMMARY FOR APRIL 20 2014...

CLIMATE NORMAL PERIOD  1981 TO  2010
CLIMATE RECORD PERIOD  1948 TO  2014

WEATHER ITEM   OBSERVED TIME    RECORD YEAR NORMAL DEPARTURE LAST
               VALUE    (LST)   VALUE       VALUE  FROM      YEAR
                                                   NORMAL
...................................................................
TEMPERATURE
YESTERDAY
 MAXIMUM            51  0702 PM    57  1951     37      14     32
 MINIMUM            31  0724 AM    -7  1972     22       9     10
 AVERAGE            41                          29      12     21

PRECIPITATION
(INCHES)
 YESTERDAY        0.00           0.48  1979   0.02   -0.02   0.00
 MONTH TO DATE    0.31                        0.46   -0.15   0.03
 SINCE MAR 1      0.79                        1.17   -0.38   0.81
 SINCE JAN 1      2.37                        2.67   -0.30   3.10

SNOWFALL
(INCHES)
 YESTERDAY         0.0            1.9  2002    0.2    -0.2    0.0
 MONTH TO DATE     1.0                         4.4    -3.4    0.4
 SINCE MAR 1       5.7                        12.6    -6.9    6.2
 SINCE JUL 1      27.8                        58.4   -30.6   41.4
 SNOW DEPTH (IN)     0                                          2

DEGREE DAYS
 HEATING
  YESTERDAY         24                          36     -12     44
  MONTH TO DATE    697                         817    -120   1033
  SINCE MAR 1     2310                        2361     -51   2660
  SINCE JUL 1     9775                       11107   -1332  11900

 COOLING
  YESTERDAY          0                           0       0      0
  MONTH TO DATE      0                           0       0      0
  SINCE MAR 1        0                           0       0      0
  SINCE JAN 1        0                           0       0      0
...................................................................

WIND (MPH)
 HIGHEST WIND SPEED    12     HIGHEST WIND DIRECTION     10
 HIGHEST GUST SPEED    15     HIGHEST GUST DIRECTION    360
 AVERAGE WIND SPEED   7.4

SKY COVER
  POSSIBLE SUNSHINE    MM          AVERAGE SKY COVER     MM

WEATHER CONDITIONS
 THE FOLLOWING WEATHER WAS RECORDED YESTERDAY.
  NO SIGNIFICANT WEATHER WAS OBSERVED.

RELATIVE HUMIDITY
 HIGHEST RH     MM PERCENT       MM
 LOWEST  RH     MM PERCENT       MM
 AVERAGE RH     MM PERCENT       MM
...................................................................

THE BETHEL CLIMATE NORMALS FOR TODAY
                           NORMAL    RECORD   YEAR
 MAXIMUM TEMPERATURE (F)     38        55     1996
 MINIMUM TEMPERATURE (F)     22       -10     1972

SUNRISE AND SUNSET
 APR 21 2014..........SUNRISE  7:10 AM      SUNSET 10:25 PM
 APR 22 2014..........SUNRISE  7:07 AM      SUNSET 10:28 PM

-  INDICATES NEGATIVE NUMBERS.
R  INDICATES RECORD HAS BEEN SET OR TIED.
MM INDICATES DATA IS MISSING.
T  INDICATES TRACE OF PRECIPITATION.

&&
-------------------------------------------------------------------

AMOUNT OF DAYLIGHT TODAY  (HOUR:MIN)........15 HOURS 15 MINUTES
GAIN/LOSS SINCE YESTERDAY (HOUR:MIN:SEC)....+0:05:34

$$
BW APR 14
