000
CDUS41 KCTP 220612
CLIBFD


CLIMATE REPORT
NATIONAL WEATHER SERVICE STATE COLLEGE PA
211 AM EDT FRI MAY 22 2015


...................................

...THE BRADFORD CLIMATE SUMMARY FOR MAY 21 2015...

CLIMATE NORMAL PERIOD 1981 TO 2010
CLIMATE RECORD PERIOD 1957 TO 2015


WEATHER ITEM   OBSERVED TIME   RECORD YEAR NORMAL DEPARTURE LAST
                VALUE   (LST)  VALUE       VALUE  FROM      YEAR
                                                  NORMAL
..................................................................
TEMPERATURE (F)
 YESTERDAY
  MAXIMUM         55    346 PM  85    2013  67    -12       68
  MINIMUM         41    618 AM  24    2002  42     -1       49
  AVERAGE         48                        55     -7       59

PRECIPITATION (IN)
  YESTERDAY        T             1.31 2014   0.14  -0.14     1.31
  MONTH TO DATE    1.48                      2.74  -1.26     5.42
  SINCE MAR 1      8.05                      9.66  -1.61    11.68
  SINCE JAN 1     10.89                     15.30  -4.41    15.21

DEGREE DAYS
 HEATING
  YESTERDAY       17                         7     10        6
  MONTH TO DATE  150                       188    -38      253
  SINCE MAR 1   1939                      1869     70     2038
  SINCE JUL 1   7838                      7439    399     7704

 COOLING
  YESTERDAY        0                         0      0        0
  MONTH TO DATE   30                         0     30       14
  SINCE MAR 1     30                         2     28       16
  SINCE JAN 1     30                         2     28       16
..................................................................


WIND (MPH)
  HIGHEST WIND SPEED    14   HIGHEST WIND DIRECTION    NW (330)
  HIGHEST GUST SPEED    17   HIGHEST GUST DIRECTION     W (280)
  AVERAGE WIND SPEED     4.1


SKY COVER
  POSSIBLE SUNSHINE  MM
  AVERAGE SKY COVER 1.0


WEATHER CONDITIONS
 THE FOLLOWING WEATHER WAS RECORDED YESTERDAY.
  LIGHT RAIN


RELATIVE HUMIDITY (PERCENT)
 HIGHEST    86          1200 AM
 LOWEST     46          1200 PM
 AVERAGE    66

..........................................................


THE BRADFORD CLIMATE NORMALS FOR TODAY
                         NORMAL    RECORD    YEAR
 MAXIMUM TEMPERATURE (F)   67        84      2013
 MINIMUM TEMPERATURE (F)   42        24      2002


SUNRISE AND SUNSET
MAY 22 2015...........SUNRISE   549 AM EDT   SUNSET   834 PM EDT
MAY 23 2015...........SUNRISE   548 AM EDT   SUNSET   835 PM EDT


-  INDICATES NEGATIVE NUMBERS.
R  INDICATES RECORD WAS SET OR TIED.
MM INDICATES DATA IS MISSING.
T  INDICATES TRACE AMOUNT.




$$
