000
CDUS41 KCTP 210624
CLIBFD


CLIMATE REPORT
NATIONAL WEATHER SERVICE STATE COLLEGE PA
123 AM EST SUN JAN 21 2018


...................................

...THE BRADFORD CLIMATE SUMMARY FOR JANUARY 20 2018...

CLIMATE NORMAL PERIOD 1981 TO 2010
CLIMATE RECORD PERIOD 1957 TO 2018


WEATHER ITEM   OBSERVED TIME   RECORD YEAR NORMAL DEPARTURE LAST
                VALUE   (LST)  VALUE       VALUE  FROM      YEAR
                                                  NORMAL
..................................................................
TEMPERATURE (F)
 YESTERDAY
  MAXIMUM         42    345 PM  50    2006  29     13       46
  MINIMUM         30    836 AM -18    1984  14     16       31
  AVERAGE         36                        21     15       39

PRECIPITATION (IN)
  YESTERDAY        0.00          1.04 1978   0.10  -0.10     0.18
  MONTH TO DATE    2.77                      2.17   0.60     3.52
  SINCE DEC 1      4.89                      5.57  -0.68     6.76
  SINCE JAN 1      2.77                      2.17   0.60     3.52

DEGREE DAYS
 HEATING
  YESTERDAY       29                        38     -9       26
  MONTH TO DATE  982                       760    222      776
  SINCE DEC 1   2270                      1981    289     1944
  SINCE JUL 1   3804                      3816    -12     3332

 COOLING
  YESTERDAY        0                         0      0        0
  MONTH TO DATE    0                         0      0        0
  SINCE DEC 1      0                         0      0        0
  SINCE JAN 1      0                         0      0        0
..................................................................


WIND (MPH)
  HIGHEST WIND SPEED    20   HIGHEST WIND DIRECTION    SW (230)
  HIGHEST GUST SPEED    34   HIGHEST GUST DIRECTION    SW (240)
  AVERAGE WIND SPEED     9.0


SKY COVER
  POSSIBLE SUNSHINE  MM
  AVERAGE SKY COVER 0.0


WEATHER CONDITIONS
 THE FOLLOWING WEATHER WAS RECORDED YESTERDAY.
  NO SIGNIFICANT WEATHER WAS OBSERVED.


RELATIVE HUMIDITY (PERCENT)
 HIGHEST    75          1100 PM
 LOWEST     54           100 PM
 AVERAGE    65

..........................................................


THE BRADFORD CLIMATE NORMALS FOR TODAY
                         NORMAL    RECORD    YEAR
 MAXIMUM TEMPERATURE (F)   29        58      2017
 MINIMUM TEMPERATURE (F)   14       -26      1984


SUNRISE AND SUNSET
JANUARY 21 2018.......SUNRISE   736 AM EST   SUNSET   516 PM EST
JANUARY 22 2018.......SUNRISE   735 AM EST   SUNSET   517 PM EST


-  INDICATES NEGATIVE NUMBERS.
R  INDICATES RECORD WAS SET OR TIED.
MM INDICATES DATA IS MISSING.
T  INDICATES TRACE AMOUNT.




$$
