000
CDUS41 KCTP 280628
CLIBFD


CLIMATE REPORT
NATIONAL WEATHER SERVICE STATE COLLEGE PA
128 AM EST FRI NOV 28 2014


...................................

...THE BRADFORD CLIMATE SUMMARY FOR NOVEMBER 27 2014...

CLIMATE NORMAL PERIOD 1981 TO 2010
CLIMATE RECORD PERIOD 1957 TO 2014


WEATHER ITEM   OBSERVED TIME   RECORD YEAR NORMAL DEPARTURE LAST
                VALUE   (LST)  VALUE       VALUE  FROM      YEAR
                                                  NORMAL
..................................................................
TEMPERATURE (F)
 YESTERDAY
  MAXIMUM         32    119 PM  65    1990  40     -8       33
  MINIMUM         25    852 AM   5    1974  25      0       19
  AVERAGE         29                        33     -4       26

PRECIPITATION (IN)
  YESTERDAY        0.03          1.57 1993   0.13  -0.10     0.06
  MONTH TO DATE    2.34                      3.36  -1.02     3.96
  SINCE SEP 1      8.80                     10.71  -1.91    10.62
  SINCE JAN 1     40.14                     40.66  -0.52    32.03

DEGREE DAYS
 HEATING
  YESTERDAY       36                        28      8       39
  MONTH TO DATE  836                       617    219      818
  SINCE SEP 1   1534                      1457     77     1511
  SINCE JUL 1   1718                      1610    108     1647

 COOLING
  YESTERDAY        0                         0      0        0
  MONTH TO DATE    0                         0      0        0
  SINCE SEP 1     26                        16     10       39
  SINCE JAN 1    196                       193      3      334
..................................................................


WIND (MPH)
  HIGHEST WIND SPEED    18   HIGHEST WIND DIRECTION     W (290)
  HIGHEST GUST SPEED    27   HIGHEST GUST DIRECTION    NW (300)
  AVERAGE WIND SPEED     6.5


SKY COVER
  POSSIBLE SUNSHINE  MM
  AVERAGE SKY COVER 1.0


WEATHER CONDITIONS
 THE FOLLOWING WEATHER WAS RECORDED YESTERDAY.
  LIGHT SNOW
  FOG


RELATIVE HUMIDITY (PERCENT)
 HIGHEST    85           300 AM
 LOWEST     63           100 PM
 AVERAGE    74

..........................................................


THE BRADFORD CLIMATE NORMALS FOR TODAY
                         NORMAL    RECORD    YEAR
 MAXIMUM TEMPERATURE (F)   39        70      1990
 MINIMUM TEMPERATURE (F)   25         9      2002


SUNRISE AND SUNSET
NOVEMBER 28 2014......SUNRISE   719 AM EST   SUNSET   446 PM EST
NOVEMBER 29 2014......SUNRISE   720 AM EST   SUNSET   445 PM EST


-  INDICATES NEGATIVE NUMBERS.
R  INDICATES RECORD WAS SET OR TIED.
MM INDICATES DATA IS MISSING.
T  INDICATES TRACE AMOUNT.




$$
