957
CDUS41 KCTP 200621
CLIBFD


CLIMATE REPORT
NATIONAL WEATHER SERVICE STATE COLLEGE PA
220 AM EDT WED SEP 20 2017


...................................

...THE BRADFORD CLIMATE SUMMARY FOR SEPTEMBER 19 2017...

CLIMATE NORMAL PERIOD 1981 TO 2010
CLIMATE RECORD PERIOD 1957 TO 2017


WEATHER ITEM   OBSERVED TIME   RECORD YEAR NORMAL DEPARTURE LAST
                VALUE   (LST)  VALUE       VALUE  FROM      YEAR
                                                  NORMAL
..................................................................
TEMPERATURE (F)
 YESTERDAY
  MAXIMUM         79    312 PM  82    1965  67     12       77
  MINIMUM         54   1159 PM  26    1959  44     10       52
  AVERAGE         67                        56     11       65

PRECIPITATION (IN)
  YESTERDAY        0.00          0.97 1990   0.13  -0.13     0.00
  MONTH TO DATE    2.31                      2.47  -0.16     1.86
  SINCE SEP 1      2.31                      2.47  -0.16     1.86
  SINCE JAN 1     37.46                     32.42   5.04    30.86

DEGREE DAYS
 HEATING
  YESTERDAY        0                         6     -6        0
  MONTH TO DATE  128                        63     65       59
  SINCE SEP 1    128                        63     65       59
  SINCE JUL 1    237                       216     21      102

 COOLING
  YESTERDAY        2                         0      2        0
  MONTH TO DATE    9                        13     -4       38
  SINCE SEP 1      9                        13     -4       38
  SINCE JAN 1    233                       190     43      363
..................................................................


WIND (MPH)
  HIGHEST WIND SPEED     9   HIGHEST WIND DIRECTION    SE (130)
  HIGHEST GUST SPEED    13   HIGHEST GUST DIRECTION    SE (140)
  AVERAGE WIND SPEED     2.3


SKY COVER
  POSSIBLE SUNSHINE  MM
  AVERAGE SKY COVER 0.4


WEATHER CONDITIONS
 THE FOLLOWING WEATHER WAS RECORDED YESTERDAY.
  FOG
  FOG W/VISIBILITY <= 1/4 MILE


RELATIVE HUMIDITY (PERCENT)
 HIGHEST   100          1200 AM
 LOWEST     47           400 PM
 AVERAGE    74

..........................................................


THE BRADFORD CLIMATE NORMALS FOR TODAY
                         NORMAL    RECORD    YEAR
 MAXIMUM TEMPERATURE (F)   67        81      2016
                                             1978
 MINIMUM TEMPERATURE (F)   44        25      1979


SUNRISE AND SUNSET
SEPTEMBER 20 2017.....SUNRISE   700 AM EDT   SUNSET   715 PM EDT
SEPTEMBER 21 2017.....SUNRISE   701 AM EDT   SUNSET   713 PM EDT


-  INDICATES NEGATIVE NUMBERS.
R  INDICATES RECORD WAS SET OR TIED.
MM INDICATES DATA IS MISSING.
T  INDICATES TRACE AMOUNT.




$$
