000
CDUS41 KCTP 210627
CLIBFD


CLIMATE REPORT
NATIONAL WEATHER SERVICE STATE COLLEGE PA
227 AM EDT SUN SEP 21 2014


...................................

...THE BRADFORD CLIMATE SUMMARY FOR SEPTEMBER 20 2014...

CLIMATE NORMAL PERIOD 1981 TO 2010
CLIMATE RECORD PERIOD 1957 TO 2014


WEATHER ITEM   OBSERVED TIME   RECORD YEAR NORMAL DEPARTURE LAST
                VALUE   (LST)  VALUE       VALUE  FROM      YEAR
                                                  NORMAL
..................................................................
TEMPERATURE (F)
 YESTERDAY
  MAXIMUM         72    439 PM  81    1978  67      5       80
  MINIMUM         56   1226 AM  25    1979  44     12       48
  AVERAGE         64                        55      9       64

PRECIPITATION (IN)
  YESTERDAY        0.00          0.74 1963   0.14  -0.14     0.00
  MONTH TO DATE    2.04                      2.61  -0.57     1.42
  SINCE SEP 1      2.04                      2.61  -0.57     1.42
  SINCE JAN 1     33.38                     32.56   0.82    22.83

DEGREE DAYS
 HEATING
  YESTERDAY        1                         6     -5        1
  MONTH TO DATE  130                        69     61      141
  SINCE SEP 1    130                        69     61      141
  SINCE JUL 1    314                       222     92      277

 COOLING
  YESTERDAY        0                         0      0        0
  MONTH TO DATE   25                        13     12       30
  SINCE SEP 1     25                        13     12       30
  SINCE JAN 1    195                       190      5      325
..................................................................


WIND (MPH)
  HIGHEST WIND SPEED    17   HIGHEST WIND DIRECTION    SW (220)
  HIGHEST GUST SPEED    28   HIGHEST GUST DIRECTION    SW (220)
  AVERAGE WIND SPEED     9.0


SKY COVER
  POSSIBLE SUNSHINE  MM
  AVERAGE SKY COVER 0.7


WEATHER CONDITIONS
 THE FOLLOWING WEATHER WAS RECORDED YESTERDAY.
  NO SIGNIFICANT WEATHER WAS OBSERVED.


RELATIVE HUMIDITY (PERCENT)
 HIGHEST    86          1200 AM
 LOWEST     53           200 PM
 AVERAGE    70

..........................................................


THE BRADFORD CLIMATE NORMALS FOR TODAY
                         NORMAL    RECORD    YEAR
 MAXIMUM TEMPERATURE (F)   66        82      1980
 MINIMUM TEMPERATURE (F)   43        28      1962


SUNRISE AND SUNSET
SEPTEMBER 21 2014.....SUNRISE   701 AM EDT   SUNSET   714 PM EDT
SEPTEMBER 22 2014.....SUNRISE   702 AM EDT   SUNSET   712 PM EDT


-  INDICATES NEGATIVE NUMBERS.
R  INDICATES RECORD WAS SET OR TIED.
MM INDICATES DATA IS MISSING.
T  INDICATES TRACE AMOUNT.




$$
