000
CDUS41 KCTP 230621
CLIBFD


CLIMATE REPORT
NATIONAL WEATHER SERVICE STATE COLLEGE PA
221 AM EDT THU MAR 23 2017


...................................

...THE BRADFORD CLIMATE SUMMARY FOR MARCH 22 2017...

CLIMATE NORMAL PERIOD 1981 TO 2010
CLIMATE RECORD PERIOD 1957 TO 2017


WEATHER ITEM   OBSERVED TIME   RECORD YEAR NORMAL DEPARTURE LAST
                VALUE   (LST)  VALUE       VALUE  FROM      YEAR
                                                  NORMAL
..................................................................
TEMPERATURE (F)
 YESTERDAY
  MAXIMUM         29   1226 AM  77    2012  44    -15       52
  MINIMUM         15   1159 PM  -4    1988  24     -9       19
  AVERAGE         22                        34    -12       36

PRECIPITATION (IN)
  YESTERDAY        T             0.62 1968   0.12  -0.12      T
  MONTH TO DATE    1.83                      2.31  -0.48     1.64
  SINCE MAR 1      1.83                      2.31  -0.48     1.64
  SINCE JAN 1      8.91                      7.95   0.96     6.25

DEGREE DAYS
 HEATING
  YESTERDAY       43                        26     17       29
  MONTH TO DATE  864                       647    217      566
  SINCE MAR 1    864                       647    217      566
  SINCE JUL 1   5447                      6217   -770     5266

 COOLING
  YESTERDAY        0                         0      0        0
  MONTH TO DATE    0                         0      0        0
  SINCE MAR 1      0                         0      0        0
  SINCE JAN 1      0                         0      0        0
..................................................................


WIND (MPH)
  HIGHEST WIND SPEED    28   HIGHEST WIND DIRECTION    NW (330)
  HIGHEST GUST SPEED    35   HIGHEST GUST DIRECTION    NW (330)
  AVERAGE WIND SPEED    14.5


SKY COVER
  POSSIBLE SUNSHINE  MM
  AVERAGE SKY COVER 0.4


WEATHER CONDITIONS
 THE FOLLOWING WEATHER WAS RECORDED YESTERDAY.
  LIGHT SNOW
  FOG


RELATIVE HUMIDITY (PERCENT)
 HIGHEST    88           400 AM
 LOWEST     36           500 PM
 AVERAGE    62

..........................................................


THE BRADFORD CLIMATE NORMALS FOR TODAY
                         NORMAL    RECORD    YEAR
 MAXIMUM TEMPERATURE (F)   44        78      2012
 MINIMUM TEMPERATURE (F)   24         5      1959


SUNRISE AND SUNSET
MARCH 23 2017.........SUNRISE   712 AM EDT   SUNSET   730 PM EDT
MARCH 24 2017.........SUNRISE   711 AM EDT   SUNSET   731 PM EDT


-  INDICATES NEGATIVE NUMBERS.
R  INDICATES RECORD WAS SET OR TIED.
MM INDICATES DATA IS MISSING.
T  INDICATES TRACE AMOUNT.




$$
