000
CDUS41 KCTP 210614
CLIBFD


CLIMATE REPORT
NATIONAL WEATHER SERVICE STATE COLLEGE PA
114 AM EST FRI NOV 21 2014


...................................

...THE BRADFORD CLIMATE SUMMARY FOR NOVEMBER 20 2014...

CLIMATE NORMAL PERIOD 1981 TO 2010
CLIMATE RECORD PERIOD 1957 TO 2014


WEATHER ITEM   OBSERVED TIME   RECORD YEAR NORMAL DEPARTURE LAST
                VALUE   (LST)  VALUE       VALUE  FROM      YEAR
                                                  NORMAL
..................................................................
TEMPERATURE (F)
 YESTERDAY
  MAXIMUM         29   1204 AM  66    1991  43    -14       41
  MINIMUM         17   1159 PM  10    1966  28    -11       18
  AVERAGE         23                        35    -12       30

PRECIPITATION (IN)
  YESTERDAY        T             1.14 1970   0.13  -0.13     0.00
  MONTH TO DATE    1.55                      2.43  -0.88     2.93
  SINCE SEP 1      8.01                      9.78  -1.77     9.59
  SINCE JAN 1     39.35                     39.73  -0.38    31.00

DEGREE DAYS
 HEATING
  YESTERDAY       42                        25     17       35
  MONTH TO DATE  615                       431    184      548
  SINCE SEP 1   1313                      1271     42     1241
  SINCE JUL 1   1497                      1424     73     1377

 COOLING
  YESTERDAY        0                         0      0        0
  MONTH TO DATE    0                         0      0        0
  SINCE SEP 1     26                        16     10       39
  SINCE JAN 1    196                       193      3      334
..................................................................


WIND (MPH)
  HIGHEST WIND SPEED    21   HIGHEST WIND DIRECTION     W (280)
  HIGHEST GUST SPEED    31   HIGHEST GUST DIRECTION     W (280)
  AVERAGE WIND SPEED    10.6


SKY COVER
  POSSIBLE SUNSHINE  MM
  AVERAGE SKY COVER 0.9


WEATHER CONDITIONS
 THE FOLLOWING WEATHER WAS RECORDED YESTERDAY.
  LIGHT SNOW
  HAZE


RELATIVE HUMIDITY (PERCENT)
 HIGHEST    75          1200 AM
 LOWEST     50          1200 PM
 AVERAGE    63

..........................................................


THE BRADFORD CLIMATE NORMALS FOR TODAY
                         NORMAL    RECORD    YEAR
 MAXIMUM TEMPERATURE (F)   43        58      1991
 MINIMUM TEMPERATURE (F)   28         8      1987


SUNRISE AND SUNSET
NOVEMBER 21 2014......SUNRISE   711 AM EST   SUNSET   449 PM EST
NOVEMBER 22 2014......SUNRISE   712 AM EST   SUNSET   449 PM EST


-  INDICATES NEGATIVE NUMBERS.
R  INDICATES RECORD WAS SET OR TIED.
MM INDICATES DATA IS MISSING.
T  INDICATES TRACE AMOUNT.




$$
