000
CDUS41 KCTP 280641
CLIBFD


CLIMATE REPORT
NATIONAL WEATHER SERVICE STATE COLLEGE PA
241 AM EDT THU AUG 28 2014


...................................

...THE BRADFORD CLIMATE SUMMARY FOR AUGUST 27 2014...

CLIMATE NORMAL PERIOD 1981 TO 2010
CLIMATE RECORD PERIOD 1957 TO 2014


WEATHER ITEM   OBSERVED TIME   RECORD YEAR NORMAL DEPARTURE LAST
                VALUE   (LST)  VALUE       VALUE  FROM      YEAR
                                                  NORMAL
..................................................................
TEMPERATURE (F)
 YESTERDAY
  MAXIMUM         81    305 PM  89    1993  74      7       82
  MINIMUM         54   1142 PM  36    1958  51      3       64
  AVERAGE         68                        63      5       73

PRECIPITATION (IN)
  YESTERDAY        0.00          2.21 1987   0.13  -0.13     0.21
  MONTH TO DATE    5.09                      3.61   1.48     2.92
  SINCE JUN 1     14.71                     12.71   2.00    10.15
  SINCE JAN 1     30.66                     29.45   1.21    21.18

DEGREE DAYS
 HEATING
  YESTERDAY        0                         1     -1        0
  MONTH TO DATE   73                        19     54       84
  SINCE JUN 1    252                       228     24      240
  SINCE JUL 1    167                        83     84      136

 COOLING
  YESTERDAY        3                         1      2        8
  MONTH TO DATE   25                        48    -23       29
  SINCE JUN 1    144                       162    -18      227
  SINCE JAN 1    162                       172    -10      270
..................................................................


WIND (MPH)
  HIGHEST WIND SPEED    16   HIGHEST WIND DIRECTION    NW (330)
  HIGHEST GUST SPEED    23   HIGHEST GUST DIRECTION     N (340)
  AVERAGE WIND SPEED     5.4


SKY COVER
  POSSIBLE SUNSHINE  MM
  AVERAGE SKY COVER 0.3


WEATHER CONDITIONS
 THE FOLLOWING WEATHER WAS RECORDED YESTERDAY.
  FOG
  FOG W/VISIBILITY <= 1/4 MILE
  HAZE


RELATIVE HUMIDITY (PERCENT)
 HIGHEST    93           500 AM
 LOWEST     58           100 PM
 AVERAGE    76

..........................................................


THE BRADFORD CLIMATE NORMALS FOR TODAY
                         NORMAL    RECORD    YEAR
 MAXIMUM TEMPERATURE (F)   74        92      1973
 MINIMUM TEMPERATURE (F)   51        32      1968


SUNRISE AND SUNSET
AUGUST 28 2014........SUNRISE   636 AM EDT   SUNSET   754 PM EDT
AUGUST 29 2014........SUNRISE   637 AM EDT   SUNSET   753 PM EDT


-  INDICATES NEGATIVE NUMBERS.
R  INDICATES RECORD WAS SET OR TIED.
MM INDICATES DATA IS MISSING.
T  INDICATES TRACE AMOUNT.




$$
