000
CDUS41 KCTP 200632
CLIBFD


CLIMATE REPORT
NATIONAL WEATHER SERVICE STATE COLLEGE PA
232 AM EDT MON OCT 20 2014


...................................

...THE BRADFORD CLIMATE SUMMARY FOR OCTOBER 19 2014...

CLIMATE NORMAL PERIOD 1981 TO 2010
CLIMATE RECORD PERIOD 1957 TO 2014


WEATHER ITEM   OBSERVED TIME   RECORD YEAR NORMAL DEPARTURE LAST
                VALUE   (LST)  VALUE       VALUE  FROM      YEAR
                                                  NORMAL
..................................................................
TEMPERATURE (F)
 YESTERDAY
  MAXIMUM         46    335 PM  75    1963  56    -10       53
  MINIMUM         31   1155 PM  11    1974  35     -4       35
  AVERAGE         39                        46     -7       44

PRECIPITATION (IN)
  YESTERDAY        0.02          0.81 2002   0.11  -0.09     0.07
  MONTH TO DATE    2.90                      2.17   0.73     2.99
  SINCE SEP 1      5.15                      6.09  -0.94     5.52
  SINCE JAN 1     36.49                     36.04   0.45    26.93

DEGREE DAYS
 HEATING
  YESTERDAY       26                        15     11       21
  MONTH TO DATE  260                       236     24      176
  SINCE SEP 1    477                       500    -23      416
  SINCE JUL 1    661                       653      8      552

 COOLING
  YESTERDAY        0                         0      0        0
  MONTH TO DATE    1                         0      1        9
  SINCE SEP 1     26                        15     11       39
  SINCE JAN 1    196                       192      4      334
..................................................................


WIND (MPH)
  HIGHEST WIND SPEED    18   HIGHEST WIND DIRECTION    NW (300)
  HIGHEST GUST SPEED    24   HIGHEST GUST DIRECTION     W (290)
  AVERAGE WIND SPEED     7.7


SKY COVER
  POSSIBLE SUNSHINE  MM
  AVERAGE SKY COVER 0.6


WEATHER CONDITIONS
 THE FOLLOWING WEATHER WAS RECORDED YESTERDAY.
  LIGHT RAIN
  FOG


RELATIVE HUMIDITY (PERCENT)
 HIGHEST    92          1200 AM
 LOWEST     45           300 PM
 AVERAGE    69

..........................................................


THE BRADFORD CLIMATE NORMALS FOR TODAY
                         NORMAL    RECORD    YEAR
 MAXIMUM TEMPERATURE (F)   56        75      1963
 MINIMUM TEMPERATURE (F)   35        12      1972


SUNRISE AND SUNSET
OCTOBER 20 2014.......SUNRISE   732 AM EDT   SUNSET   625 PM EDT
OCTOBER 21 2014.......SUNRISE   734 AM EDT   SUNSET   624 PM EDT


-  INDICATES NEGATIVE NUMBERS.
R  INDICATES RECORD WAS SET OR TIED.
MM INDICATES DATA IS MISSING.
T  INDICATES TRACE AMOUNT.




$$
