000
CDUS45 KCYS 260739
CLIBFF


CLIMATE REPORT
NATIONAL WEATHER SERVICE CHEYENNE WY
1238 AM MST MON JAN 26 2015


...................................

...THE SCOTTSBLUFF NEBRASKA AIRPORT CLIMATE SUMMARY FOR JANUARY 25 2015...

CLIMATE NORMAL PERIOD 1981 TO 2010
CLIMATE RECORD PERIOD 1871 TO 2015


WEATHER ITEM   OBSERVED TIME   RECORD YEAR NORMAL DEPARTURE LAST
                VALUE   (LST)  VALUE       VALUE  FROM      YEAR
                                                  NORMAL
..................................................................
TEMPERATURE (F)
 YESTERDAY
  MAXIMUM         54    322 PM  69    1935  41     13       60
  MINIMUM         30    723 AM -18    1963  14     16       31
  AVERAGE         42                        28     14       46

PRECIPITATION (IN)
  YESTERDAY        T             0.38 2009   0.02  -0.02     0.00
  MONTH TO DATE    0.25                      0.33  -0.08     0.30
  SINCE JAN 1      0.25                      0.33  -0.08     0.30

SNOWFALL (IN)
  YESTERDAY        0.0           5.3  1950   0.2   -0.2      0.0
  MONTH TO DATE    3.4                       4.3   -0.9      3.7
  SINCE JUL 1     34.3                      20.3   14.0     27.8
  SNOW DEPTH       0

DEGREE DAYS
 HEATING
  YESTERDAY       23                        37    -14       19
  MONTH TO DATE 1041                       948     93      833
  SINCE DEC 1   2249                      2155     94     2056
  SINCE JUL 1   3694                      3720    -26     3561

 COOLING
  YESTERDAY        0                         0      0        0
  MONTH TO DATE    0                         0      0        0
  SINCE DEC 1      0                         0      0        0
  SINCE JAN 1      0                         0      0        0
..................................................................


WIND (MPH)
  HIGHEST WIND SPEED    28   HIGHEST WIND DIRECTION    NW (330)
  HIGHEST GUST SPEED    35   HIGHEST GUST DIRECTION    NW (320)
  AVERAGE WIND SPEED    10.7


SKY COVER
  AVERAGE SKY COVER 0.3


WEATHER CONDITIONS
 THE FOLLOWING WEATHER WAS RECORDED YESTERDAY.
  LIGHT RAIN


RELATIVE HUMIDITY (PERCENT)
 HIGHEST    89           900 PM
 LOWEST     46           300 PM
 AVERAGE    68

..........................................................


THE SCOTTSBLUFF NEBRASKA AIRPORT CLIMATE NORMALS FOR TODAY
                         NORMAL    RECORD    YEAR
 MAXIMUM TEMPERATURE (F)   41        74      1982
 MINIMUM TEMPERATURE (F)   14       -22      2009
                                             1902


SUNRISE AND SUNSET
JANUARY 26 2015.......SUNRISE   713 AM MST   SUNSET   502 PM MST
JANUARY 27 2015.......SUNRISE   712 AM MST   SUNSET   503 PM MST


-  INDICATES NEGATIVE NUMBERS.
R  INDICATES RECORD WAS SET OR TIED.
MM INDICATES DATA IS MISSING.
T  INDICATES TRACE AMOUNT.




$$
