000
CDUS45 KCYS 130322
CLIBFF


CLIMATE REPORT
NATIONAL WEATHER SERVICE CHEYENNE WY
922 PM MDT SAT JUL 12 2014


...................................

...THE SCOTTSBLUFF NEBRASKA AIRPORT CLIMATE SUMMARY FOR JULY 12 2014...
VALID TODAY AS OF 0900 PM LOCAL TIME.

CLIMATE NORMAL PERIOD 1981 TO 2010
CLIMATE RECORD PERIOD 1871 TO 2014


WEATHER ITEM   OBSERVED TIME   RECORD YEAR NORMAL DEPARTURE LAST
                VALUE   (LST)  VALUE       VALUE  FROM      YEAR
                                                  NORMAL
..................................................................
TEMPERATURE (F)
 TODAY
  MAXIMUM         84    449 PM 106    1939  90     -6       94
                                      1896
  MINIMUM         60    415 AM  37    1922  58      2       67
  AVERAGE         72                        74     -2       81

PRECIPITATION (IN)
  TODAY            0.00          1.33 1918   0.06  -0.06     0.10
  MONTH TO DATE    1.17                      0.72   0.45     0.59
  SINCE JUN 1      2.90                      3.57  -0.67     2.13
  SINCE JAN 1     10.05                      9.89   0.16     6.77

SNOWFALL (IN)
  TODAY            0.0          MM      MM   0.0    0.0      0.0
  MONTH TO DATE    0.0                       0.0    0.0      0.0
  SINCE JUL 1      0.0                       0.0    0.0      0.0
  SNOW DEPTH       0

DEGREE DAYS
 HEATING
  TODAY            0                         0      0        0
  MONTH TO DATE    3                         1      2        0
  SINCE JUN 1     56                        61     -5       21
  SINCE JUL 1      3                         1      2        0

 COOLING
  TODAY            7                         9     -2       16
  MONTH TO DATE  105                       102      3      140
  SINCE JUN 1    200                       228    -28      335
  SINCE JAN 1    227                       251    -24      389
..................................................................


WIND (MPH)
  HIGHEST WIND SPEED    10   HIGHEST WIND DIRECTION    SE (120)
  HIGHEST GUST SPEED    17   HIGHEST GUST DIRECTION    SE (120)
  AVERAGE WIND SPEED     5.2


SKY COVER
  AVERAGE SKY COVER 0.4


WEATHER CONDITIONS
 THE FOLLOWING WEATHER WAS RECORDED TODAY.
  NO SIGNIFICANT WEATHER WAS OBSERVED.


RELATIVE HUMIDITY (PERCENT)
 HIGHEST   100           100 AM
 LOWEST     51           300 PM
 AVERAGE    76

..........................................................


THE SCOTTSBLUFF NEBRASKA AIRPORT CLIMATE NORMALS FOR TOMORROW
                         NORMAL    RECORD    YEAR
 MAXIMUM TEMPERATURE (F)   90       104      2003
                                             1940
                                             1939
 MINIMUM TEMPERATURE (F)   58        45      1987
                                             1950
                                             1909


SUNRISE AND SUNSET
JULY 12 2014..........SUNRISE   530 AM MDT   SUNSET   830 PM MDT
JULY 13 2014..........SUNRISE   531 AM MDT   SUNSET   829 PM MDT


-  INDICATES NEGATIVE NUMBERS.
R  INDICATES RECORD WAS SET OR TIED.
MM INDICATES DATA IS MISSING.
T  INDICATES TRACE AMOUNT.




$$
