000
CDUS45 KCYS 212226
CLIBFF


CLIMATE REPORT
NATIONAL WEATHER SERVICE CHEYENNE WY
326 PM MST FRI NOV 21 2014


...................................

...THE SCOTTSBLUFF NEBRASKA AIRPORT CLIMATE SUMMARY FOR NOVEMBER 21 2014...
VALID AS OF 0300 PM LOCAL TIME.

CLIMATE NORMAL PERIOD 1981 TO 2010
CLIMATE RECORD PERIOD 1871 TO 2014


WEATHER ITEM   OBSERVED TIME   RECORD YEAR NORMAL DEPARTURE LAST
                VALUE   (LST)  VALUE       VALUE  FROM      YEAR
                                                  NORMAL
..................................................................
TEMPERATURE (F)
 TODAY
  MAXIMUM         58   1251 PM  76    2012  47     11       21
  MINIMUM         24    423 AM  -5    1947  19      5        5
  AVERAGE         41                        33      8       13

PRECIPITATION (IN)
  TODAY            0.00          0.72 1979   0.02  -0.02     0.22
  MONTH TO DATE    0.73                      0.49   0.24     0.85
  SINCE SEP 1      5.58                      2.81   2.77     4.89
  SINCE JAN 1     17.62                     15.11   2.51    12.74

SNOWFALL (IN)
  TODAY            0.0           6.0  1942   0.2   -0.2      4.3
  MONTH TO DATE    3.1                       3.8   -0.7      6.3
  SINCE JUL 1      3.1                       7.0   -3.9     12.9
  SNOW DEPTH       0

DEGREE DAYS
 HEATING
  TODAY           24                        32     -8       52
  MONTH TO DATE  686                       565    121      529
  SINCE SEP 1   1151                      1236    -85     1183
  SINCE JUL 1   1164                      1256    -92     1185

 COOLING
  TODAY            0                         0      0        0
  MONTH TO DATE    0                         0      0        0
  SINCE SEP 1     76                        59     17      155
  SINCE JAN 1    719                       724     -5     1047
..................................................................


WIND (MPH)
  HIGHEST WIND SPEED    24   HIGHEST WIND DIRECTION     W (280)
  HIGHEST GUST SPEED    29   HIGHEST GUST DIRECTION     W (280)
  AVERAGE WIND SPEED     4.6


SKY COVER
  AVERAGE SKY COVER 0.3


WEATHER CONDITIONS
 THE FOLLOWING WEATHER WAS RECORDED TODAY.
  NO SIGNIFICANT WEATHER WAS OBSERVED.


RELATIVE HUMIDITY (PERCENT)
 HIGHEST    81           500 AM
 LOWEST     23           300 PM
 AVERAGE    52

..........................................................


THE SCOTTSBLUFF NEBRASKA AIRPORT CLIMATE NORMALS FOR TOMORROW
                         NORMAL    RECORD    YEAR
 MAXIMUM TEMPERATURE (F)   47        72      2002
 MINIMUM TEMPERATURE (F)   19       -13      1947
                                             1942


SUNRISE AND SUNSET
NOVEMBER 21 2014......SUNRISE   651 AM MST   SUNSET   429 PM MST
NOVEMBER 22 2014......SUNRISE   652 AM MST   SUNSET   428 PM MST


-  INDICATES NEGATIVE NUMBERS.
R  INDICATES RECORD WAS SET OR TIED.
MM INDICATES DATA IS MISSING.
T  INDICATES TRACE AMOUNT.




$$
