000
CDUS45 KCYS 050728
CLIBFF


CLIMATE REPORT
NATIONAL WEATHER SERVICE CHEYENNE WY
128 AM MDT THU MAY 5 2016


...................................

...THE SCOTTSBLUFF NE AIRPORT CLIMATE SUMMARY FOR MAY 4 2016...

CLIMATE NORMAL PERIOD 1981 TO 2010
CLIMATE RECORD PERIOD 1871 TO 2016


WEATHER ITEM   OBSERVED TIME   RECORD YEAR NORMAL DEPARTURE LAST
                VALUE   (LST)  VALUE       VALUE  FROM      YEAR
                                                  NORMAL
..................................................................
TEMPERATURE (F)
 YESTERDAY
  MAXIMUM         76    357 PM  92    1936  68      8       62
  MINIMUM         41    457 AM  20    1898  38      3       48
  AVERAGE         59                        53      6       55

PRECIPITATION (IN)
  YESTERDAY        0.00          0.73 1908   0.06  -0.06     0.05
  MONTH TO DATE    0.01                      0.26  -0.25     0.06
  SINCE JAN 1      7.51                      4.10   3.41     4.27

SNOWFALL (IN)
  YESTERDAY        0.0           5.0  1908   0.1   -0.1      0.0
  MONTH TO DATE    0.0                       0.2   -0.2      0.0
  SINCE JUL 1     34.6                      41.8   -7.2     43.7
  SNOW DEPTH       0

DEGREE DAYS
 HEATING
  YESTERDAY        6                        12     -6       10
  MONTH TO DATE   53                        51      2       21
  SINCE MAR 1   1245                      1432   -187     1110
  SINCE JUL 1   5675                      6344   -669     5825

 COOLING
  YESTERDAY        0                         0      0        0
  MONTH TO DATE    0                         0      0        0
  SINCE MAR 1      0                         2     -2        0
  SINCE JAN 1      0                         2     -2        0
..................................................................


WIND (MPH)
  HIGHEST WIND SPEED    12   HIGHEST WIND DIRECTION    SE (130)
  HIGHEST GUST SPEED    16   HIGHEST GUST DIRECTION    SE (120)
  AVERAGE WIND SPEED     7.0


SKY COVER
  AVERAGE SKY COVER 0.0


WEATHER CONDITIONS
 THE FOLLOWING WEATHER WAS RECORDED YESTERDAY.
  NO SIGNIFICANT WEATHER WAS OBSERVED.


RELATIVE HUMIDITY (PERCENT)
 HIGHEST    86           500 AM
 LOWEST     25           200 PM
 AVERAGE    56

..........................................................


THE SCOTTSBLUFF NE AIRPORT CLIMATE NORMALS FOR TODAY
                         NORMAL    RECORD    YEAR
 MAXIMUM TEMPERATURE (F)   68        95      2004
 MINIMUM TEMPERATURE (F)   39        21      1898


SUNRISE AND SUNSET
MAY  5 2016...........SUNRISE   545 AM MDT   SUNSET   758 PM MDT
MAY  6 2016...........SUNRISE   544 AM MDT   SUNSET   759 PM MDT


-  INDICATES NEGATIVE NUMBERS.
R  INDICATES RECORD WAS SET OR TIED.
MM INDICATES DATA IS MISSING.
T  INDICATES TRACE AMOUNT.




$$
