000
CDUS45 KCYS 200731
CLIBFF


CLIMATE REPORT
NATIONAL WEATHER SERVICE CHEYENNE WY
1231 AM MST SAT DEC 20 2014


...................................

...THE SCOTTSBLUFF NEBRASKA AIRPORT CLIMATE SUMMARY FOR DECEMBER 19 2014...

CLIMATE NORMAL PERIOD 1981 TO 2010
CLIMATE RECORD PERIOD 1871 TO 2014


WEATHER ITEM   OBSERVED TIME   RECORD YEAR NORMAL DEPARTURE LAST
                VALUE   (LST)  VALUE       VALUE  FROM      YEAR
                                                  NORMAL
..................................................................
TEMPERATURE (F)
 YESTERDAY
  MAXIMUM         39    255 PM  63    1917  39      0       37
  MINIMUM          2    805 AM -21    1907  12    -10       11
  AVERAGE         21                        25     -4       24

PRECIPITATION (IN)
  YESTERDAY        0.00          0.27 1916   0.02  -0.02      T
  MONTH TO DATE    0.80                      0.32   0.48     0.55
  SINCE JAN 1     18.60                     15.60   3.00    13.29

SNOWFALL (IN)
  YESTERDAY        0.0           3.0  1916   0.3   -0.3       T
  MONTH TO DATE   10.5                       4.4    6.1      9.6
  SINCE JUL 1     16.1                      13.3    2.8     22.5
  SNOW DEPTH      MM

DEGREE DAYS
 HEATING
  YESTERDAY       44                        40      4       41
  MONTH TO DATE  642                       733    -91      782
  SINCE DEC 1    642                       733    -91      782
  SINCE JUL 1   2087                      2298   -211     2287

 COOLING
  YESTERDAY        0                         0      0        0
  MONTH TO DATE    0                         0      0        0
  SINCE DEC 1      0                         0      0        0
  SINCE JAN 1    719                       724     -5     1047
..................................................................


WIND (MPH)
  HIGHEST WIND SPEED    14   HIGHEST WIND DIRECTION     W (270)
  HIGHEST GUST SPEED    16   HIGHEST GUST DIRECTION     W (270)
  AVERAGE WIND SPEED     4.0


SKY COVER
  AVERAGE SKY COVER 0.0


WEATHER CONDITIONS
 THE FOLLOWING WEATHER WAS RECORDED YESTERDAY.
  FOG


RELATIVE HUMIDITY (PERCENT)
 HIGHEST   100           600 AM
 LOWEST     59           300 PM
 AVERAGE    80

..........................................................


THE SCOTTSBLUFF NEBRASKA AIRPORT CLIMATE NORMALS FOR TODAY
                         NORMAL    RECORD    YEAR
 MAXIMUM TEMPERATURE (F)   39        65      1941
 MINIMUM TEMPERATURE (F)   12       -23      1983
                                             1916


SUNRISE AND SUNSET
DECEMBER 20 2014......SUNRISE   718 AM MST   SUNSET   426 PM MST
DECEMBER 21 2014......SUNRISE   719 AM MST   SUNSET   426 PM MST


-  INDICATES NEGATIVE NUMBERS.
R  INDICATES RECORD WAS SET OR TIED.
MM INDICATES DATA IS MISSING.
T  INDICATES TRACE AMOUNT.




$$
