000
CDUS45 KCYS 270334
CLIBFF


CLIMATE REPORT
NATIONAL WEATHER SERVICE CHEYENNE WY
934 PM MDT MON SEP 26 2016


...................................

...THE SCOTTSBLUFF NE AIRPORT CLIMATE SUMMARY FOR SEPTEMBER 26 2016...
VALID TODAY AS OF 0900 PM LOCAL TIME.

CLIMATE NORMAL PERIOD 1981 TO 2010
CLIMATE RECORD PERIOD 1871 TO 2016


WEATHER ITEM   OBSERVED TIME   RECORD YEAR NORMAL DEPARTURE LAST
                VALUE   (LST)  VALUE       VALUE  FROM      YEAR
                                                  NORMAL
..................................................................
TEMPERATURE (F)
 TODAY
  MAXIMUM         77    329 PM  95    2011  73      4       85
  MINIMUM         35    521 AM  17    1942  41     -6       56
  AVERAGE         56                        57     -1       71

PRECIPITATION (IN)
  TODAY            0.00          1.60 1915   0.04  -0.04     0.00
  MONTH TO DATE    1.40                      1.02   0.38     1.00
  SINCE SEP 1      1.40                      1.02   0.38     1.00
  SINCE JAN 1     14.72                     13.32   1.40    20.49

SNOWFALL (IN)
  TODAY            0.0           2.0  1927   0.0    0.0      0.0
  MONTH TO DATE    0.0                       0.3   -0.3      0.0
  SINCE JUL 1      0.0                       0.3   -0.3      0.0
  SNOW DEPTH       0

DEGREE DAYS
 HEATING
  TODAY            9                         9      0        0
  MONTH TO DATE   82                       120    -38       32
  SINCE SEP 1     82                       120    -38       32
  SINCE JUL 1     98                       140    -42       65

 COOLING
  TODAY            0                         0      0        6
  MONTH TO DATE   72                        57     15      101
  SINCE SEP 1     72                        57     15      101
  SINCE JAN 1    893                       722    171      781
..................................................................


WIND (MPH)
  HIGHEST WIND SPEED    17   HIGHEST WIND DIRECTION    NW (330)
  HIGHEST GUST SPEED    22   HIGHEST GUST DIRECTION    NW (320)
  AVERAGE WIND SPEED     7.1


SKY COVER
  AVERAGE SKY COVER 0.0


WEATHER CONDITIONS
 THE FOLLOWING WEATHER WAS RECORDED TODAY.
  NO SIGNIFICANT WEATHER WAS OBSERVED.


RELATIVE HUMIDITY (PERCENT)
 HIGHEST    92           300 AM
 LOWEST     27           200 PM
 AVERAGE    60

..........................................................


THE SCOTTSBLUFF NE AIRPORT CLIMATE NORMALS FOR TOMORROW
                         NORMAL    RECORD    YEAR
 MAXIMUM TEMPERATURE (F)   72        92      1952
 MINIMUM TEMPERATURE (F)   40        18      1908


SUNRISE AND SUNSET
SEPTEMBER 26 2016.....SUNRISE   647 AM MDT   SUNSET   644 PM MDT
SEPTEMBER 27 2016.....SUNRISE   648 AM MDT   SUNSET   642 PM MDT


-  INDICATES NEGATIVE NUMBERS.
R  INDICATES RECORD WAS SET OR TIED.
MM INDICATES DATA IS MISSING.
T  INDICATES TRACE AMOUNT.




$$
