000
CDUS46 KHNX 160822
CLIBFL


CLIMATE REPORT
NATIONAL WEATHER SERVICE SAN JOAQUIN VALLEY, CA
121 AM PDT TUE SEP 16 2014


...................................

...THE BAKERSFIELD CLIMATE SUMMARY FOR SEPTEMBER 15 2014...

CLIMATE NORMAL PERIOD 1981 TO 2010
CLIMATE RECORD PERIOD 1889 TO 2014


WEATHER ITEM   OBSERVED TIME   RECORD YEAR NORMAL DEPARTURE
                VALUE   (LST)  VALUE       VALUE  FROM
                                                  NORMAL
...............................................................
TEMPERATURE (F)
 YESTERDAY
  MAXIMUM        101    400 PM 106    1979  90     11
  MINIMUM         74    541 AM  40    1915  64     10
  AVERAGE         88                        77     11

PRECIPITATION (IN)
  YESTERDAY        0.00          0.00 2012   0.01  -0.01
                                      2011
                                      2010
  MONTH TO DATE    0.01                      0.03  -0.02
  SINCE JUL 1      0.01                      0.07  -0.06
  SINCE JAN 1      1.35                      4.46  -3.11

SNOWFALL (IN)
  YESTERDAY        0.0
  MONTH TO DATE    0.0
  SINCE SEP 1      0.0
  SINCE JUL 1      0.0
  SNOW DEPTH       0

DEGREE DAYS
 HEATING
  YESTERDAY        0                                0
  MONTH TO DATE    0                                0
  SINCE SEP 1      0                                0
  SINCE JUL 1      0                                0

 COOLING
  YESTERDAY       23                               11
  MONTH TO DATE  303                               96
  SINCE SEP 1    303                               96
  SINCE JAN 1   2584                              609
...............................................................


WIND (MPH)
  HIGHEST WIND SPEED    13   HIGHEST WIND DIRECTION     W (290)
  HIGHEST GUST SPEED    15   HIGHEST GUST DIRECTION    NW (300)
  AVERAGE WIND SPEED     4.9




RELATIVE HUMIDITY (PERCENT)
 HIGHEST    43
 LOWEST     17
 AVERAGE    30

..........................................................


THE BAKERSFIELD CLIMATE NORMALS FOR TODAY
                         NORMAL    RECORD    YEAR
 MAXIMUM TEMPERATURE (F)   90       109      1929
                                             1913
 MINIMUM TEMPERATURE (F)   64        42      1915


SUNRISE AND SUNSET
SEPTEMBER 16 2014.....SUNRISE   640 AM PDT   SUNSET   702 PM PDT
SEPTEMBER 17 2014.....SUNRISE   640 AM PDT   SUNSET   700 PM PDT


-  INDICATES NEGATIVE NUMBERS.
R  INDICATES RECORD WAS SET OR TIED.
MM INDICATES DATA IS MISSING.
T  INDICATES TRACE AMOUNT.




$$
