000
CDUS46 KHNX 250023
CLIBFL


CLIMATE REPORT
NATIONAL WEATHER SERVICE SAN JOAQUIN VALLEY, CA
422 PM PST SAT FEB 24 2018


...................................

...THE BAKERSFIELD CLIMATE SUMMARY FOR FEBRUARY 24 2018...
VALID AS OF 0400 PM LOCAL TIME.

CLIMATE NORMAL PERIOD 1981 TO 2010
CLIMATE RECORD PERIOD 1889 TO 2018


WEATHER ITEM   OBSERVED TIME   RECORD YEAR NORMAL DEPARTURE LAST
                VALUE   (LST)  VALUE       VALUE  FROM      YEAR
                                                  NORMAL
..................................................................
TEMPERATURE (F)
 TODAY
  MAXIMUM         59    359 PM  82    2016  65     -6       57
  MINIMUM         32    614 AM  29    1908  44    -12       34
  AVERAGE         46                        55     -9       46

PRECIPITATION (IN)
  TODAY            0.00          0.68 1969   0.05  -0.05     0.00
  MONTH TO DATE    T                         1.07  -1.07     1.46
  SINCE OCT 1      1.10                      4.19  -3.09     7.25
  SINCE JAN 1      1.03                      2.23  -1.20     4.22

SNOWFALL (IN)
  TODAY            0.0
  MONTH TO DATE    0.0
  SINCE DEC 1      0.0
  SINCE JUL 1      0.0
  SNOW DEPTH       0

DEGREE DAYS
 HEATING
  TODAY           19                        10      9       19
  MONTH TO DATE  233                       308    -75      178
  SINCE DEC 1   1034                      1376   -342     1093
  SINCE JUL 1   1211                      1734   -523     1298

 COOLING
  TODAY            0                         0      0        0
  MONTH TO DATE    0                         0      0        0
  SINCE DEC 1      0                         0      0        2
  SINCE JAN 1      0                         0      0        2
..................................................................


WIND (MPH)
  HIGHEST WIND SPEED    15   HIGHEST WIND DIRECTION    NW (330)
  HIGHEST GUST SPEED    20   HIGHEST GUST DIRECTION     W (290)
  AVERAGE WIND SPEED     4.0




RELATIVE HUMIDITY (PERCENT)
 HIGHEST    64
 LOWEST     24
 AVERAGE    44

..........................................................


THE BAKERSFIELD CLIMATE NORMALS FOR TOMORROW
                         NORMAL    RECORD    YEAR
 MAXIMUM TEMPERATURE (F)   65        82      1991
 MINIMUM TEMPERATURE (F)   44        30      1908


SUNRISE AND SUNSET
FEBRUARY 24 2018......SUNRISE   632 AM PST   SUNSET   547 PM PST
FEBRUARY 25 2018......SUNRISE   631 AM PST   SUNSET   548 PM PST


-  INDICATES NEGATIVE NUMBERS.
R  INDICATES RECORD WAS SET OR TIED.
MM INDICATES DATA IS MISSING.
T  INDICATES TRACE AMOUNT.




$$
