478
CDUS46 KHNX 220821
CLIBFL


CLIMATE REPORT
NATIONAL WEATHER SERVICE SAN JOAQUIN VALLEY, CA
121 AM PDT FRI MAY 22 2015


...................................

...THE BAKERSFIELD CLIMATE SUMMARY FOR MAY 21 2015...

CLIMATE NORMAL PERIOD 1981 TO 2010
CLIMATE RECORD PERIOD 1889 TO 2015


WEATHER ITEM   OBSERVED TIME   RECORD YEAR NORMAL DEPARTURE
                VALUE   (LST)  VALUE       VALUE  FROM
                                                  NORMAL
...............................................................
TEMPERATURE (F)
 YESTERDAY
  MAXIMUM         71    249 PM 103    1988  85    -14
  MINIMUM         57    632 AM  42    1902  59     -2
  AVERAGE         64                        72     -8

PRECIPITATION (IN)
  YESTERDAY        0.00          0.58 1921   0.00   0.00
  MONTH TO DATE    0.26                      0.14   0.12
  SINCE OCT 1      4.87                      6.23  -1.36
  SINCE JAN 1      2.20                      4.27  -2.07

SNOWFALL (IN)
  YESTERDAY        0.0
  MONTH TO DATE    0.0
  SINCE MAR 1      0.0
  SINCE JUL 1      0.0
  SNOW DEPTH       0

DEGREE DAYS
 HEATING
  YESTERDAY        1                                0
  MONTH TO DATE   16                              -11
  SINCE MAR 1    169                             -226
  SINCE JUL 1   1304                             -865

 COOLING
  YESTERDAY        0                               -7
  MONTH TO DATE   80                              -38
  SINCE MAR 1    242                               58
  SINCE JAN 1    246                               62
...............................................................


WIND (MPH)
  HIGHEST WIND SPEED    18   HIGHEST WIND DIRECTION    NW (320)
  HIGHEST GUST SPEED    21   HIGHEST GUST DIRECTION    NW (320)
  AVERAGE WIND SPEED     9.1




RELATIVE HUMIDITY (PERCENT)
 HIGHEST    62
 LOWEST     37
 AVERAGE    50

..........................................................


THE BAKERSFIELD CLIMATE NORMALS FOR TODAY
                         NORMAL    RECORD    YEAR
 MAXIMUM TEMPERATURE (F)   85       102      2001
                                             2000
                                             1967
 MINIMUM TEMPERATURE (F)   59        36      1903


SUNRISE AND SUNSET
MAY 22 2015...........SUNRISE   547 AM PDT   SUNSET   759 PM PDT
MAY 23 2015...........SUNRISE   546 AM PDT   SUNSET   800 PM PDT


-  INDICATES NEGATIVE NUMBERS.
R  INDICATES RECORD WAS SET OR TIED.
MM INDICATES DATA IS MISSING.
T  INDICATES TRACE AMOUNT.




$$
