000
CDUS46 KHNX 300824
CLIBFL


CLIMATE REPORT
NATIONAL WEATHER SERVICE SAN JOAQUIN VALLEY, CA
123 AM PDT SUN APR 30 2017


...................................

...THE BAKERSFIELD CLIMATE SUMMARY FOR APRIL 29 2017...

CLIMATE NORMAL PERIOD 1981 TO 2010
CLIMATE RECORD PERIOD 1889 TO 2017


WEATHER ITEM   OBSERVED TIME   RECORD YEAR NORMAL DEPARTURE
                VALUE   (LST)  VALUE       VALUE  FROM
                                                  NORMAL
...............................................................
TEMPERATURE (F)
 YESTERDAY
  MAXIMUM         84    302 PM 100    1981  79      5
  MINIMUM         50    520 AM  40    1984  53     -3
                                      1908
                                      1907
  AVERAGE         67                        66      1

PRECIPITATION (IN)
  YESTERDAY        0.00          0.26 1951   0.01  -0.01
  MONTH TO DATE    0.35                      0.51  -0.16
  SINCE OCT 1      7.76                      6.08   1.68
  SINCE JAN 1      4.73                      4.12   0.61

SNOWFALL (IN)
  YESTERDAY        0.0
  MONTH TO DATE    0.0
  SINCE MAR 1      0.0
  SINCE JUL 1      0.0
  SNOW DEPTH       0

DEGREE DAYS
 HEATING
  YESTERDAY        0                               -2
  MONTH TO DATE   52                              -75
  SINCE MAR 1    224                             -142
  SINCE JUL 1   1592                             -548

 COOLING
  YESTERDAY        2                               -1
  MONTH TO DATE   47                               -7
  SINCE MAR 1     71                                8
  SINCE JAN 1     73                               10
...............................................................


WIND (MPH)
  HIGHEST WIND SPEED    16   HIGHEST WIND DIRECTION    NW (320)
  HIGHEST GUST SPEED    22   HIGHEST GUST DIRECTION    NW (300)
  AVERAGE WIND SPEED     6.9




RELATIVE HUMIDITY (PERCENT)
 HIGHEST    54
 LOWEST     15
 AVERAGE    35

..........................................................


THE BAKERSFIELD CLIMATE NORMALS FOR TODAY
                         NORMAL    RECORD    YEAR
 MAXIMUM TEMPERATURE (F)   79       101      1981
 MINIMUM TEMPERATURE (F)   54        38      1915
                                             1907


SUNRISE AND SUNSET
APRIL 30 2017.........SUNRISE   605 AM PDT   SUNSET   742 PM PDT
MAY  1 2017...........SUNRISE   604 AM PDT   SUNSET   743 PM PDT


-  INDICATES NEGATIVE NUMBERS.
R  INDICATES RECORD WAS SET OR TIED.
MM INDICATES DATA IS MISSING.
T  INDICATES TRACE AMOUNT.




$$
