000
CDUS46 KHNX 200825
CLIBFL


CLIMATE REPORT
NATIONAL WEATHER SERVICE SAN JOAQUIN VALLEY, CA
125 AM PDT WED AUG 20 2014


...................................

...THE BAKERSFIELD CLIMATE SUMMARY FOR AUGUST 19 2014...

CLIMATE NORMAL PERIOD 1981 TO 2010
CLIMATE RECORD PERIOD 1889 TO 2014


WEATHER ITEM   OBSERVED TIME   RECORD YEAR NORMAL DEPARTURE
                VALUE   (LST)  VALUE       VALUE  FROM
                                                  NORMAL
...............................................................
TEMPERATURE (F)
 YESTERDAY
  MAXIMUM         94    333 PM 109    1950  95     -1
  MINIMUM         70    522 AM  52    1913  69      1
  AVERAGE         82                        82      0

PRECIPITATION (IN)
  YESTERDAY        0.00          0.08 1983   0.00   0.00
  MONTH TO DATE    T                         0.02  -0.02
  SINCE JUL 1      T                         0.02  -0.02
  SINCE JAN 1      1.34                      4.41  -3.07

SNOWFALL (IN)
  YESTERDAY        0.0
  MONTH TO DATE    0.0
  SINCE JUN 1      0.0
  SINCE JUL 1      0.0
  SNOW DEPTH       0

DEGREE DAYS
 HEATING
  YESTERDAY        0                                0
  MONTH TO DATE    0                                0
  SINCE JUN 1      0                               -2
  SINCE JUL 1      0                                0

 COOLING
  YESTERDAY       17                                0
  MONTH TO DATE  406                               60
  SINCE JUN 1   1609                              301
  SINCE JAN 1   2061                              486
...............................................................


WIND (MPH)
  HIGHEST WIND SPEED    24   HIGHEST WIND DIRECTION    NW (320)
  HIGHEST GUST SPEED    28   HIGHEST GUST DIRECTION    NW (320)
  AVERAGE WIND SPEED     9.4




RELATIVE HUMIDITY (PERCENT)
 HIGHEST    33
 LOWEST     17
 AVERAGE    25

..........................................................


THE BAKERSFIELD CLIMATE NORMALS FOR TODAY
                         NORMAL    RECORD    YEAR
 MAXIMUM TEMPERATURE (F)   95       112      1950
 MINIMUM TEMPERATURE (F)   69        52      1912


SUNRISE AND SUNSET
AUGUST 20 2014........SUNRISE   619 AM PDT   SUNSET   739 PM PDT
AUGUST 21 2014........SUNRISE   620 AM PDT   SUNSET   738 PM PDT


-  INDICATES NEGATIVE NUMBERS.
R  INDICATES RECORD WAS SET OR TIED.
MM INDICATES DATA IS MISSING.
T  INDICATES TRACE AMOUNT.




$$
