000
CDUS46 KHNX 090026
CLIBFL


CLIMATE REPORT
NATIONAL WEATHER SERVICE SAN JOAQUIN VALLEY, CA
425 PM PST MON FEB 8 2016


...................................

...THE BAKERSFIELD CLIMATE SUMMARY FOR FEBRUARY 8 2016...
VALID TODAY AS OF 0400 PM LOCAL TIME.

CLIMATE NORMAL PERIOD 1981 TO 2010
CLIMATE RECORD PERIOD 1889 TO 2016


WEATHER ITEM   OBSERVED TIME   RECORD YEAR NORMAL DEPARTURE LAST
                VALUE   (LST)  VALUE       VALUE  FROM      YEAR
                                                  NORMAL
..................................................................
TEMPERATURE (F)
 TODAY
  MAXIMUM         74    345 PM  82    2015  61     13       82
  MINIMUM         42    644 AM  23    1929  41      1       50
  AVERAGE         58                        51      7       66

PRECIPITATION (IN)
  TODAY            0.00          0.66 1915   0.04  -0.04     0.00
  MONTH TO DATE    T                         0.35  -0.35     0.07
  SINCE OCT 1      3.28                      3.47  -0.19     3.43
  SINCE JAN 1      1.95                      1.51   0.44     0.76

SNOWFALL (IN)
  TODAY            0.0
  MONTH TO DATE    0.0
  SINCE DEC 1      0.0
  SINCE JUL 1      0.0
  SNOW DEPTH       0

DEGREE DAYS
 HEATING
  TODAY            7                        14     -7        0
  MONTH TO DATE  126                       116     10       32
  SINCE DEC 1   1051                      1184   -133      825
  SINCE JUL 1   1394                      1542   -148      999

 COOLING
  TODAY            0                         0      0        1
  MONTH TO DATE    0                         0      0        4
  SINCE DEC 1      0                         0      0        4
  SINCE JAN 1      0                         0      0        4
..................................................................


WIND (MPH)
  HIGHEST WIND SPEED    14   HIGHEST WIND DIRECTION     N (360)
  HIGHEST GUST SPEED    17   HIGHEST GUST DIRECTION     N (350)
  AVERAGE WIND SPEED     5.0




RELATIVE HUMIDITY (PERCENT)
 HIGHEST    86
 LOWEST     33
 AVERAGE    60

..........................................................


THE BAKERSFIELD CLIMATE NORMALS FOR TOMORROW
                         NORMAL    RECORD    YEAR
 MAXIMUM TEMPERATURE (F)   61        77      2012
 MINIMUM TEMPERATURE (F)   41        24      1929


SUNRISE AND SUNSET
FEBRUARY  8 2016......SUNRISE   650 AM PST   SUNSET   531 PM PST
FEBRUARY  9 2016......SUNRISE   649 AM PST   SUNSET   532 PM PST


-  INDICATES NEGATIVE NUMBERS.
R  INDICATES RECORD WAS SET OR TIED.
MM INDICATES DATA IS MISSING.
T  INDICATES TRACE AMOUNT.




$$
