000
CDUS46 KHNX 270021
CLIBFL


CLIMATE REPORT
NATIONAL WEATHER SERVICE SAN JOAQUIN VALLEY, CA
520 PM PDT THU MAR 26 2015


...................................

...THE BAKERSFIELD CLIMATE SUMMARY FOR MARCH 26 2015...
VALID AS OF 0500 PM LOCAL TIME.

CLIMATE NORMAL PERIOD 1981 TO 2010
CLIMATE RECORD PERIOD 1889 TO 2015


WEATHER ITEM   OBSERVED TIME   RECORD YEAR NORMAL DEPARTURE LAST
                VALUE   (LST)  VALUE       VALUE  FROM      YEAR
                                                  NORMAL
..................................................................
TEMPERATURE (F)
 TODAY
  MAXIMUM         90R   359 PM  87    1997  70     20       67
                                      1988
                                      1946
  MINIMUM         53    559 AM  21    1907  47      6       52
  AVERAGE         72                        59     13       60

PRECIPITATION (IN)
  TODAY            0.00          0.87 1924   0.03  -0.03     0.01
  MONTH TO DATE    0.27                      1.05  -0.78     0.05
  SINCE OCT 1      4.53                      5.41  -0.88     1.56
  SINCE JAN 1      1.86                      3.45  -1.59     0.49

SNOWFALL (IN)
  TODAY            0.0
  MONTH TO DATE    0.0
  SINCE MAR 1      0.0
  SINCE JUL 1      0.0
  SNOW DEPTH       0

DEGREE DAYS
 HEATING
  TODAY            0                         7     -7        5
  MONTH TO DATE   84                       206   -122       73
  SINCE MAR 1     84                       206   -122       73
  SINCE JUL 1   1219                      1980   -761     1401

 COOLING
  TODAY            7                         0      7        0
  MONTH TO DATE   41                         0     41       19
  SINCE MAR 1     41                         0     41       19
  SINCE JAN 1     45                         0     45       28
..................................................................


WIND (MPH)
  HIGHEST WIND SPEED    14   HIGHEST WIND DIRECTION     N (340)
  HIGHEST GUST SPEED    16   HIGHEST GUST DIRECTION     N (350)
  AVERAGE WIND SPEED     4.8




RELATIVE HUMIDITY (PERCENT)
 HIGHEST    71
 LOWEST     15
 AVERAGE    43

..........................................................


THE BAKERSFIELD CLIMATE NORMALS FOR TOMORROW
                         NORMAL    RECORD    YEAR
 MAXIMUM TEMPERATURE (F)   70        90      1986
 MINIMUM TEMPERATURE (F)   47        32      1908
                                             1907


SUNRISE AND SUNSET
MARCH 26 2015.........SUNRISE   652 AM PDT   SUNSET   713 PM PDT
MARCH 27 2015.........SUNRISE   650 AM PDT   SUNSET   714 PM PDT


-  INDICATES NEGATIVE NUMBERS.
R  INDICATES RECORD WAS SET OR TIED.
MM INDICATES DATA IS MISSING.
T  INDICATES TRACE AMOUNT.




$$
