000
CDUS46 KHNX 280823
CLIBFL


CLIMATE REPORT
NATIONAL WEATHER SERVICE SAN JOAQUIN VALLEY, CA
122 AM PDT WED SEP 28 2016


...................................

...THE BAKERSFIELD CLIMATE SUMMARY FOR SEPTEMBER 27 2016...

CLIMATE NORMAL PERIOD 1981 TO 2010
CLIMATE RECORD PERIOD 1889 TO 2016


WEATHER ITEM   OBSERVED TIME   RECORD YEAR NORMAL DEPARTURE
                VALUE   (LST)  VALUE       VALUE  FROM
                                                  NORMAL
...............................................................
TEMPERATURE (F)
 YESTERDAY
  MAXIMUM         99    327 PM 104    2009  87     12
  MINIMUM         67    543 AM  30    1908  61      6
  AVERAGE         83                        74      9

PRECIPITATION (IN)
  YESTERDAY        0.00          0.10 1918   0.01  -0.01
  MONTH TO DATE    0.00                      0.07  -0.07
  SINCE OCT 1      5.43                      6.46  -1.03
  SINCE JAN 1      4.10                      4.50  -0.40

SNOWFALL (IN)
  YESTERDAY        0.0
  MONTH TO DATE    0.0
  SINCE SEP 1      0.0
  SINCE JUL 1      0.0
  SNOW DEPTH       0

DEGREE DAYS
 HEATING
  YESTERDAY        0                                0
  MONTH TO DATE    0                                0
  SINCE SEP 1      0                                0
  SINCE JUL 1      0                                0

 COOLING
  YESTERDAY       18                                9
  MONTH TO DATE  359                               23
  SINCE SEP 1    359                               23
  SINCE JAN 1   2552                              448
...............................................................


WIND (MPH)
  HIGHEST WIND SPEED    13   HIGHEST WIND DIRECTION    NW (320)
  HIGHEST GUST SPEED    16   HIGHEST GUST DIRECTION    NW (300)
  AVERAGE WIND SPEED     5.6




RELATIVE HUMIDITY (PERCENT)
 HIGHEST    31
 LOWEST     12
 AVERAGE    22

..........................................................


THE BAKERSFIELD CLIMATE NORMALS FOR TODAY
                         NORMAL    RECORD    YEAR
 MAXIMUM TEMPERATURE (F)   87       102      1917
                                             1916
 MINIMUM TEMPERATURE (F)   61        33      1908


SUNRISE AND SUNSET
SEPTEMBER 28 2016.....SUNRISE   649 AM PDT   SUNSET   643 PM PDT
SEPTEMBER 29 2016.....SUNRISE   650 AM PDT   SUNSET   642 PM PDT


-  INDICATES NEGATIVE NUMBERS.
R  INDICATES RECORD WAS SET OR TIED.
MM INDICATES DATA IS MISSING.
T  INDICATES TRACE AMOUNT.




$$
