000
CDUS46 KHNX 210023
CLIBFL


CLIMATE REPORT
NATIONAL WEATHER SERVICE SAN JOAQUIN VALLEY, CA
522 PM PDT FRI OCT 20 2017


...................................

...THE BAKERSFIELD CLIMATE SUMMARY FOR OCTOBER 20 2017...
VALID AS OF 0400 PM LOCAL TIME.

CLIMATE NORMAL PERIOD 1981 TO 2010
CLIMATE RECORD PERIOD 1889 TO 2017


WEATHER ITEM   OBSERVED TIME   RECORD YEAR NORMAL DEPARTURE LAST
                VALUE   (LST)  VALUE       VALUE  FROM      YEAR
                                                  NORMAL
..................................................................
TEMPERATURE (F)
 TODAY
  MAXIMUM         70    249 PM  97    1927  78     -8       80
  MINIMUM         58    910 AM  33    1908  54      4       52
  AVERAGE         64                        66     -2       66

PRECIPITATION (IN)
  TODAY            T             0.24 2004   0.01  -0.01     0.00
  MONTH TO DATE    T                         0.14  -0.14     0.05
  SINCE OCT 1      T                         0.14  -0.14     0.05
  SINCE JAN 1      5.31                      4.65   0.66     4.15

SNOWFALL (IN)
  TODAY            0.0
  MONTH TO DATE    0.0
  SINCE SEP 1      0.0
  SINCE JUL 1      0.0
  SNOW DEPTH       0

DEGREE DAYS
 HEATING
  TODAY            1                         2     -1        0
  MONTH TO DATE   11                        18     -7       12
  SINCE SEP 1     12                        20     -8       12
  SINCE JUL 1     12                        20     -8       12

 COOLING
  TODAY            0                         3     -3        1
  MONTH TO DATE   78                       106    -28       75
  SINCE SEP 1    513                       468     45      487
  SINCE JAN 1   2881                      2236    645     2680
..................................................................


WIND (MPH)
  HIGHEST WIND SPEED    26   HIGHEST WIND DIRECTION     N (360)
  HIGHEST GUST SPEED    31   HIGHEST GUST DIRECTION     N (360)
  AVERAGE WIND SPEED     9.6




RELATIVE HUMIDITY (PERCENT)
 HIGHEST    75
 LOWEST     37
 AVERAGE    56

..........................................................


THE BAKERSFIELD CLIMATE NORMALS FOR TOMORROW
                         NORMAL    RECORD    YEAR
 MAXIMUM TEMPERATURE (F)   77        94      2003
                                             1964
                                             1913
 MINIMUM TEMPERATURE (F)   53        32      1906


SUNRISE AND SUNSET
OCTOBER 20 2017.......SUNRISE   707 AM PDT   SUNSET   614 PM PDT
OCTOBER 21 2017.......SUNRISE   708 AM PDT   SUNSET   613 PM PDT


-  INDICATES NEGATIVE NUMBERS.
R  INDICATES RECORD WAS SET OR TIED.
MM INDICATES DATA IS MISSING.
T  INDICATES TRACE AMOUNT.




$$
