000
CDUS44 KAMA 060733
CLIBGD


CLIMATE REPORT
NATIONAL WEATHER SERVICE AMARILLO TX
131 AM CST SAT FEB 6 2016


...................................

...THE BORGER CLIMATE SUMMARY FOR FEBRUARY 5 2016...

CLIMATE NORMAL PERIOD 1981 TO 2010
CLIMATE RECORD PERIOD 1949 TO 2016


WEATHER ITEM   OBSERVED TIME   RECORD YEAR NORMAL DEPARTURE LAST
                VALUE   (LST)  VALUE       VALUE  FROM      YEAR
                                                  NORMAL
..................................................................
TEMPERATURE (F)
 YESTERDAY
  MAXIMUM         43    233 PM  79    1963  54    -11       50
  MINIMUM         26   1151 PM  -5    1989  28     -2       22
  AVERAGE         35                        41     -6       36

PRECIPITATION (IN)
  YESTERDAY        0.00          0.17 1998   0.02  -0.02     0.00
  MONTH TO DATE    0.23                      0.12   0.11      T
  SINCE DEC 1      1.35                      1.48  -0.13     1.37
  SINCE JAN 1      0.51                      0.71  -0.20     1.23

SNOWFALL (IN)
  YESTERDAY        0.0           2.0  2014                   0.0
                                      2002
                                      1964
  MONTH TO DATE    0.0                                        T
  SINCE DEC 1      6.7                                       9.1
  SINCE JUL 1      7.5                                      11.0
  SNOW DEPTH       0

DEGREE DAYS
 HEATING
  YESTERDAY       30                        24      6       29
  MONTH TO DATE  148                       123     25      131
  SINCE DEC 1   1589                      1758   -169     1667
  SINCE JUL 1   2161                      2475   -314     2352

 COOLING
  YESTERDAY        0                         0      0        0
  MONTH TO DATE    0                         0      0        0
  SINCE DEC 1      0                         0      0        0
  SINCE JAN 1      0                         0      0        0
..................................................................


WIND (MPH)
  RESULTANT WIND SPEED   3   RESULTANT WIND DIRECTION  NW (310)
  HIGHEST WIND SPEED    31   HIGHEST WIND DIRECTION     N (10)
  HIGHEST GUST SPEED    37   HIGHEST GUST DIRECTION     N (350)
  AVERAGE WIND SPEED    13.8


SKY COVER
  AVERAGE SKY COVER 0.2


WEATHER CONDITIONS
 THE FOLLOWING WEATHER WAS RECORDED YESTERDAY.
  NO SIGNIFICANT WEATHER WAS OBSERVED.


RELATIVE HUMIDITY (PERCENT)
 HIGHEST    75          1100 PM
 LOWEST     35           300 AM
 AVERAGE    55

..........................................................


THE BORGER CLIMATE NORMALS FOR TODAY
                         NORMAL    RECORD    YEAR
 MAXIMUM TEMPERATURE (F)   54        82      2009
 MINIMUM TEMPERATURE (F)   28        -3      1982


SUNRISE AND SUNSET
FEBRUARY  6 2016......SUNRISE   742 AM CST   SUNSET   618 PM CST
FEBRUARY  7 2016......SUNRISE   741 AM CST   SUNSET   619 PM CST


-  INDICATES NEGATIVE NUMBERS.
R  INDICATES RECORD WAS SET OR TIED.
MM INDICATES DATA IS MISSING.
T  INDICATES TRACE AMOUNT.




$$
