000
CDUS44 KAMA 310750
CLIBGD


CLIMATE REPORT
NATIONAL WEATHER SERVICE AMARILLO TX
150 AM CST SAT JAN 31 2015


...................................

...THE BORGER CLIMATE SUMMARY FOR JANUARY 30 2015...

CLIMATE NORMAL PERIOD 1981 TO 2013
CLIMATE RECORD PERIOD 1949 TO 2015


WEATHER ITEM   OBSERVED TIME   RECORD YEAR NORMAL DEPARTURE LAST
                VALUE   (LST)  VALUE       VALUE  FROM      YEAR
                                                  NORMAL
..................................................................
TEMPERATURE (F)
 YESTERDAY
  MAXIMUM         43    428 PM  75    1986  53    -10       59
  MINIMUM         36   1159 PM   3    1996  27      9       39
  AVERAGE         40                        40      0       49

PRECIPITATION (IN)
  YESTERDAY        0.03          0.47 2001   0.03   0.00     0.00
  MONTH TO DATE    0.90                      0.57   0.33     0.07
  SINCE DEC 1      1.04                      1.34  -0.30     0.34
  SINCE JAN 1      0.90                      0.57   0.33     0.07

SNOWFALL (IN)
  YESTERDAY        0.0           6.5  1994                   0.0
  MONTH TO DATE    7.6                                       1.3
  SINCE DEC 1      8.0                                       4.7
  SINCE JUL 1      9.9                                       8.5
  SNOW DEPTH       0

DEGREE DAYS
 HEATING
  YESTERDAY       25                        25      0       16
  MONTH TO DATE  780                       791    -11      762
  SINCE DEC 1   1511                      1611   -100     1605
  SINCE JUL 1   2196                      2328   -132     2319

 COOLING
  YESTERDAY        0                         0      0        0
  MONTH TO DATE    0                         0      0        0
  SINCE DEC 1      0                         0      0        0
  SINCE JAN 1      0                         0      0        0
..................................................................


WIND (MPH)
  RESULTANT WIND SPEED   7   RESULTANT WIND DIRECTION   S (170)
  HIGHEST WIND SPEED    15   HIGHEST WIND DIRECTION     S (170)
  HIGHEST GUST SPEED    19   HIGHEST GUST DIRECTION     S (170)
  AVERAGE WIND SPEED     7.3


SKY COVER
  AVERAGE SKY COVER 0.7


WEATHER CONDITIONS
 THE FOLLOWING WEATHER WAS RECORDED YESTERDAY.
  LIGHT RAIN
  FOG


RELATIVE HUMIDITY (PERCENT)
 HIGHEST    76           900 PM
 LOWEST     53          1200 AM
 AVERAGE    65

..........................................................


THE BORGER CLIMATE NORMALS FOR TODAY
                         NORMAL    RECORD    YEAR
 MAXIMUM TEMPERATURE (F)   53        78      1963
 MINIMUM TEMPERATURE (F)   27         0      1985


SUNRISE AND SUNSET
JANUARY 31 2015.......SUNRISE   747 AM CST   SUNSET   612 PM CST
FEBRUARY  1 2015......SUNRISE   746 AM CST   SUNSET   613 PM CST


-  INDICATES NEGATIVE NUMBERS.
R  INDICATES RECORD WAS SET OR TIED.
MM INDICATES DATA IS MISSING.
T  INDICATES TRACE AMOUNT.




$$
