000
CDUS44 KAMA 180734
CLIBGD


CLIMATE REPORT
NATIONAL WEATHER SERVICE AMARILLO TX
134 AM CST THU DEC 18 2014


...................................

...THE BORGER CLIMATE SUMMARY FOR DECEMBER 17 2014...

CLIMATE NORMAL PERIOD 1981 TO 2013
CLIMATE RECORD PERIOD 1949 TO 2014


WEATHER ITEM   OBSERVED TIME   RECORD YEAR NORMAL DEPARTURE LAST
                VALUE   (LST)  VALUE       VALUE  FROM      YEAR
                                                  NORMAL
..................................................................
TEMPERATURE (F)
 YESTERDAY
  MAXIMUM         43    246 AM  77    1980  49     -6       62
  MINIMUM         37   1011 PM   2    1964  26     11       28
  AVERAGE         40                        38      2       45

PRECIPITATION (IN)
  YESTERDAY        T             1.96 1959   0.03  -0.03     0.00
  MONTH TO DATE    0.13                      0.32  -0.19      T
  SINCE DEC 1      0.13                      0.32  -0.19      T
  SINCE JAN 1     10.77                     21.27 -10.50    14.93

SNOWFALL (IN)
  YESTERDAY        0.0          MM      MM                   0.0
  MONTH TO DATE    0.0                                        T
  SINCE DEC 1      0.0                                        T
  SINCE JUL 1      1.9                                       3.8
  SNOW DEPTH       0

DEGREE DAYS
 HEATING
  YESTERDAY       25                        27     -2       20
  MONTH TO DATE  315                       432   -117      479
  SINCE DEC 1    315                       432   -117      479
  SINCE JUL 1   1000                      1149   -149     1193

 COOLING
  YESTERDAY        0                         0      0        0
  MONTH TO DATE    0                         0      0        0
  SINCE DEC 1      0                         0      0        0
  SINCE JAN 1   2053                      1839    214     2220
..................................................................


WIND (MPH)
  RESULTANT WIND SPEED  12   RESULTANT WIND DIRECTION   S (160)
  HIGHEST WIND SPEED    21   HIGHEST WIND DIRECTION     S (170)
  HIGHEST GUST SPEED    26   HIGHEST GUST DIRECTION    SE (150)
  AVERAGE WIND SPEED    12.3


SKY COVER
  AVERAGE SKY COVER 0.9


WEATHER CONDITIONS
 THE FOLLOWING WEATHER WAS RECORDED YESTERDAY.
  LIGHT RAIN
  FOG


RELATIVE HUMIDITY (PERCENT)
 HIGHEST    92           900 PM
 LOWEST     41          1200 AM
 AVERAGE    67

..........................................................


THE BORGER CLIMATE NORMALS FOR TODAY
                         NORMAL    RECORD    YEAR
 MAXIMUM TEMPERATURE (F)   49        74      1978
 MINIMUM TEMPERATURE (F)   26         3      1983


SUNRISE AND SUNSET
DECEMBER 18 2014......SUNRISE   750 AM CST   SUNSET   535 PM CST
DECEMBER 19 2014......SUNRISE   750 AM CST   SUNSET   535 PM CST


-  INDICATES NEGATIVE NUMBERS.
R  INDICATES RECORD WAS SET OR TIED.
MM INDICATES DATA IS MISSING.
T  INDICATES TRACE AMOUNT.




$$
