000
CDUS44 KAMA 230631
CLIBGD


CLIMATE REPORT
NATIONAL WEATHER SERVICE AMARILLO TX
131 AM CDT SUN JUL 23 2017


...................................

...THE BORGER CLIMATE SUMMARY FOR JULY 22 2017...

CLIMATE NORMAL PERIOD 1981 TO 2010
CLIMATE RECORD PERIOD 1949 TO 2017


WEATHER ITEM   OBSERVED TIME   RECORD YEAR NORMAL DEPARTURE LAST
                VALUE   (LST)  VALUE       VALUE  FROM      YEAR
                                                  NORMAL
..................................................................
TEMPERATURE (F)
 YESTERDAY
  MAXIMUM        101    127 PM 105    2001  95      6      104
  MINIMUM         74    452 AM  57    1970  70      4       74
  AVERAGE         88                        82      6       89

PRECIPITATION (IN)
  YESTERDAY        T             1.36 1973   0.07  -0.07     0.00
  MONTH TO DATE    0.17                      1.67  -1.50     0.74
  SINCE JUN 1      0.61                      4.84  -4.23     2.09
  SINCE JAN 1     11.76                     11.89  -0.13    10.96

SNOWFALL (IN)
  YESTERDAY        0.0           T    1955                   0.0
  MONTH TO DATE    0.0                                       0.0
  SINCE JUN 1      0.0                                       0.0
  SINCE JUL 1      0.0                                       0.0
  SNOW DEPTH       0

DEGREE DAYS
 HEATING
  YESTERDAY        0                         0      0        0
  MONTH TO DATE    0                         0      0        0
  SINCE JUN 1      0                         3     -3        0
  SINCE JUL 1      0                         0      0        0

 COOLING
  YESTERDAY       23                        18      5       24
  MONTH TO DATE  444                       367     77      464
  SINCE JUN 1    908                       725    183      917
  SINCE JAN 1   1148                       922    226     1104
..................................................................


WIND (MPH)
  RESULTANT WIND SPEED   8   RESULTANT WIND DIRECTION   S (190)
  HIGHEST WIND SPEED    23   HIGHEST WIND DIRECTION     S (170)
  HIGHEST GUST SPEED    29   HIGHEST GUST DIRECTION     S (170)
  AVERAGE WIND SPEED     9.2


SKY COVER
  AVERAGE SKY COVER 0.1


WEATHER CONDITIONS
 THE FOLLOWING WEATHER WAS RECORDED YESTERDAY.
  LIGHT RAIN


RELATIVE HUMIDITY (PERCENT)
 HIGHEST    60           500 AM
 LOWEST     22           200 PM
 AVERAGE    41

..........................................................


THE BORGER CLIMATE NORMALS FOR TODAY
                         NORMAL    RECORD    YEAR
 MAXIMUM TEMPERATURE (F)   95       106      2001
 MINIMUM TEMPERATURE (F)   70        59      1990


SUNRISE AND SUNSET
JULY 23 2017..........SUNRISE   647 AM CDT   SUNSET   857 PM CDT
JULY 24 2017..........SUNRISE   648 AM CDT   SUNSET   856 PM CDT


-  INDICATES NEGATIVE NUMBERS.
R  INDICATES RECORD WAS SET OR TIED.
MM INDICATES DATA IS MISSING.
T  INDICATES TRACE AMOUNT.




$$
