000
CDUS44 KAMA 291412
CLIBGD


CLIMATE REPORT
NATIONAL WEATHER SERVICE AMARILLO TX
911 AM CDT WED MAR 29 2017


...................................

...THE BORGER CLIMATE SUMMARY FOR MARCH 29 2017...
VALID AS OF 0900 AM LOCAL TIME.

CLIMATE NORMAL PERIOD 1981 TO 2010
CLIMATE RECORD PERIOD 1949 TO 2017


WEATHER ITEM   OBSERVED TIME   RECORD YEAR NORMAL DEPARTURE LAST
                VALUE   (LST)  VALUE       VALUE  FROM      YEAR
                                                  NORMAL
..................................................................
TEMPERATURE (F)
 TODAY
  MINIMUM         43    759 AM  14    1987  40      3       50

PRECIPITATION (IN)
  TODAY            0.29          0.72 1990   0.06   0.23     0.00
  MONTH TO DATE    1.78                      1.30   0.48     0.71
  SINCE MAR 1      1.78                      1.30   0.48     0.71
  SINCE JAN 1      5.26                      2.51   2.75     1.63

SNOWFALL (IN)
  TODAY            0.0           1.5  1980                   0.0
  MONTH TO DATE    0.0                                       2.7
  SINCE MAR 1      0.0                                       2.7
  SINCE JUL 1      0.1                                       8.9
  SNOW DEPTH       0

..................................................................


WIND (MPH)
  RESULTANT WIND SPEED  18   RESULTANT WIND DIRECTION  NE (30)
  HIGHEST WIND SPEED    25   HIGHEST WIND DIRECTION     N (20)
  HIGHEST GUST SPEED    34   HIGHEST GUST DIRECTION    NE (30)
  AVERAGE WIND SPEED    18.0


SKY COVER
  AVERAGE SKY COVER 0.8


WEATHER CONDITIONS
 THE FOLLOWING WEATHER WAS RECORDED TODAY.
  RAIN
  LIGHT RAIN
  FOG


RELATIVE HUMIDITY (PERCENT)
 HIGHEST   100           200 AM
 LOWEST     92           700 AM
 AVERAGE    96

..........................................................


THE BORGER CLIMATE NORMALS FOR TOMORROW
                         NORMAL    RECORD    YEAR
 MAXIMUM TEMPERATURE (F)   68        90      2010
 MINIMUM TEMPERATURE (F)   40        13      1987


SUNRISE AND SUNSET
MARCH 29 2017.........SUNRISE   736 AM CDT   SUNSET   805 PM CDT
MARCH 30 2017.........SUNRISE   735 AM CDT   SUNSET   806 PM CDT


-  INDICATES NEGATIVE NUMBERS.
R  INDICATES RECORD WAS SET OR TIED.
MM INDICATES DATA IS MISSING.
T  INDICATES TRACE AMOUNT.




$$
