859
CDUS44 KAMA 160732
CLIBGD


CLIMATE REPORT
NATIONAL WEATHER SERVICE AMARILLO TX
131 AM CST SAT DEC 16 2017


...................................

...THE BORGER CLIMATE SUMMARY FOR DECEMBER 15 2017...

CLIMATE NORMAL PERIOD 1981 TO 2010
CLIMATE RECORD PERIOD 1949 TO 2017


WEATHER ITEM   OBSERVED TIME   RECORD YEAR NORMAL DEPARTURE LAST
                VALUE   (LST)  VALUE       VALUE  FROM      YEAR
                                                  NORMAL
..................................................................
TEMPERATURE (F)
 YESTERDAY
  MAXIMUM         57    431 PM  79    2010  50      7       53
  MINIMUM         24    519 AM  -1    1987  27     -3       19
  AVERAGE         41                        38      3       36

PRECIPITATION (IN)
  YESTERDAY        0.00          1.54 1959   0.02  -0.02     0.00
  MONTH TO DATE    0.00                      0.27  -0.27     0.11
  SINCE DEC 1      0.00                      0.27  -0.27     0.11
  SINCE JAN 1     26.10                     21.22   4.88    15.67

SNOWFALL (IN)
  YESTERDAY        0.0          MM      MM                   0.0
  MONTH TO DATE    0.0                                       0.0
  SINCE DEC 1      0.0                                       0.0
  SINCE JUL 1      0.8                                       0.0
  SNOW DEPTH       0

DEGREE DAYS
 HEATING
  YESTERDAY       24                        27     -3       29
  MONTH TO DATE  296                       378    -82      413
  SINCE DEC 1    296                       378    -82      413
  SINCE JUL 1    819                      1095   -276      786

 COOLING
  YESTERDAY        0                         0      0        0
  MONTH TO DATE    0                         0      0        0
  SINCE DEC 1      0                         0      0        0
  SINCE JAN 1   2001                      1839    162     2180
..................................................................


WIND (MPH)
  RESULTANT WIND SPEED  10   RESULTANT WIND DIRECTION  SW (240)
  HIGHEST WIND SPEED    23   HIGHEST WIND DIRECTION    SW (240)
  HIGHEST GUST SPEED    30   HIGHEST GUST DIRECTION     W (250)
  AVERAGE WIND SPEED    10.9


SKY COVER
  AVERAGE SKY COVER 0.0


WEATHER CONDITIONS
 THE FOLLOWING WEATHER WAS RECORDED YESTERDAY.
  NO SIGNIFICANT WEATHER WAS OBSERVED.


RELATIVE HUMIDITY (PERCENT)
 HIGHEST    88           500 AM
 LOWEST     22           500 PM
 AVERAGE    55

..........................................................


THE BORGER CLIMATE NORMALS FOR TODAY
                         NORMAL    RECORD    YEAR
 MAXIMUM TEMPERATURE (F)   50        76      2016
 MINIMUM TEMPERATURE (F)   26         2      1987


SUNRISE AND SUNSET
DECEMBER 16 2017......SUNRISE   749 AM CST   SUNSET   534 PM CST
DECEMBER 17 2017......SUNRISE   749 AM CST   SUNSET   534 PM CST


-  INDICATES NEGATIVE NUMBERS.
R  INDICATES RECORD WAS SET OR TIED.
MM INDICATES DATA IS MISSING.
T  INDICATES TRACE AMOUNT.




$$
