000
CDUS44 KAMA 241406
CLIBGD


CLIMATE REPORT
NATIONAL WEATHER SERVICE AMARILLO TX
906 AM CDT SUN JUL 24 2016


...................................

...THE BORGER CLIMATE SUMMARY FOR JULY 24 2016...
VALID AS OF 0900 AM LOCAL TIME.

CLIMATE NORMAL PERIOD 1981 TO 2010
CLIMATE RECORD PERIOD 1949 TO 2016


WEATHER ITEM   OBSERVED TIME   RECORD YEAR NORMAL DEPARTURE LAST
                VALUE   (LST)  VALUE       VALUE  FROM      YEAR
                                                  NORMAL
..................................................................
TEMPERATURE (F)
 TODAY
  MINIMUM         77    522 AM  58    1995  70      7       75

PRECIPITATION (IN)
  TODAY            0.00          1.09 1996   0.08  -0.08     0.00
  MONTH TO DATE    0.74                      1.83  -1.09     7.06
  SINCE JUN 1      2.09                      5.00  -2.91    12.21
  SINCE JAN 1     10.96                     12.05  -1.09    27.73

SNOWFALL (IN)
  TODAY            0.0           0.0  2013                   0.0
                                      2012
                                      2011
  MONTH TO DATE    0.0                                       0.0
  SINCE JUN 1      0.0                                       0.0
  SINCE JUL 1      0.0                                       0.0
  SNOW DEPTH       0

..................................................................


WIND (MPH)
  RESULTANT WIND SPEED   7   RESULTANT WIND DIRECTION   S (180)
  HIGHEST WIND SPEED    17   HIGHEST WIND DIRECTION     S (170)
  HIGHEST GUST SPEED    23   HIGHEST GUST DIRECTION     S (180)
  AVERAGE WIND SPEED     7.0


SKY COVER
  AVERAGE SKY COVER 0.0


WEATHER CONDITIONS
 THE FOLLOWING WEATHER WAS RECORDED TODAY.
  NO SIGNIFICANT WEATHER WAS OBSERVED.


RELATIVE HUMIDITY (PERCENT)
 HIGHEST    54           700 AM
 LOWEST     34          1200 AM
 AVERAGE    44

..........................................................


THE BORGER CLIMATE NORMALS FOR TOMORROW
                         NORMAL    RECORD    YEAR
 MAXIMUM TEMPERATURE (F)   95       104      2014
                                             2006
 MINIMUM TEMPERATURE (F)   70        58      1991


SUNRISE AND SUNSET
JULY 24 2016..........SUNRISE   648 AM CDT   SUNSET   856 PM CDT
JULY 25 2016..........SUNRISE   649 AM CDT   SUNSET   855 PM CDT


-  INDICATES NEGATIVE NUMBERS.
R  INDICATES RECORD WAS SET OR TIED.
MM INDICATES DATA IS MISSING.
T  INDICATES TRACE AMOUNT.




$$
