000
CDUS44 KAMA 182129
CLIBGD


CLIMATE REPORT
NATIONAL WEATHER SERVICE AMARILLO TX
428 PM CDT THU SEP 18 2014


...................................

...THE BORGER CLIMATE SUMMARY FOR SEPTEMBER 18 2014...
VALID TODAY AS OF 0400 PM LOCAL TIME.

CLIMATE NORMAL PERIOD 1981 TO 2013
CLIMATE RECORD PERIOD 1949 TO 2014


WEATHER ITEM   OBSERVED TIME   RECORD YEAR NORMAL DEPARTURE LAST
                VALUE   (LST)  VALUE       VALUE  FROM      YEAR
                                                  NORMAL
..................................................................
TEMPERATURE (F)
 TODAY
  MAXIMUM         82    227 PM 100    2005  83     -1       89
  MINIMUM         64    623 AM  40    1971  59      5       68
  AVERAGE         73                        71      2       79

PRECIPITATION (IN)
  TODAY            0.00          1.01 1982   0.07  -0.07     0.00
  MONTH TO DATE    1.79                      1.50   0.29     1.55
  SINCE SEP 1      1.79                      1.50   0.29     1.55
  SINCE JAN 1      9.53                     17.51  -7.98    13.11

SNOWFALL (IN)
  TODAY            0.0           0.0                         0.0
  MONTH TO DATE    0.0                                       0.0
  SINCE SEP 1      0.0                                       0.0
  SINCE JUL 1      0.0                                       0.0
  SNOW DEPTH       0

DEGREE DAYS
 HEATING
  TODAY            0                         1     -1        0
  MONTH TO DATE   17                         4     13        0
  SINCE SEP 1     17                         4     13        0
  SINCE JUL 1     18                         5     13        0

 COOLING
  TODAY            8                         7      1       14
  MONTH TO DATE  152                       170    -18      271
  SINCE SEP 1    152                       170    -18      271
  SINCE JAN 1   1886                      1720    166     2082
..................................................................


WIND (MPH)
  RESULTANT WIND SPEED   7   RESULTANT WIND DIRECTION   S (190)
  HIGHEST WIND SPEED    18   HIGHEST WIND DIRECTION     S (180)
  HIGHEST GUST SPEED    23   HIGHEST GUST DIRECTION     S (180)
  AVERAGE WIND SPEED     8.2


SKY COVER
  AVERAGE SKY COVER 0.1


WEATHER CONDITIONS
 THE FOLLOWING WEATHER WAS RECORDED TODAY.
  NO SIGNIFICANT WEATHER WAS OBSERVED.


RELATIVE HUMIDITY (PERCENT)
 HIGHEST    93           700 AM
 LOWEST     51           100 PM
 AVERAGE    72

..........................................................


THE BORGER CLIMATE NORMALS FOR TOMORROW
                         NORMAL    RECORD    YEAR
 MAXIMUM TEMPERATURE (F)   83        98      1983
 MINIMUM TEMPERATURE (F)   59        42      1971


SUNRISE AND SUNSET
SEPTEMBER 18 2014.....SUNRISE   730 AM CDT   SUNSET   748 PM CDT
SEPTEMBER 19 2014.....SUNRISE   731 AM CDT   SUNSET   747 PM CDT


-  INDICATES NEGATIVE NUMBERS.
R  INDICATES RECORD WAS SET OR TIED.
MM INDICATES DATA IS MISSING.
T  INDICATES TRACE AMOUNT.




$$
