000
CDUS41 KCAR 230548
CLIBGR


CLIMATE REPORT
NATIONAL WEATHER SERVICE CARIBOU, ME
1248 AM EST TUE JAN 23 2018


...................................

...THE BANGOR ME CLIMATE SUMMARY FOR JANUARY 22 2018...

CLIMATE NORMAL PERIOD 1981 TO 2010
CLIMATE RECORD PERIOD 1925 TO 2018


WEATHER ITEM   OBSERVED TIME   RECORD YEAR NORMAL DEPARTURE LAST
                VALUE   (LST)  VALUE       VALUE  FROM      YEAR
                                                  NORMAL
..................................................................
TEMPERATURE (F)
 YESTERDAY
  MAXIMUM         29   1243 AM  47    1959  27      2       36
                                      1957
  MINIMUM         17    947 AM -29    2005   6     11       30
  AVERAGE         23                        16      7       33

PRECIPITATION (IN)
  YESTERDAY        0.10          0.72 1958   0.09   0.01      T
  MONTH TO DATE    4.18                      2.06   2.12     1.91
  SINCE DEC 1      8.01                      5.54   2.47     5.68
  SINCE JAN 1      4.18                      2.06   2.12     1.91

SNOWFALL (IN)
  YESTERDAY        0.8           6.0  1949   0.6              T
  MONTH TO DATE   27.2                      13.7             4.8
  SINCE DEC 1     54.9                      28.1            23.2
  SINCE JUL 1     54.9                      30.5            24.7
  SNOW DEPTH       3

DEGREE DAYS
 HEATING
  YESTERDAY       42                        48     -6       32
  MONTH TO DATE 1042                      1054    -12      911
  SINCE DEC 1   2489                      2306    183     2230
  SINCE JUL 1   3748                      3975   -227     3649

 COOLING
  YESTERDAY        0                         0      0        0
  MONTH TO DATE    0                         0      0        0
  SINCE DEC 1      0                         0      0        0
  SINCE JAN 1      0                         0      0        0
..................................................................


WIND (MPH)
  RESULTANT WIND SPEED   6   RESULTANT WIND DIRECTION  NE (40)
  HIGHEST WIND SPEED    15   HIGHEST WIND DIRECTION     N (10)
  HIGHEST GUST SPEED    17   HIGHEST GUST DIRECTION    NE (40)


SKY COVER
  POSSIBLE SUNSHINE  MM
  AVERAGE SKY COVER 1.0


WEATHER CONDITIONS
 THE FOLLOWING WEATHER WAS RECORDED YESTERDAY.
  SNOW
  LIGHT SNOW
  SLEET
  FOG
  HAZE


RELATIVE HUMIDITY (PERCENT)
 HIGHEST    84
 LOWEST     50
 AVERAGE    67

..........................................................


THE BANGOR ME CLIMATE NORMALS FOR TODAY
                         NORMAL    RECORD    YEAR
 MAXIMUM TEMPERATURE (F)   27        51      1992
                                             1957
 MINIMUM TEMPERATURE (F)    6       -15      1976
                                             1930


SUNRISE AND SUNSET
JANUARY 23 2018.......SUNRISE   704 AM EST   SUNSET   431 PM EST
JANUARY 24 2018.......SUNRISE   703 AM EST   SUNSET   432 PM EST


-  INDICATES NEGATIVE NUMBERS.
R  INDICATES RECORD WAS SET OR TIED.
MM INDICATES DATA IS MISSING.
T  INDICATES TRACE AMOUNT.




$$
