000
CDUS41 KCAR 040528
CLIBGR


CLIMATE REPORT
NATIONAL WEATHER SERVICE CARIBOU, ME
126 AM EDT FRI SEP 4 2015


...................................

...THE BANGOR ME CLIMATE SUMMARY FOR SEPTEMBER 3 2015...

CLIMATE NORMAL PERIOD 1981 TO 2010
CLIMATE RECORD PERIOD 1925 TO 2015


WEATHER ITEM   OBSERVED TIME   RECORD YEAR NORMAL DEPARTURE LAST
                VALUE   (LST)  VALUE       VALUE  FROM      YEAR
                                                  NORMAL
..................................................................
TEMPERATURE (F)
 YESTERDAY
  MAXIMUM         86    349 PM  94    1937  74     12       82
  MINIMUM         60   1159 PM  37    1926  52      8       61
  AVERAGE         73                        63     10       72

PRECIPITATION (IN)
  YESTERDAY        0.00          1.86 1972   0.11  -0.11     0.01
  MONTH TO DATE    0.00                      0.32  -0.32     0.25
  SINCE SEP 1      0.00                      0.32  -0.32     0.25
  SINCE JAN 1     19.74                     26.57  -6.83    27.99

SNOWFALL (IN)
  YESTERDAY        0.0           0.0  2002   0.0             0.0
                                      2001
  MONTH TO DATE    0.0                       0.0             0.0
  SINCE SEP 1      0.0                       0.0             0.0
  SINCE JUL 1      0.0                       0.0             0.0
  SNOW DEPTH       0

DEGREE DAYS
 HEATING
  YESTERDAY        0                         3     -3        0
  MONTH TO DATE    0                         9     -9        0
  SINCE SEP 1      0                         9     -9        0
  SINCE JUL 1     29                        72    -43       21

 COOLING
  YESTERDAY        8                         2      6        7
  MONTH TO DATE   17                         6     11       24
  SINCE SEP 1     17                         6     11       24
  SINCE JAN 1    326                       300     26      338
..................................................................


WIND (MPH)
  RESULTANT WIND SPEED   5   RESULTANT WIND DIRECTION   N (360)
  HIGHEST WIND SPEED    16   HIGHEST WIND DIRECTION    NE (30)
  HIGHEST GUST SPEED    22   HIGHEST GUST DIRECTION    NE (40)


SKY COVER
  POSSIBLE SUNSHINE  MM
  AVERAGE SKY COVER 0.4


WEATHER CONDITIONS
 THE FOLLOWING WEATHER WAS RECORDED YESTERDAY.
  FOG
  HAZE


RELATIVE HUMIDITY (PERCENT)
 HIGHEST   100
 LOWEST     41
 AVERAGE    71

..........................................................


THE BANGOR ME CLIMATE NORMALS FOR TODAY
                         NORMAL    RECORD    YEAR
 MAXIMUM TEMPERATURE (F)   74        93      1937
 MINIMUM TEMPERATURE (F)   52        36      1938


SUNRISE AND SUNSET
SEPTEMBER  4 2015.....SUNRISE   601 AM EDT   SUNSET   707 PM EDT
SEPTEMBER  5 2015.....SUNRISE   602 AM EDT   SUNSET   705 PM EDT


-  INDICATES NEGATIVE NUMBERS.
R  INDICATES RECORD WAS SET OR TIED.
MM INDICATES DATA IS MISSING.
T  INDICATES TRACE AMOUNT.




$$
