213
CDUS41 KCAR 300528
CLIBGR


CLIMATE REPORT
NATIONAL WEATHER SERVICE CARIBOU, ME
128 AM EDT TUE MAY 30 2017


...................................

...THE BANGOR ME CLIMATE SUMMARY FOR MAY 29 2017...

CLIMATE NORMAL PERIOD 1981 TO 2010
CLIMATE RECORD PERIOD 1925 TO 2017


WEATHER ITEM   OBSERVED TIME   RECORD YEAR NORMAL DEPARTURE LAST
                VALUE   (LST)  VALUE       VALUE  FROM      YEAR
                                                  NORMAL
..................................................................
TEMPERATURE (F)
 YESTERDAY
  MAXIMUM         61    138 PM  94    1931  69     -8       62
  MINIMUM         44    123 AM  33    1970  47     -3       49
  AVERAGE         53                        58     -5       56

PRECIPITATION (IN)
  YESTERDAY        0.00          2.16 1984   0.13  -0.13     0.00
  MONTH TO DATE    6.18                      3.40   2.78     2.05
  SINCE MAR 1     12.23                     10.40   1.83     7.90
  SINCE JAN 1     18.12                     15.81   2.31    14.17

SNOWFALL (IN)
  YESTERDAY        0.0           0.0  2002   0.0             0.0
                                      2001
  MONTH TO DATE    0.0                       0.1              T
  SINCE MAR 1     19.3                      15.5             6.0
  SINCE JUL 1     82.6                      66.2            44.6
  SNOW DEPTH       0

DEGREE DAYS
 HEATING
  YESTERDAY       12                         7      5        9
  MONTH TO DATE  362                       341     21      302
  SINCE MAR 1   2146                      2093     53     2023
  SINCE JUL 1   7274                      7739   -465     6938

 COOLING
  YESTERDAY        0                         0      0        0
  MONTH TO DATE    7                         0      7        4
  SINCE MAR 1      7                         0      7        4
  SINCE JAN 1      7                         0      7        4
..................................................................


WIND (MPH)
  RESULTANT WIND SPEED   7   RESULTANT WIND DIRECTION  SE (150)
  HIGHEST WIND SPEED    16   HIGHEST WIND DIRECTION    SE (140)
  HIGHEST GUST SPEED    20   HIGHEST GUST DIRECTION     S (160)


SKY COVER
  POSSIBLE SUNSHINE  MM
  AVERAGE SKY COVER 0.9


WEATHER CONDITIONS
 THE FOLLOWING WEATHER WAS RECORDED YESTERDAY.
  FOG


RELATIVE HUMIDITY (PERCENT)
 HIGHEST   100
 LOWEST     57
 AVERAGE    79

..........................................................


THE BANGOR ME CLIMATE NORMALS FOR TODAY
                         NORMAL    RECORD    YEAR
 MAXIMUM TEMPERATURE (F)   70        93      1929
 MINIMUM TEMPERATURE (F)   47        34      1941
                                             1940


SUNRISE AND SUNSET
MAY 30 2017...........SUNRISE   454 AM EDT   SUNSET   813 PM EDT
MAY 31 2017...........SUNRISE   453 AM EDT   SUNSET   813 PM EDT


-  INDICATES NEGATIVE NUMBERS.
R  INDICATES RECORD WAS SET OR TIED.
MM INDICATES DATA IS MISSING.
T  INDICATES TRACE AMOUNT.




$$
