009
CDUS41 KCAR 240530
CLIBGR


CLIMATE REPORT
NATIONAL WEATHER SERVICE CARIBOU, ME
130 AM EDT MON JUL 24 2017


...................................

...THE BANGOR ME CLIMATE SUMMARY FOR JULY 23 2017...

CLIMATE NORMAL PERIOD 1981 TO 2010
CLIMATE RECORD PERIOD 1925 TO 2017


WEATHER ITEM   OBSERVED TIME   RECORD YEAR NORMAL DEPARTURE LAST
                VALUE   (LST)  VALUE       VALUE  FROM      YEAR
                                                  NORMAL
..................................................................
TEMPERATURE (F)
 YESTERDAY
  MAXIMUM         76    437 PM  94    1955  80     -4       87
  MINIMUM         49    427 AM  46    1997  58     -9       68
  AVERAGE         63                        69     -6       78

PRECIPITATION (IN)
  YESTERDAY        0.00          1.42 1991   0.12  -0.12     0.01
  MONTH TO DATE    1.65                      2.52  -0.87     2.66
  SINCE JUN 1      5.97                      6.28  -0.31     5.51
  SINCE JAN 1     24.27                     22.33   1.94    19.72

SNOWFALL (IN)
  YESTERDAY        0.0           0.0  2002   0.0             0.0
                                      2001
  MONTH TO DATE    0.0                       0.0             0.0
  SINCE JUN 1      T                         0.0             0.0
  SINCE JUL 1      0.0                       0.0             0.0
  SNOW DEPTH       0

DEGREE DAYS
 HEATING
  YESTERDAY        2                         1      1        0
  MONTH TO DATE   12                        23    -11       23
  SINCE JUN 1    103                       130    -27      126
  SINCE JUL 1     12                        23    -11       23

 COOLING
  YESTERDAY        0                         5     -5       13
  MONTH TO DATE   91                        96     -5      123
  SINCE JUN 1    144                       148     -4      145
  SINCE JAN 1    151                       154     -3      155
..................................................................


WIND (MPH)
  RESULTANT WIND SPEED   2   RESULTANT WIND DIRECTION   N (10)
  HIGHEST WIND SPEED    13   HIGHEST WIND DIRECTION     N (350)
  HIGHEST GUST SPEED    19   HIGHEST GUST DIRECTION    NW (310)


SKY COVER
  POSSIBLE SUNSHINE  MM
  AVERAGE SKY COVER 0.4


WEATHER CONDITIONS
 THE FOLLOWING WEATHER WAS RECORDED YESTERDAY.
  HAZE


RELATIVE HUMIDITY (PERCENT)
 HIGHEST    77
 LOWEST     31
 AVERAGE    54

..........................................................


THE BANGOR ME CLIMATE NORMALS FOR TODAY
                         NORMAL    RECORD    YEAR
 MAXIMUM TEMPERATURE (F)   80        96      1941
 MINIMUM TEMPERATURE (F)   58        47      2002


SUNRISE AND SUNSET
JULY 24 2017..........SUNRISE   513 AM EDT   SUNSET   810 PM EDT
JULY 25 2017..........SUNRISE   514 AM EDT   SUNSET   809 PM EDT


-  INDICATES NEGATIVE NUMBERS.
R  INDICATES RECORD WAS SET OR TIED.
MM INDICATES DATA IS MISSING.
T  INDICATES TRACE AMOUNT.




$$
