000
CDUS44 KBMX 010940
CLIBHM


CLIMATE REPORT
NATIONAL WEATHER SERVICE BIRMINGHAM, AL
439 AM CDT WED OCT 1 2014


...................................

...THE BIRMINGHAM CLIMATE SUMMARY FOR SEPTEMBER 30 2014...

CLIMATE NORMAL PERIOD 1981 TO 2010
CLIMATE RECORD PERIOD 1895 TO 2014


WEATHER ITEM   OBSERVED TIME   RECORD YEAR NORMAL DEPARTURE LAST
                VALUE   (LST)  VALUE       VALUE  FROM      YEAR
                                                  NORMAL
..................................................................
TEMPERATURE (F)
 YESTERDAY
  MAXIMUM         85    346 PM  95    1904  80      5       78
  MINIMUM         63   1058 PM  37    1967  59      4       64
  AVERAGE         74                        70      4       71

PRECIPITATION (IN)
  YESTERDAY        0.00          2.86 1915   0.13  -0.13     0.01
  MONTH TO DATE    1.64                      3.90  -2.26     2.47
  SINCE SEP 1      1.64                      3.90  -2.26     2.47
  SINCE JAN 1     34.50                     40.98  -6.48    54.73

DEGREE DAYS
 HEATING
  YESTERDAY        0                         1     -1        0
  MONTH TO DATE    0                         8     -8        0
  SINCE SEP 1      0                         9     -9        0
  SINCE JUL 1      0                         9     -9        0

 COOLING
  YESTERDAY        9                         6      3        6
  MONTH TO DATE  376                       300     76      318
  SINCE SEP 1    376                       300     76      318
  SINCE JAN 1   2016                      1950     66     1843
..................................................................


WIND (MPH)
  HIGHEST WIND SPEED     9   HIGHEST WIND DIRECTION     N (340)
  HIGHEST GUST SPEED    12   HIGHEST GUST DIRECTION     N (340)
  AVERAGE WIND SPEED     3.6


SKY COVER
  AVERAGE SKY COVER 0.3


WEATHER CONDITIONS
 THE FOLLOWING WEATHER WAS RECORDED YESTERDAY.
  NO SIGNIFICANT WEATHER WAS OBSERVED.


RELATIVE HUMIDITY (PERCENT)
 HIGHEST    93           300 AM
 LOWEST     43           300 PM
 AVERAGE    68

..........................................................


THE BIRMINGHAM CLIMATE NORMALS FOR TODAY
                         NORMAL    RECORD    YEAR
 MAXIMUM TEMPERATURE (F)   80        94      1919
 MINIMUM TEMPERATURE (F)   58        40      1972
                                             1924
                                             1920


SUNRISE AND SUNSET
OCTOBER  1 2014.......SUNRISE   641 AM CDT   SUNSET   631 PM CDT
OCTOBER  2 2014.......SUNRISE   642 AM CDT   SUNSET   630 PM CDT


-  INDICATES NEGATIVE NUMBERS.
R  INDICATES RECORD WAS SET OR TIED.
MM INDICATES DATA IS MISSING.
T  INDICATES TRACE AMOUNT.




$$
