000
CDUS44 KBMX 030141
CLIBHM


CLIMATE REPORT
NATIONAL WEATHER SERVICE BIRMINGHAM, AL
811 PM CDT TUE JUN 2 2015


...................................

...THE BIRMINGHAM CLIMATE SUMMARY FOR JUNE 2 2015...
VALID TODAY AS OF 0700 PM LOCAL TIME.

CLIMATE NORMAL PERIOD 1981 TO 2010
CLIMATE RECORD PERIOD 2014 TO 2015


WEATHER ITEM   OBSERVED TIME   RECORD YEAR NORMAL DEPARTURE LAST
                VALUE   (LST)  VALUE       VALUE  FROM      YEAR
                                                  NORMAL
..................................................................
TEMPERATURE (F)
 TODAY
  MAXIMUM         82    232 PM  99    2011  85     -3       78
  MINIMUM         64    558 AM  46    1972  65     -1       68
  AVERAGE         73                        75     -2       73

PRECIPITATION (IN)
  TODAY            0.00          1.53 1970   0.14  -0.14     0.00
  MONTH TO DATE    0.00                      0.29  -0.29     0.01
  SINCE JUN 1      0.00                      0.29  -0.29     0.01
  SINCE JAN 1     25.73                     24.26   1.47    22.87

DEGREE DAYS
 COOLING
  TODAY            8                        10     -2        8
  MONTH TO DATE   17                        20     -3       20
  SINCE JUN 1     17                        20     -3       20
  SINCE JAN 1    352                       302     50      313
..................................................................


WIND (MPH)
  HIGHEST WIND SPEED    16   HIGHEST WIND DIRECTION     N (350)
  HIGHEST GUST SPEED    18   HIGHEST GUST DIRECTION     N (350)
  AVERAGE WIND SPEED     4.7


SKY COVER
  AVERAGE SKY COVER 0.6


WEATHER CONDITIONS
 THE FOLLOWING WEATHER WAS RECORDED TODAY.
  FOG
  FOG W/VISIBILITY <= 1/4 MILE


RELATIVE HUMIDITY (PERCENT)
 HIGHEST   100           200 AM
 LOWEST     58          1200 PM
 AVERAGE    79

..........................................................


THE BIRMINGHAM CLIMATE NORMALS FOR TOMORROW
                         NORMAL    RECORD    YEAR
 MAXIMUM TEMPERATURE (F)   85        99      2011
                                             1895
 MINIMUM TEMPERATURE (F)   65        46      1956


SUNRISE AND SUNSET
JUNE  2 2015..........SUNRISE   538 AM CDT   SUNSET   752 PM CDT
JUNE  3 2015..........SUNRISE   537 AM CDT   SUNSET   753 PM CDT


-  INDICATES NEGATIVE NUMBERS.
R  INDICATES RECORD WAS SET OR TIED.
MM INDICATES DATA IS MISSING.
T  INDICATES TRACE AMOUNT.




$$
