000
CDUS44 KBMX 020709
CLIBHM


CLIMATE REPORT
NATIONAL WEATHER SERVICE BIRMINGHAM, AL
209 AM CDT THU JUL 2 2015


...................................

...THE BIRMINGHAM CLIMATE SUMMARY FOR JULY 1 2015...

CLIMATE NORMAL PERIOD 1981 TO 2010
CLIMATE RECORD PERIOD 2014 TO 2015


WEATHER ITEM   OBSERVED TIME   RECORD YEAR NORMAL DEPARTURE LAST
                VALUE   (LST)  VALUE       VALUE  FROM      YEAR
                                                  NORMAL
..................................................................
TEMPERATURE (F)
 YESTERDAY
  MAXIMUM         88   1257 PM 104    2012  90     -2       93
  MINIMUM         70    444 PM  54    1950  71     -1       72
  AVERAGE         79                        80     -1       83

PRECIPITATION (IN)
  YESTERDAY        0.26          2.67 2003   0.16   0.10     0.00
  MONTH TO DATE    0.26                      0.16   0.10     0.00
  SINCE JUN 1      1.96                      4.54  -2.58     4.81
  SINCE JAN 1     27.69                     28.51  -0.82    27.67

DEGREE DAYS
 COOLING
  YESTERDAY       14                        15     -1       18
  MONTH TO DATE   14                        15     -1       18
  SINCE JUN 1    480                       397     83      424
  SINCE JAN 1    815                       679    136      717
..................................................................


WIND (MPH)
  HIGHEST WIND SPEED    24   HIGHEST WIND DIRECTION     N (340)
  HIGHEST GUST SPEED    33   HIGHEST GUST DIRECTION     N (340)
  AVERAGE WIND SPEED     7.7


SKY COVER
  AVERAGE SKY COVER 0.9


WEATHER CONDITIONS
 THE FOLLOWING WEATHER WAS RECORDED YESTERDAY.
  THUNDERSTORM
  RAIN
  LIGHT RAIN
  FOG


RELATIVE HUMIDITY (PERCENT)
 HIGHEST   100          1100 PM
 LOWEST     59           100 PM
 AVERAGE    80

..........................................................


THE BIRMINGHAM CLIMATE NORMALS FOR TODAY
                         NORMAL    RECORD    YEAR
 MAXIMUM TEMPERATURE (F)   90       101      1954
 MINIMUM TEMPERATURE (F)   71        57      1924


SUNRISE AND SUNSET
JULY  2 2015..........SUNRISE   541 AM CDT   SUNSET   801 PM CDT
JULY  3 2015..........SUNRISE   541 AM CDT   SUNSET   801 PM CDT


-  INDICATES NEGATIVE NUMBERS.
R  INDICATES RECORD WAS SET OR TIED.
MM INDICATES DATA IS MISSING.
T  INDICATES TRACE AMOUNT.




$$
