000
CDUS44 KBMX 052249
CLIBHM


CLIMATE REPORT
NATIONAL WEATHER SERVICE BIRMINGHAM, AL
449 PM CST MON DEC 5 2016


...................................

...THE BIRMINGHAM CLIMATE SUMMARY FOR DECEMBER 5 2016...
VALID TODAY AS OF 0400 PM LOCAL TIME.

CLIMATE NORMAL PERIOD 1981 TO 2010
CLIMATE RECORD PERIOD 1895 TO 2016


WEATHER ITEM   OBSERVED TIME   RECORD YEAR NORMAL DEPARTURE LAST
                VALUE   (LST)  VALUE       VALUE  FROM      YEAR
                                                  NORMAL
..................................................................
TEMPERATURE (F)
 TODAY
  MAXIMUM         52    441 PM  79    1998  58     -6       61
  MINIMUM         49    819 AM  21    1907  38     11       40
  AVERAGE         51                        48      3       51

PRECIPITATION (IN)
  TODAY            0.68          1.20 1930   0.16   0.52     0.00
  MONTH TO DATE    1.15                      0.83   0.32     2.35
  SINCE DEC 1      1.15                      0.83   0.32     2.35
  SINCE JAN 1     39.07                     50.10 -11.03    52.74

SNOWFALL (IN)
  TODAY            0.0                       0.0    0.0      0.0
  MONTH TO DATE    0.0                       0.0    0.0      0.0
  SINCE DEC 1      0.0                       0.0    0.0      0.0
  SINCE JUL 1      0.0                       0.0    0.0      0.0
  SNOW DEPTH       0

..................................................................


WIND (MPH)
  HIGHEST WIND SPEED    10   HIGHEST WIND DIRECTION    NE (50)
  HIGHEST GUST SPEED    14   HIGHEST GUST DIRECTION    NE (60)
  AVERAGE WIND SPEED     5.3


SKY COVER
  AVERAGE SKY COVER 1.0


WEATHER CONDITIONS
 THE FOLLOWING WEATHER WAS RECORDED TODAY.
  THUNDERSTORM
  HEAVY RAIN
  RAIN
  LIGHT RAIN
  FOG


RELATIVE HUMIDITY (PERCENT)
 HIGHEST   100          1200 AM
 LOWEST     93           900 AM
 AVERAGE    97

..........................................................


THE BIRMINGHAM CLIMATE NORMALS FOR TOMORROW
                         NORMAL    RECORD    YEAR
 MAXIMUM TEMPERATURE (F)   58        78      1998
 MINIMUM TEMPERATURE (F)   38        14      1937


SUNRISE AND SUNSET
DECEMBER  5 2016......SUNRISE   637 AM CST   SUNSET   439 PM CST
DECEMBER  6 2016......SUNRISE   638 AM CST   SUNSET   439 PM CST


-  INDICATES NEGATIVE NUMBERS.
R  INDICATES RECORD WAS SET OR TIED.
MM INDICATES DATA IS MISSING.
T  INDICATES TRACE AMOUNT.




$$
