000
CDUS44 KBMX 280735
CLIBHM


CLIMATE REPORT
NATIONAL WEATHER SERVICE BIRMINGHAM, AL
234 AM CDT SUN MAY 28 2017


...................................

...THE BIRMINGHAM CLIMATE SUMMARY FOR MAY 27 2017...

CLIMATE NORMAL PERIOD 1981 TO 2010
CLIMATE RECORD PERIOD 1895 TO 2017


WEATHER ITEM   OBSERVED TIME   RECORD YEAR NORMAL DEPARTURE LAST
                VALUE   (LST)  VALUE       VALUE  FROM      YEAR
                                                  NORMAL
..................................................................
TEMPERATURE (F)
 YESTERDAY
  MAXIMUM         86    355 PM  98    1962  84      2       89
  MINIMUM         69    525 AM  42    1961  63      6       72
  AVERAGE         78                        73      5       81

PRECIPITATION (IN)
  YESTERDAY        0.00          2.39 1996   0.15  -0.15     0.00
  MONTH TO DATE    6.43                      4.37   2.06     1.38
  SINCE MAR 1     17.76                     13.98   3.78    10.83
  SINCE JAN 1     27.42                     23.35   4.07    21.57

DEGREE DAYS
 COOLING
  YESTERDAY       13                         9      4       16
  MONTH TO DATE  179                       162     17      153
  SINCE MAR 1    403                       242    161      261
  SINCE JAN 1    418                       246    172      268
..................................................................


WIND (MPH)
  HIGHEST WIND SPEED    18   HIGHEST WIND DIRECTION     S (200)
  HIGHEST GUST SPEED    24   HIGHEST GUST DIRECTION    SW (240)
  AVERAGE WIND SPEED     9.6


SKY COVER
  AVERAGE SKY COVER 0.6


WEATHER CONDITIONS
 THE FOLLOWING WEATHER WAS RECORDED YESTERDAY.
  NO SIGNIFICANT WEATHER WAS OBSERVED.


RELATIVE HUMIDITY (PERCENT)
 HIGHEST    84           700 AM
 LOWEST     57           400 PM
 AVERAGE    71

..........................................................


THE BIRMINGHAM CLIMATE NORMALS FOR TODAY
                         NORMAL    RECORD    YEAR
 MAXIMUM TEMPERATURE (F)   84        99      1962
 MINIMUM TEMPERATURE (F)   63        44      1907


SUNRISE AND SUNSET
MAY 28 2017...........SUNRISE   539 AM CDT   SUNSET   750 PM CDT
MAY 29 2017...........SUNRISE   539 AM CDT   SUNSET   750 PM CDT


-  INDICATES NEGATIVE NUMBERS.
R  INDICATES RECORD WAS SET OR TIED.
MM INDICATES DATA IS MISSING.
T  INDICATES TRACE AMOUNT.




$$
