000
CDUS44 KBMX 022200
CLIBHM


CLIMATE REPORT
NATIONAL WEATHER SERVICE BIRMINGHAM, AL
459 PM CDT WED SEP 2 2015


...................................

...THE BIRMINGHAM CLIMATE SUMMARY FOR SEPTEMBER 2 2015...
VALID AS OF 0400 PM LOCAL TIME.

CLIMATE NORMAL PERIOD 1981 TO 2010
CLIMATE RECORD PERIOD 2014 TO 2015


WEATHER ITEM   OBSERVED TIME   RECORD YEAR NORMAL DEPARTURE LAST
                VALUE   (LST)  VALUE       VALUE  FROM      YEAR
                                                  NORMAL
..................................................................
TEMPERATURE (F)
 TODAY
  MAXIMUM         90   1118 AM  98    2011  89      1       93
                                      1925
                                      1907
  MINIMUM         72    531 AM  55    1987  69      3       75
  AVERAGE         81                        79      2       84

PRECIPITATION (IN)
  TODAY            T             2.73 1920   0.13  -0.13     0.00
  MONTH TO DATE    T                         0.25  -0.25     0.00
  SINCE SEP 1      T                         0.25  -0.25     0.00
  SINCE JAN 1     42.07                     37.33   4.74    32.86

DEGREE DAYS

 COOLING
  TODAY           16                        14      2       19
  MONTH TO DATE   30                        28      2       38
  SINCE SEP 1     30                        28      2       38
  SINCE JAN 1   1844                      1678    166     1678
..................................................................


WIND (MPH)
  HIGHEST WIND SPEED     7   HIGHEST WIND DIRECTION     N (350)
  HIGHEST GUST SPEED     9   HIGHEST GUST DIRECTION     N (10)
  AVERAGE WIND SPEED     1.1


SKY COVER
  AVERAGE SKY COVER 0.5


WEATHER CONDITIONS
 THE FOLLOWING WEATHER WAS RECORDED TODAY.
  NO SIGNIFICANT WEATHER WAS OBSERVED.


RELATIVE HUMIDITY (PERCENT)
 HIGHEST    93          1200 AM
 LOWEST     55          1100 AM
 AVERAGE    74

..........................................................


THE BIRMINGHAM CLIMATE NORMALS FOR TOMORROW
                         NORMAL    RECORD    YEAR
 MAXIMUM TEMPERATURE (F)   89       102      1925
 MINIMUM TEMPERATURE (F)   69        52      1952


SUNRISE AND SUNSET
SEPTEMBER  2 2015.....SUNRISE   621 AM CDT   SUNSET   711 PM CDT
SEPTEMBER  3 2015.....SUNRISE   622 AM CDT   SUNSET   710 PM CDT


-  INDICATES NEGATIVE NUMBERS.
R  INDICATES RECORD WAS SET OR TIED.
MM INDICATES DATA IS MISSING.
T  INDICATES TRACE AMOUNT.




$$
