000
CDUS44 KBMX 212130
CLIBHM


CLIMATE REPORT
NATIONAL WEATHER SERVICE BIRMINGHAM, AL
430 PM CDT TUE OCT 21 2014


...................................

...THE BIRMINGHAM CLIMATE SUMMARY FOR OCTOBER 21 2014...
VALID AS OF 0400 PM LOCAL TIME.

CLIMATE NORMAL PERIOD 1981 TO 2010
CLIMATE RECORD PERIOD 1895 TO 2014


WEATHER ITEM   OBSERVED TIME   RECORD YEAR NORMAL DEPARTURE LAST
                VALUE   (LST)  VALUE       VALUE  FROM      YEAR
                                                  NORMAL
..................................................................
TEMPERATURE (F)
 TODAY
  MAXIMUM         79    230 PM  89    1963  74      5       71
  MINIMUM         48    601 AM  30    1913  51     -3       43
  AVERAGE         64                        62      2       57

PRECIPITATION (IN)
  TODAY            0.00          3.08 1959   0.11  -0.11      T
  MONTH TO DATE    3.30                      2.31   0.99     1.38
  SINCE SEP 1      4.94                      6.21  -1.27     3.85
  SINCE JAN 1     37.80                     43.29  -5.49    56.11

SNOWFALL (IN)
  TODAY            0.0                       0.0    0.0      0.0
  MONTH TO DATE    0.0                       0.0    0.0      0.0
  SINCE SEP 1      0.0                       0.0    0.0      0.0
  SINCE JUL 1      0.0                       0.0    0.0      0.0
  SNOW DEPTH       0

DEGREE DAYS

 COOLING
  TODAY            0                         2     -2        0
  MONTH TO DATE  111                        72     39       97
  SINCE SEP 1    487                       372    115      415
  SINCE JAN 1   2127                      2022    105     1940
..................................................................


WIND (MPH)
  HIGHEST WIND SPEED    16   HIGHEST WIND DIRECTION    NW (300)
  HIGHEST GUST SPEED    22   HIGHEST GUST DIRECTION     W (280)
  AVERAGE WIND SPEED     4.2


SKY COVER
  AVERAGE SKY COVER 0.1


WEATHER CONDITIONS
 THE FOLLOWING WEATHER WAS RECORDED TODAY.
  NO SIGNIFICANT WEATHER WAS OBSERVED.


RELATIVE HUMIDITY (PERCENT)
 HIGHEST    96           100 AM
 LOWEST     46           100 PM
 AVERAGE    71

..........................................................


THE BIRMINGHAM CLIMATE NORMALS FOR TOMORROW
                         NORMAL    RECORD    YEAR
 MAXIMUM TEMPERATURE (F)   74        89      1941
 MINIMUM TEMPERATURE (F)   51        28      1987


SUNRISE AND SUNSET
OCTOBER 21 2014.......SUNRISE   656 AM CDT   SUNSET   606 PM CDT
OCTOBER 22 2014.......SUNRISE   657 AM CDT   SUNSET   605 PM CDT


-  INDICATES NEGATIVE NUMBERS.
R  INDICATES RECORD WAS SET OR TIED.
MM INDICATES DATA IS MISSING.
T  INDICATES TRACE AMOUNT.




$$
