000
CDUS45 KVEF 280829
CLIBIH


CLIMATE REPORT
NATIONAL WEATHER SERVICE LAS VEGAS, NV
128 AM PDT WED SEP 28 2016


...................................

...THE BISHOP CA CLIMATE SUMMARY FOR SEPTEMBER 27 2016...

CLIMATE NORMAL PERIOD 1981 TO 2010
CLIMATE RECORD PERIOD 1943 TO 2016


WEATHER ITEM   OBSERVED TIME   RECORD YEAR NORMAL DEPARTURE LAST
                VALUE   (LST)  VALUE       VALUE  FROM      YEAR
                                                  NORMAL
..................................................................
TEMPERATURE (F)
 YESTERDAY
  MAXIMUM         91    345 PM  98    2010  84      7       92
  MINIMUM         43    539 AM  32    1986  44     -1       51
  AVERAGE         67                        64      3       72

PRECIPITATION (IN)
  YESTERDAY        0.00          T    2014   0.01  -0.01     0.00
                                      1956
                                      1954
  MONTH TO DATE    T                         0.16  -0.16     0.01
  SINCE OCT 1      3.88                      5.14  -1.26     3.02
  SINCE JAN 1      3.07                      3.52  -0.45     2.56

SNOWFALL (IN)
  YESTERDAY        0.0          MM      MM   0.0    0.0      0.0
  MONTH TO DATE    0.0                       0.0    0.0      0.0
  SINCE SEP 1      0.0                       0.0    0.0      0.0
  SINCE JUL 1      0.0                       0.0    0.0      0.0
  SNOW DEPTH       0

DEGREE DAYS
 HEATING
  YESTERDAY        0                         3     -3        0
  MONTH TO DATE   17                        31    -14        5
  SINCE SEP 1     17                        31    -14        5
  SINCE JUL 1     17                        33    -16        5

 COOLING
  YESTERDAY        2                         2      0        7
  MONTH TO DATE  121                       115      6      174
  SINCE SEP 1    121                       115      6      174
  SINCE JAN 1   1344                      1092    252     1324
..................................................................


WIND (MPH)
  RESULTANT WIND SPEED   1   RESULTANT WIND DIRECTION  SE (150)
  HIGHEST WIND SPEED    15   HIGHEST WIND DIRECTION    SE (150)
  HIGHEST GUST SPEED    20   HIGHEST GUST DIRECTION     S (190)
  AVERAGE WIND SPEED     6.9


SKY COVER
  POSSIBLE SUNSHINE  MM
  AVERAGE SKY COVER 0.0


WEATHER CONDITIONS
 THE FOLLOWING WEATHER WAS RECORDED YESTERDAY.
  NO SIGNIFICANT WEATHER WAS OBSERVED.


RELATIVE HUMIDITY (PERCENT)
 HIGHEST    45           600 AM
 LOWEST      7           500 PM
 AVERAGE    26

..........................................................


THE BISHOP CA CLIMATE NORMALS FOR TODAY
                         NORMAL    RECORD    YEAR
 MAXIMUM TEMPERATURE (F)   83        99      2010
 MINIMUM TEMPERATURE (F)   43        31      2013
                                             1971


SUNRISE AND SUNSET
SEPTEMBER 28 2016.....SUNRISE   647 AM PDT   SUNSET   640 PM PDT
SEPTEMBER 29 2016.....SUNRISE   648 AM PDT   SUNSET   639 PM PDT


-  INDICATES NEGATIVE NUMBERS.
R  INDICATES RECORD WAS SET OR TIED.
MM INDICATES DATA IS MISSING.
T  INDICATES TRACE AMOUNT.




$$
