611
CDUS45 KVEF 110826
CLIBIH


CLIMATE REPORT
NATIONAL WEATHER SERVICE LAS VEGAS, NV
1225 AM PST THU FEB 11 2016


...................................

...THE BISHOP CA CLIMATE SUMMARY FOR FEBRUARY 10 2016...

CLIMATE NORMAL PERIOD 1981 TO 2010
CLIMATE RECORD PERIOD 1943 TO 2016


WEATHER ITEM   OBSERVED TIME   RECORD YEAR NORMAL DEPARTURE LAST
                VALUE   (LST)  VALUE       VALUE  FROM      YEAR
                                                  NORMAL
..................................................................
TEMPERATURE (F)
 YESTERDAY
  MAXIMUM         74    217 PM  78    1951  57     17       67
  MINIMUM         29    728 AM   9    1969  26      3       34
  AVERAGE         52                        41     11       51

PRECIPITATION (IN)
  YESTERDAY        0.00          1.34 1962   0.03  -0.03     0.00
  MONTH TO DATE    0.00                      0.28  -0.28     0.13
  SINCE OCT 1      1.87                      2.95  -1.08     0.68
  SINCE JAN 1      1.06                      1.33  -0.27     0.22

SNOWFALL (IN)
  YESTERDAY        0.0           0.6  1978   0.0    0.0      0.0
  MONTH TO DATE    0.0                       0.4   -0.4      0.0
  SINCE DEC 1      2.0                       6.8   -4.8      0.0
  SINCE JUL 1      2.0                       7.1   -5.1      0.0
  SNOW DEPTH       0

DEGREE DAYS
 HEATING
  YESTERDAY       13                        24    -11       14
  MONTH TO DATE  242                       245     -3      139
  SINCE DEC 1   1968                      1913     55     1526
  SINCE JUL 1   2782                      2814    -32     2177

 COOLING
  YESTERDAY        0                         0      0        0
  MONTH TO DATE    0                         0      0        0
  SINCE DEC 1      0                         0      0        0
  SINCE JAN 1      0                         0      0        0
..................................................................


WIND (MPH)
  RESULTANT WIND SPEED   3   RESULTANT WIND DIRECTION  NW (330)
  HIGHEST WIND SPEED    12   HIGHEST WIND DIRECTION    NW (300)
  HIGHEST GUST SPEED    13   HIGHEST GUST DIRECTION    NW (300)
  AVERAGE WIND SPEED     5.1


SKY COVER
  POSSIBLE SUNSHINE  MM
  AVERAGE SKY COVER 0.0


WEATHER CONDITIONS
 THE FOLLOWING WEATHER WAS RECORDED YESTERDAY.
  NO SIGNIFICANT WEATHER WAS OBSERVED.


RELATIVE HUMIDITY (PERCENT)
 HIGHEST    69           100 AM
 LOWEST     12           100 PM
 AVERAGE    41

..........................................................


THE BISHOP CA CLIMATE NORMALS FOR TODAY
                         NORMAL    RECORD    YEAR
 MAXIMUM TEMPERATURE (F)   57        75      1971
 MINIMUM TEMPERATURE (F)   26        12      1948


SUNRISE AND SUNSET
FEBRUARY 11 2016......SUNRISE   647 AM PST   SUNSET   528 PM PST
FEBRUARY 12 2016......SUNRISE   646 AM PST   SUNSET   529 PM PST


-  INDICATES NEGATIVE NUMBERS.
R  INDICATES RECORD WAS SET OR TIED.
MM INDICATES DATA IS MISSING.
T  INDICATES TRACE AMOUNT.




$$
