000
CDUS45 KVEF 270827
CLIBIH


CLIMATE REPORT
NATIONAL WEATHER SERVICE LAS VEGAS, NV
127 AM PDT MON MAR 27 2017


...................................

...THE BISHOP CA CLIMATE SUMMARY FOR MARCH 26 2017...

CLIMATE NORMAL PERIOD 1981 TO 2010
CLIMATE RECORD PERIOD 1943 TO 2017


WEATHER ITEM   OBSERVED TIME   RECORD YEAR NORMAL DEPARTURE LAST
                VALUE   (LST)  VALUE       VALUE  FROM      YEAR
                                                  NORMAL
..................................................................
TEMPERATURE (F)
 YESTERDAY
  MAXIMUM         71    410 PM  81    2015  68      3       70
                                      1960
  MINIMUM         33    559 AM  17    1948  33      0       42
  AVERAGE         52                        50      2       56

PRECIPITATION (IN)
  YESTERDAY        0.00          0.27 1993   0.01  -0.01     0.00
  MONTH TO DATE    0.09                      0.47  -0.38     0.07
  SINCE OCT 1      7.89                      3.99   3.90     2.00
  SINCE JAN 1      7.53                      2.37   5.16     1.19

SNOWFALL (IN)
  YESTERDAY        0.0          MM      MM   0.0    0.0      0.0
  MONTH TO DATE    T                         0.4   -0.4      0.0
  SINCE MAR 1      T                         0.4   -0.4      0.0
  SINCE JUL 1      8.6                       7.8    0.8      2.0
  SNOW DEPTH       0

DEGREE DAYS
 HEATING
  YESTERDAY       13                        15     -2        9
  MONTH TO DATE  347                       444    -97      318
  SINCE MAR 1    347                       444    -97      318
  SINCE JUL 1   3347                      3651   -304     3374

 COOLING
  YESTERDAY        0                         0      0        0
  MONTH TO DATE    0                         0      0        0
  SINCE MAR 1      0                         0      0        0
  SINCE JAN 1      0                         0      0        0
..................................................................


WIND (MPH)
  RESULTANT WIND SPEED   2   RESULTANT WIND DIRECTION   W (290)
  HIGHEST WIND SPEED    15   HIGHEST WIND DIRECTION     N (340)
  HIGHEST GUST SPEED    20   HIGHEST GUST DIRECTION     S (160)
  AVERAGE WIND SPEED     5.5


SKY COVER
  POSSIBLE SUNSHINE  MM
  AVERAGE SKY COVER 0.2


WEATHER CONDITIONS
 THE FOLLOWING WEATHER WAS RECORDED YESTERDAY.
  NO SIGNIFICANT WEATHER WAS OBSERVED.


RELATIVE HUMIDITY (PERCENT)
 HIGHEST    75           600 AM
 LOWEST     22           400 PM
 AVERAGE    49

..........................................................


THE BISHOP CA CLIMATE NORMALS FOR TODAY
                         NORMAL    RECORD    YEAR
 MAXIMUM TEMPERATURE (F)   68        85      2015
 MINIMUM TEMPERATURE (F)   33        23      1964


SUNRISE AND SUNSET
MARCH 27 2017.........SUNRISE   646 AM PDT   SUNSET   712 PM PDT
MARCH 28 2017.........SUNRISE   644 AM PDT   SUNSET   713 PM PDT


-  INDICATES NEGATIVE NUMBERS.
R  INDICATES RECORD WAS SET OR TIED.
MM INDICATES DATA IS MISSING.
T  INDICATES TRACE AMOUNT.




$$
