000
CDUS45 KBYZ 300932
CLIBIL


CLIMATE REPORT
NATIONAL WEATHER SERVICE BILLINGS MT
331 AM MDT TUE JUN 30 2015


...................................

...THE BILLINGS MT CLIMATE SUMMARY FOR JUNE 29 2015...

CLIMATE NORMAL PERIOD 1981 TO 2010
CLIMATE RECORD PERIOD 1934 TO 2015


WEATHER ITEM   OBSERVED TIME   RECORD YEAR NORMAL DEPARTURE LAST
                VALUE   (LST)  VALUE       VALUE  FROM      YEAR
                                                  NORMAL
..................................................................
TEMPERATURE (F)
 YESTERDAY
  MAXIMUM         98    405 PM 105    1984  82     16       79
  MINIMUM         65    506 AM  42    1947  56      9       50
  AVERAGE         82                        69     13       65

PRECIPITATION (IN)
  YESTERDAY        T             0.50 1968   0.05  -0.05      T
  MONTH TO DATE    1.60                      2.06  -0.46     1.75
  SINCE OCT 1      8.84                     10.23  -1.39    14.47
  SINCE JAN 1      7.27                      7.92  -0.65     9.58

SNOWFALL (IN)
  YESTERDAY        0.0           0.0  2002   0.0    0.0      0.0
                                      2001
  MONTH TO DATE    0.0                       0.0    0.0       T
  SINCE JUN 1      0.0                       0.0    0.0       T
  SINCE JUL 1     55.4                      55.0    0.4    103.5
  SNOW DEPTH       0

DEGREE DAYS
 HEATING
  YESTERDAY        0                         1     -1        0
  MONTH TO DATE   18                        93    -75       89
  SINCE JUN 1     18                        93    -75       89
  SINCE JUL 1   6069                      6779   -710     7166

 COOLING
  YESTERDAY       17                         5     12        0
  MONTH TO DATE  156                        79     77       19
  SINCE JUN 1    156                        79     77       19
  SINCE JAN 1    159                        96     63       35
..................................................................


WIND (MPH)
  HIGHEST WIND SPEED    41   HIGHEST WIND DIRECTION    NW (300)
  HIGHEST GUST SPEED    49   HIGHEST GUST DIRECTION    NW (300)
  AVERAGE WIND SPEED    10.3


SKY COVER
  POSSIBLE SUNSHINE  MM
  AVERAGE SKY COVER 0.4


WEATHER CONDITIONS
 THE FOLLOWING WEATHER WAS RECORDED YESTERDAY.
  THUNDERSTORM
  LIGHT RAIN


RELATIVE HUMIDITY (PERCENT)
 HIGHEST    67           500 AM
 LOWEST     12           400 PM
 AVERAGE    40

..........................................................


THE BILLINGS MT CLIMATE NORMALS FOR TODAY
                         NORMAL    RECORD    YEAR
 MAXIMUM TEMPERATURE (F)   83       102      1990
 MINIMUM TEMPERATURE (F)   56        43      1995
                                             1951


SUNRISE AND SUNSET
JUNE 30 2015..........SUNRISE   527 AM MDT   SUNSET   908 PM MDT
JULY  1 2015..........SUNRISE   528 AM MDT   SUNSET   908 PM MDT


-  INDICATES NEGATIVE NUMBERS.
R  INDICATES RECORD WAS SET OR TIED.
MM INDICATES DATA IS MISSING.
T  INDICATES TRACE AMOUNT.





&&

...THE CLIMATE SUMMARY FOR SOUTHWEST BILLINGS FOR 29 JUNE 2015...

HIGH TEMPERATURE........................100
LOW TEMPERATURE.........................60

PRECIPITATION...........................T
MONTHLY PRECIPITATION TOTAL.............2.15
YEARLY PRECIPITATION TOTAL..............8.06

SNOWFALL................................0.0
MONTHLY SNOWFALL TOTAL..................T
TOTAL SNOWFALL SINCE JULY 1.............53.3

SNOW DEPTH AT MIDNIGHT..................0

$$
