000
CDUS45 KBYZ 011036
CLIBIL


CLIMATE REPORT
NATIONAL WEATHER SERVICE BILLINGS MT
335 AM MST SUN FEB 1 2015


...................................

...THE BILLINGS MT CLIMATE SUMMARY FOR JANUARY 31 2015...

CLIMATE NORMAL PERIOD 1981 TO 2010
CLIMATE RECORD PERIOD 1934 TO 2015


WEATHER ITEM   OBSERVED TIME   RECORD YEAR NORMAL DEPARTURE LAST
                VALUE   (LST)  VALUE       VALUE  FROM      YEAR
                                                  NORMAL
..................................................................
TEMPERATURE (F)
 YESTERDAY
  MAXIMUM         36        MM  67    1992  38     -2       30
  MINIMUM         11        MM -17    1969  19     -8        1
  AVERAGE         24                        28     -4       16

PRECIPITATION (IN)
  YESTERDAY        0.07          0.22 2014   0.02   0.05     0.22
  MONTH TO DATE    1.09                      0.48   0.61     1.02
  SINCE OCT 1      2.66                      2.79  -0.13     5.91
  SINCE JAN 1      1.09                      0.48   0.61     1.02

SNOWFALL (IN)
  YESTERDAY        0.9           5.0  1939   0.2    0.7      2.9
  MONTH TO DATE   18.7                       8.4   10.3     18.2
  SINCE DEC 1     27.1                      16.6   10.5     42.1
  SINCE JUL 1     40.3                      28.3   12.0     53.2
  SNOW DEPTH       0

DEGREE DAYS
 HEATING
  YESTERDAY       41                        37      4       49
  MONTH TO DATE 1082                      1175    -93     1062
  SINCE DEC 1   2164                      2368   -204     2386
  SINCE JUL 1   3765                      3996   -231     3987

 COOLING
  YESTERDAY        0                         0      0        0
  MONTH TO DATE    0                         0      0        0
  SINCE DEC 1      0                         0      0        0
  SINCE JAN 1      0                         0      0        0
..................................................................


WIND (MPH)
  HIGHEST WIND SPEED    22   HIGHEST WIND DIRECTION    NE (30)
  HIGHEST GUST SPEED    30   HIGHEST GUST DIRECTION    NE (30)
  AVERAGE WIND SPEED    14.2


SKY COVER
  POSSIBLE SUNSHINE  MM
  AVERAGE SKY COVER 0.7


WEATHER CONDITIONS
 THE FOLLOWING WEATHER WAS RECORDED YESTERDAY.
  SNOW
  LIGHT SNOW
  FOG


RELATIVE HUMIDITY (PERCENT)
 HIGHEST    92           200 PM
 LOWEST     56          1000 AM
 AVERAGE    74

..........................................................


THE BILLINGS MT CLIMATE NORMALS FOR TODAY
                         NORMAL    RECORD    YEAR
 MAXIMUM TEMPERATURE (F)   38        62      1935
 MINIMUM TEMPERATURE (F)   19       -23      1996
                                             1989


SUNRISE AND SUNSET
FEBRUARY  1 2015......SUNRISE   736 AM MST   SUNSET   520 PM MST
FEBRUARY  2 2015......SUNRISE   735 AM MST   SUNSET   521 PM MST


-  INDICATES NEGATIVE NUMBERS.
R  INDICATES RECORD WAS SET OR TIED.
MM INDICATES DATA IS MISSING.
T  INDICATES TRACE AMOUNT.





&&

...THE CLIMATE SUMMARY FOR SOUTHWEST BILLINGS FOR 31 JANUARY 2015...

HIGH TEMPERATURE........................35
LOW TEMPERATURE.........................13

PRECIPITATION...........................0.04
MONTHLY PRECIPITATION TOTAL.............1.01
YEARLY PRECIPITATION TOTAL..............1.01

SNOWFALL................................2.0
MONTHLY SNOWFALL TOTAL..................19.3
TOTAL SNOWFALL SINCE JULY 1.............44.1

SNOW DEPTH AT MIDNIGHT..................2

$$
