000
CDUS45 KBYZ 280939
CLIBIL


CLIMATE REPORT
NATIONAL WEATHER SERVICE BILLINGS MT
337 AM MDT TUE JUL 28 2015


...................................

...THE BILLINGS MT CLIMATE SUMMARY FOR JULY 27 2015...

CLIMATE NORMAL PERIOD 1981 TO 2010
CLIMATE RECORD PERIOD 1934 TO 2015


WEATHER ITEM   OBSERVED TIME   RECORD YEAR NORMAL DEPARTURE LAST
                VALUE   (LST)  VALUE       VALUE  FROM      YEAR
                                                  NORMAL
..................................................................
TEMPERATURE (F)
 YESTERDAY
  MAXIMUM         78    148 PM 103    1947  89    -11       87
                                      1935
  MINIMUM         53   1125 PM  51    1981  60     -7       53
                                      1963
  AVERAGE         66                        74     -8       70

PRECIPITATION (IN)
  YESTERDAY        0.74          0.81 1998   0.04   0.70     0.00
  MONTH TO DATE    1.66                      1.18   0.48     0.34
  SINCE OCT 1     10.50                     11.47  -0.97    14.81
  SINCE JAN 1      8.93                      9.16  -0.23     9.92

SNOWFALL (IN)
  YESTERDAY        T   R         T    1998   0.0    0.0      0.0
  MONTH TO DATE    T                         0.0    0.0      0.0
  SINCE JUN 1      T                         0.0    0.0       T
  SINCE JUL 1      T                         0.0    0.0      0.0
  SNOW DEPTH       0

DEGREE DAYS
 HEATING
  YESTERDAY        0                         0      0        0
  MONTH TO DATE    1                        12    -11        1
  SINCE JUN 1     19                       108    -89       90
  SINCE JUL 1      1                        12    -11        1

 COOLING
  YESTERDAY        1                        10     -9        5
  MONTH TO DATE  216                       218     -2      255
  SINCE JUN 1    389                       303     86      274
  SINCE JAN 1    392                       320     72      290
..................................................................


WIND (MPH)
  HIGHEST WIND SPEED    43   HIGHEST WIND DIRECTION    NW (320)
  HIGHEST GUST SPEED    53   HIGHEST GUST DIRECTION    NW (310)
  AVERAGE WIND SPEED    13.8


SKY COVER
  POSSIBLE SUNSHINE  MM
  AVERAGE SKY COVER 0.6


WEATHER CONDITIONS
 THE FOLLOWING WEATHER WAS RECORDED YESTERDAY.
  THUNDERSTORM
  HEAVY RAIN
  RAIN
  HAIL
  FOG
  HAZE


RELATIVE HUMIDITY (PERCENT)
 HIGHEST    93           400 PM
 LOWEST     40          1200 AM
 AVERAGE    67

..........................................................


THE BILLINGS MT CLIMATE NORMALS FOR TODAY
                         NORMAL    RECORD    YEAR
 MAXIMUM TEMPERATURE (F)   89       103      2006
                                             1947
 MINIMUM TEMPERATURE (F)   60        48      1971
                                             1949


SUNRISE AND SUNSET
JULY 28 2015..........SUNRISE   552 AM MDT   SUNSET   848 PM MDT
JULY 29 2015..........SUNRISE   553 AM MDT   SUNSET   847 PM MDT


-  INDICATES NEGATIVE NUMBERS.
R  INDICATES RECORD WAS SET OR TIED.
MM INDICATES DATA IS MISSING.
T  INDICATES TRACE AMOUNT.





&&

...THE CLIMATE SUMMARY FOR SOUTHWEST BILLINGS FOR 27 JULY 2015...

HIGH TEMPERATURE........................79
LOW TEMPERATURE.........................55

PRECIPITATION...........................1.09
MONTHLY PRECIPITATION TOTAL.............2.55
YEARLY PRECIPITATION TOTAL..............10.61

SNOWFALL................................0.0
MONTHLY SNOWFALL TOTAL..................0.0
TOTAL SNOWFALL SINCE JULY 1.............0.0

SNOW DEPTH AT MIDNIGHT..................0

$$
