000
CDUS45 KBYZ 010934
CLIBIL


CLIMATE REPORT
NATIONAL WEATHER SERVICE BILLINGS MT
332 AM MDT SAT OCT 1 2016


...................................

...THE BILLINGS MT CLIMATE SUMMARY FOR SEPTEMBER 30 2016...

CLIMATE NORMAL PERIOD 1981 TO 2010
CLIMATE RECORD PERIOD 1934 TO 2016


WEATHER ITEM   OBSERVED TIME   RECORD YEAR NORMAL DEPARTURE LAST
                VALUE   (LST)  VALUE       VALUE  FROM      YEAR
                                                  NORMAL
..................................................................
TEMPERATURE (F)
 YESTERDAY
  MAXIMUM         83    332 PM  90    1963  66     17       85
  MINIMUM         61    753 AM  23    1985  42     19       47
  AVERAGE         72                        54     18       66

PRECIPITATION (IN)
  YESTERDAY        T             0.36 2009   0.04  -0.04     0.00
  MONTH TO DATE    1.58                      1.30   0.28     0.27
  SINCE OCT 1     12.18                     13.66  -1.48    11.68
  SINCE JAN 1      9.33                     11.35  -2.02    10.11

SNOWFALL (IN)
  YESTERDAY        0.0           2.4  1950   0.1   -0.1      0.0
  MONTH TO DATE    0.0                       1.1   -1.1      0.0
  SINCE SEP 1      0.0                       1.1   -1.1      0.0
  SINCE JUL 1      0.0                       1.1   -1.1       T
  SNOW DEPTH       0

DEGREE DAYS
 HEATING
  YESTERDAY        0                        11    -11        0
  MONTH TO DATE  161                       192    -31       73
  SINCE SEP 1    161                       192    -31       73
  SINCE JUL 1    189                       229    -40      116

 COOLING
  YESTERDAY        7                         0      7        1
  MONTH TO DATE   52                        51      1       93
  SINCE SEP 1     52                        51      1       93
  SINCE JAN 1    736                       633    103      745
..................................................................


WIND (MPH)
  HIGHEST WIND SPEED    24   HIGHEST WIND DIRECTION     W (250)
  HIGHEST GUST SPEED    29   HIGHEST GUST DIRECTION    SW (240)
  AVERAGE WIND SPEED     9.8


SKY COVER
  POSSIBLE SUNSHINE  MM
  AVERAGE SKY COVER 0.4


WEATHER CONDITIONS
 THE FOLLOWING WEATHER WAS RECORDED YESTERDAY.
  LIGHT RAIN


RELATIVE HUMIDITY (PERCENT)
 HIGHEST    69           800 AM
 LOWEST     23           300 PM
 AVERAGE    46

..........................................................


THE BILLINGS MT CLIMATE NORMALS FOR TODAY
                         NORMAL    RECORD    YEAR
 MAXIMUM TEMPERATURE (F)   65        91      2011
 MINIMUM TEMPERATURE (F)   42        23      1950


SUNRISE AND SUNSET
OCTOBER  1 2016.......SUNRISE   713 AM MDT   SUNSET   653 PM MDT
OCTOBER  2 2016.......SUNRISE   714 AM MDT   SUNSET   651 PM MDT


-  INDICATES NEGATIVE NUMBERS.
R  INDICATES RECORD WAS SET OR TIED.
MM INDICATES DATA IS MISSING.
T  INDICATES TRACE AMOUNT.





&&

...THE CLIMATE SUMMARY FOR SOUTHWEST BILLINGS FOR 30 SEPTEMBER 2016...

HIGH TEMPERATURE........................85
LOW TEMPERATURE.........................61

PRECIPITATION...........................0.01
MONTHLY PRECIPITATION TOTAL.............1.97
YEARLY PRECIPITATION TOTAL..............10.71

SNOWFALL................................0.0
MONTHLY SNOWFALL TOTAL..................0.0
TOTAL SNOWFALL SINCE JULY 1.............0.0

SNOW DEPTH AT MIDNIGHT..................0

$$
