000
CDUS45 KBYZ 310316
CLIBIL


CLIMATE REPORT
NATIONAL WEATHER SERVICE BILLINGS MT
915 PM MDT SUN AUG 30 2015


...................................

...THE BILLINGS MT CLIMATE SUMMARY FOR AUGUST 30 2015...
VALID AS OF 0900 PM LOCAL TIME.

CLIMATE NORMAL PERIOD 1981 TO 2010
CLIMATE RECORD PERIOD 1934 TO 2015


WEATHER ITEM   OBSERVED RECORD YEAR NORMAL DEPARTURE LAST
                VALUE   VALUE       VALUE  FROM      YEAR
                                           NORMAL
...........................................................
TEMPERATURE (F)
 TODAY
  MAXIMUM         86    100    1954  81      5
  MINIMUM         72     41    1993  54     18
  AVERAGE         79

PRECIPITATION (IN)
  TODAY            T      0.93 2010   0.03  -0.03     0.02
  MONTH TO DATE    0.91               0.72   0.19     1.97
  SINCE OCT 1     11.41              12.33  -0.92    16.78
  SINCE JAN 1      9.84              10.02  -0.18    11.89

...........................................................










-  INDICATES NEGATIVE NUMBERS.
R  INDICATES RECORD WAS SET OR TIED.
MM INDICATES DATA IS MISSING.
T  INDICATES TRACE AMOUNT.




$$
