000
CDUS45 KBYZ 242232
CLIBIL


CLIMATE REPORT
NATIONAL WEATHER SERVICE BILLINGS MT
431 PM MDT FRI MAR 24 2017


...................................

...THE BILLINGS MT CLIMATE SUMMARY FOR MARCH 24 2017...
VALID TODAY AS OF 0400 PM LOCAL TIME.

CLIMATE NORMAL PERIOD 1981 TO 2010
CLIMATE RECORD PERIOD 1934 TO 2017


WEATHER ITEM   OBSERVED TIME   RECORD YEAR NORMAL DEPARTURE LAST
                VALUE   (LST)  VALUE       VALUE  FROM      YEAR
                                                  NORMAL
..................................................................
TEMPERATURE (F)
 TODAY
  MAXIMUM         65    259 PM  78    1993  51     14       53
  MINIMUM         34    723 AM -12    1955  29      5       30
  AVERAGE         50                        40     10       42

PRECIPITATION (IN)
  TODAY            0.00          0.69 1942   0.04  -0.04     0.16
  MONTH TO DATE    1.23                      0.75   0.48     0.44
  SINCE OCT 1      8.25                      4.02   4.23     3.82
  SINCE JAN 1      2.69                      1.71   0.98     0.97

SNOWFALL (IN)
  TODAY            0.0           6.9  1954   0.4   -0.4      0.0
  MONTH TO DATE   10.4                       7.8    2.6      1.5
  SINCE MAR 1     10.4                       7.8    2.6      1.5
  SINCE JUL 1     70.7                      42.3   28.4     25.9
  SNOW DEPTH       0

DEGREE DAYS
 HEATING
  TODAY           15                        25    -10       23
  MONTH TO DATE  601                       676    -75      499
  SINCE MAR 1    601                       676    -75      499
  SINCE JUL 1   5686                      5641     45     4760

 COOLING
  TODAY            0                         0      0        0
  MONTH TO DATE    0                         0      0        0
  SINCE MAR 1      0                         0      0        0
  SINCE JAN 1      0                         0      0        0
..................................................................


WIND (MPH)
  HIGHEST WIND SPEED    18   HIGHEST WIND DIRECTION     S (200)
  HIGHEST GUST SPEED    29   HIGHEST GUST DIRECTION    SW (220)
  AVERAGE WIND SPEED     9.0


SKY COVER
  POSSIBLE SUNSHINE  MM
  AVERAGE SKY COVER 0.2


WEATHER CONDITIONS
 THE FOLLOWING WEATHER WAS RECORDED TODAY.
  NO SIGNIFICANT WEATHER WAS OBSERVED.


RELATIVE HUMIDITY (PERCENT)
 HIGHEST    85           200 AM
 LOWEST     16           200 PM
 AVERAGE    51

..........................................................


THE BILLINGS MT CLIMATE NORMALS FOR TOMORROW
                         NORMAL    RECORD    YEAR
 MAXIMUM TEMPERATURE (F)   51        74      1999
 MINIMUM TEMPERATURE (F)   29       -12      1955


SUNRISE AND SUNSET
MARCH 24 2017.........SUNRISE   709 AM MDT   SUNSET   732 PM MDT
MARCH 25 2017.........SUNRISE   707 AM MDT   SUNSET   734 PM MDT


-  INDICATES NEGATIVE NUMBERS.
R  INDICATES RECORD WAS SET OR TIED.
MM INDICATES DATA IS MISSING.
T  INDICATES TRACE AMOUNT.




$$
