000
CDUS45 KBYZ 201041
CLIBIL


CLIMATE REPORT
NATIONAL WEATHER SERVICE BILLINGS MT
340 AM MST MON FEB 20 2017


...................................

...THE BILLINGS MT CLIMATE SUMMARY FOR FEBRUARY 19 2017...

CLIMATE NORMAL PERIOD 1981 TO 2010
CLIMATE RECORD PERIOD 1934 TO 2017


WEATHER ITEM   OBSERVED TIME   RECORD YEAR NORMAL DEPARTURE LAST
                VALUE   (LST)  VALUE       VALUE  FROM      YEAR
                                                  NORMAL
..................................................................
TEMPERATURE (F)
 YESTERDAY
  MAXIMUM         56    214 PM  70    1981  41     15       58
  MINIMUM         34    517 AM -12    1955  21     13       38
  AVERAGE         45                        31     14       48

PRECIPITATION (IN)
  YESTERDAY        0.00          0.26 1949   0.02  -0.02     0.00
  MONTH TO DATE    0.55                      0.31   0.24     0.09
  SINCE OCT 1      6.74                      3.10   3.64     3.38
  SINCE JAN 1      1.18                      0.79   0.39     0.53

SNOWFALL (IN)
  YESTERDAY        0.0           4.7  1949   0.2   -0.2      0.0
  MONTH TO DATE   10.7                       3.9    6.8      0.2
  SINCE DEC 1     53.3                      20.5   32.8     20.3
  SINCE JUL 1     58.6                      32.2   26.4     24.4
  SNOW DEPTH       0

DEGREE DAYS
 HEATING
  YESTERDAY       20                        34    -14       17
  MONTH TO DATE  692                       675     17      457
  SINCE DEC 1   3538                      3043    495     2640
  SINCE JUL 1   4797                      4671    126     4028

 COOLING
  YESTERDAY        0                         0      0        0
  MONTH TO DATE    0                         0      0        0
  SINCE DEC 1      0                         0      0        0
  SINCE JAN 1      0                         0      0        0
..................................................................


WIND (MPH)
  HIGHEST WIND SPEED    23   HIGHEST WIND DIRECTION    NW (330)
  HIGHEST GUST SPEED    29   HIGHEST GUST DIRECTION     N (340)
  AVERAGE WIND SPEED     7.8


SKY COVER
  POSSIBLE SUNSHINE  MM
  AVERAGE SKY COVER 0.7


WEATHER CONDITIONS
 THE FOLLOWING WEATHER WAS RECORDED YESTERDAY.
  NO SIGNIFICANT WEATHER WAS OBSERVED.


RELATIVE HUMIDITY (PERCENT)
 HIGHEST    82           200 AM
 LOWEST     43           200 PM
 AVERAGE    63

..........................................................


THE BILLINGS MT CLIMATE NORMALS FOR TODAY
                         NORMAL    RECORD    YEAR
 MAXIMUM TEMPERATURE (F)   41        69      1995
 MINIMUM TEMPERATURE (F)   21       -11      1949


SUNRISE AND SUNSET
FEBRUARY 20 2017......SUNRISE   708 AM MST   SUNSET   549 PM MST
FEBRUARY 21 2017......SUNRISE   706 AM MST   SUNSET   550 PM MST


-  INDICATES NEGATIVE NUMBERS.
R  INDICATES RECORD WAS SET OR TIED.
MM INDICATES DATA IS MISSING.
T  INDICATES TRACE AMOUNT.





&&

...THE CLIMATE SUMMARY FOR SOUTHWEST BILLINGS FOR 19 FEBRUARY 2017...

HIGH TEMPERATURE........................58
LOW TEMPERATURE.........................29

PRECIPITATION...........................0.00
MONTHLY PRECIPITATION TOTAL.............0.48
YEARLY PRECIPITATION TOTAL..............1.15

SNOWFALL................................0.0
MONTHLY SNOWFALL TOTAL..................7.3
TOTAL SNOWFALL SINCE JULY 1.............45.8

SNOW DEPTH AT MIDNIGHT..................0

$$
