000
CDUS45 KBYZ 210935
CLIBIL


CLIMATE REPORT
NATIONAL WEATHER SERVICE BILLINGS MT
233 AM MST FRI NOV 21 2014


...................................

...THE BILLINGS MT CLIMATE SUMMARY FOR NOVEMBER 20 2014...

CLIMATE NORMAL PERIOD 1981 TO 2010
CLIMATE RECORD PERIOD 1934 TO 2014


WEATHER ITEM   OBSERVED TIME   RECORD YEAR NORMAL DEPARTURE LAST
                VALUE   (LST)  VALUE       VALUE  FROM      YEAR
                                                  NORMAL
..................................................................
TEMPERATURE (F)
 YESTERDAY
  MAXIMUM         42    312 PM  66    2002  43     -1       27
  MINIMUM         21    539 AM -13    1977  25     -4        7
  AVERAGE         32                        34     -2       17

PRECIPITATION (IN)
  YESTERDAY        0.00          0.40 2010   0.03  -0.03     0.10
  MONTH TO DATE    0.22                      0.44  -0.22     0.34
  SINCE OCT 1      0.38                      1.62  -1.24     2.91
  SINCE JAN 1     12.84                     12.97  -0.13    14.72

SNOWFALL (IN)
  YESTERDAY        0.0           8.8  2010   0.2   -0.2      3.4
  MONTH TO DATE    2.4                       4.0   -1.6      6.0
  SINCE SEP 1      2.4                       9.2   -6.8     11.1
  SINCE JUL 1      2.4                       9.2   -6.8     11.1
  SNOW DEPTH       T

DEGREE DAYS
 HEATING
  YESTERDAY       33                        31      2       48
  MONTH TO DATE  707                       539    168      535
  SINCE SEP 1   1234                      1254    -20     1272
  SINCE JUL 1   1282                      1291     -9     1272

 COOLING
  YESTERDAY        0                         0      0        0
  MONTH TO DATE    0                         0      0        0
  SINCE SEP 1     66                        54     12      103
  SINCE JAN 1    618                       636    -18      840
..................................................................


WIND (MPH)
  HIGHEST WIND SPEED    24   HIGHEST WIND DIRECTION    SW (230)
  HIGHEST GUST SPEED    29   HIGHEST GUST DIRECTION    SW (230)
  AVERAGE WIND SPEED    17.3


SKY COVER
  POSSIBLE SUNSHINE  MM
  AVERAGE SKY COVER 0.3


WEATHER CONDITIONS
 THE FOLLOWING WEATHER WAS RECORDED YESTERDAY.
  NO SIGNIFICANT WEATHER WAS OBSERVED.


RELATIVE HUMIDITY (PERCENT)
 HIGHEST    74           700 AM
 LOWEST     43           300 PM
 AVERAGE    59

..........................................................


THE BILLINGS MT CLIMATE NORMALS FOR TODAY
                         NORMAL    RECORD    YEAR
 MAXIMUM TEMPERATURE (F)   42        65      1954
 MINIMUM TEMPERATURE (F)   24       -18      1977


SUNRISE AND SUNSET
NOVEMBER 21 2014......SUNRISE   722 AM MST   SUNSET   437 PM MST
NOVEMBER 22 2014......SUNRISE   724 AM MST   SUNSET   437 PM MST


-  INDICATES NEGATIVE NUMBERS.
R  INDICATES RECORD WAS SET OR TIED.
MM INDICATES DATA IS MISSING.
T  INDICATES TRACE AMOUNT.





&&

...THE CLIMATE SUMMARY FOR SOUTHWEST BILLINGS FOR 20 NOVEMBER 2014...

HIGH TEMPERATURE........................43
LOW TEMPERATURE.........................13

PRECIPITATION...........................0.00
MONTHLY PRECIPITATION TOTAL.............0.30
YEARLY PRECIPITATION TOTAL..............14.18

SNOWFALL................................0.0
MONTHLY SNOWFALL TOTAL..................2.5
TOTAL SNOWFALL SINCE JULY 1.............2.5

SNOW DEPTH AT MIDNIGHT..................T

$$
