000
CDUS45 KBYZ 300311
CLIBIL


CLIMATE REPORT
NATIONAL WEATHER SERVICE BILLINGS MT
911 PM MDT FRI AUG 29 2014


...................................

...THE BILLINGS MT CLIMATE SUMMARY FOR AUGUST 29 2014...
VALID AS OF 0900 PM LOCAL TIME.

CLIMATE NORMAL PERIOD 1981 TO 2010
CLIMATE RECORD PERIOD 1934 TO 2014


WEATHER ITEM   OBSERVED RECORD YEAR NORMAL DEPARTURE LAST
                VALUE   VALUE       VALUE  FROM      YEAR
                                           NORMAL
...........................................................
TEMPERATURE (F)
 TODAY
  MAXIMUM         77     97    2012  82     -5
                               2005
  MINIMUM         56     44    1992  54      2
                               1965
  AVERAGE         67

PRECIPITATION (IN)
  TODAY            T      0.80 1964   0.02  -0.02      T
  MONTH TO DATE    1.95               0.69   1.26     0.19
  SINCE OCT 1     16.76              12.30   4.46    10.23
  SINCE JAN 1     11.87               9.99   1.88     8.18

...........................................................










-  INDICATES NEGATIVE NUMBERS.
R  INDICATES RECORD WAS SET OR TIED.
MM INDICATES DATA IS MISSING.
T  INDICATES TRACE AMOUNT.




$$
