000
CDUS45 KBYZ 312223
CLIBIL


CLIMATE REPORT
NATIONAL WEATHER SERVICE BILLINGS MT
421 PM MDT TUE MAY 31 2016


...................................

...THE BILLINGS MT CLIMATE SUMMARY FOR MAY 31 2016...
VALID TODAY AS OF 0400 PM LOCAL TIME.

CLIMATE NORMAL PERIOD 1981 TO 2010
CLIMATE RECORD PERIOD 1934 TO 2016


WEATHER ITEM   OBSERVED TIME   RECORD YEAR NORMAL DEPARTURE LAST
                VALUE   (LST)  VALUE       VALUE  FROM      YEAR
                                                  NORMAL
..................................................................
TEMPERATURE (F)
 TODAY
  MAXIMUM         64    256 PM  92    1940  72     -8       83
                                      1936
  MINIMUM         44    431 AM  32    1982  48     -4       52
                                      1951
  AVERAGE         54                        60     -6       68

PRECIPITATION (IN)
  TODAY            0.00          0.90 1951   0.08  -0.08      T
  MONTH TO DATE    2.04                      2.18  -0.14     2.43
  SINCE OCT 1      8.25                      8.17   0.08     7.24
  SINCE JAN 1      5.40                      5.86  -0.46     5.67

SNOWFALL (IN)
  TODAY            0.0           4.0  1951   0.0    0.0      0.0
  MONTH TO DATE    T                         2.0   -2.0       T
  SINCE MAR 1      3.7                      20.5  -16.8     11.3
  SINCE JUL 1     28.1                      55.0  -26.9     55.4
  SNOW DEPTH       0

DEGREE DAYS
 HEATING
  TODAY           11                         6      5        0
  MONTH TO DATE  282                       309    -27      344
  SINCE MAR 1   1415                      1721   -306     1410
  SINCE JUL 1   5676                      6686  -1010     6051

 COOLING
  TODAY            0                         1     -1        3
  MONTH TO DATE    8                        16     -8        3
  SINCE MAR 1     11                        17     -6        3
  SINCE JAN 1     11                        17     -6        3
..................................................................


WIND (MPH)
  HIGHEST WIND SPEED    29   HIGHEST WIND DIRECTION    NW (320)
  HIGHEST GUST SPEED    36   HIGHEST GUST DIRECTION     N (340)
  AVERAGE WIND SPEED    18.5


SKY COVER
  POSSIBLE SUNSHINE  MM
  AVERAGE SKY COVER 0.6


WEATHER CONDITIONS
 THE FOLLOWING WEATHER WAS RECORDED TODAY.
  NO SIGNIFICANT WEATHER WAS OBSERVED.


RELATIVE HUMIDITY (PERCENT)
 HIGHEST    71           100 AM
 LOWEST     39           200 PM
 AVERAGE    55

..........................................................


THE BILLINGS MT CLIMATE NORMALS FOR TOMORROW
                         NORMAL    RECORD    YEAR
 MAXIMUM TEMPERATURE (F)   72        92      1977
 MINIMUM TEMPERATURE (F)   48        32      1951


SUNRISE AND SUNSET
MAY 31 2016...........SUNRISE   528 AM MDT   SUNSET   856 PM MDT
JUNE  1 2016..........SUNRISE   527 AM MDT   SUNSET   857 PM MDT


-  INDICATES NEGATIVE NUMBERS.
R  INDICATES RECORD WAS SET OR TIED.
MM INDICATES DATA IS MISSING.
T  INDICATES TRACE AMOUNT.




$$
