720
CDUS45 KBYZ 220947
CLIBIL


CLIMATE REPORT
NATIONAL WEATHER SERVICE BILLINGS MT
344 AM MDT FRI MAY 22 2015


...................................

...THE BILLINGS MT CLIMATE SUMMARY FOR MAY 21 2015...

CLIMATE NORMAL PERIOD 1981 TO 2010
CLIMATE RECORD PERIOD 1934 TO 2015


WEATHER ITEM   OBSERVED TIME   RECORD YEAR NORMAL DEPARTURE LAST
                VALUE   (LST)  VALUE       VALUE  FROM      YEAR
                                                  NORMAL
..................................................................
TEMPERATURE (F)
 YESTERDAY
  MAXIMUM         68    441 PM  91    1980  69     -1       72
  MINIMUM         37    449 AM  31    1963  45     -8       47
  AVERAGE         53                        57     -4       60

PRECIPITATION (IN)
  YESTERDAY        0.00          2.83 1952   0.07  -0.07     0.00
  MONTH TO DATE    1.53                      1.43   0.10     1.30
  SINCE OCT 1      6.34                      7.42  -1.08    11.77
  SINCE JAN 1      4.77                      5.11  -0.34     6.88

SNOWFALL (IN)
  YESTERDAY        0.0           T    1999   0.0    0.0      0.0
  MONTH TO DATE    T                         1.8   -1.8      2.1
  SINCE MAR 1     11.3                      20.3   -9.0     13.3
  SINCE JUL 1     55.4                      54.8    0.6    103.5
  SNOW DEPTH       0

DEGREE DAYS
 HEATING
  YESTERDAY       12                         8      4        5
  MONTH TO DATE  284                       238     46      291
  SINCE MAR 1   1350                      1650   -300     1800
  SINCE JUL 1   5991                      6615   -624     7073

 COOLING
  YESTERDAY        0                         1     -1        0
  MONTH TO DATE    0                         3     -3        0
  SINCE MAR 1      0                         4     -4        0
  SINCE JAN 1      0                         4     -4        0
..................................................................


WIND (MPH)
  HIGHEST WIND SPEED    21   HIGHEST WIND DIRECTION    SE (120)
  HIGHEST GUST SPEED    28   HIGHEST GUST DIRECTION     E (90)
  AVERAGE WIND SPEED     8.9


SKY COVER
  POSSIBLE SUNSHINE  MM
  AVERAGE SKY COVER 0.2


WEATHER CONDITIONS
 THE FOLLOWING WEATHER WAS RECORDED YESTERDAY.
  NO SIGNIFICANT WEATHER WAS OBSERVED.


RELATIVE HUMIDITY (PERCENT)
 HIGHEST    85           400 AM
 LOWEST     31           100 PM
 AVERAGE    58

..........................................................


THE BILLINGS MT CLIMATE NORMALS FOR TODAY
                         NORMAL    RECORD    YEAR
 MAXIMUM TEMPERATURE (F)   69        94      1980
 MINIMUM TEMPERATURE (F)   46        32      1963


SUNRISE AND SUNSET
MAY 22 2015...........SUNRISE   535 AM MDT   SUNSET   847 PM MDT
MAY 23 2015...........SUNRISE   535 AM MDT   SUNSET   848 PM MDT


-  INDICATES NEGATIVE NUMBERS.
R  INDICATES RECORD WAS SET OR TIED.
MM INDICATES DATA IS MISSING.
T  INDICATES TRACE AMOUNT.





&&

...THE CLIMATE SUMMARY FOR SOUTHWEST BILLINGS FOR 21 MAY 2015...

HIGH TEMPERATURE........................70
LOW TEMPERATURE.........................38

PRECIPITATION...........................0.00
MONTHLY PRECIPITATION TOTAL.............1.82
YEARLY PRECIPITATION TOTAL..............5.07

SNOWFALL................................0.0
MONTHLY SNOWFALL TOTAL..................0.0
TOTAL SNOWFALL SINCE JULY 1.............53.3

SNOW DEPTH AT MIDNIGHT..................0

$$
