000
CDUS45 KBYZ 281039
CLIBIL


CLIMATE REPORT
NATIONAL WEATHER SERVICE BILLINGS MT
331 AM MST SAT FEB 28 2015


...................................

...THE BILLINGS MT CLIMATE SUMMARY FOR FEBRUARY 27 2015...

CLIMATE NORMAL PERIOD 1981 TO 2010
CLIMATE RECORD PERIOD 1934 TO 2015


WEATHER ITEM   OBSERVED TIME   RECORD YEAR NORMAL DEPARTURE LAST
                VALUE   (LST)  VALUE       VALUE  FROM      YEAR
                                                  NORMAL
..................................................................
TEMPERATURE (F)
 YESTERDAY
  MAXIMUM         30    426 PM  70    1992  44    -14       37
  MINIMUM          0    644 AM -15    1962  23    -23        8
  AVERAGE         15                        33    -18       23

PRECIPITATION (IN)
  YESTERDAY        0.00          0.37 1970   0.02  -0.02     0.24
  MONTH TO DATE    0.21                      0.46  -0.25     1.78
  SINCE OCT 1      2.87                      3.25  -0.38     7.69
  SINCE JAN 1      1.30                      0.94   0.36     2.80

SNOWFALL (IN)
  YESTERDAY        0.0           6.8  1951   0.2   -0.2      1.3
  MONTH TO DATE    3.8                       5.9   -2.1     29.7
  SINCE DEC 1     30.9                      22.5    8.4     71.8
  SINCE JUL 1     44.1                      34.2    9.9     82.9
  SNOW DEPTH       0

DEGREE DAYS
 HEATING
  YESTERDAY       50                        32     18       42
  MONTH TO DATE  832                       937   -105     1233
  SINCE DEC 1   2996                      3305   -309     3619
  SINCE JUL 1   4597                      4933   -336     5220

 COOLING
  YESTERDAY        0                         0      0        0
  MONTH TO DATE    0                         0      0        0
  SINCE DEC 1      0                         0      0        0
  SINCE JAN 1      0                         0      0        0
..................................................................


WIND (MPH)
  HIGHEST WIND SPEED    17   HIGHEST WIND DIRECTION    NE (50)
  HIGHEST GUST SPEED    20   HIGHEST GUST DIRECTION    NE (40)
  AVERAGE WIND SPEED     6.0


SKY COVER
  POSSIBLE SUNSHINE  MM
  AVERAGE SKY COVER 0.4


WEATHER CONDITIONS
 THE FOLLOWING WEATHER WAS RECORDED YESTERDAY.
  FOG


RELATIVE HUMIDITY (PERCENT)
 HIGHEST    95           300 AM
 LOWEST     42           400 PM
 AVERAGE    69

..........................................................


THE BILLINGS MT CLIMATE NORMALS FOR TODAY
                         NORMAL    RECORD    YEAR
 MAXIMUM TEMPERATURE (F)   44        71      1992
 MINIMUM TEMPERATURE (F)   23       -17      1962


SUNRISE AND SUNSET
FEBRUARY 28 2015......SUNRISE   655 AM MST   SUNSET   559 PM MST
MARCH  1 2015.........SUNRISE   653 AM MST   SUNSET   601 PM MST


-  INDICATES NEGATIVE NUMBERS.
R  INDICATES RECORD WAS SET OR TIED.
MM INDICATES DATA IS MISSING.
T  INDICATES TRACE AMOUNT.





&&

...THE CLIMATE SUMMARY FOR SOUTHWEST BILLINGS FOR 27 FEBRUARY 2015...

HIGH TEMPERATURE........................32
LOW TEMPERATURE......................... 0

PRECIPITATION...........................0.00
MONTHLY PRECIPITATION TOTAL.............0.16
YEARLY PRECIPITATION TOTAL..............1.17

SNOWFALL................................0.0
MONTHLY SNOWFALL TOTAL..................1.7
TOTAL SNOWFALL SINCE JULY 1.............45.8

SNOW DEPTH AT MIDNIGHT..................0

$$
