000
CDUS45 KBYZ 010310
CLIBIL


CLIMATE REPORT
NATIONAL WEATHER SERVICE BILLINGS MT
910 PM MDT WED AUG 31 2016


...................................

...THE BILLINGS MT CLIMATE SUMMARY FOR AUGUST 31 2016...
VALID AS OF 0900 PM LOCAL TIME.

CLIMATE NORMAL PERIOD 1981 TO 2010
CLIMATE RECORD PERIOD 1934 TO 2016


WEATHER ITEM   OBSERVED RECORD YEAR NORMAL DEPARTURE LAST
                VALUE   VALUE       VALUE  FROM      YEAR
                                           NORMAL
...........................................................
TEMPERATURE (F)
 TODAY
  MAXIMUM         99    101    1955  81     18
  MINIMUM         63     40    1993  53     10
  AVERAGE         81

PRECIPITATION (IN)
  TODAY            0.00   0.87 2008   0.03  -0.03     0.00
  MONTH TO DATE    1.67               0.75   0.92     0.91
  SINCE OCT 1     10.60              12.36  -1.76    11.41
  SINCE JAN 1      7.75              10.05  -2.30     9.84

...........................................................










-  INDICATES NEGATIVE NUMBERS.
R  INDICATES RECORD WAS SET OR TIED.
MM INDICATES DATA IS MISSING.
T  INDICATES TRACE AMOUNT.




$$
