000
CDUS43 KBIS 230800
CLIBIS


CLIMATE REPORT
NATIONAL WEATHER SERVICE BISMARCK ND
300 AM CDT SAT AUG 23 2014


...................................

...THE BISMARCK ND CLIMATE SUMMARY FOR AUGUST 22 2014...

CLIMATE NORMAL PERIOD 1981 TO 2010
CLIMATE RECORD PERIOD 1875 TO 2014


WEATHER ITEM   OBSERVED TIME   RECORD YEAR NORMAL DEPARTURE LAST
                VALUE   (LST)  VALUE       VALUE  FROM      YEAR
                                                  NORMAL
..................................................................
TEMPERATURE (F)
 YESTERDAY
  MAXIMUM         76    129 PM 106    1960  82     -6       85
  MINIMUM         65   1159 PM  35    1908  54     11       53
  AVERAGE         71                        68      3       69

PRECIPITATION (IN)
  YESTERDAY        0.15          1.40 1876   0.07   0.08     0.00
  MONTH TO DATE    3.24                      1.67   1.57     0.29
  SINCE JUN 1      6.99                      7.73  -0.74     4.63
  SINCE JAN 1     11.18                     13.20  -2.02    15.23

SNOWFALL (IN)
  YESTERDAY        0.0           0.0  2002   0.0    0.0      0.0
                                      2001
  MONTH TO DATE    0.0                       0.0    0.0      0.0
  SINCE JUN 1      0.0                       0.0    0.0      0.0
  SINCE JUL 1      0.0                       0.0    0.0      0.0
  SNOW DEPTH       0

DEGREE DAYS
 HEATING
  YESTERDAY        0                         1     -1        0
  MONTH TO DATE    0                        19    -19        6
  SINCE JUN 1    122                       129     -7      114
  SINCE JUL 1     28                        36     -8       28

 COOLING
  YESTERDAY        6                         5      1        4
  MONTH TO DATE  149                       140      9       84
  SINCE JUN 1    350                       427    -77      353
  SINCE JAN 1    401                       444    -43      365
..................................................................


WIND (MPH)
  HIGHEST WIND SPEED    17   HIGHEST WIND DIRECTION    NE (50)
  HIGHEST GUST SPEED    20   HIGHEST GUST DIRECTION     E (70)
  AVERAGE WIND SPEED     6.9


SKY COVER
  POSSIBLE SUNSHINE  MM
  AVERAGE SKY COVER 0.9


WEATHER CONDITIONS
 THE FOLLOWING WEATHER WAS RECORDED YESTERDAY.
  LIGHT RAIN
  FOG


RELATIVE HUMIDITY (PERCENT)
 HIGHEST    93           300 AM
 LOWEST     64          1200 PM
 AVERAGE    79

..........................................................


THE BISMARCK ND CLIMATE NORMALS FOR TODAY
                         NORMAL    RECORD    YEAR
 MAXIMUM TEMPERATURE (F)   82       102      2003
                                             1976
 MINIMUM TEMPERATURE (F)   54        35      1911


SUNRISE AND SUNSET
AUGUST 23 2014........SUNRISE   651 AM CDT   SUNSET   839 PM CDT
AUGUST 24 2014........SUNRISE   652 AM CDT   SUNSET   837 PM CDT


-  INDICATES NEGATIVE NUMBERS.
R  INDICATES RECORD WAS SET OR TIED.
MM INDICATES DATA IS MISSING.
T  INDICATES TRACE AMOUNT.




$$
