000
CDUS43 KBIS 270731
CLIBIS


CLIMATE REPORT
NATIONAL WEATHER SERVICE BISMARCK ND
230 AM CDT SAT AUG 27 2016


...................................

...THE BISMARCK ND CLIMATE SUMMARY FOR AUGUST 26 2016...

CLIMATE NORMAL PERIOD 1981 TO 2010
CLIMATE RECORD PERIOD 1875 TO 2016


WEATHER ITEM   OBSERVED TIME   RECORD YEAR NORMAL DEPARTURE LAST
                VALUE   (LST)  VALUE       VALUE  FROM      YEAR
                                                  NORMAL
..................................................................
TEMPERATURE (F)
 YESTERDAY
  MAXIMUM         73    344 PM 103    1970  81     -8       80
  MINIMUM         41    507 AM  33    1914  53    -12       51
  AVERAGE         57                        67    -10       66

PRECIPITATION (IN)
  YESTERDAY        0.00          0.53 1880   0.07  -0.07      T
  MONTH TO DATE    1.88                      1.96  -0.08     1.41
  SINCE JUN 1     11.36                      8.02   3.34     7.90
  SINCE JAN 1     18.54                     13.49   5.05    15.17

SNOWFALL (IN)
  YESTERDAY        0.0           0.0  2002   0.0    0.0      0.0
                                      2001
  MONTH TO DATE    0.0                       0.0    0.0      0.0
  SINCE JUN 1      0.0                       0.0    0.0      0.0
  SINCE JUL 1      0.0                       0.0    0.0      0.0
  SNOW DEPTH       0

DEGREE DAYS
 HEATING
  YESTERDAY        8                         2      6        0
  MONTH TO DATE   24                        27     -3       29
  SINCE JUN 1     58                       137    -79       79
  SINCE JUL 1     32                        44    -12       36

 COOLING
  YESTERDAY        0                         4     -4        1
  MONTH TO DATE  133                       158    -25      151
  SINCE JUN 1    488                       445     43      470
  SINCE JAN 1    498                       462     36      476
..................................................................


WIND (MPH)
  HIGHEST WIND SPEED    23   HIGHEST WIND DIRECTION     S (170)
  HIGHEST GUST SPEED    30   HIGHEST GUST DIRECTION    SE (150)
  AVERAGE WIND SPEED     7.9


SKY COVER
  POSSIBLE SUNSHINE  MM
  AVERAGE SKY COVER 0.0


WEATHER CONDITIONS
 THE FOLLOWING WEATHER WAS RECORDED YESTERDAY.
  NO SIGNIFICANT WEATHER WAS OBSERVED.


RELATIVE HUMIDITY (PERCENT)
 HIGHEST    93           200 AM
 LOWEST     44           200 PM
 AVERAGE    69

..........................................................


THE BISMARCK ND CLIMATE NORMALS FOR TODAY
                         NORMAL    RECORD    YEAR
 MAXIMUM TEMPERATURE (F)   81       107      1973
 MINIMUM TEMPERATURE (F)   53        33      1982


SUNRISE AND SUNSET
AUGUST 27 2016........SUNRISE   657 AM CDT   SUNSET   831 PM CDT
AUGUST 28 2016........SUNRISE   658 AM CDT   SUNSET   829 PM CDT


-  INDICATES NEGATIVE NUMBERS.
R  INDICATES RECORD WAS SET OR TIED.
MM INDICATES DATA IS MISSING.
T  INDICATES TRACE AMOUNT.




$$
