000
CDUS43 KBIS 160737
CLIBIS


CLIMATE REPORT
NATIONAL WEATHER SERVICE BISMARCK ND
136 AM CST SAT DEC 16 2017


...................................

...THE BISMARCK ND CLIMATE SUMMARY FOR DECEMBER 15 2017...

CLIMATE NORMAL PERIOD 1981 TO 2010
CLIMATE RECORD PERIOD 1875 TO 2017


WEATHER ITEM   OBSERVED TIME   RECORD YEAR NORMAL DEPARTURE LAST
                VALUE   (LST)  VALUE       VALUE  FROM      YEAR
                                                  NORMAL
..................................................................
TEMPERATURE (F)
 YESTERDAY
  MAXIMUM         45    326 PM  57    1939  26     19        4
  MINIMUM         28    806 AM -30    1963   6     22      -21
  AVERAGE         37                        16     21       -8

PRECIPITATION (IN)
  YESTERDAY        T             0.25 1893   0.02  -0.02     0.01
  MONTH TO DATE    0.13                      0.23  -0.10     0.63
  SINCE DEC 1      0.13                      0.23  -0.10     0.63
  SINCE JAN 1     13.50                     17.59  -4.09    22.05

SNOWFALL (IN)
  YESTERDAY        0.0           2.3  2005
  MONTH TO DATE    2.6
  SINCE DEC 1      2.6
  SINCE JUL 1      3.9

DEGREE DAYS
 HEATING
  YESTERDAY       28                        49    -21       73
  MONTH TO DATE  492                       699   -207      870
  SINCE DEC 1    492                       699   -207      870
  SINCE JUL 1   2231                      2685   -454     2350

 COOLING
  YESTERDAY        0                         0      0        0
  MONTH TO DATE    0                         0      0        0
  SINCE DEC 1      0                         0      0        0
  SINCE JAN 1    615                       520     95      548
..................................................................


WIND (MPH)
  HIGHEST WIND SPEED    12   HIGHEST WIND DIRECTION     W (270)
  HIGHEST GUST SPEED    14   HIGHEST GUST DIRECTION     W (290)
  AVERAGE WIND SPEED     5.6


SKY COVER
  POSSIBLE SUNSHINE  MM
  AVERAGE SKY COVER 0.8


WEATHER CONDITIONS
 THE FOLLOWING WEATHER WAS RECORDED YESTERDAY.
  NO SIGNIFICANT WEATHER WAS OBSERVED.


RELATIVE HUMIDITY (PERCENT)
 HIGHEST    85           400 AM
 LOWEST     45           300 PM
 AVERAGE    65

..........................................................


THE BISMARCK ND CLIMATE NORMALS FOR TODAY
                         NORMAL    RECORD    YEAR
 MAXIMUM TEMPERATURE (F)   26        59      1962
 MINIMUM TEMPERATURE (F)    6       -26      1914


SUNRISE AND SUNSET
DECEMBER 16 2017......SUNRISE   822 AM CST   SUNSET   456 PM CST
DECEMBER 17 2017......SUNRISE   823 AM CST   SUNSET   456 PM CST


-  INDICATES NEGATIVE NUMBERS.
R  INDICATES RECORD WAS SET OR TIED.
MM INDICATES DATA IS MISSING.
T  INDICATES TRACE AMOUNT.




$$
