000
CDUS43 KBIS 230723
CLIBIS


CLIMATE REPORT
NATIONAL WEATHER SERVICE BISMARCK ND
222 AM CDT TUE MAY 23 2017


...................................

...THE BISMARCK ND CLIMATE SUMMARY FOR MAY 22 2017...

CLIMATE NORMAL PERIOD 1981 TO 2010
CLIMATE RECORD PERIOD 1875 TO 2017


WEATHER ITEM   OBSERVED TIME   RECORD YEAR NORMAL DEPARTURE LAST
                VALUE   (LST)  VALUE       VALUE  FROM      YEAR
                                                  NORMAL
..................................................................
TEMPERATURE (F)
 YESTERDAY
  MAXIMUM         64   1206 PM  93    1980  70     -6       80
  MINIMUM         37    306 AM  24    1963  45     -8       59
                                      1882
  AVERAGE         51                        58     -7       70

PRECIPITATION (IN)
  YESTERDAY        T             1.22 1927   0.08  -0.08     0.03
  MONTH TO DATE    0.24                      1.61  -1.37     0.39
  SINCE MAR 1      1.72                      3.74  -2.02     4.97
  SINCE JAN 1      3.12                      4.68  -1.56     5.61

SNOWFALL (IN)
  YESTERDAY       MM             0.0  2002   0.0   MM        0.0
                                      2001
  MONTH TO DATE    0.0                       0.4   -0.4       T
  SINCE MAR 1      8.7                      13.7   -5.0      3.5
  SINCE JUL 1     71.6                      51.2   20.4     24.1
  SNOW DEPTH       0

DEGREE DAYS
 HEATING
  YESTERDAY       14                         8      6        0
  MONTH TO DATE  179                       248    -69      211
  SINCE MAR 1   1809                      1972   -163     1604
  SINCE JUL 1   7811                      8403   -592     6924

 COOLING
  YESTERDAY        0                         1     -1        5
  MONTH TO DATE   14                         4     10        9
  SINCE MAR 1     14                         5      9        9
  SINCE JAN 1     14                         5      9        9
..................................................................


WIND (MPH)
  HIGHEST WIND SPEED    24   HIGHEST WIND DIRECTION     N (10)
  HIGHEST GUST SPEED    32   HIGHEST GUST DIRECTION     N (340)
  AVERAGE WIND SPEED    10.6


SKY COVER
  POSSIBLE SUNSHINE  MM
  AVERAGE SKY COVER 0.8


WEATHER CONDITIONS
 THE FOLLOWING WEATHER WAS RECORDED YESTERDAY.
  LIGHT RAIN


RELATIVE HUMIDITY (PERCENT)
 HIGHEST    85           300 AM
 LOWEST     36          1200 PM
 AVERAGE    61

..........................................................


THE BISMARCK ND CLIMATE NORMALS FOR TODAY
                         NORMAL    RECORD    YEAR
 MAXIMUM TEMPERATURE (F)   70        96      1928
 MINIMUM TEMPERATURE (F)   45        28      2002
                                             1992


SUNRISE AND SUNSET
MAY 23 2017...........SUNRISE   600 AM CDT   SUNSET   921 PM CDT
MAY 24 2017...........SUNRISE   559 AM CDT   SUNSET   922 PM CDT


-  INDICATES NEGATIVE NUMBERS.
R  INDICATES RECORD WAS SET OR TIED.
MM INDICATES DATA IS MISSING.
T  INDICATES TRACE AMOUNT.




$$
