000
CDUS43 KGRR 162135
CLIBIV


CLIMATE REPORT
NATIONAL WEATHER SERVICE GRAND RAPIDS, MI
534 PM EDT MON OCT 16 2017


...................................

...THE HOLLAND/TULIP CITY MI CLIMATE SUMMARY FOR OCTOBER 16 2017...
VALID TODAY AS OF 0500 PM LOCAL TIME.

CLIMATE NORMAL PERIOD 1981 TO 2010
CLIMATE RECORD PERIOD 1996 TO 2017


WEATHER ITEM   OBSERVED TIME   NORMAL DEPARTURE LAST
                VALUE   (LST)  VALUE  FROM      YEAR
                                      NORMAL
......................................................
TEMPERATURE (F)
 TODAY
  MAXIMUM         59    137 PM  62     -3       70
  MINIMUM         44    524 AM  43      1       63
  AVERAGE         52            53     -1       67

PRECIPITATION (IN)
  TODAY            0.17          0.13   0.04     0.91
  MONTH TO DATE    5.76          1.73   4.03     2.20
  SINCE SEP 1      6.39          5.63   0.76     3.57
  SINCE JAN 1     31.21         28.84   2.37    25.45

DEGREE DAYS
 HEATING
  TODAY           13            13      0        0
  MONTH TO DATE   74           169    -95      105
  SINCE SEP 1    176           284   -108      133
  SINCE JUL 1    197           299   -102      140

 COOLING
  TODAY            0             0      0        2
  MONTH TO DATE   13            10      3        6
  SINCE SEP 1    128            74     54       99
  SINCE JAN 1    613           692    -79      778
......................................................


WIND (MPH)
  RESULTANT WIND SPEED   3   RESULTANT WIND DIRECTION  SW (210)
  HIGHEST WIND SPEED    15   HIGHEST WIND DIRECTION     W (250)
  HIGHEST GUST SPEED    19   HIGHEST GUST DIRECTION     W (250)
  AVERAGE WIND SPEED     6.5


SKY COVER
  AVERAGE SKY COVER 0.7


WEATHER CONDITIONS
 THE FOLLOWING WEATHER WAS RECORDED TODAY.
  HEAVY RAIN
  LIGHT RAIN
  FOG


RELATIVE HUMIDITY (PERCENT)
 HIGHEST    93          1200 AM
 LOWEST     51           300 PM
 AVERAGE    72

..........................................................


THE HOLLAND/TULIP CITY MI CLIMATE NORMALS FOR TOMORROW
                         NORMAL
 MAXIMUM TEMPERATURE (F)   62
 MINIMUM TEMPERATURE (F)   43


SUNRISE AND SUNSET
OCTOBER 16 2017.......SUNRISE   759 AM EDT   SUNSET   700 PM EDT
OCTOBER 17 2017.......SUNRISE   801 AM EDT   SUNSET   659 PM EDT


-  INDICATES NEGATIVE NUMBERS.
R  INDICATES RECORD WAS SET OR TIED.
MM INDICATES DATA IS MISSING.
T  INDICATES TRACE AMOUNT.




$$

63
