000
CDUS43 KGRR 301348
CLIBIV


CLIMATE REPORT
NATIONAL WEATHER SERVICE GRAND RAPIDS, MI
947 AM EDT THU MAR 30 2017


...................................

...THE HOLLAND/TULIP CITY MI CLIMATE SUMMARY FOR MARCH 30 2017...
VALID AS OF 0900 AM LOCAL TIME.

CLIMATE NORMAL PERIOD 1981 TO 2010
CLIMATE RECORD PERIOD 1996 TO 2017


WEATHER ITEM   OBSERVED TIME   NORMAL DEPARTURE LAST
                VALUE   (LST)  VALUE  FROM      YEAR
                                      NORMAL
......................................................
TEMPERATURE (F)
 TODAY
  MAXIMUM         39    759 AM  51    -12       61
  MINIMUM         38    732 AM  33      5       38
  AVERAGE         39            42     -3       50

PRECIPITATION (IN)
  TODAY            0.56          0.06   0.50     0.51
  MONTH TO DATE    2.45          2.20   0.25     3.28
  SINCE MAR 1      2.45          2.20   0.25     3.28
  SINCE JAN 1      7.11          6.09   1.02     7.14

DEGREE DAYS
 HEATING
  TODAY           26            23      3       15
  MONTH TO DATE  858           852      6      745
  SINCE MAR 1    858           852      6      745
  SINCE JUL 1   4720          5352   -632     4735

 COOLING
  TODAY            0             0      0        0
  MONTH TO DATE    0             0      0        0
  SINCE MAR 1      0             0      0        0
  SINCE JAN 1      0             0      0        0
......................................................


WIND (MPH)
  RESULTANT WIND SPEED  14   RESULTANT WIND DIRECTION   E (80)
  HIGHEST WIND SPEED    21   HIGHEST WIND DIRECTION     E (80)
  HIGHEST GUST SPEED    28   HIGHEST GUST DIRECTION     E (80)
  AVERAGE WIND SPEED    13.8


SKY COVER
  AVERAGE SKY COVER 0.7


WEATHER CONDITIONS
 THE FOLLOWING WEATHER WAS RECORDED TODAY.
  HEAVY RAIN
  RAIN
  LIGHT RAIN
  FOG


RELATIVE HUMIDITY (PERCENT)
 HIGHEST    79           300 AM
 LOWEST     79           300 AM
 AVERAGE    79

..........................................................


THE HOLLAND/TULIP CITY MI CLIMATE NORMALS FOR TOMORROW
                         NORMAL
 MAXIMUM TEMPERATURE (F)   51
 MINIMUM TEMPERATURE (F)   33


SUNRISE AND SUNSET
MARCH 30 2017.........SUNRISE   730 AM EDT   SUNSET   809 PM EDT
MARCH 31 2017.........SUNRISE   728 AM EDT   SUNSET   810 PM EDT


-  INDICATES NEGATIVE NUMBERS.
R  INDICATES RECORD WAS SET OR TIED.
MM INDICATES DATA IS MISSING.
T  INDICATES TRACE AMOUNT.




$$

JAM
