736
CDUS43 KGRR 250522
CLIBIV


CLIMATE REPORT
NATIONAL WEATHER SERVICE GRAND RAPIDS, MI
121 AM EDT SUN SEP 25 2016


...................................

...THE HOLLAND/TULIP CITY MI CLIMATE SUMMARY FOR SEPTEMBER 24 2016...

CLIMATE NORMAL PERIOD 1981 TO 2010
CLIMATE RECORD PERIOD 1996 TO 2016


WEATHER ITEM   OBSERVED TIME   NORMAL DEPARTURE LAST
                VALUE   (LST)  VALUE  FROM      YEAR
                                      NORMAL
......................................................
TEMPERATURE (F)
 YESTERDAY
  MAXIMUM         72    258 PM  70      2       79
  MINIMUM         54    711 AM  50      4       52
  AVERAGE         63            60      3       66

PRECIPITATION (IN)
  YESTERDAY        0.00          0.15  -0.15     0.00
  MONTH TO DATE    1.02          2.91  -1.89     1.88
  SINCE SEP 1      1.02          2.91  -1.89     1.88
  SINCE JAN 1     22.90         26.12  -3.22    19.14

DEGREE DAYS
 HEATING
  YESTERDAY        2             6     -4        0
  MONTH TO DATE   10            73    -63       46
  SINCE SEP 1     10            73    -63       46
  SINCE JUL 1     17            88    -71       68

 COOLING
  YESTERDAY        0             1     -1        1
  MONTH TO DATE   91            57     34      110
  SINCE SEP 1     91            57     34      110
  SINCE JAN 1    770           675     95      586
......................................................


WIND (MPH)
  RESULTANT WIND SPEED   8   RESULTANT WIND DIRECTION   E (80)
  HIGHEST WIND SPEED    14   HIGHEST WIND DIRECTION     E (100)
  HIGHEST GUST SPEED    19   HIGHEST GUST DIRECTION     E (100)
  AVERAGE WIND SPEED     7.9


SKY COVER
  AVERAGE SKY COVER 0.0


WEATHER CONDITIONS
 THE FOLLOWING WEATHER WAS RECORDED YESTERDAY.
  NO SIGNIFICANT WEATHER WAS OBSERVED.


RELATIVE HUMIDITY (PERCENT)
 HIGHEST    89           600 AM
 LOWEST     61           100 PM
 AVERAGE    75

..........................................................


THE HOLLAND/TULIP CITY MI CLIMATE NORMALS FOR TODAY
                         NORMAL
 MAXIMUM TEMPERATURE (F)   70
 MINIMUM TEMPERATURE (F)   50


SUNRISE AND SUNSET
SEPTEMBER 25 2016.....SUNRISE   736 AM EDT   SUNSET   736 PM EDT
SEPTEMBER 26 2016.....SUNRISE   737 AM EDT   SUNSET   734 PM EDT


-  INDICATES NEGATIVE NUMBERS.
R  INDICATES RECORD WAS SET OR TIED.
MM INDICATES DATA IS MISSING.
T  INDICATES TRACE AMOUNT.




$$
