000
CDUS43 KGRR 272125
CLIBIV


CLIMATE REPORT
NATIONAL WEATHER SERVICE GRAND RAPIDS, MI
523 PM EDT WED AUG 27 2014


...................................

...THE HOLLAND/TULIP CITY MI CLIMATE SUMMARY FOR AUGUST 27 2014...
VALID TODAY AS OF 0500 PM LOCAL TIME.

CLIMATE NORMAL PERIOD 1981 TO 2010
CLIMATE RECORD PERIOD 1996 TO 2014


WEATHER ITEM   OBSERVED TIME   RECORD YEAR NORMAL DEPARTURE LAST
                VALUE   (LST)  VALUE       VALUE  FROM      YEAR
                                                  NORMAL
..................................................................
TEMPERATURE (F)
 TODAY
  MAXIMUM         78    114 PM  MM      MM  80     -2       91
  MINIMUM         58    414 AM  MM      MM  59     -1       74
  AVERAGE         68                        70     -2       83

PRECIPITATION (IN)
  TODAY            0.00         MM      MM   0.12  -0.12     0.01
  MONTH TO DATE    4.90                      3.10   1.80     1.57
  SINCE JUN 1     11.46                     10.15   1.31     9.23
  SINCE JAN 1     20.99                     22.74  -1.75    27.76

DEGREE DAYS
 HEATING
  TODAY            0                         0      0        0
  MONTH TO DATE   14                         0     14       11
  SINCE JUN 1     59                        54      5       53
  SINCE JUL 1     36                         6     30       19

 COOLING
  TODAY            3                         5     -2       18
  MONTH TO DATE  164                       174    -10      140
  SINCE JUN 1    451                       555   -104      575
  SINCE JAN 1    490                       597   -107      665
..................................................................


WIND (MPH)
  RESULTANT WIND SPEED   2   RESULTANT WIND DIRECTION   N (350)
  HIGHEST WIND SPEED    13   HIGHEST WIND DIRECTION    NW (300)
  HIGHEST GUST SPEED    17   HIGHEST GUST DIRECTION    NW (320)
  AVERAGE WIND SPEED     3.7



WEATHER CONDITIONS
 THE FOLLOWING WEATHER WAS RECORDED TODAY.
  FOG


RELATIVE HUMIDITY (PERCENT)
 HIGHEST    97           100 AM
 LOWEST     54          1200 PM
 AVERAGE    76

..........................................................




SUNRISE AND SUNSET
AUGUST 27 2014........SUNRISE   704 AM EDT   SUNSET   828 PM EDT
AUGUST 28 2014........SUNRISE   705 AM EDT   SUNSET   826 PM EDT


-  INDICATES NEGATIVE NUMBERS.
R  INDICATES RECORD WAS SET OR TIED.
MM INDICATES DATA IS MISSING.
T  INDICATES TRACE AMOUNT.




$$

63
