000
CDUS43 KGRR 310602
CLIBIV


CLIMATE REPORT
NATIONAL WEATHER SERVICE GRAND RAPIDS, MI
202 AM EDT SUN JUL 31 2016


...................................

...THE HOLLAND/TULIP CITY MI CLIMATE SUMMARY FOR JULY 30 2016...

CLIMATE NORMAL PERIOD 1981 TO 2010
CLIMATE RECORD PERIOD 1996 TO 2016


WEATHER ITEM   OBSERVED TIME   NORMAL DEPARTURE LAST
                VALUE   (LST)  VALUE  FROM      YEAR
                                      NORMAL
......................................................
TEMPERATURE (F)
 YESTERDAY
  MAXIMUM         75    226 PM  82     -7       83
  MINIMUM         62    527 AM  63     -1       69
  AVERAGE         69            72     -3       76

PRECIPITATION (IN)
  YESTERDAY        0.17          0.10   0.07     0.00
  MONTH TO DATE    1.38          2.74  -1.36     2.29
  SINCE JUN 1      3.66          6.96  -3.30     3.73
  SINCE JAN 1     16.79         19.55  -2.76    14.54

DEGREE DAYS
 HEATING
  YESTERDAY        0             0      0        0
  MONTH TO DATE    7             0      7       10
  SINCE JUN 1     43            48     -5       34
  SINCE JUL 1      7             0      7       10

 COOLING
  YESTERDAY        4             7     -3       11
  MONTH TO DATE  237           233      4      173
  SINCE JUN 1    369           379    -10      257
  SINCE JAN 1    428           421      7      306
......................................................


WIND (MPH)
  RESULTANT WIND SPEED   7   RESULTANT WIND DIRECTION   E (70)
  HIGHEST WIND SPEED    13   HIGHEST WIND DIRECTION     E (70)
  HIGHEST GUST SPEED    18   HIGHEST GUST DIRECTION    NE (60)
  AVERAGE WIND SPEED     6.6


SKY COVER
  AVERAGE SKY COVER 0.9


WEATHER CONDITIONS
 THE FOLLOWING WEATHER WAS RECORDED YESTERDAY.
  THUNDERSTORM
  LIGHT RAIN
  FOG


RELATIVE HUMIDITY (PERCENT)
 HIGHEST    93           700 AM
 LOWEST     73           100 PM
 AVERAGE    83

..........................................................


THE HOLLAND/TULIP CITY MI CLIMATE NORMALS FOR TODAY
                         NORMAL
 MAXIMUM TEMPERATURE (F)   82
 MINIMUM TEMPERATURE (F)   63


SUNRISE AND SUNSET
JULY 31 2016..........SUNRISE   635 AM EDT   SUNSET   906 PM EDT
AUGUST  1 2016........SUNRISE   636 AM EDT   SUNSET   905 PM EDT


-  INDICATES NEGATIVE NUMBERS.
R  INDICATES RECORD WAS SET OR TIED.
MM INDICATES DATA IS MISSING.
T  INDICATES TRACE AMOUNT.




$$
