000
CDUS43 KGRR 270536
CLIBIV


CLIMATE REPORT
NATIONAL WEATHER SERVICE GRAND RAPIDS, MI
136 AM EDT FRI MAY 27 2016


...................................

...THE HOLLAND/TULIP CITY MI CLIMATE SUMMARY FOR MAY 26 2016...

CLIMATE NORMAL PERIOD 1981 TO 2010
CLIMATE RECORD PERIOD 1996 TO 2016


WEATHER ITEM   OBSERVED TIME   NORMAL DEPARTURE LAST
                VALUE   (LST)  VALUE  FROM      YEAR
                                      NORMAL
......................................................
TEMPERATURE (F)
 YESTERDAY
  MAXIMUM         81    256 PM  72      9       80
  MINIMUM         64    339 AM  52     12       62
  AVERAGE         73            62     11       71

PRECIPITATION (IN)
  YESTERDAY        0.02          0.09  -0.07     0.61
  MONTH TO DATE    2.32          2.76  -0.44     4.06
  SINCE MAR 1      9.24          8.28   0.96     8.60
  SINCE JAN 1     13.10         12.17   0.93    10.08

DEGREE DAYS
 HEATING
  YESTERDAY        0             5     -5        0
  MONTH TO DATE  209           210     -1      182
  SINCE MAR 1   1512          1589    -77     1652
  SINCE JUL 1   5502          6089   -587     6619

 COOLING
  YESTERDAY        8             2      6        6
  MONTH TO DATE   22            26     -4       39
  SINCE MAR 1     23            30     -7       39
  SINCE JAN 1     23            30     -7       39
......................................................


WIND (MPH)
  RESULTANT WIND SPEED   8   RESULTANT WIND DIRECTION  SW (220)
  HIGHEST WIND SPEED    23   HIGHEST WIND DIRECTION    SW (230)
  HIGHEST GUST SPEED    28   HIGHEST GUST DIRECTION    SW (230)
  AVERAGE WIND SPEED     9.3


SKY COVER
  AVERAGE SKY COVER 0.2


WEATHER CONDITIONS
 THE FOLLOWING WEATHER WAS RECORDED YESTERDAY.
  LIGHT RAIN


RELATIVE HUMIDITY (PERCENT)
 HIGHEST    93          1200 AM
 LOWEST     60           700 PM
 AVERAGE    77

..........................................................


THE HOLLAND/TULIP CITY MI CLIMATE NORMALS FOR TODAY
                         NORMAL
 MAXIMUM TEMPERATURE (F)   72
 MINIMUM TEMPERATURE (F)   52


SUNRISE AND SUNSET
MAY 27 2016...........SUNRISE   611 AM EDT   SUNSET   913 PM EDT
MAY 28 2016...........SUNRISE   611 AM EDT   SUNSET   914 PM EDT


-  INDICATES NEGATIVE NUMBERS.
R  INDICATES RECORD WAS SET OR TIED.
MM INDICATES DATA IS MISSING.
T  INDICATES TRACE AMOUNT.




$$
