000
CDUS43 KGRR 022234
CLIBIV


CLIMATE REPORT
NATIONAL WEATHER SERVICE GRAND RAPIDS, MI
533 PM EST FRI DEC 2 2016


...................................

...THE HOLLAND/TULIP CITY MI CLIMATE SUMMARY FOR DECEMBER 2 2016...
VALID TODAY AS OF 0500 PM LOCAL TIME.

CLIMATE NORMAL PERIOD 1981 TO 2010
CLIMATE RECORD PERIOD 1996 TO 2016


WEATHER ITEM   OBSERVED TIME   NORMAL DEPARTURE LAST
                VALUE   (LST)  VALUE  FROM      YEAR
                                      NORMAL
......................................................
TEMPERATURE (F)
 TODAY
  MAXIMUM         42   1254 AM  41      1       40
  MINIMUM         36    549 AM  30      6       32
  AVERAGE         39            35      4       36

PRECIPITATION (IN)
  TODAY            0.14          0.10   0.04      T
  MONTH TO DATE    0.38          0.20   0.18      T
  SINCE DEC 1      0.38          0.20   0.18      T
  SINCE JAN 1     30.25         34.36  -4.11    24.01

DEGREE DAYS
 HEATING
  TODAY           26            30     -4       29
  MONTH TO DATE   51            59     -8       51
  SINCE DEC 1     51            59     -8       51
  SINCE JUL 1    949          1282   -333     1081

 COOLING
  TODAY            0             0      0        0
  MONTH TO DATE    0             0      0        0
  SINCE DEC 1      0             0      0        0
  SINCE JAN 1    785           693     92      601
......................................................


WIND (MPH)
  RESULTANT WIND SPEED   9   RESULTANT WIND DIRECTION   W (290)
  HIGHEST WIND SPEED    20   HIGHEST WIND DIRECTION    NW (300)
  HIGHEST GUST SPEED    27   HIGHEST GUST DIRECTION    NW (310)
  AVERAGE WIND SPEED     9.1


SKY COVER
  AVERAGE SKY COVER 0.9


WEATHER CONDITIONS
 THE FOLLOWING WEATHER WAS RECORDED TODAY.
  RAIN
  LIGHT RAIN
  FOG


RELATIVE HUMIDITY (PERCENT)
 HIGHEST    85           200 AM
 LOWEST     64           900 AM
 AVERAGE    75

..........................................................


THE HOLLAND/TULIP CITY MI CLIMATE NORMALS FOR TOMORROW
                         NORMAL
 MAXIMUM TEMPERATURE (F)   41
 MINIMUM TEMPERATURE (F)   30


SUNRISE AND SUNSET
DECEMBER  2 2016......SUNRISE   757 AM EST   SUNSET   511 PM EST
DECEMBER  3 2016......SUNRISE   758 AM EST   SUNSET   511 PM EST


-  INDICATES NEGATIVE NUMBERS.
R  INDICATES RECORD WAS SET OR TIED.
MM INDICATES DATA IS MISSING.
T  INDICATES TRACE AMOUNT.




$$
