000
CDUS43 KGRR 290525
CLIBIV


CLIMATE REPORT
NATIONAL WEATHER SERVICE GRAND RAPIDS, MI
1223 AM EST MON DEC 29 2014


...................................

...THE HOLLAND/TULIP CITY MI CLIMATE SUMMARY FOR DECEMBER 28 2014...

CLIMATE NORMAL PERIOD 1981 TO 2010
CLIMATE RECORD PERIOD 1996 TO 2014


WEATHER ITEM   OBSERVED TIME   NORMAL DEPARTURE LAST
                VALUE   (LST)  VALUE  FROM      YEAR
                                      NORMAL
......................................................
TEMPERATURE (F)
 YESTERDAY
  MAXIMUM         38   1253 AM  34      4       46
  MINIMUM         31    649 PM  23      8       32
  AVERAGE         35            28      7       39

PRECIPITATION (IN)
  YESTERDAY        T             0.05  -0.05     0.00
  MONTH TO DATE    1.39          2.12  -0.73     1.50
  SINCE DEC 1      1.39          2.12  -0.73     1.50
  SINCE JAN 1     33.56         36.28  -2.72    40.01

DEGREE DAYS
 HEATING
  YESTERDAY       30            37     -7       26
  MONTH TO DATE  810           934   -124     1051
  SINCE DEC 1    810           934   -124     1051
  SINCE JUL 1   2201          2157     44     2287

 COOLING
  YESTERDAY        0             0      0        0
  MONTH TO DATE    0             0      0        0
  SINCE DEC 1      0             0      0        0
  SINCE JAN 1    570           693   -123      813
......................................................


WIND (MPH)
  RESULTANT WIND SPEED   6   RESULTANT WIND DIRECTION   W (290)
  HIGHEST WIND SPEED    16   HIGHEST WIND DIRECTION     W (270)
  HIGHEST GUST SPEED    22   HIGHEST GUST DIRECTION     W (250)
  AVERAGE WIND SPEED     8.1


SKY COVER
  AVERAGE SKY COVER 0.9


WEATHER CONDITIONS
 THE FOLLOWING WEATHER WAS RECORDED YESTERDAY.
  LIGHT RAIN


RELATIVE HUMIDITY (PERCENT)
 HIGHEST    76          1200 AM
 LOWEST     56          1200 PM
 AVERAGE    66

..........................................................


THE HOLLAND/TULIP CITY MI CLIMATE NORMALS FOR TODAY
                         NORMAL
 MAXIMUM TEMPERATURE (F)   33
 MINIMUM TEMPERATURE (F)   23


SUNRISE AND SUNSET
DECEMBER 29 2014......SUNRISE   815 AM EST   SUNSET   519 PM EST
DECEMBER 30 2014......SUNRISE   815 AM EST   SUNSET   519 PM EST


-  INDICATES NEGATIVE NUMBERS.
R  INDICATES RECORD WAS SET OR TIED.
MM INDICATES DATA IS MISSING.
T  INDICATES TRACE AMOUNT.




$$

63
