746
CDUS43 KGRR 270520
CLIBIV


CLIMATE REPORT
NATIONAL WEATHER SERVICE GRAND RAPIDS, MI
120 AM EDT TUE JUN 27 2017


...................................

...THE HOLLAND/TULIP CITY MI CLIMATE SUMMARY FOR JUNE 26 2017...

CLIMATE NORMAL PERIOD 1981 TO 2010
CLIMATE RECORD PERIOD 1996 TO 2017


WEATHER ITEM   OBSERVED TIME   NORMAL DEPARTURE LAST
                VALUE   (LST)  VALUE  FROM      YEAR
                                      NORMAL
......................................................
TEMPERATURE (F)
 YESTERDAY
  MAXIMUM         68    259 PM  81    -13       82
  MINIMUM         57    450 PM  61     -4       70
  AVERAGE         63            71     -8       76

PRECIPITATION (IN)
  YESTERDAY        T             0.13  -0.13     0.32
  MONTH TO DATE    2.19          3.72  -1.53     2.28
  SINCE JUN 1      2.19          3.72  -1.53     2.28
  SINCE JAN 1     17.36         16.31   1.05    15.41

DEGREE DAYS
 HEATING
  YESTERDAY        2             1      1        0
  MONTH TO DATE   13            47    -34       32
  SINCE JUN 1     13            47    -34       32
  SINCE JUL 1   5443          6159   -716     5534

 COOLING
  YESTERDAY        0             7     -7       11
  MONTH TO DATE  138           118     20      121
  SINCE JUN 1    138           118     20      121
  SINCE JAN 1    169           160      9      180
......................................................


WIND (MPH)
  RESULTANT WIND SPEED   9   RESULTANT WIND DIRECTION   W (290)
  HIGHEST WIND SPEED    24   HIGHEST WIND DIRECTION    NW (320)
  HIGHEST GUST SPEED    30   HIGHEST GUST DIRECTION    NW (320)
  AVERAGE WIND SPEED     9.9


SKY COVER
  AVERAGE SKY COVER 0.4


WEATHER CONDITIONS
 THE FOLLOWING WEATHER WAS RECORDED YESTERDAY.
  LIGHT RAIN


RELATIVE HUMIDITY (PERCENT)
 HIGHEST    80           400 AM
 LOWEST     49           200 PM
 AVERAGE    65

..........................................................


THE HOLLAND/TULIP CITY MI CLIMATE NORMALS FOR TODAY
                         NORMAL
 MAXIMUM TEMPERATURE (F)   81
 MINIMUM TEMPERATURE (F)   61


SUNRISE AND SUNSET
JUNE 27 2017..........SUNRISE   608 AM EDT   SUNSET   927 PM EDT
JUNE 28 2017..........SUNRISE   609 AM EDT   SUNSET   927 PM EDT


-  INDICATES NEGATIVE NUMBERS.
R  INDICATES RECORD WAS SET OR TIED.
MM INDICATES DATA IS MISSING.
T  INDICATES TRACE AMOUNT.




$$
