000
CDUS46 KBOI 150931
CLIBKE


CLIMATE REPORT
NATIONAL WEATHER SERVICE BOISE ID
331 AM MDT MON SEP 15 2014


...................................

...THE BAKER OR CLIMATE SUMMARY FOR SEPTEMBER 14 2014...

CLIMATE NORMAL PERIOD 1981 TO 2010
CLIMATE RECORD PERIOD 1948 TO 2014


WEATHER ITEM   OBSERVED TIME   RECORD YEAR NORMAL DEPARTURE LAST
                VALUE   (LST)  VALUE       VALUE  FROM      YEAR
                                                  NORMAL
..................................................................
TEMPERATURE (F)
 YESTERDAY
  MAXIMUM         84    308 PM  95    2000  75      9       88
  MINIMUM         31    547 AM  25    1992  37     -6       48
  AVERAGE         58                        56      2       68

PRECIPITATION (IN)
  YESTERDAY        0.00          0.66 1955   0.02  -0.02     0.00
  MONTH TO DATE    T                         0.28  -0.28     0.65
  SINCE OCT 1      6.79                      9.86  -3.07     8.98
  SINCE JAN 1      5.62                      7.35  -1.73     6.80

DEGREE DAYS
 HEATING
  YESTERDAY        7                         9     -2        0
  MONTH TO DATE  135                        98     37       22
  SINCE SEP 1    135                        98     37       22
  SINCE JUL 1    212                       249    -37       54

 COOLING
  YESTERDAY        0                         0      0        3
  MONTH TO DATE    0                         7     -7       23
  SINCE SEP 1      0                         7     -7       23
  SINCE JAN 1    235                       167     68      253
..................................................................


WIND (MPH)
  RESULTANT WIND SPEED   1   RESULTANT WIND DIRECTION   W (260)
  HIGHEST WIND SPEED    14   HIGHEST WIND DIRECTION    NW (300)
  HIGHEST GUST SPEED    16   HIGHEST GUST DIRECTION    NW (300)
  AVERAGE WIND SPEED     3.7


SKY COVER
  AVERAGE SKY COVER 0.0


WEATHER CONDITIONS
 THE FOLLOWING WEATHER WAS RECORDED YESTERDAY.
  NO SIGNIFICANT WEATHER WAS OBSERVED.


RELATIVE HUMIDITY (PERCENT)
 HIGHEST    85           400 AM
 LOWEST     13           300 PM
 AVERAGE    49

..........................................................


THE BAKER OR CLIMATE NORMALS FOR TODAY
                         NORMAL    RECORD    YEAR
 MAXIMUM TEMPERATURE (F)   75        92      1998
 MINIMUM TEMPERATURE (F)   37        26      1950


SUNRISE AND SUNSET
SEPTEMBER 15 2014.....SUNRISE   630 AM PDT   SUNSET   702 PM PDT
SEPTEMBER 16 2014.....SUNRISE   631 AM PDT   SUNSET   700 PM PDT


-  INDICATES NEGATIVE NUMBERS.
R  INDICATES RECORD WAS SET OR TIED.
MM INDICATES DATA IS MISSING.
T  INDICATES TRACE AMOUNT.




$$
