226
CDUS46 KBOI 180933
CLIBKE


CLIMATE REPORT
NATIONAL WEATHER SERVICE BOISE ID
233 AM MST SUN FEB 18 2018


...................................

...THE BAKER OR CLIMATE SUMMARY FOR FEBRUARY 17 2018...

CLIMATE NORMAL PERIOD 1981 TO 2010
CLIMATE RECORD PERIOD 1928 TO 2018


WEATHER ITEM   OBSERVED TIME   RECORD YEAR NORMAL DEPARTURE LAST
                VALUE   (LST)  VALUE       VALUE  FROM      YEAR
                                                  NORMAL
..................................................................
TEMPERATURE (F)
 YESTERDAY
  MAXIMUM         46    323 PM  60    1996  40      6       47
                                      1977
  MINIMUM         21   1225 AM  -4    1936  19      2       28
  AVERAGE         34                        30      4       38

PRECIPITATION (IN)
  YESTERDAY        0.06          0.36 2004   0.02   0.04      T
  MONTH TO DATE    0.11                      0.35  -0.24     0.57
  SINCE OCT 1      2.33                      3.66  -1.33     3.99
  SINCE JAN 1      1.07                      1.15  -0.08     1.25

DEGREE DAYS
 HEATING
  YESTERDAY       31                        35     -4       27
  MONTH TO DATE  477                       628   -151      552
  SINCE DEC 1   2648                      3114   -466     3706
  SINCE JUL 1   4278                      5151   -873     5480

 COOLING
  YESTERDAY        0                         0      0        0
  MONTH TO DATE    0                         0      0        0
  SINCE DEC 1      0                         0      0        0
  SINCE JAN 1      0                         0      0        0
..................................................................


WIND (MPH)
  RESULTANT WIND SPEED   3   RESULTANT WIND DIRECTION   S (170)
  HIGHEST WIND SPEED    29   HIGHEST WIND DIRECTION    SE (150)
  HIGHEST GUST SPEED    34   HIGHEST GUST DIRECTION    SE (150)
  AVERAGE WIND SPEED     8.7


SKY COVER
  AVERAGE SKY COVER 0.8


WEATHER CONDITIONS
 THE FOLLOWING WEATHER WAS RECORDED YESTERDAY.
  LIGHT RAIN
  LIGHT SNOW


RELATIVE HUMIDITY (PERCENT)
 HIGHEST    88           100 AM
 LOWEST     49           900 PM
 AVERAGE    69

..........................................................


THE BAKER OR CLIMATE NORMALS FOR TODAY
                         NORMAL    RECORD    YEAR
 MAXIMUM TEMPERATURE (F)   41        60      1977
 MINIMUM TEMPERATURE (F)   19        -3      2006
                                             1952


SUNRISE AND SUNSET
FEBRUARY 18 2018......SUNRISE   647 AM PST   SUNSET   524 PM PST
FEBRUARY 19 2018......SUNRISE   645 AM PST   SUNSET   525 PM PST


-  INDICATES NEGATIVE NUMBERS.
R  INDICATES RECORD WAS SET OR TIED.
MM INDICATES DATA IS MISSING.
T  INDICATES TRACE AMOUNT.




$$
