000
CDUS46 KBOI 230931
CLIBKE


CLIMATE REPORT
NATIONAL WEATHER SERVICE BOISE ID
231 AM MST THU NOV 23 2017


...................................

...THE BAKER OR CLIMATE SUMMARY FOR NOVEMBER 22 2017...

CLIMATE NORMAL PERIOD 1981 TO 2010
CLIMATE RECORD PERIOD 1928 TO 2017


WEATHER ITEM   OBSERVED TIME   RECORD YEAR NORMAL DEPARTURE LAST
                VALUE   (LST)  VALUE       VALUE  FROM      YEAR
                                                  NORMAL
..................................................................
TEMPERATURE (F)
 YESTERDAY
  MAXIMUM         57    142 PM  58    1954  40     17       41
  MINIMUM         49   1159 PM  -8    1985  21     28       21
  AVERAGE         53                        30     23       31

PRECIPITATION (IN)
  YESTERDAY        0.03          0.29 1977   0.03   0.00     0.00
  MONTH TO DATE    0.39                      0.65  -0.26     0.41
  SINCE OCT 1      0.95                      1.28  -0.33     1.74
  SINCE JAN 1      6.69                      8.90  -2.21     5.44

DEGREE DAYS
 HEATING
  YESTERDAY       12                        35    -23       34
  MONTH TO DATE  550                       669   -119      508
  SINCE SEP 1   1408                      1597   -189     1391
  SINCE JUL 1   1420                      1748   -328     1537

 COOLING
  YESTERDAY        0                         0      0        0
  MONTH TO DATE    0                         0      0        0
  SINCE SEP 1     53                         9     44        0
  SINCE JAN 1    357                       169    188      132
..................................................................


WIND (MPH)
  RESULTANT WIND SPEED  10   RESULTANT WIND DIRECTION   E (110)
  HIGHEST WIND SPEED    18   HIGHEST WIND DIRECTION     E (100)
  HIGHEST GUST SPEED    23   HIGHEST GUST DIRECTION     E (110)
  AVERAGE WIND SPEED     9.8


SKY COVER
  AVERAGE SKY COVER 0.5


WEATHER CONDITIONS
 THE FOLLOWING WEATHER WAS RECORDED YESTERDAY.
  LIGHT RAIN


RELATIVE HUMIDITY (PERCENT)
 HIGHEST    86          1000 PM
 LOWEST     72           700 AM
 AVERAGE    79

..........................................................


THE BAKER OR CLIMATE NORMALS FOR TODAY
                         NORMAL    RECORD    YEAR
 MAXIMUM TEMPERATURE (F)   40        58      1939
 MINIMUM TEMPERATURE (F)   20       -15      1985


SUNRISE AND SUNSET
NOVEMBER 23 2017......SUNRISE   659 AM PST   SUNSET   416 PM PST
NOVEMBER 24 2017......SUNRISE   701 AM PST   SUNSET   415 PM PST


-  INDICATES NEGATIVE NUMBERS.
R  INDICATES RECORD WAS SET OR TIED.
MM INDICATES DATA IS MISSING.
T  INDICATES TRACE AMOUNT.




$$
