436
CDUS46 KBOI 270936
CLIBKE


CLIMATE REPORT
NATIONAL WEATHER SERVICE BOISE ID
334 AM MDT WED JUL 27 2016


...................................

...THE BAKER OR CLIMATE SUMMARY FOR JULY 26 2016...

CLIMATE NORMAL PERIOD 1981 TO 2010
CLIMATE RECORD PERIOD 1948 TO 2016


WEATHER ITEM   OBSERVED TIME   RECORD YEAR NORMAL DEPARTURE LAST
                VALUE   (LST)  VALUE       VALUE  FROM      YEAR
                                                  NORMAL
..................................................................
TEMPERATURE (F)
 YESTERDAY
  MAXIMUM         93    221 PM  99    1996  87      6       74
  MINIMUM         56    452 AM  37    1966  47      9       50
  AVERAGE         75                        67      8       62

PRECIPITATION (IN)
  YESTERDAY        0.00          0.48 1984   0.02  -0.02     0.00
  MONTH TO DATE    0.80                      0.56   0.24     2.72
  SINCE OCT 1      6.05                      8.78  -2.73     9.46
  SINCE JAN 1      3.51                      6.27  -2.76     7.26

DEGREE DAYS
 HEATING
  YESTERDAY        0                         1     -1        3
  MONTH TO DATE   83                        62     21       20
  SINCE JUN 1    275                       288    -13      104
  SINCE JUL 1     83                        62     21       20

 COOLING
  YESTERDAY       10                         3      7        0
  MONTH TO DATE   16                        59    -43       71
  SINCE JUN 1     62                        75    -13      139
  SINCE JAN 1     62                        77    -15      140
..................................................................


WIND (MPH)
  RESULTANT WIND SPEED   6   RESULTANT WIND DIRECTION  NW (300)
  HIGHEST WIND SPEED    20   HIGHEST WIND DIRECTION    NW (320)
  HIGHEST GUST SPEED    24   HIGHEST GUST DIRECTION    NW (310)
  AVERAGE WIND SPEED     8.8


SKY COVER
  AVERAGE SKY COVER 0.0


WEATHER CONDITIONS
 THE FOLLOWING WEATHER WAS RECORDED YESTERDAY.
  NO SIGNIFICANT WEATHER WAS OBSERVED.


RELATIVE HUMIDITY (PERCENT)
 HIGHEST    62           500 AM
 LOWEST     23           100 PM
 AVERAGE    43

..........................................................


THE BAKER OR CLIMATE NORMALS FOR TODAY
                         NORMAL    RECORD    YEAR
 MAXIMUM TEMPERATURE (F)   87       102      1999
 MINIMUM TEMPERATURE (F)   47        39      2005


SUNRISE AND SUNSET
JULY 27 2016..........SUNRISE   532 AM PDT   SUNSET   823 PM PDT
JULY 28 2016..........SUNRISE   533 AM PDT   SUNSET   822 PM PDT


-  INDICATES NEGATIVE NUMBERS.
R  INDICATES RECORD WAS SET OR TIED.
MM INDICATES DATA IS MISSING.
T  INDICATES TRACE AMOUNT.




$$
