000
CDUS46 KBOI 250931
CLIBKE


CLIMATE REPORT
NATIONAL WEATHER SERVICE BOISE ID
330 AM MDT TUE JUL 25 2017


...................................

...THE BAKER OR CLIMATE SUMMARY FOR JULY 24 2017...

CLIMATE NORMAL PERIOD 1981 TO 2010
CLIMATE RECORD PERIOD 1928 TO 2017


WEATHER ITEM   OBSERVED TIME   RECORD YEAR NORMAL DEPARTURE LAST
                VALUE   (LST)  VALUE       VALUE  FROM      YEAR
                                                  NORMAL
..................................................................
TEMPERATURE (F)
 YESTERDAY
  MAXIMUM         90    121 PM 101    1933  86      4       88
  MINIMUM         59    209 AM  37    2012  47     12       40
                                      2008
  AVERAGE         75                        67      8       64

PRECIPITATION (IN)
  YESTERDAY        T             0.49 1976   0.01  -0.01     0.00
  MONTH TO DATE    T                         0.52  -0.52     0.80
  SINCE OCT 1      7.53                      8.74  -1.21     6.05
  SINCE JAN 1      4.79                      6.23  -1.44     3.51

DEGREE DAYS
 HEATING
  YESTERDAY        0                         1     -1        1
  MONTH TO DATE    6                        60    -54       83
  SINCE JUN 1    182                       286   -104      275
  SINCE JUL 1      6                        60    -54       83

 COOLING
  YESTERDAY       10                         3      7        0
  MONTH TO DATE   97                        53     44        3
  SINCE JUN 1    118                        69     49       49
  SINCE JAN 1    118                        71     47       49
..................................................................


WIND (MPH)
  RESULTANT WIND SPEED   6   RESULTANT WIND DIRECTION   W (290)
  HIGHEST WIND SPEED    16   HIGHEST WIND DIRECTION    NW (320)
  HIGHEST GUST SPEED    20   HIGHEST GUST DIRECTION    NW (320)
  AVERAGE WIND SPEED     7.6


SKY COVER
  AVERAGE SKY COVER 0.0


WEATHER CONDITIONS
 THE FOLLOWING WEATHER WAS RECORDED YESTERDAY.
  LIGHT RAIN


RELATIVE HUMIDITY (PERCENT)
 HIGHEST    78           200 AM
 LOWEST     21           200 PM
 AVERAGE    50

..........................................................


THE BAKER OR CLIMATE NORMALS FOR TODAY
                         NORMAL    RECORD    YEAR
 MAXIMUM TEMPERATURE (F)   86       100      1978
                                             1928
 MINIMUM TEMPERATURE (F)   47        36      1948


SUNRISE AND SUNSET
JULY 25 2017..........SUNRISE   530 AM PDT   SUNSET   825 PM PDT
JULY 26 2017..........SUNRISE   531 AM PDT   SUNSET   824 PM PDT


-  INDICATES NEGATIVE NUMBERS.
R  INDICATES RECORD WAS SET OR TIED.
MM INDICATES DATA IS MISSING.
T  INDICATES TRACE AMOUNT.




$$
