000
CDUS46 KBOI 250931
CLIBKE


CLIMATE REPORT
NATIONAL WEATHER SERVICE BOISE ID
231 AM MST TUE NOV 25 2014


...................................

...THE BAKER OR CLIMATE SUMMARY FOR NOVEMBER 24 2014...

CLIMATE NORMAL PERIOD 1981 TO 2010
CLIMATE RECORD PERIOD 1948 TO 2014


WEATHER ITEM   OBSERVED TIME   RECORD YEAR NORMAL DEPARTURE LAST
                VALUE   (LST)  VALUE       VALUE  FROM      YEAR
                                                  NORMAL
..................................................................
TEMPERATURE (F)
 YESTERDAY
  MAXIMUM         42   1213 PM  65    1960  39      3       45
  MINIMUM         20    728 AM -11    1985  20      0        7
  AVERAGE         31                        30      1       26

PRECIPITATION (IN)
  YESTERDAY        0.02          0.52 1977   0.03  -0.01     0.00
  MONTH TO DATE    0.45                      0.71  -0.26     0.36
  SINCE OCT 1      0.68                      1.34  -0.66     0.53
  SINCE JAN 1      6.68                      8.96  -2.28     8.30

DEGREE DAYS
 HEATING
  YESTERDAY       34                        35     -1       39
  MONTH TO DATE  864                       739    125      729
  SINCE SEP 1   1563                      1667   -104     1688
  SINCE JUL 1   1640                      1818   -178     1720

 COOLING
  YESTERDAY        0                         0      0        0
  MONTH TO DATE    0                         0      0        0
  SINCE SEP 1     15                         9      6       28
  SINCE JAN 1    250                       169     81      258
..................................................................


WIND (MPH)
  RESULTANT WIND SPEED   4   RESULTANT WIND DIRECTION   E (100)
  HIGHEST WIND SPEED    16   HIGHEST WIND DIRECTION     E (70)
  HIGHEST GUST SPEED    20   HIGHEST GUST DIRECTION    NE (60)
  AVERAGE WIND SPEED     6.0


SKY COVER
  AVERAGE SKY COVER 0.2


WEATHER CONDITIONS
 THE FOLLOWING WEATHER WAS RECORDED YESTERDAY.
  LIGHT RAIN
  LIGHT SNOW


RELATIVE HUMIDITY (PERCENT)
 HIGHEST    96           800 AM
 LOWEST     60          1100 AM
 AVERAGE    78

..........................................................


THE BAKER OR CLIMATE NORMALS FOR TODAY
                         NORMAL    RECORD    YEAR
 MAXIMUM TEMPERATURE (F)   39        58      1949
 MINIMUM TEMPERATURE (F)   20        -9      1993


SUNRISE AND SUNSET
NOVEMBER 25 2014......SUNRISE   702 AM PST   SUNSET   415 PM PST
NOVEMBER 26 2014......SUNRISE   703 AM PST   SUNSET   414 PM PST


-  INDICATES NEGATIVE NUMBERS.
R  INDICATES RECORD WAS SET OR TIED.
MM INDICATES DATA IS MISSING.
T  INDICATES TRACE AMOUNT.




$$
