000
CDUS41 KRLX 010730
CLIBKW


CLIMATE REPORT
NATIONAL WEATHER SERVICE CHARLESTON WV
329 AM EDT MON SEP 1 2014


...................................

...THE BECKLEY WV CLIMATE SUMMARY FOR AUGUST 31 2014...

CLIMATE NORMAL PERIOD 1981 TO 2010
CLIMATE RECORD PERIOD 1963 TO 2014


WEATHER ITEM   OBSERVED TIME   RECORD YEAR NORMAL DEPARTURE LAST
                VALUE   (LST)  VALUE       VALUE  FROM      YEAR
                                                  NORMAL
..................................................................
TEMPERATURE (F)
 YESTERDAY
  MAXIMUM         79   1053 AM  94    1953  78      1       81
                                      1932
  MINIMUM         68    709 AM  39    1897  58     10       64
  AVERAGE         74                        68      6       73

PRECIPITATION (IN)
  YESTERDAY        0.09          1.49 1940   0.08   0.01     0.32
  MONTH TO DATE    4.11                      3.47   0.64     5.15
  SINCE JAN 1     24.50                     29.66  -5.16    29.97

SNOWFALL (IN)
  YESTERDAY        0.0
  MONTH TO DATE    0.0
  SINCE SEP 1     76.3
  SNOW DEPTH       0

DEGREE DAYS
 HEATING
  YESTERDAY        0                         1     -1        0
  MONTH TO DATE    7                         7      0       15
  SINCE JUN 1     41                        60    -19       27
  SINCE JUL 1     29                        21      8       20

 COOLING
  YESTERDAY        9                         4      5        8
  MONTH TO DATE  127                       160    -33      146
  SINCE JUN 1    449                       452     -3      476
  SINCE JAN 1    524                       493     31      543
..................................................................


WIND (MPH)
  HIGHEST WIND SPEED    16   HIGHEST WIND DIRECTION     W (290)
  HIGHEST GUST SPEED    24   HIGHEST GUST DIRECTION     W (280)
  AVERAGE WIND SPEED     7.6


SKY COVER
  POSSIBLE SUNSHINE  MM
  AVERAGE SKY COVER 0.4


WEATHER CONDITIONS
 THE FOLLOWING WEATHER WAS RECORDED YESTERDAY.
  RAIN
  LIGHT RAIN
  FOG


RELATIVE HUMIDITY (PERCENT)
 HIGHEST    81           700 AM
 LOWEST     62          1100 AM
 AVERAGE    72

..........................................................


THE BECKLEY WV CLIMATE NORMALS FOR TODAY
                         NORMAL    RECORD    YEAR
 MAXIMUM TEMPERATURE (F)   78        96      1953
                                             1932
 MINIMUM TEMPERATURE (F)   58        36      1940


SUNRISE AND SUNSET
SEPTEMBER  1 2014.....SUNRISE   654 AM EDT   SUNSET   754 PM EDT
SEPTEMBER  2 2014.....SUNRISE   655 AM EDT   SUNSET   752 PM EDT


-  INDICATES NEGATIVE NUMBERS.
R  INDICATES RECORD WAS SET OR TIED.
MM INDICATES DATA IS MISSING.
T  INDICATES TRACE AMOUNT.




$$
