000
CDUS41 KRLX 210909
CLIBKW


CLIMATE REPORT
NATIONAL WEATHER SERVICE CHARLESTON WV
506 AM EDT TUE OCT 21 2014


...................................

...THE BECKLEY WV CLIMATE SUMMARY FOR OCTOBER 20 2014...

CLIMATE NORMAL PERIOD 1981 TO 2010
CLIMATE RECORD PERIOD 1963 TO 2014


WEATHER ITEM   OBSERVED TIME   RECORD YEAR NORMAL DEPARTURE LAST
                VALUE   (LST)  VALUE       VALUE  FROM      YEAR
                                                  NORMAL
..................................................................
TEMPERATURE (F)
 YESTERDAY
  MAXIMUM         59   1159 AM  85    1920  62     -3       57
  MINIMUM         34    658 AM  18    1972  42     -8       32
  AVERAGE         47                        52     -5       45

PRECIPITATION (IN)
  YESTERDAY        0.01          1.36 1961   0.08  -0.07     0.00
  MONTH TO DATE    4.68                      1.61   3.07     0.86
  SINCE JAN 1     31.40                     34.28  -2.88    32.55

SNOWFALL (IN)
  YESTERDAY        0.0
  MONTH TO DATE    0.0
  SINCE SEP 1      0.0
  SNOW DEPTH       0

DEGREE DAYS
 HEATING
  YESTERDAY       18                        13      5       20
  MONTH TO DATE  174                       212    -38      125
  SINCE SEP 1    233                       325    -92      214
  SINCE JUL 1    262                       346    -84      234

 COOLING
  YESTERDAY        0                         0      0        0
  MONTH TO DATE    0                         2     -2       15
  SINCE SEP 1     78                        59     19       72
  SINCE JAN 1    602                       552     50      615
..................................................................


WIND (MPH)
  HIGHEST WIND SPEED    17   HIGHEST WIND DIRECTION     W (260)
  HIGHEST GUST SPEED    23   HIGHEST GUST DIRECTION    SW (230)
  AVERAGE WIND SPEED     5.8


SKY COVER
  POSSIBLE SUNSHINE  MM
  AVERAGE SKY COVER 0.4


WEATHER CONDITIONS
 THE FOLLOWING WEATHER WAS RECORDED YESTERDAY.
  NO SIGNIFICANT WEATHER WAS OBSERVED.


RELATIVE HUMIDITY (PERCENT)
 HIGHEST    89           500 AM
 LOWEST     47          1200 PM
 AVERAGE    68

..........................................................


THE BECKLEY WV CLIMATE NORMALS FOR TODAY
                         NORMAL    RECORD    YEAR
 MAXIMUM TEMPERATURE (F)   62        80      1949
 MINIMUM TEMPERATURE (F)   42        11      1952


SUNRISE AND SUNSET
OCTOBER 21 2014.......SUNRISE   739 AM EDT   SUNSET   639 PM EDT
OCTOBER 22 2014.......SUNRISE   740 AM EDT   SUNSET   638 PM EDT


-  INDICATES NEGATIVE NUMBERS.
R  INDICATES RECORD WAS SET OR TIED.
MM INDICATES DATA IS MISSING.
T  INDICATES TRACE AMOUNT.




$$
