000
CDUS41 KRLX 182118
CLIBKW


CLIMATE REPORT
NATIONAL WEATHER SERVICE CHARLESTON WV
518 PM EDT FRI APR 18 2014


...................................

...THE BECKLEY WV CLIMATE SUMMARY FOR APRIL 18 2014...
VALID TODAY AS OF 0500 PM LOCAL TIME.

CLIMATE NORMAL PERIOD 1981 TO 2010
CLIMATE RECORD PERIOD 1963 TO 2014


WEATHER ITEM   OBSERVED TIME   RECORD YEAR NORMAL DEPARTURE LAST
                VALUE   (LST)  VALUE       VALUE  FROM      YEAR
                                                  NORMAL
..................................................................
TEMPERATURE (F)
 TODAY
  MAXIMUM         64    348 PM  86    1976  64      0       76
  MINIMUM         41    620 AM  20    1951  42     -1       59
  AVERAGE         53                        53      0       68

PRECIPITATION (IN)
  TODAY            0.00          0.97 2003   0.11  -0.11     0.00
  MONTH TO DATE    1.52                      1.95  -0.43     1.87
  SINCE MAR 1      3.99                      5.52  -1.53     4.02
  SINCE JAN 1      9.09                     11.09  -2.00    10.21

DEGREE DAYS
 HEATING
  TODAY           12                        12      0        0
  MONTH TO DATE  213                       268    -55      205
  SINCE MAR 1   1031                       980     51     1119
  SINCE JUL 1   5239                      4981    258     4933

 COOLING
  TODAY            0                         0      0        3
  MONTH TO DATE    5                         0      5       16
  SINCE MAR 1      5                         1      4       16
  SINCE JAN 1      5                         1      4       16
..................................................................


WIND (MPH)
  HIGHEST WIND SPEED    16   HIGHEST WIND DIRECTION    SE (140)
  HIGHEST GUST SPEED    23   HIGHEST GUST DIRECTION     S (160)
  AVERAGE WIND SPEED     6.0


SKY COVER
  POSSIBLE SUNSHINE  MM
  AVERAGE SKY COVER 0.0


WEATHER CONDITIONS
 THE FOLLOWING WEATHER WAS RECORDED TODAY.
  NO SIGNIFICANT WEATHER WAS OBSERVED.


RELATIVE HUMIDITY (PERCENT)
 HIGHEST    57           700 AM
 LOWEST     23           300 PM
 AVERAGE    40

..........................................................


THE BECKLEY WV CLIMATE NORMALS FOR TOMORROW
                         NORMAL    RECORD    YEAR
 MAXIMUM TEMPERATURE (F)   64        84      1976
                                             1941
                                             1896
 MINIMUM TEMPERATURE (F)   43        20      1926
                                             1904


SUNRISE AND SUNSET
APRIL 18 2014.........SUNRISE   645 AM EDT   SUNSET   803 PM EDT
APRIL 19 2014.........SUNRISE   644 AM EDT   SUNSET   804 PM EDT


-  INDICATES NEGATIVE NUMBERS.
R  INDICATES RECORD WAS SET OR TIED.
MM INDICATES DATA IS MISSING.
T  INDICATES TRACE AMOUNT.




$$
