000
CDUS41 KRLX 222224
CLIBKW


CLIMATE REPORT
NATIONAL WEATHER SERVICE CHARLESTON WV
523 PM EST MON DEC 22 2014


...................................

...THE BECKLEY WV CLIMATE SUMMARY FOR DECEMBER 22 2014...
VALID TODAY AS OF 0500 PM LOCAL TIME.

CLIMATE NORMAL PERIOD 1981 TO 2010
CLIMATE RECORD PERIOD 1963 TO 2014


WEATHER ITEM   OBSERVED TIME   RECORD YEAR NORMAL DEPARTURE LAST
                VALUE   (LST)  VALUE       VALUE  FROM      YEAR
                                                  NORMAL
..................................................................
TEMPERATURE (F)
 TODAY
  MAXIMUM         43    220 PM  68    2013  41      2       68
  MINIMUM         35    713 AM -13    1989  25     10       51
  AVERAGE         39                        33      6       60

PRECIPITATION (IN)
  TODAY            T             1.50 1981   0.10  -0.10     0.72
  MONTH TO DATE    1.88                      2.15  -0.27     4.40
  SINCE DEC 1      1.88                      2.15  -0.27     4.40
  SINCE JAN 1     36.10                     40.34  -4.24    40.88

DEGREE DAYS
 HEATING
  TODAY           26                        32     -6        5
  MONTH TO DATE  614                       656    -42      560
  SINCE DEC 1    614                       656    -42      560
  SINCE JUL 1   1855                      1796     59     1742

 COOLING
  TODAY            0                         0      0        0
  MONTH TO DATE    0                         0      0        0
  SINCE DEC 1      0                         0      0        0
  SINCE JAN 1    602                       557     45      615
..................................................................


WIND (MPH)
  HIGHEST WIND SPEED    17   HIGHEST WIND DIRECTION    SE (140)
  HIGHEST GUST SPEED    24   HIGHEST GUST DIRECTION    SE (130)
  AVERAGE WIND SPEED    10.4


SKY COVER
  POSSIBLE SUNSHINE  MM
  AVERAGE SKY COVER 0.8


WEATHER CONDITIONS
 THE FOLLOWING WEATHER WAS RECORDED TODAY.
  NO SIGNIFICANT WEATHER WAS OBSERVED.


RELATIVE HUMIDITY (PERCENT)
 HIGHEST    85           500 PM
 LOWEST     73           200 PM
 AVERAGE    79

..........................................................


THE BECKLEY WV CLIMATE NORMALS FOR TOMORROW
                         NORMAL    RECORD    YEAR
 MAXIMUM TEMPERATURE (F)   41        65      1933
 MINIMUM TEMPERATURE (F)   25       -18      1989


SUNRISE AND SUNSET
DECEMBER 22 2014......SUNRISE   737 AM EST   SUNSET   510 PM EST
DECEMBER 23 2014......SUNRISE   737 AM EST   SUNSET   510 PM EST


-  INDICATES NEGATIVE NUMBERS.
R  INDICATES RECORD WAS SET OR TIED.
MM INDICATES DATA IS MISSING.
T  INDICATES TRACE AMOUNT.




$$
