000
CDUS41 KRLX 230721
CLIBKW


CLIMATE REPORT
NATIONAL WEATHER SERVICE CHARLESTON WV
320 AM EDT THU OCT 23 2014


...................................

...THE BECKLEY WV CLIMATE SUMMARY FOR OCTOBER 22 2014...

CLIMATE NORMAL PERIOD 1981 TO 2010
CLIMATE RECORD PERIOD 1963 TO 2014


WEATHER ITEM   OBSERVED TIME   RECORD YEAR NORMAL DEPARTURE LAST
                VALUE   (LST)  VALUE       VALUE  FROM      YEAR
                                                  NORMAL
..................................................................
TEMPERATURE (F)
 YESTERDAY
  MAXIMUM         44    521 PM  80    1909  62    -18       50
  MINIMUM         40    608 AM  10    1913  41     -1       41
  AVERAGE         42                        52    -10       46

PRECIPITATION (IN)
  YESTERDAY        0.07          1.49 1990   0.08  -0.01     0.01
  MONTH TO DATE    4.90                      1.77   3.13     0.87
  SINCE JAN 1     31.62                     34.44  -2.82    32.56

SNOWFALL (IN)
  YESTERDAY       MM
  MONTH TO DATE    0.0
  SINCE SEP 1      0.0
  SNOW DEPTH       0

DEGREE DAYS
 HEATING
  YESTERDAY       23                        14      9       19
  MONTH TO DATE  214                       239    -25      156
  SINCE SEP 1    273                       352    -79      245
  SINCE JUL 1    302                       373    -71      265

 COOLING
  YESTERDAY        0                         0      0        0
  MONTH TO DATE    0                         2     -2       15
  SINCE SEP 1     78                        59     19       72
  SINCE JAN 1    602                       552     50      615
..................................................................


WIND (MPH)
  HIGHEST WIND SPEED    16   HIGHEST WIND DIRECTION     N (350)
  HIGHEST GUST SPEED    22   HIGHEST GUST DIRECTION     N (350)
  AVERAGE WIND SPEED     9.7


SKY COVER
  POSSIBLE SUNSHINE  MM
  AVERAGE SKY COVER 0.7


WEATHER CONDITIONS
 THE FOLLOWING WEATHER WAS RECORDED YESTERDAY.
  LIGHT RAIN
  FOG


RELATIVE HUMIDITY (PERCENT)
 HIGHEST    96           100 PM
 LOWEST     89          1000 AM
 AVERAGE    93

..........................................................


THE BECKLEY WV CLIMATE NORMALS FOR TODAY
                         NORMAL    RECORD    YEAR
 MAXIMUM TEMPERATURE (F)   61        84      1947
 MINIMUM TEMPERATURE (F)   41        13      1913


SUNRISE AND SUNSET
OCTOBER 23 2014.......SUNRISE   741 AM EDT   SUNSET   636 PM EDT
OCTOBER 24 2014.......SUNRISE   742 AM EDT   SUNSET   635 PM EDT


-  INDICATES NEGATIVE NUMBERS.
R  INDICATES RECORD WAS SET OR TIED.
MM INDICATES DATA IS MISSING.
T  INDICATES TRACE AMOUNT.




$$
