000
CDUS41 KRLX 110817
CLIBKW


CLIMATE REPORT
NATIONAL WEATHER SERVICE CHARLESTON WV
317 AM EST SUN DEC 11 2016


...................................

...THE BECKLEY WV CLIMATE SUMMARY FOR DECEMBER 10 2016...

CLIMATE NORMAL PERIOD 1981 TO 2010
CLIMATE RECORD PERIOD 1963 TO 2016


WEATHER ITEM   OBSERVED TIME   RECORD YEAR NORMAL DEPARTURE LAST
                VALUE   (LST)  VALUE       VALUE  FROM      YEAR
                                                  NORMAL
..................................................................
TEMPERATURE (F)
 YESTERDAY
  MAXIMUM         29    322 PM  73    1971  43    -14       57
  MINIMUM         16    643 AM  -7    1917  27    -11       39
  AVERAGE         23                        35    -12       48

PRECIPITATION (IN)
  YESTERDAY        T             1.43 1966   0.10  -0.10     0.00
  MONTH TO DATE    0.79                      0.99  -0.20     1.50
  SINCE JAN 1     43.79                     39.18   4.61    46.07

SNOWFALL (IN)
  YESTERDAY        T
  MONTH TO DATE    0.2
  SINCE SEP 1      0.4
  SNOW DEPTH       0

DEGREE DAYS
 HEATING
  YESTERDAY       42                        30     12       17
  MONTH TO DATE  315                       282     33      227
  SINCE DEC 1    315                       282     33      227
  SINCE JUL 1   1090                      1422   -332     1086

 COOLING
  YESTERDAY        0                         0      0        0
  MONTH TO DATE    0                         0      0        0
  SINCE DEC 1      0                         0      0        0
  SINCE JAN 1    844                       557    287      758
..................................................................


WIND (MPH)
  HIGHEST WIND SPEED    13   HIGHEST WIND DIRECTION     W (270)
  HIGHEST GUST SPEED    17   HIGHEST GUST DIRECTION     W (260)
  AVERAGE WIND SPEED     5.9


SKY COVER
  POSSIBLE SUNSHINE  MM
  AVERAGE SKY COVER 0.6


WEATHER CONDITIONS
 THE FOLLOWING WEATHER WAS RECORDED YESTERDAY.
  NO SIGNIFICANT WEATHER WAS OBSERVED.


RELATIVE HUMIDITY (PERCENT)
 HIGHEST    74           100 AM
 LOWEST     46           200 PM
 AVERAGE    60

..........................................................


THE BECKLEY WV CLIMATE NORMALS FOR TODAY
                         NORMAL    RECORD    YEAR
 MAXIMUM TEMPERATURE (F)   43        68      2007
 MINIMUM TEMPERATURE (F)   27        -3      1937


SUNRISE AND SUNSET
DECEMBER 11 2016......SUNRISE   730 AM EST   SUNSET   506 PM EST
DECEMBER 12 2016......SUNRISE   731 AM EST   SUNSET   506 PM EST


-  INDICATES NEGATIVE NUMBERS.
R  INDICATES RECORD WAS SET OR TIED.
MM INDICATES DATA IS MISSING.
T  INDICATES TRACE AMOUNT.




$$
