000
CDUS41 KRLX 222118
CLIBKW


CLIMATE REPORT
NATIONAL WEATHER SERVICE CHARLESTON WV
517 PM EDT FRI SEP 22 2017


...................................

...THE BECKLEY WV CLIMATE SUMMARY FOR SEPTEMBER 22 2017...
VALID TODAY AS OF 0500 PM LOCAL TIME.

CLIMATE NORMAL PERIOD 1981 TO 2010
CLIMATE RECORD PERIOD 1963 TO 2017


WEATHER ITEM   OBSERVED TIME   RECORD YEAR NORMAL DEPARTURE LAST
                VALUE   (LST)  VALUE       VALUE  FROM      YEAR
                                                  NORMAL
..................................................................
TEMPERATURE (F)
 TODAY
  MAXIMUM         82   1259 PM  90    1931  71     11       80
  MINIMUM         58    649 AM  25    1913  51      7       57
  AVERAGE         70                        61      9       69

PRECIPITATION (IN)
  TODAY            0.00          1.95 1950   0.10  -0.10     0.00
  MONTH TO DATE    1.85                      2.25  -0.40     1.58
  SINCE SEP 1      1.85                      2.25  -0.40     1.58
  SINCE JAN 1     35.19                     31.91   3.28    36.71

DEGREE DAYS
 HEATING
  TODAY            0                         5     -5        0
  MONTH TO DATE   77                        60     17        6
  SINCE SEP 1     77                        60     17        6
  SINCE JUL 1     94                        81     13        6

 COOLING
  TODAY            5                         1      4        4
  MONTH TO DATE   25                        51    -26      107
  SINCE SEP 1     25                        51    -26      107
  SINCE JAN 1    538                       544     -6      808
..................................................................


WIND (MPH)
  HIGHEST WIND SPEED    14   HIGHEST WIND DIRECTION     N (360)
  HIGHEST GUST SPEED    17   HIGHEST GUST DIRECTION     N (350)
  AVERAGE WIND SPEED     3.5


SKY COVER
  POSSIBLE SUNSHINE  MM
  AVERAGE SKY COVER 0.1


WEATHER CONDITIONS
 THE FOLLOWING WEATHER WAS RECORDED TODAY.
  FOG


RELATIVE HUMIDITY (PERCENT)
 HIGHEST   100           600 AM
 LOWEST     49           100 PM
 AVERAGE    75

..........................................................


THE BECKLEY WV CLIMATE NORMALS FOR TOMORROW
                         NORMAL    RECORD    YEAR
 MAXIMUM TEMPERATURE (F)   70        89      1931
                                             1930
 MINIMUM TEMPERATURE (F)   51        28      1953


SUNRISE AND SUNSET
SEPTEMBER 22 2017.....SUNRISE   712 AM EDT   SUNSET   721 PM EDT
SEPTEMBER 23 2017.....SUNRISE   713 AM EDT   SUNSET   719 PM EDT


-  INDICATES NEGATIVE NUMBERS.
R  INDICATES RECORD WAS SET OR TIED.
MM INDICATES DATA IS MISSING.
T  INDICATES TRACE AMOUNT.




$$
