000
CDUS41 KRLX 190820
CLIBKW


CLIMATE REPORT
NATIONAL WEATHER SERVICE CHARLESTON WV
319 AM EST SUN NOV 19 2017


...................................

...THE BECKLEY WV CLIMATE SUMMARY FOR NOVEMBER 18 2017...

CLIMATE NORMAL PERIOD 1981 TO 2010
CLIMATE RECORD PERIOD 1963 TO 2017


WEATHER ITEM   OBSERVED TIME   RECORD YEAR NORMAL DEPARTURE LAST
                VALUE   (LST)  VALUE       VALUE  FROM      YEAR
                                                  NORMAL
..................................................................
TEMPERATURE (F)
 YESTERDAY
  MAXIMUM         63    222 PM  76    1921  52     11       73
  MINIMUM         45    118 AM  10    1959  34     11       42
  AVERAGE         54                        43     11       58

PRECIPITATION (IN)
  YESTERDAY        0.51          1.04 1906   0.11   0.40     0.00
  MONTH TO DATE    1.21                      1.75  -0.54     0.72
  SINCE JAN 1     40.95                     36.99   3.96    41.13

SNOWFALL (IN)
  YESTERDAY        0.0           3.9  2008   0.1   -0.1      0.0
  MONTH TO DATE    0.0                       1.0   -1.0      0.0
  SINCE SEP 1      T                         1.4   -1.4      0.0
  SNOW DEPTH       0

DEGREE DAYS
 HEATING
  YESTERDAY       11                        22    -11        7
  MONTH TO DATE  330                       341    -11      260
  SINCE SEP 1    699                       826   -127      505
  SINCE JUL 1    716                       847   -131      505

 COOLING
  YESTERDAY        0                         0      0        0
  MONTH TO DATE    0                         0      0        1
  SINCE SEP 1     81                        63     18      143
  SINCE JAN 1    594                       556     38      844
..................................................................


WIND (MPH)
  HIGHEST WIND SPEED    33   HIGHEST WIND DIRECTION    SW (230)
  HIGHEST GUST SPEED    44   HIGHEST GUST DIRECTION    SW (230)
  AVERAGE WIND SPEED    16.3


SKY COVER
  POSSIBLE SUNSHINE  MM
  AVERAGE SKY COVER 0.6


WEATHER CONDITIONS
 THE FOLLOWING WEATHER WAS RECORDED YESTERDAY.
  HEAVY RAIN
  RAIN
  LIGHT RAIN
  FOG


RELATIVE HUMIDITY (PERCENT)
 HIGHEST    93          1100 PM
 LOWEST     24           700 AM
 AVERAGE    59

..........................................................


THE BECKLEY WV CLIMATE NORMALS FOR TODAY
                         NORMAL    RECORD    YEAR
 MAXIMUM TEMPERATURE (F)   52        73      1985
                                             1958
 MINIMUM TEMPERATURE (F)   34         9      2014


SUNRISE AND SUNSET
NOVEMBER 19 2017......SUNRISE   709 AM EST   SUNSET   510 PM EST
NOVEMBER 20 2017......SUNRISE   710 AM EST   SUNSET   510 PM EST


-  INDICATES NEGATIVE NUMBERS.
R  INDICATES RECORD WAS SET OR TIED.
MM INDICATES DATA IS MISSING.
T  INDICATES TRACE AMOUNT.




$$
