000
CDUS41 KRNK 271003
CLIBLF


CLIMATE REPORT
NATIONAL WEATHER SERVICE BLACKSBURG VA
453 AM EST TUE JAN 27 2015


...................................

...THE BLUEFIELD WV CLIMATE SUMMARY FOR JANUARY 26 2015...

CLIMATE NORMAL PERIOD 1981 TO 2010
CLIMATE RECORD PERIOD 1959 TO 2015


WEATHER ITEM   OBSERVED TIME   RECORD YEAR NORMAL DEPARTURE LAST
                VALUE   (LST)  VALUE       VALUE  FROM      YEAR
                                                  NORMAL
..................................................................
TEMPERATURE (F)
 YESTERDAY
  MAXIMUM         43   1241 AM  68    1967  42      1       46
  MINIMUM         22   1159 PM   4    1988  26     -4       13
  AVERAGE         33                        34     -1

PRECIPITATION (IN)
  YESTERDAY        0.03          0.91 2011   0.09  -0.06     0.00
  MONTH TO DATE    1.43                      2.44  -1.01     1.54
  SINCE DEC 1      3.82                      5.35  -1.53     6.54
  SINCE JAN 1      1.43                      2.44  -1.01     1.54

SNOWFALL (IN)
  YESTERDAY        0.2
  MONTH TO DATE    1.6
  SINCE DEC 1      2.5
  SINCE JUL 1      7.3
  SNOW DEPTH       0

DEGREE DAYS
 HEATING
  YESTERDAY       32                        31      1
  MONTH TO DATE  801                       806     -5
  SINCE DEC 1   1584                      1668    -84
  SINCE JUL 1   2669                      2571     98

 COOLING
  YESTERDAY        0                         0      0
  MONTH TO DATE    0                         0      0
  SINCE DEC 1      0                         0      0
  SINCE JAN 1      0                         0      0
..................................................................


WIND (MPH)
  HIGHEST WIND SPEED    17   HIGHEST WIND DIRECTION     W (280)
  HIGHEST GUST SPEED    24   HIGHEST GUST DIRECTION    NW (300)
  AVERAGE WIND SPEED     8.2


SKY COVER
  POSSIBLE SUNSHINE  MM
  AVERAGE SKY COVER 1.0


WEATHER CONDITIONS
 THE FOLLOWING WEATHER WAS RECORDED YESTERDAY.
  LIGHT RAIN
  LIGHT SNOW
  FOG


RELATIVE HUMIDITY (PERCENT)
 HIGHEST    88          1000 PM
 LOWEST     53          1200 AM
 AVERAGE    71

..........................................................


THE BLUEFIELD WV CLIMATE NORMALS FOR TODAY
                         NORMAL    RECORD    YEAR
 MAXIMUM TEMPERATURE (F)   43        65      1999
 MINIMUM TEMPERATURE (F)   27        -3      1986


SUNRISE AND SUNSET
JANUARY 27 2015.......SUNRISE   732 AM EST   SUNSET   544 PM EST
JANUARY 28 2015.......SUNRISE   731 AM EST   SUNSET   545 PM EST


-  INDICATES NEGATIVE NUMBERS.
R  INDICATES RECORD WAS SET OR TIED.
MM INDICATES DATA IS MISSING.
T  INDICATES TRACE AMOUNT.




$$
