000
CDUS41 KRNK 272106
CLIBLF


CLIMATE REPORT
NATIONAL WEATHER SERVICE BLACKSBURG VA
504 PM EDT FRI MAY 27 2016


...................................

...THE BLUEFIELD WV CLIMATE SUMMARY FOR MAY 27 2016...
VALID TODAY AS OF 0500 PM LOCAL TIME.

CLIMATE NORMAL PERIOD 1981 TO 2010
CLIMATE RECORD PERIOD 1959 TO 2016


WEATHER ITEM   OBSERVED TIME   RECORD YEAR NORMAL DEPARTURE LAST
                VALUE   (LST)  VALUE       VALUE  FROM      YEAR
                                                  NORMAL
..................................................................
TEMPERATURE (F)
 TODAY
  MAXIMUM         78   1109 AM  86    2012  74      4       81
  MINIMUM         58    553 AM  31    1961  56      2       65
  AVERAGE         68                        65      3       73

PRECIPITATION (IN)
  TODAY            0.00          1.61 1991   0.15  -0.15      T
  MONTH TO DATE    6.23                      3.70   2.53     1.72
  SINCE MAR 1      9.91                     10.55  -0.64    12.13
  SINCE JAN 1     14.73                     16.21  -1.48    15.69

SNOWFALL (IN)
  TODAY            0.0                                       0.0
  MONTH TO DATE    0.0                                       0.0
  SINCE MAR 1      2.6                                       3.1
  SINCE JUL 1     34.8                                      39.7
  SNOW DEPTH       0

DEGREE DAYS
 HEATING
  TODAY            0                         3     -3        0
  MONTH TO DATE  231                       127    104       63
  SINCE MAR 1   1053                      1064    -11      915
  SINCE JUL 1   3866                      4557   -691     4835

 COOLING
  TODAY            3                         3      0        8
  MONTH TO DATE   10                        50    -40      112
  SINCE MAR 1     15                        78    -63      123
  SINCE JAN 1     15                        78    -63      123
..................................................................


WIND (MPH)
  HIGHEST WIND SPEED     9   HIGHEST WIND DIRECTION    SE (120)
  HIGHEST GUST SPEED    14   HIGHEST GUST DIRECTION     E (100)
  AVERAGE WIND SPEED     2.8


SKY COVER
  AVERAGE SKY COVER 0.4


WEATHER CONDITIONS
 THE FOLLOWING WEATHER WAS RECORDED TODAY.
  NO SIGNIFICANT WEATHER WAS OBSERVED.


RELATIVE HUMIDITY (PERCENT)
 HIGHEST    86           500 AM
 LOWEST     50          1100 AM
 AVERAGE    68

..........................................................


THE BLUEFIELD WV CLIMATE NORMALS FOR TOMORROW
                         NORMAL    RECORD    YEAR
 MAXIMUM TEMPERATURE (F)   74        86      2006
 MINIMUM TEMPERATURE (F)   56        34      1994


SUNRISE AND SUNSET
MAY 27 2016...........SUNRISE   608 AM EDT   SUNSET   837 PM EDT
MAY 28 2016...........SUNRISE   607 AM EDT   SUNSET   837 PM EDT


-  INDICATES NEGATIVE NUMBERS.
R  INDICATES RECORD WAS SET OR TIED.
MM INDICATES DATA IS MISSING.
T  INDICATES TRACE AMOUNT.


REMARKS:
DUE TO A SENSOR FAILURE CAUSING MISSING TEMPERATURES ON DECEMBER 20-
21...JANUARY 19-20...AND JANUARY 22-25...THE SEASONAL HEATING DEGREE
DAY TOTAL AND DEPARTURE FROM NORMAL WILL BE CALCULATED WITHOUT DATA
FROM THESE DATES.


$$

PW
