000
CDUS41 KRNK 210533
CLIBLF


CLIMATE REPORT
NATIONAL WEATHER SERVICE BLACKSBURG VA
131 AM EDT FRI JUL 21 2017


...................................

...THE BLUEFIELD WV CLIMATE SUMMARY FOR JULY 20 2017...

CLIMATE NORMAL PERIOD 1981 TO 2010
CLIMATE RECORD PERIOD 1959 TO 2017


WEATHER ITEM   OBSERVED TIME   RECORD YEAR NORMAL DEPARTURE LAST
                VALUE   (LST)  VALUE       VALUE  FROM      YEAR
                                                  NORMAL
..................................................................
TEMPERATURE (F)
 YESTERDAY
  MAXIMUM         84    243 PM  89    2011  81      3       82
                                      1994
  MINIMUM         65    615 AM  56    2000  65      0       64
  AVERAGE         75                        73      2       73

PRECIPITATION (IN)
  YESTERDAY        0.00          1.69 2012   0.13  -0.13     0.00
  MONTH TO DATE    2.15                      2.76  -0.61     4.01
  SINCE JUN 1      6.31                      6.90  -0.59     7.41
  SINCE JAN 1     27.11                     23.72   3.39    22.17

SNOWFALL (IN)
  YESTERDAY        0.0                                       0.0
  MONTH TO DATE    0.0                                       0.0
  SINCE JUN 1      0.0                                       0.0
  SINCE JUL 1      0.0                                       0.0
  SNOW DEPTH       0

DEGREE DAYS
 HEATING
  YESTERDAY        0                         0      0        0
  MONTH TO DATE    0                         0      0        0
  SINCE JUN 1     45                        22     23       16
  SINCE JUL 1      0                         0      0        0

 COOLING
  YESTERDAY       10                         8      2        8
  MONTH TO DATE  130                       160    -30      131
  SINCE JUN 1    205                       326   -121      254
  SINCE JAN 1    257                       417   -160      281
..................................................................


WIND (MPH)
  HIGHEST WIND SPEED    14   HIGHEST WIND DIRECTION     W (280)
  HIGHEST GUST SPEED    18   HIGHEST GUST DIRECTION     W (280)
  AVERAGE WIND SPEED     5.1


SKY COVER
  AVERAGE SKY COVER 0.1


WEATHER CONDITIONS
 THE FOLLOWING WEATHER WAS RECORDED YESTERDAY.
  NO SIGNIFICANT WEATHER WAS OBSERVED.


RELATIVE HUMIDITY (PERCENT)
 HIGHEST    87           200 AM
 LOWEST     43           200 PM
 AVERAGE    65

..........................................................


THE BLUEFIELD WV CLIMATE NORMALS FOR TODAY
                         NORMAL    RECORD    YEAR
 MAXIMUM TEMPERATURE (F)   81        91      2011
                                             1983
 MINIMUM TEMPERATURE (F)   65        50      1996


SUNRISE AND SUNSET
JULY 21 2017..........SUNRISE   621 AM EDT   SUNSET   841 PM EDT
JULY 22 2017..........SUNRISE   622 AM EDT   SUNSET   841 PM EDT


-  INDICATES NEGATIVE NUMBERS.
R  INDICATES RECORD WAS SET OR TIED.
MM INDICATES DATA IS MISSING.
T  INDICATES TRACE AMOUNT.




$$
