000
CDUS41 KRNK 230922
CLIBLF


CLIMATE REPORT
NATIONAL WEATHER SERVICE BLACKSBURG VA
518 AM EDT WED APR 23 2014


...................................

...THE BLUEFIELD WV CLIMATE SUMMARY FOR APRIL 22 2014...

CLIMATE NORMAL PERIOD 1981 TO 2010
CLIMATE RECORD PERIOD 1959 TO 2014


WEATHER ITEM   OBSERVED TIME   RECORD YEAR NORMAL DEPARTURE LAST
                VALUE   (LST)  VALUE       VALUE  FROM      YEAR
                                                  NORMAL
..................................................................
TEMPERATURE (F)
 YESTERDAY
  MAXIMUM         67    944 AM  83    1987  67      0       60
  MINIMUM         56   1159 PM  26    1986  47      9       37
  AVERAGE         62                        57      5

PRECIPITATION (IN)
  YESTERDAY        0.02          0.71 2002   0.12  -0.10     0.00
  MONTH TO DATE    1.60                      2.40  -0.80     3.79
  SINCE MAR 1      3.56                      5.91  -2.35     7.21
  SINCE JAN 1      7.69                     11.57  -3.88    14.88

SNOWFALL (IN)
  YESTERDAY        0.0
  MONTH TO DATE    0.4
  SINCE MAR 1      9.4
  SINCE JUL 1     47.0
  SNOW DEPTH       0

DEGREE DAYS
 HEATING
  YESTERDAY        3                         9     -6
  MONTH TO DATE  187                       259    -72
  SINCE MAR 1    889                       875     14
  SINCE JUL 1   4524                      4368    156

 COOLING
  YESTERDAY        0                         1     -1
  MONTH TO DATE   15                        20     -5
  SINCE MAR 1     15                        24     -9
  SINCE JAN 1     15                        24     -9
..................................................................


WIND (MPH)
  HIGHEST WIND SPEED    22   HIGHEST WIND DIRECTION     W (280)
  HIGHEST GUST SPEED    29   HIGHEST GUST DIRECTION    NW (310)
  AVERAGE WIND SPEED     9.2


SKY COVER
  POSSIBLE SUNSHINE  MM
  AVERAGE SKY COVER 0.5


WEATHER CONDITIONS
 THE FOLLOWING WEATHER WAS RECORDED YESTERDAY.
  LIGHT RAIN


RELATIVE HUMIDITY (PERCENT)
 HIGHEST    78           200 PM
 LOWEST     37          1100 PM
 AVERAGE    58

..........................................................


THE BLUEFIELD WV CLIMATE NORMALS FOR TODAY
                         NORMAL    RECORD    YEAR
 MAXIMUM TEMPERATURE (F)   67        83      2001
 MINIMUM TEMPERATURE (F)   48        24      1986


SUNRISE AND SUNSET
APRIL 23 2014.........SUNRISE   640 AM EDT   SUNSET   807 PM EDT
APRIL 24 2014.........SUNRISE   638 AM EDT   SUNSET   808 PM EDT


-  INDICATES NEGATIVE NUMBERS.
R  INDICATES RECORD WAS SET OR TIED.
MM INDICATES DATA IS MISSING.
T  INDICATES TRACE AMOUNT.



$$
