000
CDUS41 KRNK 280630
CLIBLF


CLIMATE REPORT
NATIONAL WEATHER SERVICE BLACKSBURG VA
225 AM EDT SUN AUG 28 2016


...................................

...THE BLUEFIELD WV CLIMATE SUMMARY FOR AUGUST 27 2016...

CLIMATE NORMAL PERIOD 1981 TO 2010
CLIMATE RECORD PERIOD 1959 TO 2016


WEATHER ITEM   OBSERVED TIME   RECORD YEAR NORMAL DEPARTURE LAST
                VALUE   (LST)  VALUE       VALUE  FROM      YEAR
                                                  NORMAL
..................................................................
TEMPERATURE (F)
 YESTERDAY
  MAXIMUM         84    409 PM  88    1988  80      4       79
  MINIMUM         65    641 AM  45    1968  63      2       52
  AVERAGE         75                        71      4       66

PRECIPITATION (IN)
  YESTERDAY        0.33          0.99 1986   0.09   0.24     0.00
  MONTH TO DATE    3.18                      2.88   0.30     2.39
  SINCE JUN 1     12.13                     11.19   0.94    10.76
  SINCE JAN 1     26.89                     28.01  -1.12    26.55

SNOWFALL (IN)
  YESTERDAY        0.0                                       0.0
  MONTH TO DATE    0.0                                       0.0
  SINCE JUN 1      0.0                                       0.0
  SINCE JUL 1      0.0                                       0.0
  SNOW DEPTH       0

DEGREE DAYS
 HEATING
  YESTERDAY        0                         0      0        0
  MONTH TO DATE    0                         0      0        1
  SINCE JUN 1     16                        24     -8        4
  SINCE JUL 1      0                         2     -2        1

 COOLING
  YESTERDAY       10                         7      3        1
  MONTH TO DATE  187                       206    -19      196
  SINCE JUN 1    545                       620    -75      716
  SINCE JAN 1    572                       711   -139      873
..................................................................


WIND (MPH)
  HIGHEST WIND SPEED    18   HIGHEST WIND DIRECTION     E (100)
  HIGHEST GUST SPEED    31   HIGHEST GUST DIRECTION     E (110)
  AVERAGE WIND SPEED     3.9


SKY COVER
  AVERAGE SKY COVER 0.2


WEATHER CONDITIONS
 THE FOLLOWING WEATHER WAS RECORDED YESTERDAY.
  THUNDERSTORM
  HEAVY RAIN
  RAIN
  LIGHT RAIN
  FOG
  FOG W/VISIBILITY <= 1/4 MILE


RELATIVE HUMIDITY (PERCENT)
 HIGHEST   100           400 AM
 LOWEST     55           300 PM
 AVERAGE    78

..........................................................


THE BLUEFIELD WV CLIMATE NORMALS FOR TODAY
                         NORMAL    RECORD    YEAR
 MAXIMUM TEMPERATURE (F)   80        89      2007
 MINIMUM TEMPERATURE (F)   63        44      1986


SUNRISE AND SUNSET
AUGUST 28 2016........SUNRISE   652 AM EDT   SUNSET   759 PM EDT
AUGUST 29 2016........SUNRISE   653 AM EDT   SUNSET   757 PM EDT


-  INDICATES NEGATIVE NUMBERS.
R  INDICATES RECORD WAS SET OR TIED.
MM INDICATES DATA IS MISSING.
T  INDICATES TRACE AMOUNT.




$$
