302
CDUS41 KRNK 250618
CLIBLF


CLIMATE REPORT
NATIONAL WEATHER SERVICE BLACKSBURG VA
215 AM EDT TUE APR 25 2017


...................................

...THE BLUEFIELD WV CLIMATE SUMMARY FOR APRIL 24 2017...

CLIMATE NORMAL PERIOD 1981 TO 2010
CLIMATE RECORD PERIOD 1959 TO 2017


WEATHER ITEM   OBSERVED TIME   RECORD YEAR NORMAL DEPARTURE LAST
                VALUE   (LST)  VALUE       VALUE  FROM      YEAR
                                                  NORMAL
..................................................................
TEMPERATURE (F)
 YESTERDAY
  MAXIMUM         50    500 PM  82    2009  68    -18       73
  MINIMUM         42   1258 AM  28    2005  48     -6       42
  AVERAGE         46                        58    -12       58

PRECIPITATION (IN)
  YESTERDAY        0.17          1.76 1987   0.12   0.05     0.00
  MONTH TO DATE    4.12                      2.63   1.49     1.36
  SINCE MAR 1      7.74                      6.14   1.60     2.82
  SINCE JAN 1     13.55                     11.80   1.75     7.64

SNOWFALL (IN)
  YESTERDAY        0.0                                       0.0
  MONTH TO DATE    0.1                                       1.7
  SINCE MAR 1      3.3                                       2.6
  SINCE JUL 1     20.5                                      34.8
  SNOW DEPTH       0

DEGREE DAYS
 HEATING
  YESTERDAY       19                         8     11        7
  MONTH TO DATE  223                       276    -53      345
  SINCE MAR 1    929                       892     37      808
  SINCE JUL 1   4061                      4385   -324     3621

 COOLING
  YESTERDAY        0                         1     -1        0
  MONTH TO DATE    2                        22    -20        2
  SINCE MAR 1      2                        26    -24        3
  SINCE JAN 1      2                        26    -24        3
..................................................................


WIND (MPH)
  HIGHEST WIND SPEED    14   HIGHEST WIND DIRECTION     E (100)
  HIGHEST GUST SPEED    22   HIGHEST GUST DIRECTION    SE (130)
  AVERAGE WIND SPEED     8.0


SKY COVER
  AVERAGE SKY COVER 1.0


WEATHER CONDITIONS
 THE FOLLOWING WEATHER WAS RECORDED YESTERDAY.
  RAIN
  LIGHT RAIN
  FOG


RELATIVE HUMIDITY (PERCENT)
 HIGHEST   100           600 PM
 LOWEST     80           200 PM
 AVERAGE    90

..........................................................


THE BLUEFIELD WV CLIMATE NORMALS FOR TODAY
                         NORMAL    RECORD    YEAR
 MAXIMUM TEMPERATURE (F)   68        85      2009
 MINIMUM TEMPERATURE (F)   48        30      1983


SUNRISE AND SUNSET
APRIL 25 2017.........SUNRISE   637 AM EDT   SUNSET   809 PM EDT
APRIL 26 2017.........SUNRISE   636 AM EDT   SUNSET   810 PM EDT


-  INDICATES NEGATIVE NUMBERS.
R  INDICATES RECORD WAS SET OR TIED.
MM INDICATES DATA IS MISSING.
T  INDICATES TRACE AMOUNT.

REMARKS:
DUE TO A POWER OUTAGE CAUSING A MISSING HIGH TEMPERATURE ON NOVEMBER 10...
THE SEASONAL HEATING DEGREE DAY TOTAL AND DEPARTURE FROM NORMAL WILL BE
CALCULATED WITHOUT DATA FROM THIS DATE.

$$

RAB
