000
CDUS41 KRNK 300627
CLIBLF


CLIMATE REPORT
NATIONAL WEATHER SERVICE BLACKSBURG VA
226 AM EDT SAT APR 30 2016


...................................

...THE BLUEFIELD WV CLIMATE SUMMARY FOR APRIL 29 2016...

CLIMATE NORMAL PERIOD 1981 TO 2010
CLIMATE RECORD PERIOD 1959 TO 2016


WEATHER ITEM   OBSERVED TIME   RECORD YEAR NORMAL DEPARTURE LAST
                VALUE   (LST)  VALUE       VALUE  FROM      YEAR
                                                  NORMAL
..................................................................
TEMPERATURE (F)
 YESTERDAY
  MAXIMUM         73    336 PM  83    1996  69      4       69
  MINIMUM         53    623 AM  32    1979  49      4       45
  AVERAGE         63                        59      4       57

PRECIPITATION (IN)
  YESTERDAY        0.00          1.36 1968   0.12  -0.12     0.00
  MONTH TO DATE    1.91                      3.22  -1.31     5.17
  SINCE MAR 1      3.37                      6.73  -3.36    10.25
  SINCE JAN 1      8.19                     12.39  -4.20    13.81

SNOWFALL (IN)
  YESTERDAY        0.0                                       0.0
  MONTH TO DATE    1.7                                       0.0
  SINCE MAR 1      2.6                                       3.1
  SINCE JUL 1     34.8                                      39.7
  SNOW DEPTH       0

DEGREE DAYS
 HEATING
  YESTERDAY        2                         7     -5        8
  MONTH TO DATE  351                       314     37      257
  SINCE MAR 1    814                       930   -116      842
  SINCE JUL 1   3627                      4423   -796     4762

 COOLING
  YESTERDAY        0                         1     -1        0
  MONTH TO DATE    4                        27    -23       11
  SINCE MAR 1      5                        31    -26       11
  SINCE JAN 1      5                        31    -26       11
..................................................................


WIND (MPH)
  HIGHEST WIND SPEED    20   HIGHEST WIND DIRECTION     W (250)
  HIGHEST GUST SPEED    28   HIGHEST GUST DIRECTION    NW (320)
  AVERAGE WIND SPEED     8.5


SKY COVER
  AVERAGE SKY COVER 0.1


WEATHER CONDITIONS
 THE FOLLOWING WEATHER WAS RECORDED YESTERDAY.
  NO SIGNIFICANT WEATHER WAS OBSERVED.


RELATIVE HUMIDITY (PERCENT)
 HIGHEST   100          1200 AM
 LOWEST     35           300 PM
 AVERAGE    68

..........................................................


THE BLUEFIELD WV CLIMATE NORMALS FOR TODAY
                         NORMAL    RECORD    YEAR
 MAXIMUM TEMPERATURE (F)   69        84      2010
 MINIMUM TEMPERATURE (F)   49        31      1963


SUNRISE AND SUNSET
APRIL 30 2016.........SUNRISE   631 AM EDT   SUNSET   814 PM EDT
MAY  1 2016...........SUNRISE   629 AM EDT   SUNSET   815 PM EDT


-  INDICATES NEGATIVE NUMBERS.
R  INDICATES RECORD WAS SET OR TIED.
MM INDICATES DATA IS MISSING.
T  INDICATES TRACE AMOUNT.

REMARKS:

DUE TO A SENSOR FAILURE CAUSING MISSING TEMPERATURES ON DECEMBER 20-
21...JANUARY 19-20...AND JANUARY 22-25...THE SEASONAL HEATING DEGREE
DAY TOTAL AND DEPARTURE FROM NORMAL WILL BE CALCULATED WITHOUT DATA
FROM THESE DATES.

$$
