000
CDUS41 KRNK 240844
CLIBLF


CLIMATE REPORT
NATIONAL WEATHER SERVICE BLACKSBURG VA
440 AM EDT FRI MAR 24 2017


...................................

...THE BLUEFIELD WV CLIMATE SUMMARY FOR MARCH 23 2017...

CLIMATE NORMAL PERIOD 1981 TO 2010
CLIMATE RECORD PERIOD 1959 TO 2017


WEATHER ITEM   OBSERVED TIME   RECORD YEAR NORMAL DEPARTURE LAST
                VALUE   (LST)  VALUE       VALUE  FROM      YEAR
                                                  NORMAL
..................................................................
TEMPERATURE (F)
 YESTERDAY
  MAXIMUM         54    452 PM  79    2012  57     -3       68
  MINIMUM         27    131 AM  18    2002  38    -11       48
  AVERAGE         41                        47     -6       58

PRECIPITATION (IN)
  YESTERDAY        0.00          1.25 1979   0.11  -0.11     0.00
  MONTH TO DATE    2.24                      2.59  -0.35     0.97
  SINCE MAR 1      2.24                      2.59  -0.35     0.97
  SINCE JAN 1      8.05                      8.25  -0.20     5.79

SNOWFALL (IN)
  YESTERDAY        0.0                                       0.0
  MONTH TO DATE    3.2                                       0.9
  SINCE MAR 1      3.2                                       0.9
  SINCE JUL 1     20.4                                      33.1
  SNOW DEPTH       0

DEGREE DAYS
 HEATING
  YESTERDAY       24                        18      6        7
  MONTH TO DATE  640                       486    154      368
  SINCE MAR 1    640                       486    154      368
  SINCE JUL 1   3772                      3979   -207     3181

 COOLING
  YESTERDAY        0                         0      0        0
  MONTH TO DATE    0                         0      0        1
  SINCE MAR 1      0                         0      0        1
  SINCE JAN 1      0                         0      0        1
..................................................................


WIND (MPH)
  HIGHEST WIND SPEED    16   HIGHEST WIND DIRECTION     S (170)
  HIGHEST GUST SPEED    23   HIGHEST GUST DIRECTION    SE (140)
  AVERAGE WIND SPEED     8.6


SKY COVER
  AVERAGE SKY COVER 0.0


WEATHER CONDITIONS
 THE FOLLOWING WEATHER WAS RECORDED YESTERDAY.
  NO SIGNIFICANT WEATHER WAS OBSERVED.


RELATIVE HUMIDITY (PERCENT)
 HIGHEST    46           100 AM
 LOWEST     26           100 PM
 AVERAGE    36

..........................................................


THE BLUEFIELD WV CLIMATE NORMALS FOR TODAY
                         NORMAL    RECORD    YEAR
 MAXIMUM TEMPERATURE (F)   57        77      2007
 MINIMUM TEMPERATURE (F)   39        15      1960


SUNRISE AND SUNSET
MARCH 24 2017.........SUNRISE   722 AM EDT   SUNSET   741 PM EDT
MARCH 25 2017.........SUNRISE   720 AM EDT   SUNSET   741 PM EDT


-  INDICATES NEGATIVE NUMBERS.
R  INDICATES RECORD WAS SET OR TIED.
MM INDICATES DATA IS MISSING.
T  INDICATES TRACE AMOUNT.

REMARKS:
DUE TO A POWER OUTAGE CAUSING A MISSING HIGH TEMPERATURE ON NOVEMBER 10...
THE SEASONAL HEATING DEGREE DAY TOTAL AND DEPARTURE FROM NORMAL WILL BE
CALCULATED WITHOUT DATA FROM THIS DATE.

$$

RAB
