000
CDUS41 KRNK 060945
CLIBLF


CLIMATE REPORT
NATIONAL WEATHER SERVICE BLACKSBURG VA
437 AM EST FRI MAR 6 2015


...................................

...THE BLUEFIELD WV CLIMATE SUMMARY FOR MARCH 5 2015...

CLIMATE NORMAL PERIOD 1981 TO 2010
CLIMATE RECORD PERIOD 1959 TO 2015


WEATHER ITEM   OBSERVED TIME   RECORD YEAR NORMAL DEPARTURE LAST
                VALUE   (LST)  VALUE       VALUE  FROM      YEAR
                                                  NORMAL
..................................................................
TEMPERATURE (F)
 YESTERDAY
  MAXIMUM         39    100 AM  72    2004  51    -12       52
                                      1989
  MINIMUM         14   1159 PM   2    1960  33    -19       27
  AVERAGE         27                        42    -15

PRECIPITATION (IN)
  YESTERDAY        0.83R         0.72 1963   0.11   0.72     0.00
  MONTH TO DATE    2.49                      0.54   1.95     0.91
  SINCE MAR 1      2.49                      0.54   1.95     0.91
  SINCE JAN 1      6.05                      6.20  -0.15     5.04

SNOWFALL (IN)
  YESTERDAY        2.6
  MONTH TO DATE    2.6
  SINCE MAR 1      2.6
  SINCE JUL 1     39.2
  SNOW DEPTH       3

DEGREE DAYS
 HEATING
  YESTERDAY       38                        23     15
  MONTH TO DATE  123                       119      4
  SINCE MAR 1    123                       119      4
  SINCE JUL 1   4043                      3612    431

 COOLING
  YESTERDAY        0                         0      0
  MONTH TO DATE    0                         0      0
  SINCE MAR 1      0                         0      0
  SINCE JAN 1      0                         0      0
..................................................................


WIND (MPH)
  HIGHEST WIND SPEED    14   HIGHEST WIND DIRECTION    NW (310)
  HIGHEST GUST SPEED    19   HIGHEST GUST DIRECTION    NW (320)
  AVERAGE WIND SPEED     7.0


SKY COVER
  POSSIBLE SUNSHINE  MM
  AVERAGE SKY COVER 1.0


WEATHER CONDITIONS
 THE FOLLOWING WEATHER WAS RECORDED YESTERDAY.
  LIGHT RAIN
  FREEZING RAIN
  HEAVY SNOW
  SNOW
  LIGHT SNOW
  SLEET
  FOG


RELATIVE HUMIDITY (PERCENT)
 HIGHEST    85          1200 AM
 LOWEST     73           800 PM
 AVERAGE    79

..........................................................


THE BLUEFIELD WV CLIMATE NORMALS FOR TODAY
                         NORMAL    RECORD    YEAR
 MAXIMUM TEMPERATURE (F)   51        70      1961
 MINIMUM TEMPERATURE (F)   33         1      1960


SUNRISE AND SUNSET
MARCH  6 2015.........SUNRISE   649 AM EST   SUNSET   623 PM EST
MARCH  7 2015.........SUNRISE   648 AM EST   SUNSET   624 PM EST


-  INDICATES NEGATIVE NUMBERS.
R  INDICATES RECORD WAS SET OR TIED.
MM INDICATES DATA IS MISSING.
T  INDICATES TRACE AMOUNT.




$$
