000
CDUS46 KSEW 270827
CLIBLI


CLIMATE REPORT
NATIONAL WEATHER SERVICE SEATTLE WA
127 AM PDT WED JUL 27 2016


...................................

...THE BELLINGHAM WA AIRPORT CLIMATE SUMMARY FOR JULY 26 2016...

CLIMATE NORMAL PERIOD 1981 TO 2010
CLIMATE RECORD PERIOD 1949 TO 2016


WEATHER ITEM   OBSERVED TIME   RECORD YEAR NORMAL DEPARTURE LAST
                VALUE   (LST)  VALUE       VALUE  FROM      YEAR
                                                  NORMAL
..................................................................
TEMPERATURE (F)
 YESTERDAY
  MAXIMUM         70        MM  86    1988  72     -2       67
                                      1971
  MINIMUM         59        MM  45    1969  54      5       56
  AVERAGE         65                        63      2       62

PRECIPITATION (IN)
  YESTERDAY        0.00          0.61 1970   0.03  -0.03      T
  MONTH TO DATE    0.65                      1.03  -0.38     0.67
  SINCE OCT 1     31.64                     32.67  -1.03    30.30
  SINCE JAN 1     17.57                     18.97  -1.40    15.57

DEGREE DAYS
 HEATING
  YESTERDAY        0                         2     -2        3
  MONTH TO DATE   40                        75    -35       12
  SINCE JUN 1    186                       276    -90       81

 COOLING
  YESTERDAY        0                         0      0        0
  MONTH TO DATE   15                         0     15       70
  SINCE JUN 1     32                         4     28      118
  SINCE JAN 1     33                         4     29      118
..................................................................


WIND (MPH)
  RESULTANT WIND SPEED  11   RESULTANT WIND DIRECTION   S (170)
  HIGHEST WIND SPEED    16   HIGHEST WIND DIRECTION     S (170)
  HIGHEST GUST SPEED    23   HIGHEST GUST DIRECTION     S (170)
  AVERAGE WIND SPEED    11.4


SKY COVER
  AVERAGE SKY COVER 0.1


WEATHER CONDITIONS
 THE FOLLOWING WEATHER WAS RECORDED YESTERDAY.
  NO SIGNIFICANT WEATHER WAS OBSERVED.


RELATIVE HUMIDITY (PERCENT)
 HIGHEST    87           400 AM
 LOWEST     61           300 PM
 AVERAGE    74

..........................................................


THE BELLINGHAM WA AIRPORT CLIMATE NORMALS FOR TODAY
                         NORMAL    RECORD    YEAR
 MAXIMUM TEMPERATURE (F)   72        90      1958
 MINIMUM TEMPERATURE (F)   54        48      1966
                                             1954
                                             1953


SUNRISE AND SUNSET
JULY 27 2016..........SUNRISE   538 AM PDT   SUNSET   854 PM PDT
JULY 28 2016..........SUNRISE   539 AM PDT   SUNSET   853 PM PDT


-  INDICATES NEGATIVE NUMBERS.
R  INDICATES RECORD WAS SET OR TIED.
MM INDICATES DATA IS MISSING.
T  INDICATES TRACE AMOUNT.




$$
