434
CDUS46 KSEW 240121
CLIBLI


CLIMATE REPORT
NATIONAL WEATHER SERVICE SEATTLE WA
521 PM PST MON JAN 23 2017


...................................

...THE BELLINGHAM WA AIRPORT CLIMATE SUMMARY FOR JANUARY 23 2017...
VALID TODAY AS OF 0500 PM LOCAL TIME.

CLIMATE NORMAL PERIOD 1981 TO 2010
CLIMATE RECORD PERIOD 1949 TO 2017


WEATHER ITEM   OBSERVED TIME   RECORD YEAR NORMAL DEPARTURE LAST
                VALUE   (LST)  VALUE       VALUE  FROM      YEAR
                                                  NORMAL
..................................................................
TEMPERATURE (F)
 TODAY
  MAXIMUM         46    312 PM  60    2005  46      0       45
  MINIMUM         28    744 AM   9    1969  33     -5       39
  AVERAGE         37                        40     -3       42

PRECIPITATION (IN)
  TODAY            0.00          2.42 1982   0.15  -0.15     0.03
  MONTH TO DATE    1.66                      3.54  -1.88     1.88
  SINCE OCT 1     20.78                     17.24   3.54    15.95
  SINCE JAN 1      1.66                      3.54  -1.88     1.88

DEGREE DAYS
 HEATING
  TODAY           28                        25      3       23
  MONTH TO DATE  695                       598     97      574
  SINCE DEC 1   1645                      1432    213     1282

 COOLING
  TODAY            0                         0      0        0
  MONTH TO DATE    0                         0      0        0
  SINCE DEC 1      0                         0      0        0
  SINCE JAN 1      0                         0      0        0
..................................................................


WIND (MPH)
  RESULTANT WIND SPEED   2   RESULTANT WIND DIRECTION   N (350)
  HIGHEST WIND SPEED     7   HIGHEST WIND DIRECTION     W (250)
  HIGHEST GUST SPEED    10   HIGHEST GUST DIRECTION     W (260)
  AVERAGE WIND SPEED     2.6


SKY COVER
  AVERAGE SKY COVER 0.1


WEATHER CONDITIONS
 THE FOLLOWING WEATHER WAS RECORDED TODAY.
  FOG


RELATIVE HUMIDITY (PERCENT)
 HIGHEST   100          1200 AM
 LOWEST     76           200 PM
 AVERAGE    88

..........................................................


THE BELLINGHAM WA AIRPORT CLIMATE NORMALS FOR TOMORROW
                         NORMAL    RECORD    YEAR
 MAXIMUM TEMPERATURE (F)   47        56      2015
 MINIMUM TEMPERATURE (F)   33         4      1950


SUNRISE AND SUNSET
JANUARY 23 2017.......SUNRISE   750 AM PST   SUNSET   454 PM PST
JANUARY 24 2017.......SUNRISE   749 AM PST   SUNSET   456 PM PST


-  INDICATES NEGATIVE NUMBERS.
R  INDICATES RECORD WAS SET OR TIED.
MM INDICATES DATA IS MISSING.
T  INDICATES TRACE AMOUNT.




$$
