000
CDUS46 KSEW 040826
CLIBLI


CLIMATE REPORT
NATIONAL WEATHER SERVICE SEATTLE WA
125 AM PDT SAT JUL 4 2015


...................................

...THE BELLINGHAM WA AIRPORT CLIMATE SUMMARY FOR JULY 3 2015...

CLIMATE NORMAL PERIOD 1981 TO 2010
CLIMATE RECORD PERIOD 1949 TO 2015


WEATHER ITEM   OBSERVED TIME   RECORD YEAR NORMAL DEPARTURE LAST
                VALUE   (LST)  VALUE       VALUE  FROM      YEAR
                                                  NORMAL
..................................................................
TEMPERATURE (F)
 YESTERDAY
  MAXIMUM         81    409 PM  84    1968  69     12       67
  MINIMUM         61    435 AM  41    2000  52      9       55
                                      1963
                                      1949
  AVERAGE         71                        61     10       61

PRECIPITATION (IN)
  YESTERDAY        0.00          1.39 1982   0.04  -0.04     0.00
  MONTH TO DATE    0.00                      0.14  -0.14     0.00
  SINCE OCT 1     29.63                     31.78  -2.15    28.27
  SINCE JAN 1     14.90                     18.08  -3.18    17.96

DEGREE DAYS
 HEATING
  YESTERDAY        0                         4     -4        4
  MONTH TO DATE    0                        12    -12        4
  SINCE JUN 1     69                       213   -144      140

 COOLING
  YESTERDAY        6                         0      6        0
  MONTH TO DATE   19                         0     19        4
  SINCE JUN 1     67                         4     63        5
  SINCE JAN 1     67                         4     63        6
..................................................................


WIND (MPH)
  RESULTANT WIND SPEED   3   RESULTANT WIND DIRECTION  SE (140)
  HIGHEST WIND SPEED    14   HIGHEST WIND DIRECTION    SE (140)
  HIGHEST GUST SPEED    41   HIGHEST GUST DIRECTION    SW (220)
  AVERAGE WIND SPEED     3.3


SKY COVER
  AVERAGE SKY COVER 0.0


WEATHER CONDITIONS
 THE FOLLOWING WEATHER WAS RECORDED YESTERDAY.
  NO SIGNIFICANT WEATHER WAS OBSERVED.


RELATIVE HUMIDITY (PERCENT)
 HIGHEST    84           500 AM
 LOWEST     42           400 PM
 AVERAGE    63

..........................................................


THE BELLINGHAM WA AIRPORT CLIMATE NORMALS FOR TODAY
                         NORMAL    RECORD    YEAR
 MAXIMUM TEMPERATURE (F)   70        85      1958
 MINIMUM TEMPERATURE (F)   52        44      2011
                                             1986


SUNRISE AND SUNSET
JULY  4 2015..........SUNRISE   513 AM PDT   SUNSET   916 PM PDT
JULY  5 2015..........SUNRISE   514 AM PDT   SUNSET   915 PM PDT


-  INDICATES NEGATIVE NUMBERS.
R  INDICATES RECORD WAS SET OR TIED.
MM INDICATES DATA IS MISSING.
T  INDICATES TRACE AMOUNT.




$$
