000
CDUS46 KSEW 220836
CLIBLI


CLIMATE REPORT
NATIONAL WEATHER SERVICE SEATTLE WA
135 AM PDT TUE JUL 22 2014


...................................

...THE BELLINGHAM WA AIRPORT CLIMATE SUMMARY FOR JULY 21 2014...

CLIMATE NORMAL PERIOD 1981 TO 2010
CLIMATE RECORD PERIOD 1949 TO 2014


WEATHER ITEM   OBSERVED TIME   RECORD YEAR NORMAL DEPARTURE LAST
                VALUE   (LST)  VALUE       VALUE  FROM      YEAR
                                                  NORMAL
..................................................................
TEMPERATURE (F)
 YESTERDAY
  MAXIMUM         72    513 PM  89    1978  72      0       69
  MINIMUM         54   1259 AM  45    2005  54      0       55
                                      1966
  AVERAGE         63                        63      0       62

PRECIPITATION (IN)
  YESTERDAY        0.00          0.42 2011   0.03  -0.03     0.00
  MONTH TO DATE    0.10                      0.87  -0.77     0.05
  SINCE OCT 1     28.37                     32.51  -4.14    16.69
  SINCE JAN 1     18.06                     18.81  -0.75    14.91

DEGREE DAYS
 HEATING
  YESTERDAY        2                         2      0        3
  MONTH TO DATE   17                        65    -48       33
  SINCE JUN 1    153                       266   -113      168

 COOLING
  YESTERDAY        0                         0      0        0
  MONTH TO DATE   40                         0     40       28
  SINCE JUN 1     41                         4     37       42
  SINCE JAN 1     42                         4     38       42
..................................................................


WIND (MPH)
  RESULTANT WIND SPEED   5   RESULTANT WIND DIRECTION   S (170)
  HIGHEST WIND SPEED    15   HIGHEST WIND DIRECTION    SE (150)
  HIGHEST GUST SPEED    18   HIGHEST GUST DIRECTION     S (160)
  AVERAGE WIND SPEED     5.7


SKY COVER
  AVERAGE SKY COVER 0.2


WEATHER CONDITIONS
 THE FOLLOWING WEATHER WAS RECORDED YESTERDAY.
  NO SIGNIFICANT WEATHER WAS OBSERVED.


RELATIVE HUMIDITY (PERCENT)
 HIGHEST    89           100 AM
 LOWEST     41           400 PM
 AVERAGE    65

..........................................................


THE BELLINGHAM WA AIRPORT CLIMATE NORMALS FOR TODAY
                         NORMAL    RECORD    YEAR
 MAXIMUM TEMPERATURE (F)   72        87      1978
 MINIMUM TEMPERATURE (F)   54        46      1966


SUNRISE AND SUNSET
JULY 22 2014..........SUNRISE   531 AM PDT   SUNSET   901 PM PDT
JULY 23 2014..........SUNRISE   532 AM PDT   SUNSET   900 PM PDT


-  INDICATES NEGATIVE NUMBERS.
R  INDICATES RECORD WAS SET OR TIED.
MM INDICATES DATA IS MISSING.
T  INDICATES TRACE AMOUNT.




$$
