000
CDUS46 KSEW 280120
CLIBLI


CLIMATE REPORT
NATIONAL WEATHER SERVICE SEATTLE WA
620 PM PDT SUN JUL 27 2014


...................................

...THE BELLINGHAM WA AIRPORT CLIMATE SUMMARY FOR JULY 27 2014...
VALID TODAY AS OF 0600 PM LOCAL TIME.

CLIMATE NORMAL PERIOD 1981 TO 2010
CLIMATE RECORD PERIOD 1949 TO 2014


WEATHER ITEM   OBSERVED TIME   RECORD YEAR NORMAL DEPARTURE LAST
                VALUE   (LST)  VALUE       VALUE  FROM      YEAR
                                                  NORMAL
..................................................................
TEMPERATURE (F)
 TODAY
  MAXIMUM         79    459 PM  90    1958  72      7       74
  MINIMUM         52    505 AM  48    1966  54     -2       56
                                      1954
                                      1953
  AVERAGE         66                        63      3       65

PRECIPITATION (IN)
  TODAY            0.00          0.60 2001   0.03  -0.03     0.00
  MONTH TO DATE    1.13                      1.06   0.07     0.05
  SINCE OCT 1     29.40                     32.70  -3.30    16.69
  SINCE JAN 1     19.09                     19.00   0.09    14.91

DEGREE DAYS
 HEATING
  TODAY            0                         2     -2        0
  MONTH TO DATE   35                        77    -42       33
  SINCE JUN 1    171                       278   -107      168

 COOLING
  TODAY            1                         0      1        0
  MONTH TO DATE   41                         0     41       35
  SINCE JUN 1     42                         4     38       49
  SINCE JAN 1     43                         4     39       49
..................................................................


WIND (MPH)
  RESULTANT WIND SPEED   1   RESULTANT WIND DIRECTION   S (190)
  HIGHEST WIND SPEED    12   HIGHEST WIND DIRECTION     W (290)
  HIGHEST GUST SPEED    15   HIGHEST GUST DIRECTION    NW (310)
  AVERAGE WIND SPEED     4.1


SKY COVER
  AVERAGE SKY COVER 0.0


WEATHER CONDITIONS
 THE FOLLOWING WEATHER WAS RECORDED TODAY.
  FOG


RELATIVE HUMIDITY (PERCENT)
 HIGHEST    93           400 AM
 LOWEST     42           300 PM
 AVERAGE    68

..........................................................


THE BELLINGHAM WA AIRPORT CLIMATE NORMALS FOR TOMORROW
                         NORMAL    RECORD    YEAR
 MAXIMUM TEMPERATURE (F)   73        90      2009
 MINIMUM TEMPERATURE (F)   54        41      1954


SUNRISE AND SUNSET
JULY 27 2014..........SUNRISE   537 AM PDT   SUNSET   855 PM PDT
JULY 28 2014..........SUNRISE   539 AM PDT   SUNSET   854 PM PDT


-  INDICATES NEGATIVE NUMBERS.
R  INDICATES RECORD WAS SET OR TIED.
MM INDICATES DATA IS MISSING.
T  INDICATES TRACE AMOUNT.




$$
