000
CDUS46 KSEW 060830
CLIBLI


CLIMATE REPORT
NATIONAL WEATHER SERVICE SEATTLE WA
1229 AM PST FRI MAR 6 2015


...................................

...THE BELLINGHAM WA AIRPORT CLIMATE SUMMARY FOR MARCH 5 2015...

CLIMATE NORMAL PERIOD 1981 TO 2010
CLIMATE RECORD PERIOD 1949 TO 2015


WEATHER ITEM   OBSERVED TIME   RECORD YEAR NORMAL DEPARTURE LAST
                VALUE   (LST)  VALUE       VALUE  FROM      YEAR
                                                  NORMAL
..................................................................
TEMPERATURE (F)
 YESTERDAY
  MAXIMUM         53    328 PM  64    1965  51      2       56
  MINIMUM         29    708 AM  11    1955  35     -6       37
  AVERAGE         41                        43     -2       47

PRECIPITATION (IN)
  YESTERDAY        0.00          1.85 1972   0.10  -0.10     0.58
  MONTH TO DATE    T                         0.53  -0.53     1.85
  SINCE OCT 1     22.70                     21.92   0.78    17.74
  SINCE JAN 1      7.97                      8.22  -0.25     7.43

DEGREE DAYS
 HEATING
  YESTERDAY       24                        22      2       18
  MONTH TO DATE  124                       114     10      131
  SINCE MAR 1    124                       114     10      131

 COOLING
  YESTERDAY        0                         0      0        0
  MONTH TO DATE    0                         0      0        0
  SINCE MAR 1      0                         0      0        0
  SINCE JAN 1      0                         0      0        0
..................................................................


WIND (MPH)
  RESULTANT WIND SPEED   1   RESULTANT WIND DIRECTION   S (170)
  HIGHEST WIND SPEED     8   HIGHEST WIND DIRECTION     S (160)
  HIGHEST GUST SPEED    10   HIGHEST GUST DIRECTION     S (160)
  AVERAGE WIND SPEED     1.3


SKY COVER
  AVERAGE SKY COVER 0.0


WEATHER CONDITIONS
 THE FOLLOWING WEATHER WAS RECORDED YESTERDAY.
  NO SIGNIFICANT WEATHER WAS OBSERVED.


RELATIVE HUMIDITY (PERCENT)
 HIGHEST    89          1100 PM
 LOWEST     42          1200 PM
 AVERAGE    66

..........................................................


THE BELLINGHAM WA AIRPORT CLIMATE NORMALS FOR TODAY
                         NORMAL    RECORD    YEAR
 MAXIMUM TEMPERATURE (F)   51        68      2007
 MINIMUM TEMPERATURE (F)   35        18      1951


SUNRISE AND SUNSET
MARCH  6 2015.........SUNRISE   642 AM PST   SUNSET   601 PM PST
MARCH  7 2015.........SUNRISE   640 AM PST   SUNSET   603 PM PST


-  INDICATES NEGATIVE NUMBERS.
R  INDICATES RECORD WAS SET OR TIED.
MM INDICATES DATA IS MISSING.
T  INDICATES TRACE AMOUNT.




$$
