000
CDUS46 KSEW 160830
CLIBLI


CLIMATE REPORT
NATIONAL WEATHER SERVICE SEATTLE WA
130 AM PDT WED APR 16 2014


...................................

...THE BELLINGHAM WA AIRPORT CLIMATE SUMMARY FOR APRIL 15 2014...

CLIMATE NORMAL PERIOD 1981 TO 2010
CLIMATE RECORD PERIOD 1949 TO 2014


WEATHER ITEM   OBSERVED TIME   RECORD YEAR NORMAL DEPARTURE LAST
                VALUE   (LST)  VALUE       VALUE  FROM      YEAR
                                                  NORMAL
..................................................................
TEMPERATURE (F)
 YESTERDAY
  MAXIMUM         56    441 PM  70    1999  57     -1       56
                                      1985
                                      1951
  MINIMUM         45    611 AM  29    2001  40      5       39
  AVERAGE         51                        48      3       48

PRECIPITATION (IN)
  YESTERDAY        0.07          0.74 1950   0.09  -0.02     0.14
  MONTH TO DATE    0.46                      1.45  -0.99     2.52
  SINCE OCT 1     21.74                     26.06  -4.32    10.78
  SINCE JAN 1     11.43                     12.36  -0.93     9.00

DEGREE DAYS
 HEATING
  YESTERDAY       14                        17     -3       17
  MONTH TO DATE  218                       264    -46      249
  SINCE MAR 1    811                       907    -96      867

 COOLING
  YESTERDAY        0                         0      0        0
  MONTH TO DATE    0                         0      0        0
  SINCE MAR 1      0                         0      0        0
  SINCE JAN 1      0                         0      0        0
..................................................................


WIND (MPH)
  RESULTANT WIND SPEED   6   RESULTANT WIND DIRECTION   S (160)
  HIGHEST WIND SPEED    17   HIGHEST WIND DIRECTION     S (170)
  HIGHEST GUST SPEED    23   HIGHEST GUST DIRECTION     S (160)
  AVERAGE WIND SPEED     6.1


SKY COVER
  AVERAGE SKY COVER 0.7


WEATHER CONDITIONS
 THE FOLLOWING WEATHER WAS RECORDED YESTERDAY.
  LIGHT RAIN
  FOG


RELATIVE HUMIDITY (PERCENT)
 HIGHEST    93          1100 PM
 LOWEST     51           400 PM
 AVERAGE    72

..........................................................


THE BELLINGHAM WA AIRPORT CLIMATE NORMALS FOR TODAY
                         NORMAL    RECORD    YEAR
 MAXIMUM TEMPERATURE (F)   57        78      1990
 MINIMUM TEMPERATURE (F)   40        31      1995
                                             1971


SUNRISE AND SUNSET
APRIL 16 2014.........SUNRISE   617 AM PDT   SUNSET   804 PM PDT
APRIL 17 2014.........SUNRISE   615 AM PDT   SUNSET   805 PM PDT


-  INDICATES NEGATIVE NUMBERS.
R  INDICATES RECORD WAS SET OR TIED.
MM INDICATES DATA IS MISSING.
T  INDICATES TRACE AMOUNT.




$$
