000
CDUS43 KIND 310533
CLIBMG


CLIMATE REPORT
NATIONAL WEATHER SERVICE INDIANAPOLIS IN
133 AM EDT TUE MAY 31 2016


...................................

...THE BLOOMINGTON IN CLIMATE SUMMARY FOR MAY 30 2016...

CLIMATE NORMAL PERIOD 1981 TO 2010
CLIMATE RECORD PERIOD 9999 TO 9999


WEATHER ITEM   OBSERVED TIME   NORMAL DEPARTURE LAST
                VALUE   (LST)  VALUE  FROM      YEAR
                                      NORMAL
......................................................
TEMPERATURE (F)
 YESTERDAY
  MAXIMUM         86    408 PM  78      8       83
  MINIMUM         59    519 AM  56      3       67
  AVERAGE         73            67      6       75

PRECIPITATION (IN)
  YESTERDAY        0.00          0.18  -0.18    MM
  MONTH TO DATE    3.33          5.05  -1.72     1.55
  SINCE MAR 1     13.39         13.63  -0.24    10.99
  SINCE JAN 1     18.60         19.70  -1.10    14.56

DEGREE DAYS
 HEATING
  YESTERDAY        0             2     -2        0
  MONTH TO DATE  148           135     13       74
  SINCE MAR 1    955          1181   -226     1114
  SINCE JUL 1   4275          5249   -974     5685

 COOLING
  YESTERDAY        8             4      4       10
  MONTH TO DATE   66            62      4      121
  SINCE MAR 1     80            81     -1      127
  SINCE JAN 1     80            81     -1      127
......................................................


WIND (MPH)
  HIGHEST WIND SPEED     8   HIGHEST WIND DIRECTION    NE (30)
  HIGHEST GUST SPEED    11   HIGHEST GUST DIRECTION     W (280)
  AVERAGE WIND SPEED     1.6


SKY COVER
  AVERAGE SKY COVER 0.0


WEATHER CONDITIONS
 THE FOLLOWING WEATHER WAS RECORDED YESTERDAY.
  NO SIGNIFICANT WEATHER WAS OBSERVED.


RELATIVE HUMIDITY (PERCENT)
 HIGHEST    93           200 AM
 LOWEST     37           400 PM
 AVERAGE    65

..........................................................


THE BLOOMINGTON IN CLIMATE NORMALS FOR TODAY
                         NORMAL
 MAXIMUM TEMPERATURE (F)   79
 MINIMUM TEMPERATURE (F)   56


SUNRISE AND SUNSET
MAY 31 2016...........SUNRISE   623 AM EDT   SUNSET   906 PM EDT
JUNE  1 2016..........SUNRISE   622 AM EDT   SUNSET   907 PM EDT


-  INDICATES NEGATIVE NUMBERS.
R  INDICATES RECORD WAS SET OR TIED.
MM INDICATES DATA IS MISSING.
T  INDICATES TRACE AMOUNT.




$$
