000
CDUS43 KIND 290533
CLIBMG


CLIMATE REPORT
NATIONAL WEATHER SERVICE INDIANAPOLIS IN
132 AM EDT SUN MAR 29 2015


...................................

...THE BLOOMINGTON IN CLIMATE SUMMARY FOR MARCH 28 2015...

CLIMATE NORMAL PERIOD 1981 TO 2010
CLIMATE RECORD PERIOD 9999 TO 9999


WEATHER ITEM   OBSERVED TIME   NORMAL DEPARTURE LAST
                VALUE   (LST)  VALUE  FROM      YEAR
                                      NORMAL
......................................................
TEMPERATURE (F)
 YESTERDAY
  MAXIMUM         42    538 PM  59    -17       55
  MINIMUM         17    642 AM  36    -19       42
  AVERAGE         30            48    -18       49

PRECIPITATION (IN)
  YESTERDAY        0.00          0.16  -0.16     0.16
  MONTH TO DATE    4.55          3.33   1.22     1.18
  SINCE MAR 1      4.55          3.33   1.22     1.18
  SINCE JAN 1      8.12          9.40  -1.28     5.83

DEGREE DAYS
 HEATING
  YESTERDAY       35            18     17       16
  MONTH TO DATE  690           637     53      774
  SINCE MAR 1    690           637     53      774
  SINCE JUL 1   5261          4705    556     5336

 COOLING
  YESTERDAY        0             0      0        0
  MONTH TO DATE    0             0      0        0
  SINCE MAR 1      0             0      0        0
  SINCE JAN 1      0             0      0        0
......................................................


WIND (MPH)
  HIGHEST WIND SPEED    15   HIGHEST WIND DIRECTION     N (360)
  HIGHEST GUST SPEED    19   HIGHEST GUST DIRECTION     N (350)
  AVERAGE WIND SPEED     4.0


SKY COVER
  AVERAGE SKY COVER 0.0


WEATHER CONDITIONS
 THE FOLLOWING WEATHER WAS RECORDED YESTERDAY.
  NO SIGNIFICANT WEATHER WAS OBSERVED.


RELATIVE HUMIDITY (PERCENT)
 HIGHEST    80           500 AM
 LOWEST     28           600 PM
 AVERAGE    54

..........................................................


THE BLOOMINGTON IN CLIMATE NORMALS FOR TODAY
                         NORMAL
 MAXIMUM TEMPERATURE (F)   59
 MINIMUM TEMPERATURE (F)   36


SUNRISE AND SUNSET
MARCH 29 2015.........SUNRISE   736 AM EDT   SUNSET   807 PM EDT
MARCH 30 2015.........SUNRISE   735 AM EDT   SUNSET   808 PM EDT


-  INDICATES NEGATIVE NUMBERS.
R  INDICATES RECORD WAS SET OR TIED.
MM INDICATES DATA IS MISSING.
T  INDICATES TRACE AMOUNT.




$$
