000
CDUS43 KIND 270540
CLIBMG


CLIMATE REPORT
NATIONAL WEATHER SERVICE INDIANAPOLIS IN
137 AM EDT SAT MAY 27 2017


...................................

...THE BLOOMINGTON IN CLIMATE SUMMARY FOR MAY 26 2017...

CLIMATE NORMAL PERIOD 1981 TO 2010
CLIMATE RECORD PERIOD 9999 TO 9999


WEATHER ITEM   OBSERVED TIME   NORMAL DEPARTURE LAST
                VALUE   (LST)  VALUE  FROM      YEAR
                                      NORMAL
......................................................
TEMPERATURE (F)
 YESTERDAY
  MAXIMUM         81    359 PM  77      4       78
  MINIMUM         49    523 AM  54     -5       65
  AVERAGE         65            66     -1       72

PRECIPITATION (IN)
  YESTERDAY        0.00          0.15  -0.15     0.16
  MONTH TO DATE    6.14          4.40   1.74     2.53
  SINCE MAR 1     16.70         12.98   3.72    12.59
  SINCE JAN 1     21.74         19.05   2.69    17.80

DEGREE DAYS
 HEATING
  YESTERDAY        0             3     -3        0
  MONTH TO DATE  136           127      9      148
  SINCE MAR 1    930          1173   -243      955
  SINCE JUL 1   4117          5241  -1124     4275

 COOLING
  YESTERDAY        0             3     -3        7
  MONTH TO DATE   60            47     13       26
  SINCE MAR 1    105            66     39       40
  SINCE JAN 1    105            66     39       40
......................................................


WIND (MPH)
  HIGHEST WIND SPEED    17   HIGHEST WIND DIRECTION    SW (210)
  HIGHEST GUST SPEED    25   HIGHEST GUST DIRECTION     S (200)
  AVERAGE WIND SPEED     6.3


SKY COVER
  AVERAGE SKY COVER 0.4


WEATHER CONDITIONS
 THE FOLLOWING WEATHER WAS RECORDED YESTERDAY.
  FOG


RELATIVE HUMIDITY (PERCENT)
 HIGHEST    93           400 AM
 LOWEST     52           100 PM
 AVERAGE    73

..........................................................


THE BLOOMINGTON IN CLIMATE NORMALS FOR TODAY
                         NORMAL
 MAXIMUM TEMPERATURE (F)   77
 MINIMUM TEMPERATURE (F)   55


SUNRISE AND SUNSET
MAY 27 2017...........SUNRISE   625 AM EDT   SUNSET   903 PM EDT
MAY 28 2017...........SUNRISE   624 AM EDT   SUNSET   904 PM EDT


-  INDICATES NEGATIVE NUMBERS.
R  INDICATES RECORD WAS SET OR TIED.
MM INDICATES DATA IS MISSING.
T  INDICATES TRACE AMOUNT.




$$
