000
CDUS43 KIND 110534
CLIBMG


CLIMATE REPORT
NATIONAL WEATHER SERVICE INDIANAPOLIS IN
1233 AM EST THU FEB 11 2016


...................................

...THE BLOOMINGTON IN CLIMATE SUMMARY FOR FEBRUARY 10 2016...

CLIMATE NORMAL PERIOD 1981 TO 2010
CLIMATE RECORD PERIOD 9999 TO 9999


WEATHER ITEM   OBSERVED TIME   NORMAL DEPARTURE LAST
                VALUE   (LST)  VALUE  FROM      YEAR
                                      NORMAL
......................................................
TEMPERATURE (F)
 YESTERDAY
  MAXIMUM         19    955 PM  42    -23       42
  MINIMUM         10    833 AM  22    -12       20
  AVERAGE         15            32    -17       31

PRECIPITATION (IN)
  YESTERDAY        T             0.11  -0.11     0.00
  MONTH TO DATE    0.58          1.06  -0.48     0.46
  SINCE DEC 1      7.35          7.91  -0.56     6.54
  SINCE JAN 1      2.09          4.37  -2.28     2.67

DEGREE DAYS
 HEATING
  YESTERDAY       50            33     17       34
  MONTH TO DATE  310           340    -30      325
  SINCE DEC 1   2034          2459   -425     2380
  SINCE JUL 1   2826          3515   -689     3656

 COOLING
  YESTERDAY        0             0      0        0
  MONTH TO DATE    0             0      0        0
  SINCE DEC 1      0             0      0        0
  SINCE JAN 1      0             0      0        0
......................................................


WIND (MPH)
  HIGHEST WIND SPEED    17   HIGHEST WIND DIRECTION     W (270)
  HIGHEST GUST SPEED    23   HIGHEST GUST DIRECTION     W (260)
  AVERAGE WIND SPEED     8.9


SKY COVER
  AVERAGE SKY COVER 0.6


WEATHER CONDITIONS
 THE FOLLOWING WEATHER WAS RECORDED YESTERDAY.
  LIGHT SNOW
  FOG
  HAZE


RELATIVE HUMIDITY (PERCENT)
 HIGHEST    88           500 AM
 LOWEST     54           200 PM
 AVERAGE    71

..........................................................


THE BLOOMINGTON IN CLIMATE NORMALS FOR TODAY
                         NORMAL
 MAXIMUM TEMPERATURE (F)   42
 MINIMUM TEMPERATURE (F)   22


SUNRISE AND SUNSET
FEBRUARY 11 2016......SUNRISE   743 AM EST   SUNSET   618 PM EST
FEBRUARY 12 2016......SUNRISE   742 AM EST   SUNSET   620 PM EST


-  INDICATES NEGATIVE NUMBERS.
R  INDICATES RECORD WAS SET OR TIED.
MM INDICATES DATA IS MISSING.
T  INDICATES TRACE AMOUNT.




$$
