662
CDUS44 KOHX 300040
CLIBNA


CLIMATE REPORT
NATIONAL WEATHER SERVICE NASHVILLE TN
740 PM CDT WED MAR 29 2017


...................................

...THE NASHVILLE CLIMATE SUMMARY FOR MARCH 29 2017...
VALID TODAY AS OF 0400 PM LOCAL TIME.

CLIMATE NORMAL PERIOD 1981 TO 2010
CLIMATE RECORD PERIOD 1871 TO 2017


WEATHER ITEM   OBSERVED TIME   RECORD YEAR NORMAL DEPARTURE
                VALUE   (LST)  VALUE       VALUE  FROM
                                                  NORMAL
...............................................................
TEMPERATURE (F)
 TODAY
  MAXIMUM         82    352 PM  85    1895  65     17
  MINIMUM         50    453 AM  22    1966  42      8
  AVERAGE         66                        54     12

PRECIPITATION (IN)
  TODAY            0.00          2.42 1975   0.14  -0.14
  MONTH TO DATE    3.87                      3.84   0.03
  SINCE JAN 1      8.77                     11.53  -2.76

SNOWFALL (IN)
  TODAY            0.0           1.5  1894
  MONTH TO DATE    1.5
  SINCE MAR 1      1.5
  SINCE JUL 1      2.2

DEGREE DAYS
 HEATING
  TODAY            0                              -12
  MONTH TO DATE  358                              -93
  SINCE MAR 1    358                              -93
  SINCE JUL 1   2326                            -1063

 COOLING
  TODAY            1                                1
  MONTH TO DATE   11                               11
  SINCE MAR 1     11                               11
  SINCE JAN 1     18                               18
...............................................................


WIND (MPH)
  HIGHEST WIND SPEED    10   HIGHEST WIND DIRECTION    SE (140)
  HIGHEST GUST SPEED    19   HIGHEST GUST DIRECTION    SE (150)
  AVERAGE WIND SPEED     4.9




RELATIVE HUMIDITY (PERCENT)
 HIGHEST    96
 LOWEST     42
 AVERAGE    69

..........................................................


THE NASHVILLE CLIMATE NORMALS FOR TOMORROW
                         NORMAL    RECORD    YEAR
 MAXIMUM TEMPERATURE (F)   66        84      1963
 MINIMUM TEMPERATURE (F)   43        21      1964


SUNRISE AND SUNSET
MARCH 29 2017.........SUNRISE   637 AM CDT   SUNSET   706 PM CDT
MARCH 30 2017.........SUNRISE   636 AM CDT   SUNSET   707 PM CDT


-  INDICATES NEGATIVE NUMBERS.
R  INDICATES RECORD WAS SET OR TIED.
MM INDICATES DATA IS MISSING.
T  INDICATES TRACE AMOUNT.




$$
