000
CDUS44 KOHX 200713
CLIBNA


CLIMATE REPORT
NATIONAL WEATHER SERVICE NASHVILLE TN
212 AM CDT WED SEP 20 2017


...................................

...THE NASHVILLE CLIMATE SUMMARY FOR SEPTEMBER 19 2017...

CLIMATE NORMAL PERIOD 1981 TO 2010
CLIMATE RECORD PERIOD 1871 TO 2017


WEATHER ITEM   OBSERVED TIME   RECORD YEAR NORMAL DEPARTURE
                VALUE   (LST)  VALUE       VALUE  FROM
                                                  NORMAL
...............................................................
TEMPERATURE (F)
 YESTERDAY
  MAXIMUM         85   1018 AM  97    1954  81      4
                                      1925
  MINIMUM         67    516 AM  41    1981  59      8
  AVERAGE         76                        70      6

PRECIPITATION (IN)
  YESTERDAY        0.60          1.08 1965   0.12   0.48
  MONTH TO DATE    3.50                      2.10   1.40
  SINCE JAN 1     40.34                     34.35   5.99

SNOWFALL (IN)
  YESTERDAY        0.0           0.0  2002
                                      2001
                                      2000
  MONTH TO DATE    0.0
  SINCE SEP 1      0.0
  SINCE JUL 1      0.0

DEGREE DAYS
 HEATING
  YESTERDAY        0                               -1
  MONTH TO DATE   12                                8
  SINCE SEP 1     12                                8
  SINCE JUL 1     12                                8

 COOLING
  YESTERDAY       11                                5
  MONTH TO DATE   94                              -75
  SINCE SEP 1     94                              -75
  SINCE JAN 1   1674                              131
...............................................................


WIND (MPH)
  HIGHEST WIND SPEED    15   HIGHEST WIND DIRECTION     E (110)
  HIGHEST GUST SPEED    19   HIGHEST GUST DIRECTION    SE (120)
  AVERAGE WIND SPEED     4.4




RELATIVE HUMIDITY (PERCENT)
 HIGHEST   100
 LOWEST     65

..........................................................


THE NASHVILLE CLIMATE NORMALS FOR TODAY
                         NORMAL    RECORD    YEAR
 MAXIMUM TEMPERATURE (F)   81        97      1925
 MINIMUM TEMPERATURE (F)   59        43      1916


SUNRISE AND SUNSET
SEPTEMBER 20 2017.....SUNRISE   633 AM CDT   SUNSET   646 PM CDT
SEPTEMBER 21 2017.....SUNRISE   634 AM CDT   SUNSET   645 PM CDT


-  INDICATES NEGATIVE NUMBERS.
R  INDICATES RECORD WAS SET OR TIED.
MM INDICATES DATA IS MISSING.
T  INDICATES TRACE AMOUNT.




$$
