000
CDUS44 KOHX 061228
CLIBNA

CLIMATE REPORT
NATIONAL WEATHER SERVICE NASHVILLE TN
628 AM CST FRI MAR 6 2015


...................................

...THE NASHVILLE CLIMATE SUMMARY FOR MARCH 5 2015...

CLIMATE NORMAL PERIOD 1981 TO 2010
CLIMATE RECORD PERIOD 1871 TO 2015


WEATHER ITEM   OBSERVED TIME   RECORD YEAR NORMAL DEPARTURE
                VALUE   (LST)  VALUE       VALUE  FROM
                                                  NORMAL
...............................................................
TEMPERATURE (F)
 YESTERDAY
  MAXIMUM         27    402 PM  80    1910  57    -30
  MINIMUM         15   1159 PM   5    1960  36    -21
  AVERAGE         21                        47    -26

PRECIPITATION (IN)
  YESTERDAY        0.29          2.71 1989   0.13   0.16
  MONTH TO DATE    2.54                      0.64   1.90
  SINCE MAR 1      2.54                      0.64   1.90
  SINCE JAN 1      9.36                      8.33   1.03

SNOWFALL (IN)
  YESTERDAY        2.9 R         2.5  1890   0.1    2.8
  MONTH TO DATE    2.9                       0.2    2.7
  SINCE MAR 1      2.9                       0.2    2.7
  SINCE JUL 1      6.1                       5.6    0.5
  SNOW DEPTH       1

DEGREE DAYS
 HEATING
  YESTERDAY       44                               26
  MONTH TO DATE  118                               24
  SINCE MAR 1    118                               24
  SINCE JUL 1   3308                              276

 COOLING
  YESTERDAY        0                                0
  MONTH TO DATE    0                                0
  SINCE MAR 1      0                                0
  SINCE JAN 1      0                                0
...............................................................


WIND (MPH)
  HIGHEST WIND SPEED    22   HIGHEST WIND DIRECTION     N (360)
  HIGHEST GUST SPEED    28   HIGHEST GUST DIRECTION     N (360)
  AVERAGE WIND SPEED    12.2




RELATIVE HUMIDITY (PERCENT)
 HIGHEST    92
 LOWEST     61
 AVERAGE    77

..........................................................
LOW SINCE MIDNIGHT.......................................9
PRECIPITATION SINCE MIDNIGHT..........................0.00

THE NASHVILLE CLIMATE NORMALS FOR TODAY
                         NORMAL    RECORD    YEAR
 MAXIMUM TEMPERATURE (F)   58        83      1910
 MINIMUM TEMPERATURE (F)   36        12      1960


SUNRISE AND SUNSET
MARCH  6 2015.........SUNRISE   611 AM CST   SUNSET   546 PM CST
MARCH  7 2015.........SUNRISE   609 AM CST   SUNSET   547 PM CST


-  INDICATES NEGATIVE NUMBERS.
R  INDICATES RECORD WAS SET OR TIED.
MM INDICATES DATA IS MISSING.
T  INDICATES TRACE AMOUNT.




$$
