000
CDUS44 KOHX 210147
CLIBNA


CLIMATE REPORT
NATIONAL WEATHER SERVICE NASHVILLE TN
746 PM CST MON NOV 20 2017


...................................

...THE NASHVILLE CLIMATE SUMMARY FOR NOVEMBER 20 2017...
VALID TODAY AS OF 0700 PM LOCAL TIME.

CLIMATE NORMAL PERIOD 1981 TO 2010
CLIMATE RECORD PERIOD 1871 TO 2017


WEATHER ITEM   OBSERVED TIME   RECORD YEAR NORMAL DEPARTURE
                VALUE   (LST)  VALUE       VALUE  FROM
                                                  NORMAL
...............................................................
TEMPERATURE (F)
 TODAY
  MAXIMUM         55    319 PM  78    1942  58     -3
  MINIMUM         25    501 AM  10    1914  38    -13
  AVERAGE         40                        48     -8

PRECIPITATION (IN)
  TODAY            0.00          2.63 1900   0.16  -0.16
  MONTH TO DATE    4.22                      2.68   1.54
  SINCE JAN 1     48.12                     41.38   6.74

SNOWFALL (IN)
  TODAY            0.0           0.1  1937
  MONTH TO DATE    0.0
  SINCE SEP 1      0.0
  SINCE JUL 1      0.0

DEGREE DAYS
 HEATING
  TODAY           25                                8
  MONTH TO DATE  235                              -36
  SINCE SEP 1    410                              -76
  SINCE JUL 1    410                              -76

 COOLING
  TODAY            0                                0
  MONTH TO DATE   23                               23
  SINCE SEP 1    343                               77
  SINCE JAN 1   1923                              283
...............................................................


WIND (MPH)
  HIGHEST WIND SPEED     9   HIGHEST WIND DIRECTION    SE (130)
  HIGHEST GUST SPEED    13   HIGHEST GUST DIRECTION    SE (130)
  AVERAGE WIND SPEED     3.3




RELATIVE HUMIDITY (PERCENT)
 HIGHEST    92
 LOWEST     28
 AVERAGE    60

..........................................................


THE NASHVILLE CLIMATE NORMALS FOR TOMORROW
                         NORMAL    RECORD    YEAR
 MAXIMUM TEMPERATURE (F)   58        77      1942
 MINIMUM TEMPERATURE (F)   38        12      1887


SUNRISE AND SUNSET
NOVEMBER 20 2017......SUNRISE   629 AM CST   SUNSET   436 PM CST
NOVEMBER 21 2017......SUNRISE   630 AM CST   SUNSET   435 PM CST


-  INDICATES NEGATIVE NUMBERS.
R  INDICATES RECORD WAS SET OR TIED.
MM INDICATES DATA IS MISSING.
T  INDICATES TRACE AMOUNT.




$$
