000
CDUS44 KOHX 311233 AAA
CLIBNA

CLIMATE REPORT
NATIONAL WEATHER SERVICE NASHVILLE TN
733 AM CDT FRI OCT 31 2014


...................................

...THE NASHVILLE CLIMATE SUMMARY FOR OCTOBER 30 2014...

CLIMATE NORMAL PERIOD 1981 TO 2010
CLIMATE RECORD PERIOD 1871 TO 2014


WEATHER ITEM   OBSERVED TIME   RECORD YEAR NORMAL DEPARTURE
                VALUE   (LST)  VALUE       VALUE  FROM
                                                  NORMAL
...............................................................
TEMPERATURE (F)
 YESTERDAY
  MAXIMUM         64    320 PM  86    1937  67     -3
  MINIMUM         39    633 AM  26    1952  45     -6
  AVERAGE         52                        56     -4

PRECIPITATION (IN)
  YESTERDAY        0.00          2.02 1949   0.10  -0.10
  MONTH TO DATE    8.41                      2.93   5.48
  SINCE SEP 1      8.62                      6.34   2.28
  SINCE JAN 1     44.02                     38.59   5.43

SNOWFALL (IN)
  YESTERDAY        0.0           1.0  1925   0.0    0.0
  MONTH TO DATE    0.0                       0.0    0.0
  SINCE SEP 1      0.0                       0.0    0.0
  SINCE JUL 1      0.0                       0.0    0.0
  SNOW DEPTH       0

DEGREE DAYS
 HEATING
  YESTERDAY       13                                3
  MONTH TO DATE  131                              -51
  SINCE SEP 1    134                              -72
  SINCE JUL 1    134                              -72

 COOLING
  YESTERDAY        0                               -1
  MONTH TO DATE   62                               14
  SINCE SEP 1    314                               46
  SINCE JAN 1   1803                              161
...............................................................


WIND (MPH)
  HIGHEST WIND SPEED     8   HIGHEST WIND DIRECTION     N (350)
  HIGHEST GUST SPEED    14   HIGHEST GUST DIRECTION     N (340)
  AVERAGE WIND SPEED     1.4




RELATIVE HUMIDITY (PERCENT)
 HIGHEST    93
 LOWEST     39
 AVERAGE    66

..........................................................


THE NASHVILLE CLIMATE NORMALS FOR TODAY
                         NORMAL    RECORD    YEAR
 MAXIMUM TEMPERATURE (F)   67        85      1950
 MINIMUM TEMPERATURE (F)   44        27      1980
                                             1887


SUNRISE AND SUNSET
OCTOBER 31 2014.......SUNRISE   708 AM CDT   SUNSET   552 PM CDT
NOVEMBER  1 2014......SUNRISE   709 AM CDT   SUNSET   551 PM CDT


-  INDICATES NEGATIVE NUMBERS.
R  INDICATES RECORD WAS SET OR TIED.
MM INDICATES DATA IS MISSING.
T  INDICATES TRACE AMOUNT.

&&

THE LOW SINCE MIDNIGHT HAS BEEN 49 DEGREES.
THERE HAS BEEN A TRACE OF RAIN SINCE MIDNIGHT.

$$
