000
CDUS44 KOHX 270723
CLIBNA


CLIMATE REPORT
NATIONAL WEATHER SERVICE NASHVILLE TN
222 AM CDT WED JUL 27 2016


...................................

...THE NASHVILLE CLIMATE SUMMARY FOR JULY 26 2016...

CLIMATE NORMAL PERIOD 1981 TO 2010
CLIMATE RECORD PERIOD 1871 TO 2016


WEATHER ITEM   OBSERVED TIME   RECORD YEAR NORMAL DEPARTURE
                VALUE   (LST)  VALUE       VALUE  FROM
                                                  NORMAL
...............................................................
TEMPERATURE (F)
 YESTERDAY
  MAXIMUM         97   1146 AM 103    1952  89      8
  MINIMUM         74    510 AM  59    1911  70      4
  AVERAGE         86                        80      6

PRECIPITATION (IN)
  YESTERDAY        0.18          2.40 1933   0.11   0.07
  MONTH TO DATE    5.15                      3.11   2.04
  SINCE JAN 1     24.05                     28.55  -4.50

SNOWFALL (IN)
  YESTERDAY        0.0           0.0  2002
                                      2001
  MONTH TO DATE    0.0
  SINCE JUN 1      0.0
  SINCE JUL 1      0.0

DEGREE DAYS
 HEATING
  YESTERDAY        0                                0
  MONTH TO DATE    0                                0
  SINCE JUN 1      0                               -3
  SINCE JUL 1      0                                0

 COOLING
  YESTERDAY       21                                6
  MONTH TO DATE  464                               86
  SINCE JUN 1    902                              200
  SINCE JAN 1   1139                              258
...............................................................


WIND (MPH)
  HIGHEST WIND SPEED    18   HIGHEST WIND DIRECTION     N (360)
  HIGHEST GUST SPEED    25   HIGHEST GUST DIRECTION    SW (230)
  AVERAGE WIND SPEED     3.2



WEATHER CONDITIONS
 THE FOLLOWING WEATHER WAS RECORDED YESTERDAY.
  THUNDERSTORM
  RAIN
  LIGHT RAIN


RELATIVE HUMIDITY (PERCENT)
 HIGHEST    94
 LOWEST     42

..........................................................


THE NASHVILLE CLIMATE NORMALS FOR TODAY
                         NORMAL    RECORD    YEAR
 MAXIMUM TEMPERATURE (F)   89       107      1952
 MINIMUM TEMPERATURE (F)   70        57      1962
                                             1911
                                             1891


SUNRISE AND SUNSET
JULY 27 2016..........SUNRISE   550 AM CDT   SUNSET   756 PM CDT
JULY 28 2016..........SUNRISE   551 AM CDT   SUNSET   755 PM CDT


-  INDICATES NEGATIVE NUMBERS.
R  INDICATES RECORD WAS SET OR TIED.
MM INDICATES DATA IS MISSING.
T  INDICATES TRACE AMOUNT.




$$
