639
CDUS44 KOHX 252144
CLIBNA


CLIMATE REPORT
NATIONAL WEATHER SERVICE NASHVILLE TN
444 PM CDT THU MAY 25 2017


...................................

...THE NASHVILLE CLIMATE SUMMARY FOR MAY 25 2017...
VALID TODAY AS OF 0400 PM LOCAL TIME.

CLIMATE NORMAL PERIOD 1981 TO 2010
CLIMATE RECORD PERIOD 1871 TO 2017


WEATHER ITEM   OBSERVED TIME   RECORD YEAR NORMAL DEPARTURE
                VALUE   (LST)  VALUE       VALUE  FROM
                                                  NORMAL
...............................................................
TEMPERATURE (F)
 TODAY
  MAXIMUM         74    308 PM  93    1926  80     -6
  MINIMUM         54    305 AM  43    1925  59     -5
  AVERAGE         64                        70     -6

PRECIPITATION (IN)
  TODAY            0.00          1.89 1889   0.16  -0.16
  MONTH TO DATE    3.31                      4.52  -1.21
  SINCE JAN 1     19.63                     20.32  -0.69

SNOWFALL (IN)
  TODAY            0.0           0.0  2002
                                      2001
  MONTH TO DATE    0.0
  SINCE MAR 1      1.5
  SINCE JUL 1      2.2

DEGREE DAYS
 HEATING
  TODAY            1                                0
  MONTH TO DATE   42                              -10
  SINCE MAR 1    483                             -259
  SINCE JUL 1   2451                            -1229

 COOLING
  TODAY            0                               -6
  MONTH TO DATE  136                               42
  SINCE MAR 1    261                              122
  SINCE JAN 1    268                              129
...............................................................


WIND (MPH)
  HIGHEST WIND SPEED    17   HIGHEST WIND DIRECTION     W (280)
  HIGHEST GUST SPEED    28   HIGHEST GUST DIRECTION     W (260)
  AVERAGE WIND SPEED     9.2




RELATIVE HUMIDITY (PERCENT)
 HIGHEST    93
 LOWEST     44
 AVERAGE    69

..........................................................


THE NASHVILLE CLIMATE NORMALS FOR TOMORROW
                         NORMAL    RECORD    YEAR
 MAXIMUM TEMPERATURE (F)   81        95      2012
 MINIMUM TEMPERATURE (F)   60        44      1961


SUNRISE AND SUNSET
MAY 25 2017...........SUNRISE   534 AM CDT   SUNSET   754 PM CDT
MAY 26 2017...........SUNRISE   533 AM CDT   SUNSET   755 PM CDT


-  INDICATES NEGATIVE NUMBERS.
R  INDICATES RECORD WAS SET OR TIED.
MM INDICATES DATA IS MISSING.
T  INDICATES TRACE AMOUNT.




$$
