000
CDUS44 KOHX 201326
CLIBNA

CLIMATE REPORT
NATIONAL WEATHER SERVICE NASHVILLE TN
826 AM CDT WED AUG 20 2014


...................................

...THE NASHVILLE CLIMATE SUMMARY FOR AUGUST 19 2014...

CLIMATE NORMAL PERIOD 1981 TO 2010
CLIMATE RECORD PERIOD 1871 TO 2014


WEATHER ITEM   OBSERVED TIME   RECORD YEAR NORMAL DEPARTURE LAST
                VALUE   (LST)  VALUE       VALUE  FROM      YEAR
                                                  NORMAL
..................................................................
TEMPERATURE (F)
 YESTERDAY
  MAXIMUM         91    344 PM 102    1925  89      2       86
  MINIMUM         72   1218 AM  57    1943  68      4       68
  AVERAGE         82                        79      3       77

PRECIPITATION (IN)
  YESTERDAY        0.04          1.30 1988   0.10  -0.06     0.00
                                      1969
  MONTH TO DATE    3.10                      2.00   1.10     1.41
  SINCE JUN 1     11.21                      9.78   1.43    12.49
  SINCE JAN 1     33.03                     31.08   1.95    36.93

SNOWFALL (IN)
  YESTERDAY        0.0           0.0  2002   0.0    0.0      0.0
                                      2001
                                      2000
  MONTH TO DATE    0.0                       0.0    0.0      0.0
  SINCE JUN 1      0.0                       0.0    0.0      0.0
  SINCE JUL 1      0.0                       0.0    0.0      0.0
  SNOW DEPTH       0

DEGREE DAYS
 HEATING
  YESTERDAY        0                         0      0        0
  MONTH TO DATE    0                         0      0        0
  SINCE JUN 1      0                         3     -3        0
  SINCE JUL 1      0                         0      0        0

 COOLING
  YESTERDAY       17                        14      3       12
  MONTH TO DATE  256                       266    -10      219
  SINCE JUN 1   1021                      1036    -15      995
  SINCE JAN 1   1285                      1215     70     1202
..................................................................


WIND (MPH)
  HIGHEST WIND SPEED    12   HIGHEST WIND DIRECTION    SW (210)
  HIGHEST GUST SPEED    15   HIGHEST GUST DIRECTION    SW (210)
  AVERAGE WIND SPEED     3.5


SKY COVER
  POSSIBLE SUNSHINE  MM
  AVERAGE SKY COVER 0.7


WEATHER CONDITIONS
 THE FOLLOWING WEATHER WAS RECORDED YESTERDAY.
  LIGHT RAIN
  FOG
  HAZE


RELATIVE HUMIDITY (PERCENT)
 HIGHEST    93
 LOWEST     56
 AVERAGE    75

..........................................................


THE NASHVILLE CLIMATE NORMALS FOR TODAY
                         NORMAL    RECORD    YEAR
 MAXIMUM TEMPERATURE (F)   89       101      1983
 MINIMUM TEMPERATURE (F)   68        56      1953
                                             1927


SUNRISE AND SUNSET
AUGUST 20 2014........SUNRISE   609 AM CDT   SUNSET   731 PM CDT
AUGUST 21 2014........SUNRISE   610 AM CDT   SUNSET   729 PM CDT


-  INDICATES NEGATIVE NUMBERS.
R  INDICATES RECORD WAS SET OR TIED.
MM INDICATES DATA IS MISSING.
T  INDICATES TRACE AMOUNT.

&&
THE LOW THIS MORNING WAS 76 DEGREES.
THERE HAS BEEN NO RAINFALL SINCE MIDNIGHT.


$$
