000
CDUS44 KOHX 241401
CLIBNA


CLIMATE REPORT
NATIONAL WEATHER SERVICE NASHVILLE TN
858 AM CDT MON JUL 24 2017


...................................

...THE NASHVILLE CLIMATE SUMMARY FOR JULY 24 2017...
VALID AS OF 0800 AM LOCAL TIME.

CLIMATE NORMAL PERIOD 1981 TO 2010
CLIMATE RECORD PERIOD 1871 TO 2017


WEATHER ITEM   OBSERVED TIME   RECORD YEAR NORMAL DEPARTURE
                VALUE   (LST)  VALUE       VALUE  FROM
                                                  NORMAL
...............................................................
TEMPERATURE (F)
 TODAY
  MINIMUM         70    530 AM  56    1947  70      0

PRECIPITATION (IN)
  TODAY            0.00          1.98 1879   0.12  -0.12
  MONTH TO DATE    4.12                      2.89   1.23
  SINCE JAN 1     28.41                     28.33   0.08

SNOWFALL (IN)
  TODAY            0.0           0.0  2002
                                      2001
  MONTH TO DATE    0.0
  SINCE JUN 1      0.0
  SINCE JUL 1      0.0

DEGREE DAYS
 HEATING
  TODAY           MM                               MM
  MONTH TO DATE    0                                0
  SINCE JUN 1      0                               -3
  SINCE JUL 1      0                                0

 COOLING
  TODAY           MM                               MM
  MONTH TO DATE  384                               36
  SINCE JUN 1    728                               56
  SINCE JAN 1   1047                              196
...............................................................


WIND (MPH)
  HIGHEST WIND SPEED     8   HIGHEST WIND DIRECTION     S (180)
  HIGHEST GUST SPEED    13   HIGHEST GUST DIRECTION     S (180)
  AVERAGE WIND SPEED     4.0




RELATIVE HUMIDITY (PERCENT)
 HIGHEST    97
 LOWEST     79
 AVERAGE    88

..........................................................


THE NASHVILLE CLIMATE NORMALS FOR TOMORROW
                         NORMAL    RECORD    YEAR
 MAXIMUM TEMPERATURE (F)   89       102      1934
 MINIMUM TEMPERATURE (F)   70        58      1911
                                             1909
                                             1876


SUNRISE AND SUNSET
JULY 24 2017..........SUNRISE   548 AM CDT   SUNSET   758 PM CDT
JULY 25 2017..........SUNRISE   549 AM CDT   SUNSET   757 PM CDT


-  INDICATES NEGATIVE NUMBERS.
R  INDICATES RECORD WAS SET OR TIED.
MM INDICATES DATA IS MISSING.
T  INDICATES TRACE AMOUNT.




$$
