000
CDUS44 KOHX 271235 AAA
CLIBNA

CLIMATE REPORT
NATIONAL WEATHER SERVICE NASHVILLE TN
634 AM CST TUE JAN 27 2015

.....................................

UPDATED FOR MORNING CLIMATE AT BOTTOM

.....................................

...THE NASHVILLE CLIMATE SUMMARY FOR JANUARY 26 2015...

CLIMATE NORMAL PERIOD 1981 TO 2010
CLIMATE RECORD PERIOD 1871 TO 2015


WEATHER ITEM   OBSERVED TIME   RECORD YEAR NORMAL DEPARTURE
                VALUE   (LST)  VALUE       VALUE  FROM
                                                  NORMAL
...............................................................
TEMPERATURE (F)
 YESTERDAY
  MAXIMUM         44   1205 AM  73    1962  48     -4
  MINIMUM         33   1215 PM  -4    1940  28      5
  AVERAGE         39                        38      1

PRECIPITATION (IN)
  YESTERDAY        0.01          1.05 1950   0.12  -0.11
  MONTH TO DATE    2.22                      3.11  -0.89
  SINCE DEC 1      5.43                      7.35  -1.92
  SINCE JAN 1      2.22                      3.11  -0.89

SNOWFALL (IN)
  YESTERDAY        T             5.0  1921   0.1   -0.1
  MONTH TO DATE    0.9                       2.1   -1.2
  SINCE DEC 1      0.9                       2.6   -1.7
  SINCE JUL 1      1.1                       2.6   -1.5
  SNOW DEPTH       0

DEGREE DAYS
 HEATING
  YESTERDAY       26                               -1
  MONTH TO DATE  721                                5
  SINCE DEC 1   1392                              -87
  SINCE JUL 1   2166                               13

 COOLING
  YESTERDAY        0                                0
  MONTH TO DATE    0                                0
  SINCE DEC 1      0                               -1
  SINCE JAN 1      0                                0
...............................................................


WIND (MPH)
  HIGHEST WIND SPEED    22   HIGHEST WIND DIRECTION    NW (310)
  HIGHEST GUST SPEED    31   HIGHEST GUST DIRECTION    NW (320)
  AVERAGE WIND SPEED     9.0




RELATIVE HUMIDITY (PERCENT)
 HIGHEST    92
 LOWEST     75
 AVERAGE    84

..........................................................


THE NASHVILLE CLIMATE NORMALS FOR TODAY
                         NORMAL    RECORD    YEAR
 MAXIMUM TEMPERATURE (F)   48        72      1944
 MINIMUM TEMPERATURE (F)   29        -3      1936


SUNRISE AND SUNSET
JANUARY 27 2015.......SUNRISE   651 AM CST   SUNSET   508 PM CST
JANUARY 28 2015.......SUNRISE   651 AM CST   SUNSET   509 PM CST


-  INDICATES NEGATIVE NUMBERS.
R  INDICATES RECORD WAS SET OR TIED.
MM INDICATES DATA IS MISSING.
T  INDICATES TRACE AMOUNT.

&&

THE LOW TEMPERATURE SINCE MIDNIGHT HAS BEEN 32 DEGREES.
NO PRECIPITATION HAS OCCURRED SINCE MIDNIGHT.

$$
