575
CDUS45 KBOI 060931
CLIBNO


CLIMATE REPORT
NATIONAL WEATHER SERVICE BOISE ID
230 AM MST SAT FEB 6 2016


...................................

...THE BURNS OR CLIMATE SUMMARY FOR FEBRUARY 5 2016...

CLIMATE NORMAL PERIOD 1981 TO 2010
CLIMATE RECORD PERIOD 1938 TO 2016


WEATHER ITEM   OBSERVED TIME   RECORD YEAR NORMAL DEPARTURE LAST
                VALUE   (LST)  VALUE       VALUE  FROM      YEAR
                                                  NORMAL
..................................................................
TEMPERATURE (F)
 YESTERDAY
  MAXIMUM         41    201 PM  58    1947  37      4       53
  MINIMUM          8    610 AM -24    1989  16     -8       34
  AVERAGE         25                        26     -1       44

PRECIPITATION (IN)
  YESTERDAY        0.00          0.35 1953   0.03  -0.03     0.00
  MONTH TO DATE    0.12                      0.17  -0.05     0.35
  SINCE OCT 1      6.47                      4.86   1.61     5.25
  SINCE JAN 1      1.60                      1.36   0.24     0.75

DEGREE DAYS
 HEATING
  YESTERDAY       40                        38      2       21
  MONTH TO DATE  125                       194    -69      120
  SINCE DEC 1   2524                      2706   -182     2167
  SINCE JUL 1   4385                      4707   -322     3897

 COOLING
  YESTERDAY        0                         0      0        0
  MONTH TO DATE    0                         0      0        0
  SINCE DEC 1      0                         0      0        0
  SINCE JAN 1      0                         0      0        0
..................................................................


WIND (MPH)
  HIGHEST WIND SPEED     9   HIGHEST WIND DIRECTION    NW (320)
  HIGHEST GUST SPEED    10   HIGHEST GUST DIRECTION    NW (310)
  AVERAGE WIND SPEED     1.8


SKY COVER
  POSSIBLE SUNSHINE  MM
  AVERAGE SKY COVER 0.3


WEATHER CONDITIONS
 THE FOLLOWING WEATHER WAS RECORDED YESTERDAY.
  FOG
  FOG W/VISIBILITY <= 1/4 MILE
  HAZE


RELATIVE HUMIDITY (PERCENT)
 HIGHEST    92           900 AM
 LOWEST     54           200 PM
 AVERAGE    73

..........................................................


THE BURNS OR CLIMATE NORMALS FOR TODAY
                         NORMAL    RECORD    YEAR
 MAXIMUM TEMPERATURE (F)   37        57      2015
                                             1963
 MINIMUM TEMPERATURE (F)   16       -25      1989


SUNRISE AND SUNSET
FEBRUARY  6 2016......SUNRISE   707 AM PST   SUNSET   513 PM PST
FEBRUARY  7 2016......SUNRISE   706 AM PST   SUNSET   515 PM PST


-  INDICATES NEGATIVE NUMBERS.
R  INDICATES RECORD WAS SET OR TIED.
MM INDICATES DATA IS MISSING.
T  INDICATES TRACE AMOUNT.




$$
