025
CDUS45 KBOI 210120
CLIBNO


CLIMATE REPORT
NATIONAL WEATHER SERVICE BOISE ID
620 PM MST TUE FEB 20 2018


...................................

...THE BURNS OR CLIMATE SUMMARY FOR FEBRUARY 20 2018...
VALID TODAY AS OF 0600 PM LOCAL TIME.

CLIMATE NORMAL PERIOD 1981 TO 2010
CLIMATE RECORD PERIOD 1938 TO 2018


WEATHER ITEM   OBSERVED TIME   RECORD YEAR NORMAL DEPARTURE LAST
                VALUE   (LST)  VALUE       VALUE  FROM      YEAR
                                                  NORMAL
..................................................................
TEMPERATURE (F)
 TODAY
  MAXIMUM         27    326 PM  63    1995  41    -14       44
  MINIMUM         -1R   354 AM  -1    2006  19    -20       27
  AVERAGE         13                        30    -17       36

PRECIPITATION (IN)
  TODAY            0.00          0.35 1980   0.04  -0.04     0.19
  MONTH TO DATE    0.16                      0.71  -0.55     1.62
  SINCE OCT 1      4.09                      5.40  -1.31     8.37
  SINCE JAN 1      1.43                      1.90  -0.47     4.86

DEGREE DAYS
 HEATING
  TODAY           52                        35     17       29
  MONTH TO DATE  653                       746    -93      704
  SINCE DEC 1   3016                      3258   -242     3718
  SINCE JUL 1   4932                      5259   -327     5531

 COOLING
  TODAY            0                         0      0        0
  MONTH TO DATE    0                         0      0        0
  SINCE DEC 1      0                         0      0        0
  SINCE JAN 1      0                         0      0        0
..................................................................


WIND (MPH)
  HIGHEST WIND SPEED    13   HIGHEST WIND DIRECTION    SW (210)
  HIGHEST GUST SPEED    16   HIGHEST GUST DIRECTION     S (200)
  AVERAGE WIND SPEED     4.7



WEATHER CONDITIONS
 THE FOLLOWING WEATHER WAS RECORDED TODAY.
  NO SIGNIFICANT WEATHER WAS OBSERVED.


RELATIVE HUMIDITY (PERCENT)
 HIGHEST    87           200 AM
 LOWEST     46           200 PM
 AVERAGE    67

..........................................................


THE BURNS OR CLIMATE NORMALS FOR TOMORROW
                         NORMAL    RECORD    YEAR
 MAXIMUM TEMPERATURE (F)   41        63      1995
 MINIMUM TEMPERATURE (F)   20        -4      1952


SUNRISE AND SUNSET
FEBRUARY 20 2018......SUNRISE   647 AM PST   SUNSET   533 PM PST
FEBRUARY 21 2018......SUNRISE   645 AM PST   SUNSET   534 PM PST


-  INDICATES NEGATIVE NUMBERS.
R  INDICATES RECORD WAS SET OR TIED.
MM INDICATES DATA IS MISSING.
T  INDICATES TRACE AMOUNT.




$$
