000
CDUS45 KBOI 240937
CLIBNO


CLIMATE REPORT
NATIONAL WEATHER SERVICE BOISE ID
336 AM MDT TUE MAY 24 2016


...................................

...THE BURNS OR CLIMATE SUMMARY FOR MAY 23 2016...

CLIMATE NORMAL PERIOD 1981 TO 2010
CLIMATE RECORD PERIOD 1938 TO 2016


WEATHER ITEM   OBSERVED TIME   RECORD YEAR NORMAL DEPARTURE LAST
                VALUE   (LST)  VALUE       VALUE  FROM      YEAR
                                                  NORMAL
..................................................................
TEMPERATURE (F)
 YESTERDAY
  MAXIMUM         61   1242 PM  89    2001  68     -7       69
  MINIMUM         31    430 AM  19    2013  38     -7       50
  AVERAGE         46                        53     -7       60

PRECIPITATION (IN)
  YESTERDAY        0.00          0.33 1963   0.04  -0.04     0.00
                                      1959
  MONTH TO DATE    0.69                      0.88  -0.19     1.68
  SINCE OCT 1      8.72                      8.61   0.11     8.43
  SINCE JAN 1      3.85                      5.11  -1.26     3.93

DEGREE DAYS
 HEATING
  YESTERDAY       19                        12      7        5
  MONTH TO DATE  306                       340    -34      300
  SINCE MAR 1   1522                      1852   -330     1661
  SINCE JUL 1   6683                      7380   -697     6135

 COOLING
  YESTERDAY        0                         0      0        0
  MONTH TO DATE    0                         0      0        0
  SINCE MAR 1      0                         0      0        0
  SINCE JAN 1      0                         0      0        0
..................................................................


WIND (MPH)
  HIGHEST WIND SPEED    16   HIGHEST WIND DIRECTION     S (200)
  HIGHEST GUST SPEED    20   HIGHEST GUST DIRECTION     S (180)
  AVERAGE WIND SPEED     5.2


SKY COVER
  POSSIBLE SUNSHINE  MM
  AVERAGE SKY COVER 0.6


WEATHER CONDITIONS
 THE FOLLOWING WEATHER WAS RECORDED YESTERDAY.
  NO SIGNIFICANT WEATHER WAS OBSERVED.


RELATIVE HUMIDITY (PERCENT)
 HIGHEST    92          1200 AM
 LOWEST     32           100 PM
 AVERAGE    62

..........................................................


THE BURNS OR CLIMATE NORMALS FOR TODAY
                         NORMAL    RECORD    YEAR
 MAXIMUM TEMPERATURE (F)   68        88      2001
                                             1992
 MINIMUM TEMPERATURE (F)   38        29      2004
                                             1990
                                             1978


SUNRISE AND SUNSET
MAY 24 2016...........SUNRISE   522 AM PDT   SUNSET   824 PM PDT
MAY 25 2016...........SUNRISE   521 AM PDT   SUNSET   825 PM PDT


-  INDICATES NEGATIVE NUMBERS.
R  INDICATES RECORD WAS SET OR TIED.
MM INDICATES DATA IS MISSING.
T  INDICATES TRACE AMOUNT.




$$
