705
CDUS45 KBOI 230931
CLIBNO


CLIMATE REPORT
NATIONAL WEATHER SERVICE BOISE ID
331 AM MDT SAT JUL 23 2016


...................................

...THE BURNS OR CLIMATE SUMMARY FOR JULY 22 2016...

CLIMATE NORMAL PERIOD 1981 TO 2010
CLIMATE RECORD PERIOD 1938 TO 2016


WEATHER ITEM   OBSERVED TIME   RECORD YEAR NORMAL DEPARTURE LAST
                VALUE   (LST)  VALUE       VALUE  FROM      YEAR
                                                  NORMAL
..................................................................
TEMPERATURE (F)
 YESTERDAY
  MAXIMUM         84    352 PM 106    2003  88     -4       79
  MINIMUM         45    325 AM  38    2001  48     -3       46
                                      1999
                                      1972
  AVERAGE         65                        68     -3       63

PRECIPITATION (IN)
  YESTERDAY        0.00          0.70 1987   0.01  -0.01     0.04
  MONTH TO DATE    0.14                      0.29  -0.15     0.51
  SINCE OCT 1      9.26                     10.01  -0.75     9.07
  SINCE JAN 1      4.39                      6.51  -2.12     4.57

DEGREE DAYS
 HEATING
  YESTERDAY        0                         1     -1        2
  MONTH TO DATE   55                        48      7       10
  SINCE JUN 1    235                       266    -31       59
  SINCE JUL 1     55                        48      7       10

 COOLING
  YESTERDAY        0                         4     -4        0
  MONTH TO DATE   17                        70    -53       96
  SINCE JUN 1     75                        90    -15      206
  SINCE JAN 1     75                        93    -18      209
..................................................................


WIND (MPH)
  HIGHEST WIND SPEED    20   HIGHEST WIND DIRECTION     W (290)
  HIGHEST GUST SPEED    24   HIGHEST GUST DIRECTION    SW (210)
  AVERAGE WIND SPEED     9.3


SKY COVER
  POSSIBLE SUNSHINE  MM
  AVERAGE SKY COVER 0.0


WEATHER CONDITIONS
 THE FOLLOWING WEATHER WAS RECORDED YESTERDAY.
  NO SIGNIFICANT WEATHER WAS OBSERVED.


RELATIVE HUMIDITY (PERCENT)
 HIGHEST    74           500 AM
 LOWEST      9           500 PM
 AVERAGE    42

..........................................................


THE BURNS OR CLIMATE NORMALS FOR TODAY
                         NORMAL    RECORD    YEAR
 MAXIMUM TEMPERATURE (F)   88       103      2003
 MINIMUM TEMPERATURE (F)   48        37      2011


SUNRISE AND SUNSET
JULY 23 2016..........SUNRISE   536 AM PDT   SUNSET   828 PM PDT
JULY 24 2016..........SUNRISE   537 AM PDT   SUNSET   827 PM PDT


-  INDICATES NEGATIVE NUMBERS.
R  INDICATES RECORD WAS SET OR TIED.
MM INDICATES DATA IS MISSING.
T  INDICATES TRACE AMOUNT.




$$
