000
CDUS45 KBOI 300930
CLIBNO


CLIMATE REPORT
NATIONAL WEATHER SERVICE BOISE ID
230 AM MST FRI JAN 30 2015


...................................

...THE BURNS OR CLIMATE SUMMARY FOR JANUARY 29 2015...

CLIMATE NORMAL PERIOD 1981 TO 2010
CLIMATE RECORD PERIOD 1939 TO 2015


WEATHER ITEM   OBSERVED TIME   RECORD YEAR NORMAL DEPARTURE LAST
                VALUE   (LST)  VALUE       VALUE  FROM      YEAR
                                                  NORMAL
..................................................................
TEMPERATURE (F)
 YESTERDAY
  MAXIMUM         44    254 PM  53    1992  36      8       44
  MINIMUM         25    659 AM -18    1957  16      9       32
  AVERAGE         35                        26      9       38

PRECIPITATION (IN)
  YESTERDAY        0.00          0.28 2006   0.04  -0.04     0.16
  MONTH TO DATE    0.40                      1.12  -0.72     0.50
  SINCE OCT 1      4.90                      4.62   0.28     1.47
  SINCE JAN 1      0.40                      1.12  -0.72     0.50

DEGREE DAYS
 HEATING
  YESTERDAY       30                        39     -9       27
  MONTH TO DATE  975                      1167   -192     1008
  SINCE DEC 1   1984                      2433   -449     2418
  SINCE JUL 1   3714                      4434   -720     4341

 COOLING
  YESTERDAY        0                         0      0        0
  MONTH TO DATE    0                         0      0        0
  SINCE DEC 1      0                         0      0        0
  SINCE JAN 1      0                         0      0        0
..................................................................


WIND (MPH)
  HIGHEST WIND SPEED    22   HIGHEST WIND DIRECTION    NE (40)
  HIGHEST GUST SPEED    26   HIGHEST GUST DIRECTION    NE (40)
  AVERAGE WIND SPEED     9.6


SKY COVER
  POSSIBLE SUNSHINE  MM
  AVERAGE SKY COVER 0.0


WEATHER CONDITIONS
 THE FOLLOWING WEATHER WAS RECORDED YESTERDAY.
  NO SIGNIFICANT WEATHER WAS OBSERVED.


RELATIVE HUMIDITY (PERCENT)
 HIGHEST    92          1200 AM
 LOWEST     62           200 PM
 AVERAGE    77

..........................................................


THE BURNS OR CLIMATE NORMALS FOR TODAY
                         NORMAL    RECORD    YEAR
 MAXIMUM TEMPERATURE (F)   36        56      1971
 MINIMUM TEMPERATURE (F)   16       -16      1957


SUNRISE AND SUNSET
JANUARY 30 2015.......SUNRISE   714 AM PST   SUNSET   504 PM PST
JANUARY 31 2015.......SUNRISE   713 AM PST   SUNSET   506 PM PST


-  INDICATES NEGATIVE NUMBERS.
R  INDICATES RECORD WAS SET OR TIED.
MM INDICATES DATA IS MISSING.
T  INDICATES TRACE AMOUNT.




$$
