000
CDUS45 KBOI 310930
CLIBOI


CLIMATE REPORT
NATIONAL WEATHER SERVICE BOISE ID
330 AM MDT FRI OCT 31 2014


...................................

...THE BOISE ID CLIMATE SUMMARY FOR OCTOBER 30 2014...

CLIMATE NORMAL PERIOD 1981 TO 2010
CLIMATE RECORD PERIOD 1878 TO 2014


WEATHER ITEM   OBSERVED TIME   RECORD YEAR NORMAL DEPARTURE LAST
                VALUE   (LST)  VALUE       VALUE  FROM      YEAR
                                                  NORMAL
..................................................................
TEMPERATURE (F)
 YESTERDAY
  MAXIMUM         75    331 PM  77    1937  57     18       50
  MINIMUM         47    234 AM  16    1991  37     10       36
  AVERAGE         61                        47     14       43

PRECIPITATION (IN)
  YESTERDAY        0.00          0.50 1945   0.04  -0.04     0.00
  MONTH TO DATE    0.40                      0.72  -0.32     0.74
  SINCE OCT 1      0.40                      0.72  -0.32     0.74
  SINCE JAN 1      9.93                      8.80   1.13     7.40

SNOWFALL (IN)
  YESTERDAY        0.0           0.7  1971   0.0    0.0      0.0
  MONTH TO DATE    0.0                       0.1   -0.1      0.0
  SINCE OCT 1      0.0                       0.1   -0.1      0.0
  SINCE JUL 1      0.0                       0.1   -0.1      0.0
  SNOW DEPTH       0

DEGREE DAYS
 HEATING
  YESTERDAY        4                        18    -14       22
  MONTH TO DATE  204                       366   -162      431
  SINCE SEP 1    256                       469   -213      522
  SINCE JUL 1    260                       487   -227      522

 COOLING
  YESTERDAY        0                         0      0        0
  MONTH TO DATE   10                         7      3        0
  SINCE SEP 1    146                       107     39      148
  SINCE JAN 1   1129                       941    188     1320
..................................................................


WIND (MPH)
  HIGHEST WIND SPEED    16   HIGHEST WIND DIRECTION     S (170)
  HIGHEST GUST SPEED    21   HIGHEST GUST DIRECTION     S (170)
  AVERAGE WIND SPEED     6.6


SKY COVER
  POSSIBLE SUNSHINE  MM
  AVERAGE SKY COVER 0.1


WEATHER CONDITIONS
 THE FOLLOWING WEATHER WAS RECORDED YESTERDAY.
  NO SIGNIFICANT WEATHER WAS OBSERVED.


RELATIVE HUMIDITY (PERCENT)
 HIGHEST    77          1200 AM
 LOWEST     20           300 PM
 AVERAGE    49

..........................................................


THE BOISE ID CLIMATE NORMALS FOR TODAY
                         NORMAL    RECORD    YEAR
 MAXIMUM TEMPERATURE (F)   57        74      2012
 MINIMUM TEMPERATURE (F)   37        13      2002


SUNRISE AND SUNSET
OCTOBER 31 2014.......SUNRISE   819 AM MDT   SUNSET   637 PM MDT
NOVEMBER  1 2014......SUNRISE   821 AM MDT   SUNSET   636 PM MDT


-  INDICATES NEGATIVE NUMBERS.
R  INDICATES RECORD WAS SET OR TIED.
MM INDICATES DATA IS MISSING.
T  INDICATES TRACE AMOUNT.




$$
