000
CDUS45 KBOI 290931
CLIBOI


CLIMATE REPORT
NATIONAL WEATHER SERVICE BOISE ID
231 AM MST THU JAN 29 2015


...................................

...THE BOISE ID CLIMATE SUMMARY FOR JANUARY 28 2015...

CLIMATE NORMAL PERIOD 1981 TO 2010
CLIMATE RECORD PERIOD 1878 TO 2015


WEATHER ITEM   OBSERVED TIME   RECORD YEAR NORMAL DEPARTURE LAST
                VALUE   (LST)  VALUE       VALUE  FROM      YEAR
                                                  NORMAL
..................................................................
TEMPERATURE (F)
 YESTERDAY
  MAXIMUM         46    504 PM  61    1888  40      6       30
  MINIMUM         30    947 AM  -6    1957  26      4       25
  AVERAGE         38                        33      5       28

PRECIPITATION (IN)
  YESTERDAY        0.01          0.77 1965   0.04  -0.03     0.00
  MONTH TO DATE    0.84                      1.14  -0.30     0.32
  SINCE OCT 1      6.75                      4.79   1.96     3.23
  SINCE JAN 1      0.84                      1.14  -0.30     0.32

SNOWFALL (IN)
  YESTERDAY        0.0           4.8  1916   0.1   -0.1      0.0
  MONTH TO DATE    1.1                       4.7   -3.6      3.1
  SINCE OCT 1     13.1                      14.4   -1.3     10.0
  SINCE JUL 1     13.1                      14.4   -1.3     10.0
  SNOW DEPTH       0

DEGREE DAYS
 HEATING
  YESTERDAY       27                        32     -5       37
  MONTH TO DATE  941                       950     -9      970
  SINCE DEC 1   1791                      2011   -220     2234
  SINCE JUL 1   2930                      3265   -335     3528

 COOLING
  YESTERDAY        0                         0      0        0
  MONTH TO DATE    0                         0      0        0
  SINCE DEC 1      0                         0      0        0
  SINCE JAN 1      0                         0      0        0
..................................................................


WIND (MPH)
  HIGHEST WIND SPEED    14   HIGHEST WIND DIRECTION    SE (130)
  HIGHEST GUST SPEED    18   HIGHEST GUST DIRECTION    SE (120)
  AVERAGE WIND SPEED     2.8


SKY COVER
  POSSIBLE SUNSHINE  MM
  AVERAGE SKY COVER 0.6


WEATHER CONDITIONS
 THE FOLLOWING WEATHER WAS RECORDED YESTERDAY.
  LIGHT RAIN
  FOG
  FOG W/VISIBILITY <= 1/4 MILE
  HAZE


RELATIVE HUMIDITY (PERCENT)
 HIGHEST   100          1200 AM
 LOWEST     71           400 PM
 AVERAGE    86

..........................................................


THE BOISE ID CLIMATE NORMALS FOR TODAY
                         NORMAL    RECORD    YEAR
 MAXIMUM TEMPERATURE (F)   40        56      1967
 MINIMUM TEMPERATURE (F)   26        -9      1957


SUNRISE AND SUNSET
JANUARY 29 2015.......SUNRISE   804 AM MST   SUNSET   552 PM MST
JANUARY 30 2015.......SUNRISE   803 AM MST   SUNSET   553 PM MST


-  INDICATES NEGATIVE NUMBERS.
R  INDICATES RECORD WAS SET OR TIED.
MM INDICATES DATA IS MISSING.
T  INDICATES TRACE AMOUNT.




$$
