000
CDUS45 KBOI 250947
CLIBOI


CLIMATE REPORT
NATIONAL WEATHER SERVICE BOISE ID
347 AM MDT THU MAY 25 2017


...................................

...THE BOISE ID CLIMATE SUMMARY FOR MAY 24 2017...

CLIMATE NORMAL PERIOD 1981 TO 2010
CLIMATE RECORD PERIOD 1875 TO 2017


WEATHER ITEM   OBSERVED TIME   RECORD YEAR NORMAL DEPARTURE LAST
                VALUE   (LST)  VALUE       VALUE  FROM      YEAR
                                                  NORMAL
..................................................................
TEMPERATURE (F)
 YESTERDAY
  MAXIMUM         73    441 PM  97    2003  74     -1       73
                                      2001
  MINIMUM         52   1159 PM  33    1975  49      3       45
                                      1893
  AVERAGE         63                        61      2       59

PRECIPITATION (IN)
  YESTERDAY        0.00          1.09 1962   0.04  -0.04     0.00
  MONTH TO DATE    0.74                      1.09  -0.35     0.87
  SINCE OCT 1     13.29                      9.59   3.70     8.86
  SINCE JAN 1      9.79                      5.94   3.85     4.52

SNOWFALL (IN)
  YESTERDAY        0.0           0.0  2007   0.0    0.0      0.0
  MONTH TO DATE    0.0                       0.0    0.0      0.0
  SINCE OCT 1     39.1                      19.2   19.9     10.9
  SINCE JUL 1     39.1                      19.2   19.9     10.9
  SNOW DEPTH       0

DEGREE DAYS
 HEATING
  YESTERDAY        2                         5     -3        6
  MONTH TO DATE  201                       193      8      115
  SINCE MAR 1   1153                      1258   -105      904
  SINCE JUL 1   5440                      5417     23     4653

 COOLING
  YESTERDAY        0                         2     -2        0
  MONTH TO DATE   26                        27     -1       25
  SINCE MAR 1     26                        30     -4       30
  SINCE JAN 1     26                        30     -4       30
..................................................................


WIND (MPH)
  HIGHEST WIND SPEED    28   HIGHEST WIND DIRECTION    NW (330)
  HIGHEST GUST SPEED    35   HIGHEST GUST DIRECTION     N (340)
  AVERAGE WIND SPEED    16.4


SKY COVER
  POSSIBLE SUNSHINE  MM
  AVERAGE SKY COVER 0.1


WEATHER CONDITIONS
 THE FOLLOWING WEATHER WAS RECORDED YESTERDAY.
  NO SIGNIFICANT WEATHER WAS OBSERVED.


RELATIVE HUMIDITY (PERCENT)
 HIGHEST    55           500 AM
 LOWEST     12          1200 PM
 AVERAGE    34

..........................................................


THE BOISE ID CLIMATE NORMALS FOR TODAY
                         NORMAL    RECORD    YEAR
 MAXIMUM TEMPERATURE (F)   74        96      1961
 MINIMUM TEMPERATURE (F)   49        30      1975
                                             1918


SUNRISE AND SUNSET
MAY 25 2017...........SUNRISE   611 AM MDT   SUNSET   913 PM MDT
MAY 26 2017...........SUNRISE   610 AM MDT   SUNSET   914 PM MDT


-  INDICATES NEGATIVE NUMBERS.
R  INDICATES RECORD WAS SET OR TIED.
MM INDICATES DATA IS MISSING.
T  INDICATES TRACE AMOUNT.




$$
