000
CDUS45 KBOI 260931
CLIBOI


CLIMATE REPORT
NATIONAL WEATHER SERVICE BOISE ID
331 AM MDT SAT JUL 26 2014


...................................

...THE BOISE ID CLIMATE SUMMARY FOR JULY 25 2014...

CLIMATE NORMAL PERIOD 1981 TO 2010
CLIMATE RECORD PERIOD 1878 TO 2014


WEATHER ITEM   OBSERVED TIME   RECORD YEAR NORMAL DEPARTURE LAST
                VALUE   (LST)  VALUE       VALUE  FROM      YEAR
                                                  NORMAL
..................................................................
TEMPERATURE (F)
 YESTERDAY
  MAXIMUM         85    540 PM 109    1891  93     -8      102
  MINIMUM         52    608 AM  46    1993  62    -10       70
  AVERAGE         69                        77     -8       86

PRECIPITATION (IN)
  YESTERDAY        0.00          0.50 1913   0.01  -0.01     0.00
  MONTH TO DATE    0.08                      0.27  -0.19     0.13
  SINCE OCT 1     11.36                     10.85   0.51     7.11
  SINCE JAN 1      8.45                      7.20   1.25     4.46

SNOWFALL (IN)
  YESTERDAY        0.0           0.0  2006   0.0    0.0      0.0
  MONTH TO DATE    0.0                       0.0    0.0      0.0
  SINCE OCT 1     14.4                      19.2   -4.8     16.0
  SINCE JUL 1      0.0                       0.0    0.0      0.0
  SNOW DEPTH       0

DEGREE DAYS
 HEATING
  YESTERDAY        0                         0      0        0
  MONTH TO DATE    0                         4     -4        0
  SINCE JUN 1     36                        68    -32       35
  SINCE JUL 1      0                         4     -4        0

 COOLING
  YESTERDAY        4                        13     -9       21
  MONTH TO DATE  399                       265    134      427
  SINCE JUN 1    511                       404    107      618
  SINCE JAN 1    535                       448     87      665
..................................................................


WIND (MPH)
  HIGHEST WIND SPEED    15   HIGHEST WIND DIRECTION    NW (330)
  HIGHEST GUST SPEED    25   HIGHEST GUST DIRECTION     W (290)
  AVERAGE WIND SPEED     5.9


SKY COVER
  POSSIBLE SUNSHINE  MM
  AVERAGE SKY COVER 0.0


WEATHER CONDITIONS
 THE FOLLOWING WEATHER WAS RECORDED YESTERDAY.
  NO SIGNIFICANT WEATHER WAS OBSERVED.


RELATIVE HUMIDITY (PERCENT)
 HIGHEST    63           600 AM
 LOWEST     10           700 PM
 AVERAGE    37

..........................................................


THE BOISE ID CLIMATE NORMALS FOR TODAY
                         NORMAL    RECORD    YEAR
 MAXIMUM TEMPERATURE (F)   93       105      1978
 MINIMUM TEMPERATURE (F)   62        41      1894


SUNRISE AND SUNSET
JULY 26 2014..........SUNRISE   628 AM MDT   SUNSET   914 PM MDT
JULY 27 2014..........SUNRISE   629 AM MDT   SUNSET   913 PM MDT


-  INDICATES NEGATIVE NUMBERS.
R  INDICATES RECORD WAS SET OR TIED.
MM INDICATES DATA IS MISSING.
T  INDICATES TRACE AMOUNT.




$$
