000
CDUS45 KBOI 010932
CLIBOI


CLIMATE REPORT
NATIONAL WEATHER SERVICE BOISE ID
331 AM MDT MON SEP 1 2014


...................................

...THE BOISE ID CLIMATE SUMMARY FOR AUGUST 31 2014...

CLIMATE NORMAL PERIOD 1981 TO 2010
CLIMATE RECORD PERIOD 1878 TO 2014


WEATHER ITEM   OBSERVED TIME   RECORD YEAR NORMAL DEPARTURE LAST
                VALUE   (LST)  VALUE       VALUE  FROM      YEAR
                                                  NORMAL
..................................................................
TEMPERATURE (F)
 YESTERDAY
  MAXIMUM         74    519 PM 102    2004  85    -11       95
  MINIMUM         48    632 AM  39    1887  56     -8       59
  AVERAGE         61                        71    -10       77

PRECIPITATION (IN)
  YESTERDAY        0.00          0.46 1964   0.01  -0.01     0.00
  MONTH TO DATE    0.16                      0.24  -0.08     0.45
  SINCE OCT 1     11.52                     11.15   0.37     7.56
  SINCE JAN 1      8.61                      7.50   1.11     4.91

SNOWFALL (IN)
  YESTERDAY        0.0           0.0  2006   0.0    0.0      0.0
  MONTH TO DATE    0.0                       0.0    0.0      0.0
  SINCE OCT 1     14.4                      19.2   -4.8     16.0
  SINCE JUL 1      0.0                       0.0    0.0      0.0
  SNOW DEPTH       0

DEGREE DAYS
 HEATING
  YESTERDAY        4                         1      3        0
  MONTH TO DATE    4                         6     -2        0
  SINCE JUN 1     40                        82    -42       35
  SINCE JUL 1      4                        18    -14        0

 COOLING
  YESTERDAY        0                         6     -6       12
  MONTH TO DATE  343                       309     34      418
  SINCE JUN 1    959                       790    169     1125
  SINCE JAN 1    983                       834    149     1172
..................................................................


WIND (MPH)
  HIGHEST WIND SPEED    16   HIGHEST WIND DIRECTION     N (340)
  HIGHEST GUST SPEED    26   HIGHEST GUST DIRECTION    NW (320)
  AVERAGE WIND SPEED     4.8


SKY COVER
  POSSIBLE SUNSHINE  MM
  AVERAGE SKY COVER 0.0


WEATHER CONDITIONS
 THE FOLLOWING WEATHER WAS RECORDED YESTERDAY.
  NO SIGNIFICANT WEATHER WAS OBSERVED.


RELATIVE HUMIDITY (PERCENT)
 HIGHEST    89           600 AM
 LOWEST     31           300 PM
 AVERAGE    60

..........................................................


THE BOISE ID CLIMATE NORMALS FOR TODAY
                         NORMAL    RECORD    YEAR
 MAXIMUM TEMPERATURE (F)   85       102      1945
 MINIMUM TEMPERATURE (F)   56        39      1892


SUNRISE AND SUNSET
SEPTEMBER  1 2014.....SUNRISE   709 AM MDT   SUNSET   820 PM MDT
SEPTEMBER  2 2014.....SUNRISE   710 AM MDT   SUNSET   818 PM MDT


-  INDICATES NEGATIVE NUMBERS.
R  INDICATES RECORD WAS SET OR TIED.
MM INDICATES DATA IS MISSING.
T  INDICATES TRACE AMOUNT.




$$
