000
CDUS45 KBOI 040930
CLIBOI


CLIMATE REPORT
NATIONAL WEATHER SERVICE BOISE ID
330 AM MDT TUE AUG 4 2015


...................................

...THE BOISE ID CLIMATE SUMMARY FOR AUGUST 3 2015...

CLIMATE NORMAL PERIOD 1981 TO 2010
CLIMATE RECORD PERIOD 1878 TO 2015


WEATHER ITEM   OBSERVED TIME   RECORD YEAR NORMAL DEPARTURE LAST
                VALUE   (LST)  VALUE       VALUE  FROM      YEAR
                                                  NORMAL
..................................................................
TEMPERATURE (F)
 YESTERDAY
  MAXIMUM         93    435 PM 105    1949  93      0       99
  MINIMUM         74   1159 PM  46    1988  62     12       70
                                      1900
  AVERAGE         84                        77      7       85

PRECIPITATION (IN)
  YESTERDAY        0.00          0.32 1922   0.00   0.00      T
  MONTH TO DATE    0.00                      0.02  -0.02      T
  SINCE OCT 1     11.84                     10.93   0.91    11.36
  SINCE JAN 1      5.93                      7.28  -1.35     8.45

SNOWFALL (IN)
  YESTERDAY        0.0           0.0  2006   0.0    0.0      0.0
  MONTH TO DATE    0.0                       0.0    0.0      0.0
  SINCE OCT 1     13.3                      19.2   -5.9     14.4
  SINCE JUL 1      0.0                       0.0    0.0      0.0
  SNOW DEPTH       0

DEGREE DAYS
 HEATING
  YESTERDAY        0                         0      0        0
  MONTH TO DATE    0                         0      0        0
  SINCE JUN 1      2                        72    -70       36
  SINCE JUL 1      0                         8     -8        0

 COOLING
  YESTERDAY       19                        12      7       20
  MONTH TO DATE   60                        36     24       58
  SINCE JUN 1    767                       517    250      674
  SINCE JAN 1    802                       561    241      698
..................................................................


WIND (MPH)
  HIGHEST WIND SPEED    18   HIGHEST WIND DIRECTION     W (280)
  HIGHEST GUST SPEED    23   HIGHEST GUST DIRECTION     W (280)
  AVERAGE WIND SPEED     4.6


SKY COVER
  POSSIBLE SUNSHINE  MM
  AVERAGE SKY COVER 0.1


WEATHER CONDITIONS
 THE FOLLOWING WEATHER WAS RECORDED YESTERDAY.
  HAZE


RELATIVE HUMIDITY (PERCENT)
 HIGHEST    37           300 AM
 LOWEST     19           300 PM
 AVERAGE    28

..........................................................


THE BOISE ID CLIMATE NORMALS FOR TODAY
                         NORMAL    RECORD    YEAR
 MAXIMUM TEMPERATURE (F)   93       110      1961
 MINIMUM TEMPERATURE (F)   62        44      1896


SUNRISE AND SUNSET
AUGUST  4 2015........SUNRISE   637 AM MDT   SUNSET   904 PM MDT
AUGUST  5 2015........SUNRISE   638 AM MDT   SUNSET   903 PM MDT


-  INDICATES NEGATIVE NUMBERS.
R  INDICATES RECORD WAS SET OR TIED.
MM INDICATES DATA IS MISSING.
T  INDICATES TRACE AMOUNT.




$$
