000
CDUS45 KBOI 240122
CLIBOI


CLIMATE REPORT
NATIONAL WEATHER SERVICE BOISE ID
722 PM MDT SAT JUL 23 2016


...................................

...THE BOISE ID CLIMATE SUMMARY FOR JULY 23 2016...
VALID TODAY AS OF 0600 PM LOCAL TIME.

CLIMATE NORMAL PERIOD 1981 TO 2010
CLIMATE RECORD PERIOD 1875 TO 2016


WEATHER ITEM   OBSERVED TIME   RECORD YEAR NORMAL DEPARTURE LAST
                VALUE   (LST)  VALUE       VALUE  FROM      YEAR
                                                  NORMAL
..................................................................
TEMPERATURE (F)
 TODAY
  MAXIMUM         86    442 PM 107    2003  93     -7       90
  MINIMUM         56    613 AM  42    1892  62     -6       62
  AVERAGE         71                        77     -6       76

PRECIPITATION (IN)
  TODAY            0.00          0.24 1913   0.01  -0.01      T
  MONTH TO DATE    0.27                      0.26   0.01     0.97
  SINCE OCT 1      9.31                     10.84  -1.53    11.84
  SINCE JAN 1      4.97                      7.19  -2.22     5.93

DEGREE DAYS
 HEATING
  TODAY            0                         0      0        0
  MONTH TO DATE    8                         4      4        0
  SINCE JUN 1     45                        68    -23        2
  SINCE JUL 1      8                         4      4        0

 COOLING
  TODAY            6                        12     -6       11
  MONTH TO DATE  207                       240    -33      293
  SINCE JUN 1    454                       379     75      631
  SINCE JAN 1    485                       423     62      666
..................................................................


WIND (MPH)
  HIGHEST WIND SPEED    18   HIGHEST WIND DIRECTION    NW (320)
  HIGHEST GUST SPEED    24   HIGHEST GUST DIRECTION    NW (310)
  AVERAGE WIND SPEED     8.9



WEATHER CONDITIONS
 THE FOLLOWING WEATHER WAS RECORDED TODAY.
  NO SIGNIFICANT WEATHER WAS OBSERVED.


RELATIVE HUMIDITY (PERCENT)
 HIGHEST    55           500 AM
 LOWEST     10           500 PM
 AVERAGE    33

..........................................................


THE BOISE ID CLIMATE NORMALS FOR TOMORROW
                         NORMAL    RECORD    YEAR
 MAXIMUM TEMPERATURE (F)   93       108      1933
 MINIMUM TEMPERATURE (F)   62        42      1883


SUNRISE AND SUNSET
JULY 23 2016..........SUNRISE   625 AM MDT   SUNSET   917 PM MDT
JULY 24 2016..........SUNRISE   626 AM MDT   SUNSET   916 PM MDT


-  INDICATES NEGATIVE NUMBERS.
R  INDICATES RECORD WAS SET OR TIED.
MM INDICATES DATA IS MISSING.
T  INDICATES TRACE AMOUNT.




$$
