154
CDUS41 KBOX 170941
CLIBOS


CLIMATE REPORT
NATIONAL WEATHER SERVICE TAUNTON MA
431 AM EST SAT FEB 17 2018


...................................

...THE BOSTON MA CLIMATE SUMMARY FOR FEBRUARY 16 2018...

CLIMATE NORMAL PERIOD 1981 TO 2010
CLIMATE RECORD PERIOD 1872 TO 2018


WEATHER ITEM   OBSERVED TIME   RECORD YEAR NORMAL DEPARTURE LAST
                VALUE   (LST)  VALUE       VALUE  FROM      YEAR
                                                  NORMAL
..................................................................
TEMPERATURE (F)
 YESTERDAY
  MAXIMUM         54   1222 PM  60    1910  39     15       35
                                      1882
  MINIMUM         34   1159 PM  -9    1943  25      9       27
  AVERAGE         44                        32     12       31

PRECIPITATION (IN)
  YESTERDAY        0.02          2.64 1958   0.12  -0.10     0.07
  MONTH TO DATE    2.46                      1.78   0.68     3.12
  SINCE DEC 1      9.87                      8.92   0.95    10.62
  SINCE JAN 1      7.38                      5.14   2.24     7.37

SNOWFALL (IN)
  YESTERDAY        0.0          19.3  1958   0.4   -0.4      1.6
  MONTH TO DATE    2.2                       6.2   -4.0     21.5
  SINCE DEC 1     29.2                      28.1    1.1     36.3
  SINCE JUL 1     29.2                      29.4   -0.2     36.3
  SNOW DEPTH      MM

DEGREE DAYS
 HEATING
  YESTERDAY       21                        33    -12       34
  MONTH TO DATE  494                       548    -54      553
  SINCE DEC 1   2670                      2603     67     2388
  SINCE JUL 1   3497                      3658   -161     3303

 COOLING
  YESTERDAY        0                         0      0        0
  MONTH TO DATE    0                         0      0        0
  SINCE DEC 1      0                         0      0        0
  SINCE JAN 1      0                         0      0        0
..................................................................


WIND (MPH)
  RESULTANT WIND SPEED   9   RESULTANT WIND DIRECTION   W (290)
  HIGHEST WIND SPEED    25   HIGHEST WIND DIRECTION    NW (310)
  HIGHEST GUST SPEED    33   HIGHEST GUST DIRECTION    NW (310)
  AVERAGE WIND SPEED    11.0


SKY COVER
  POSSIBLE SUNSHINE  MM
  AVERAGE SKY COVER 0.9


WEATHER CONDITIONS
 THE FOLLOWING WEATHER WAS RECORDED YESTERDAY.
  LIGHT RAIN
  FOG


RELATIVE HUMIDITY (PERCENT)
 HIGHEST   100           200 AM
 LOWEST     52           500 PM
 AVERAGE    76

..........................................................


THE BOSTON MA CLIMATE NORMALS FOR TODAY
                         NORMAL    RECORD    YEAR
 MAXIMUM TEMPERATURE (F)   39        61      1981
 MINIMUM TEMPERATURE (F)   25       -11      1896


SUNRISE AND SUNSET
FEBRUARY 17 2018......SUNRISE   638 AM EST   SUNSET   519 PM EST
FEBRUARY 18 2018......SUNRISE   636 AM EST   SUNSET   520 PM EST


-  INDICATES NEGATIVE NUMBERS.
R  INDICATES RECORD WAS SET OR TIED.
MM INDICATES DATA IS MISSING.
T  INDICATES TRACE AMOUNT.




$$
