000
CDUS41 KBOX 280613
CLIBOS


CLIMATE REPORT
NATIONAL WEATHER SERVICE TAUNTON MA
210 AM EDT WED SEP 28 2016


...................................

...THE BOSTON MA CLIMATE SUMMARY FOR SEPTEMBER 27 2016...

CLIMATE NORMAL PERIOD 1981 TO 2010
CLIMATE RECORD PERIOD 1872 TO 2016


WEATHER ITEM   OBSERVED TIME   RECORD YEAR NORMAL DEPARTURE LAST
                VALUE   (LST)  VALUE       VALUE  FROM      YEAR
                                                  NORMAL
..................................................................
TEMPERATURE (F)
 YESTERDAY
  MAXIMUM         72   1250 PM  86    1998  68      4       64
                                      1933
                                      1916
  MINIMUM         59    106 AM  37    1947  53      6       48
  AVERAGE         66                        61      5       56

PRECIPITATION (IN)
  YESTERDAY        0.22          2.37 1962   0.12   0.10     0.00
  MONTH TO DATE    1.25                      3.06  -1.81     1.43
  SINCE SEP 1      1.25                      3.06  -1.81     1.43
  SINCE JAN 1     21.51                     31.68 -10.17    24.21

SNOWFALL (IN)
  YESTERDAY        0.0           0.0  2015   0.0    0.0      0.0
  MONTH TO DATE    0.0                       0.0    0.0      0.0
  SINCE SEP 1      0.0                       0.0    0.0      0.0
  SINCE JUL 1      0.0                       0.0    0.0      0.0
  SNOW DEPTH      MM

DEGREE DAYS
 HEATING
  YESTERDAY        0                         5     -5        9
  MONTH TO DATE   26                        66    -40       33
  SINCE SEP 1     26                        66    -40       33
  SINCE JUL 1     33                        79    -46       34

 COOLING
  YESTERDAY        1                         1      0        0
  MONTH TO DATE  128                        77     51      152
  SINCE SEP 1    128                        77     51      152
  SINCE JAN 1   1022                       736    286      902
..................................................................


WIND (MPH)
  RESULTANT WIND SPEED   3   RESULTANT WIND DIRECTION  SE (130)
  HIGHEST WIND SPEED    12   HIGHEST WIND DIRECTION    SE (130)
  HIGHEST GUST SPEED    15   HIGHEST GUST DIRECTION     W (290)
  AVERAGE WIND SPEED     5.4


SKY COVER
  POSSIBLE SUNSHINE  MM
  AVERAGE SKY COVER 0.9


WEATHER CONDITIONS
 THE FOLLOWING WEATHER WAS RECORDED YESTERDAY.
  RAIN
  LIGHT RAIN
  FOG


RELATIVE HUMIDITY (PERCENT)
 HIGHEST   100           600 AM
 LOWEST     66           100 PM
 AVERAGE    83

..........................................................


THE BOSTON MA CLIMATE NORMALS FOR TODAY
                         NORMAL    RECORD    YEAR
 MAXIMUM TEMPERATURE (F)   68        90      1881
                                             1873
 MINIMUM TEMPERATURE (F)   53        37      1947


SUNRISE AND SUNSET
SEPTEMBER 28 2016.....SUNRISE   638 AM EDT   SUNSET   630 PM EDT
SEPTEMBER 29 2016.....SUNRISE   639 AM EDT   SUNSET   628 PM EDT


-  INDICATES NEGATIVE NUMBERS.
R  INDICATES RECORD WAS SET OR TIED.
MM INDICATES DATA IS MISSING.
T  INDICATES TRACE AMOUNT.




$$
