000
CDUS41 KBOX 240538
CLIBOS


CLIMATE REPORT
NATIONAL WEATHER SERVICE TAUNTON MA
138 AM EDT WED SEP 24 2014


...................................

...THE BOSTON MA CLIMATE SUMMARY FOR SEPTEMBER 23 2014...

CLIMATE NORMAL PERIOD 1981 TO 2010
CLIMATE RECORD PERIOD 1872 TO 2014


WEATHER ITEM   OBSERVED TIME   RECORD YEAR NORMAL DEPARTURE LAST
                VALUE   (LST)  VALUE       VALUE  FROM      YEAR
                                                  NORMAL
..................................................................
TEMPERATURE (F)
 YESTERDAY
  MAXIMUM         72    321 PM  96    1895  70      2       65
  MINIMUM         50    500 AM  35    1904  55     -5       50
                                      1875
  AVERAGE         61                        62     -1       58

PRECIPITATION (IN)
  YESTERDAY        0.00          2.64 1994   0.12  -0.12     0.00
  MONTH TO DATE    0.52                      2.56  -2.04     2.21
  SINCE SEP 1      0.52                      2.56  -2.04     2.21
  SINCE JAN 1     27.41                     31.18  -3.77    32.41

SNOWFALL (IN)
  YESTERDAY        0.0           0.0  2002   0.0    0.0      0.0
                                      2001
                                      2000
  MONTH TO DATE    0.0                       0.0    0.0      0.0
  SINCE SEP 1      0.0                       0.0    0.0      0.0
  SINCE JUL 1      0.0                       0.0    0.0      0.0
  SNOW DEPTH       0

DEGREE DAYS
 HEATING
  YESTERDAY        4                         4      0        7
  MONTH TO DATE   53                        47      6       42
  SINCE SEP 1     53                        47      6       42
  SINCE JUL 1     53                        60     -7       44

 COOLING
  YESTERDAY        0                         1     -1        0
  MONTH TO DATE  104                        73     31       82
  SINCE SEP 1    104                        73     31       82
  SINCE JAN 1    743                       732     11      903
..................................................................


WIND (MPH)
  RESULTANT WIND SPEED   6   RESULTANT WIND DIRECTION   W (280)
  HIGHEST WIND SPEED    15   HIGHEST WIND DIRECTION     W (270)
  HIGHEST GUST SPEED    21   HIGHEST GUST DIRECTION    NW (300)
  AVERAGE WIND SPEED     7.0


SKY COVER
  POSSIBLE SUNSHINE  MM
  AVERAGE SKY COVER 0.3


WEATHER CONDITIONS
 THE FOLLOWING WEATHER WAS RECORDED YESTERDAY.
  NO SIGNIFICANT WEATHER WAS OBSERVED.


RELATIVE HUMIDITY (PERCENT)
 HIGHEST    66           400 AM
 LOWEST     35           300 PM
 AVERAGE    51

..........................................................


THE BOSTON MA CLIMATE NORMALS FOR TODAY
                         NORMAL    RECORD    YEAR
 MAXIMUM TEMPERATURE (F)   70        90      1959
 MINIMUM TEMPERATURE (F)   54        39      1974
                                             1963
                                             1885


SUNRISE AND SUNSET
SEPTEMBER 24 2014.....SUNRISE   634 AM EDT   SUNSET   638 PM EDT
SEPTEMBER 25 2014.....SUNRISE   635 AM EDT   SUNSET   636 PM EDT


-  INDICATES NEGATIVE NUMBERS.
R  INDICATES RECORD WAS SET OR TIED.
MM INDICATES DATA IS MISSING.
T  INDICATES TRACE AMOUNT.




$$
