000
CDUS41 KBOX 290542
CLIBOS


CLIMATE REPORT
NATIONAL WEATHER SERVICE TAUNTON MA
138 AM EDT THU JUN 29 2017


...................................

...THE BOSTON MA CLIMATE SUMMARY FOR JUNE 28 2017...

CLIMATE NORMAL PERIOD 1981 TO 2010
CLIMATE RECORD PERIOD 1872 TO 2017


WEATHER ITEM   OBSERVED TIME   RECORD YEAR NORMAL DEPARTURE LAST
                VALUE   (LST)  VALUE       VALUE  FROM      YEAR
                                                  NORMAL
..................................................................
TEMPERATURE (F)
 YESTERDAY
  MAXIMUM         79    459 PM  97    1991  80     -1       79
                                      1901
  MINIMUM         58    408 AM  52    2015  63     -5       68
                                      1970
                                      1918
  AVERAGE         69                        71     -2       74

PRECIPITATION (IN)
  YESTERDAY        0.00          1.43 2015   0.09  -0.09     0.08
  MONTH TO DATE    4.78                      3.49   1.29     1.30
  SINCE JUN 1      4.78                      3.49   1.29     1.30
  SINCE JAN 1     25.61                     21.65   3.96    17.64

SNOWFALL (IN)
  YESTERDAY        0.0           0.0  2002   0.0    0.0      0.0
                                      2001
                                      2000
  MONTH TO DATE    0.0                       0.0    0.0      0.0
  SINCE JUN 1      0.0                       0.0    0.0      0.0
  SINCE JUL 1     47.6                      43.8    3.8     36.1
  SNOW DEPTH       0

DEGREE DAYS
 HEATING
  YESTERDAY        0                         1     -1        0
  MONTH TO DATE   50                        56     -6       17
  SINCE JUN 1     50                        56     -6       17
  SINCE JUL 1   5254                      5682   -428     4804

 COOLING
  YESTERDAY        4                         7     -3        9
  MONTH TO DATE  174                       122     52      107
  SINCE JUN 1    174                       122     52      107
  SINCE JAN 1    234                       152     82      152
..................................................................


WIND (MPH)
  RESULTANT WIND SPEED  10   RESULTANT WIND DIRECTION   W (280)
  HIGHEST WIND SPEED    15   HIGHEST WIND DIRECTION     W (280)
  HIGHEST GUST SPEED    22   HIGHEST GUST DIRECTION     W (280)
  AVERAGE WIND SPEED    11.0


SKY COVER
  POSSIBLE SUNSHINE  MM
  AVERAGE SKY COVER 0.2


WEATHER CONDITIONS
 THE FOLLOWING WEATHER WAS RECORDED YESTERDAY.
  NO SIGNIFICANT WEATHER WAS OBSERVED.


RELATIVE HUMIDITY (PERCENT)
 HIGHEST    80           200 AM
 LOWEST     32           500 PM
 AVERAGE    56

..........................................................


THE BOSTON MA CLIMATE NORMALS FOR TODAY
                         NORMAL    RECORD    YEAR
 MAXIMUM TEMPERATURE (F)   80        99      1933
 MINIMUM TEMPERATURE (F)   63        49      1919


SUNRISE AND SUNSET
JUNE 29 2017..........SUNRISE   510 AM EDT   SUNSET   825 PM EDT
JUNE 30 2017..........SUNRISE   511 AM EDT   SUNSET   825 PM EDT


-  INDICATES NEGATIVE NUMBERS.
R  INDICATES RECORD WAS SET OR TIED.
MM INDICATES DATA IS MISSING.
T  INDICATES TRACE AMOUNT.




$$
