000
CDUS41 KBOX 230543
CLIBOS


CLIMATE REPORT
NATIONAL WEATHER SERVICE TAUNTON MA
137 AM EDT TUE MAY 23 2017


...................................

...THE BOSTON MA CLIMATE SUMMARY FOR MAY 22 2017...

CLIMATE NORMAL PERIOD 1981 TO 2010
CLIMATE RECORD PERIOD 1872 TO 2017


WEATHER ITEM   OBSERVED TIME   RECORD YEAR NORMAL DEPARTURE LAST
                VALUE   (LST)  VALUE       VALUE  FROM      YEAR
                                                  NORMAL
..................................................................
TEMPERATURE (F)
 YESTERDAY
  MAXIMUM         56    307 AM  93    1959  68    -12       62
  MINIMUM         50   1229 PM  39    1894  52     -2       52
  AVERAGE         53                        60     -7       57

PRECIPITATION (IN)
  YESTERDAY        0.12          3.23 1920   0.12   0.00      T
  MONTH TO DATE    2.16                      2.34  -0.18     1.44
  SINCE MAR 1     12.07                     10.40   1.67     7.51
  SINCE JAN 1     19.54                     17.01   2.53    14.95

SNOWFALL (IN)
  YESTERDAY        0.0           0.0  2002   0.0    0.0      0.0
                                      2001
                                      2000
  MONTH TO DATE    0.0                       0.1   -0.1      0.0
  SINCE MAR 1     11.3                       9.8    1.5     10.7
  SINCE JUL 1     47.6                      43.9    3.7     36.1
  SNOW DEPTH       0

DEGREE DAYS
 HEATING
  YESTERDAY       12                         6      6        8
  MONTH TO DATE  232                       199     33      221
  SINCE MAR 1   1593                      1538     55     1444
  SINCE JUL 1   5132                      5580   -448     4774

 COOLING
  YESTERDAY        0                         1     -1        0
  MONTH TO DATE   41                         9     32        3
  SINCE MAR 1     60                        12     48        6
  SINCE JAN 1     60                        12     48        6
..................................................................


WIND (MPH)
  RESULTANT WIND SPEED   5   RESULTANT WIND DIRECTION   S (170)
  HIGHEST WIND SPEED    17   HIGHEST WIND DIRECTION     S (180)
  HIGHEST GUST SPEED    20   HIGHEST GUST DIRECTION     S (180)
  AVERAGE WIND SPEED     8.0


SKY COVER
  POSSIBLE SUNSHINE  MM
  AVERAGE SKY COVER 1.0


WEATHER CONDITIONS
 THE FOLLOWING WEATHER WAS RECORDED YESTERDAY.
  LIGHT RAIN
  FOG


RELATIVE HUMIDITY (PERCENT)
 HIGHEST   100           800 PM
 LOWEST     47           100 AM
 AVERAGE    74

..........................................................


THE BOSTON MA CLIMATE NORMALS FOR TODAY
                         NORMAL    RECORD    YEAR
 MAXIMUM TEMPERATURE (F)   68        93      1964
 MINIMUM TEMPERATURE (F)   52        40      1967
                                             1882
                                             1876


SUNRISE AND SUNSET
MAY 23 2017...........SUNRISE   515 AM EDT   SUNSET   807 PM EDT
MAY 24 2017...........SUNRISE   515 AM EDT   SUNSET   808 PM EDT


-  INDICATES NEGATIVE NUMBERS.
R  INDICATES RECORD WAS SET OR TIED.
MM INDICATES DATA IS MISSING.
T  INDICATES TRACE AMOUNT.




$$
