000
CDUS45 KRIW 270739
CLIBPI


CLIMATE REPORT
NATIONAL WEATHER SERVICE RIVERTON WY
1239 AM MST TUE JAN 27 2015


...................................

...THE BIG PINEY WY CLIMATE SUMMARY FOR JANUARY 26 2015...

CLIMATE NORMAL PERIOD 1981 TO 2010
CLIMATE RECORD PERIOD 1976 TO 2015


WEATHER ITEM   OBSERVED TIME   RECORD YEAR NORMAL DEPARTURE LAST
                VALUE   (LST)  VALUE       VALUE  FROM      YEAR
                                                  NORMAL
..................................................................
TEMPERATURE (F)
 YESTERDAY
  MAXIMUM         44R   330 PM  41    1994  26     18       39
                                      1988
  MINIMUM         14    717 AM -25    1996  -4     18       10
  AVERAGE         29                        11     18       25

PRECIPITATION (IN)
  YESTERDAY        0.00          0.05 1997   0.01  -0.01     0.00
  MONTH TO DATE    0.01                      0.27  -0.26     0.01
  SINCE DEC 1      0.13                      0.57  -0.44     0.20
  SINCE JAN 1      0.01                      0.27  -0.26     0.01

DEGREE DAYS
 HEATING
  YESTERDAY       36                        54    -18       40
  MONTH TO DATE 1237                      1404   -167     1227
  SINCE DEC 1   2621                      3028   -407     2881
  SINCE JUL 1   4849                      5843   -994     5346

 COOLING
  YESTERDAY        0                         0      0        0
  MONTH TO DATE    0                         0      0        0
  SINCE DEC 1      0                         0      0        0
  SINCE JAN 1      0                         0      0        0
..................................................................


WIND (MPH)
  HIGHEST WIND SPEED    16   HIGHEST WIND DIRECTION     N (10)
  HIGHEST GUST SPEED    19   HIGHEST GUST DIRECTION     N (10)
  AVERAGE WIND SPEED     5.0


SKY COVER
  POSSIBLE SUNSHINE  MM
  AVERAGE SKY COVER 0.0


WEATHER CONDITIONS
 THE FOLLOWING WEATHER WAS RECORDED YESTERDAY.
  NO SIGNIFICANT WEATHER WAS OBSERVED.


RELATIVE HUMIDITY (PERCENT)
 HIGHEST    92           600 AM
 LOWEST     51           200 PM
 AVERAGE    72

..........................................................


THE BIG PINEY WY CLIMATE NORMALS FOR TODAY
                         NORMAL    RECORD    YEAR
 MAXIMUM TEMPERATURE (F)   26        44      1988
                                             1987
 MINIMUM TEMPERATURE (F)   -2       -29      2009


SUNRISE AND SUNSET
JANUARY 27 2015.......SUNRISE   739 AM MST   SUNSET   527 PM MST
JANUARY 28 2015.......SUNRISE   739 AM MST   SUNSET   529 PM MST


-  INDICATES NEGATIVE NUMBERS.
R  INDICATES RECORD WAS SET OR TIED.
MM INDICATES DATA IS MISSING.
T  INDICATES TRACE AMOUNT.




$$
