000
CDUS45 KRIW 270739
CLIBPI


CLIMATE REPORT
NATIONAL WEATHER SERVICE RIVERTON WY
139 AM MDT WED MAY 27 2015


...................................

...THE BIG PINEY WY CLIMATE SUMMARY FOR MAY 26 2015...

CLIMATE NORMAL PERIOD 1981 TO 2010
CLIMATE RECORD PERIOD 1976 TO 2015


WEATHER ITEM   OBSERVED TIME   RECORD YEAR NORMAL DEPARTURE LAST
                VALUE   (LST)  VALUE       VALUE  FROM      YEAR
                                                  NORMAL
..................................................................
TEMPERATURE (F)
 YESTERDAY
  MAXIMUM         59   1248 PM  80    2003  65     -6       76
  MINIMUM         35    456 AM  23    1977  33      2       37
  AVERAGE         47                        49     -2       57

PRECIPITATION (IN)
  YESTERDAY        T             0.28 1981   0.03  -0.03     0.00
  MONTH TO DATE    2.05                      0.70   1.35     0.73
  SINCE MAR 1      2.67                      1.67   1.00     1.10
  SINCE JAN 1      2.73                      2.33   0.40     1.14

DEGREE DAYS
 HEATING
  YESTERDAY       18                        16      2        8
  MONTH TO DATE  505                       519    -14      464
  SINCE MAR 1   2215                      2527   -312     2382
  SINCE JUL 1   8315                     10050  -1735     9326

 COOLING
  YESTERDAY        0                         0      0        0
  MONTH TO DATE    0                         0      0        0
  SINCE MAR 1      0                         0      0        0
  SINCE JAN 1      0                         0      0        0
..................................................................


WIND (MPH)
  HIGHEST WIND SPEED    17   HIGHEST WIND DIRECTION    NW (320)
  HIGHEST GUST SPEED    20   HIGHEST GUST DIRECTION    NW (320)
  AVERAGE WIND SPEED     4.7


SKY COVER
  POSSIBLE SUNSHINE  MM
  AVERAGE SKY COVER 0.6


WEATHER CONDITIONS
 THE FOLLOWING WEATHER WAS RECORDED YESTERDAY.
  THUNDERSTORM
  LIGHT RAIN


RELATIVE HUMIDITY (PERCENT)
 HIGHEST    93          1000 PM
 LOWEST     47          1200 PM
 AVERAGE    70

..........................................................


THE BIG PINEY WY CLIMATE NORMALS FOR TODAY
                         NORMAL    RECORD    YEAR
 MAXIMUM TEMPERATURE (F)   65        82      2003
 MINIMUM TEMPERATURE (F)   33        25      2011
                                             1983


SUNRISE AND SUNSET
MAY 27 2015...........SUNRISE   548 AM MDT   SUNSET   847 PM MDT
MAY 28 2015...........SUNRISE   548 AM MDT   SUNSET   848 PM MDT


-  INDICATES NEGATIVE NUMBERS.
R  INDICATES RECORD WAS SET OR TIED.
MM INDICATES DATA IS MISSING.
T  INDICATES TRACE AMOUNT.




$$
