000
CDUS45 KRIW 230743
CLIBPI


CLIMATE REPORT
NATIONAL WEATHER SERVICE RIVERTON WY
1241 AM MST MON JAN 23 2017


...................................

...THE BIG PINEY WY CLIMATE SUMMARY FOR JANUARY 22 2017...

CLIMATE NORMAL PERIOD 1981 TO 2010
CLIMATE RECORD PERIOD 1976 TO 2017


WEATHER ITEM   OBSERVED TIME   RECORD YEAR NORMAL DEPARTURE LAST
                VALUE   (LST)  VALUE       VALUE  FROM      YEAR
                                                  NORMAL
..................................................................
TEMPERATURE (F)
 YESTERDAY
  MAXIMUM         16   1022 PM  46    1994  26    -10       30
  MINIMUM         -5    500 AM -27    2008  -4     -1       -1
  AVERAGE          6                        11     -5       15

PRECIPITATION (IN)
  YESTERDAY        0.09R         0.09 2010   0.01   0.08     0.00
  MONTH TO DATE    0.62                      0.23   0.39     0.04
  SINCE DEC 1      1.17                      0.53   0.64     0.15
  SINCE JAN 1      0.62                      0.23   0.39     0.04

DEGREE DAYS
 HEATING
  YESTERDAY       59                        54      5       50
  MONTH TO DATE 1411                      1188    223     1147
  SINCE DEC 1   3139                      2812    327     2819
  SINCE JUL 1   5588                      5627    -39     5300

 COOLING
  YESTERDAY        0                         0      0        0
  MONTH TO DATE    0                         0      0        0
  SINCE DEC 1      0                         0      0        0
  SINCE JAN 1      0                         0      0        0
..................................................................


WIND (MPH)
  HIGHEST WIND SPEED    10   HIGHEST WIND DIRECTION     E (70)
  HIGHEST GUST SPEED    13   HIGHEST GUST DIRECTION    NE (50)
  AVERAGE WIND SPEED     3.2


SKY COVER
  POSSIBLE SUNSHINE  MM
  AVERAGE SKY COVER 0.7


WEATHER CONDITIONS
 THE FOLLOWING WEATHER WAS RECORDED YESTERDAY.
  LIGHT SNOW
  FOG


RELATIVE HUMIDITY (PERCENT)
 HIGHEST   100           800 AM
 LOWEST     80           400 PM
 AVERAGE    90

..........................................................


THE BIG PINEY WY CLIMATE NORMALS FOR TODAY
                         NORMAL    RECORD    YEAR
 MAXIMUM TEMPERATURE (F)   26        45      1977
 MINIMUM TEMPERATURE (F)   -4       -33      1984


SUNRISE AND SUNSET
JANUARY 23 2017.......SUNRISE   742 AM MST   SUNSET   523 PM MST
JANUARY 24 2017.......SUNRISE   742 AM MST   SUNSET   524 PM MST


-  INDICATES NEGATIVE NUMBERS.
R  INDICATES RECORD WAS SET OR TIED.
MM INDICATES DATA IS MISSING.
T  INDICATES TRACE AMOUNT.




$$
