000
CDUS45 KRIW 260755
CLIBPI


CLIMATE REPORT
NATIONAL WEATHER SERVICE RIVERTON WY
153 AM MDT SUN OCT 26 2014


...................................

...THE BIG PINEY WY CLIMATE SUMMARY FOR OCTOBER 25 2014...

CLIMATE NORMAL PERIOD 1981 TO 2010
CLIMATE RECORD PERIOD 1976 TO 2014


WEATHER ITEM   OBSERVED TIME   RECORD YEAR NORMAL DEPARTURE LAST
                VALUE   (LST)  VALUE       VALUE  FROM      YEAR
                                                  NORMAL
..................................................................
TEMPERATURE (F)
 YESTERDAY
  MAXIMUM         69R   258 PM  68    1999  51     18       65
  MINIMUM         21    626 AM   0    2001  18      3       21
  AVERAGE         45                        35     10       43

PRECIPITATION (IN)
  YESTERDAY        0.00          0.08 2006   0.01  -0.01     0.00
  MONTH TO DATE    0.08                      0.47  -0.39     0.32
  SINCE SEP 1      1.24                      1.25  -0.01     1.15
  SINCE JAN 1      4.61                      5.91  -1.30     4.15

DEGREE DAYS
 HEATING
  YESTERDAY       20                        30    -10       22
  MONTH TO DATE  518                       638   -120      649
  SINCE SEP 1    872                      1096   -224      986
  SINCE JUL 1   1101                      1389   -288     1087

 COOLING
  YESTERDAY        0                         0      0        0
  MONTH TO DATE    0                         0      0        0
  SINCE SEP 1      0                         0      0        5
  SINCE JAN 1     26                        35     -9       89
..................................................................


WIND (MPH)
  HIGHEST WIND SPEED    22   HIGHEST WIND DIRECTION    SW (210)
  HIGHEST GUST SPEED    27   HIGHEST GUST DIRECTION     S (190)
  AVERAGE WIND SPEED     6.8


SKY COVER
  POSSIBLE SUNSHINE  MM
  AVERAGE SKY COVER 0.0


WEATHER CONDITIONS
 THE FOLLOWING WEATHER WAS RECORDED YESTERDAY.
  LIGHT RAIN


RELATIVE HUMIDITY (PERCENT)
 HIGHEST    77           600 AM
 LOWEST     16           300 PM
 AVERAGE    47

..........................................................


THE BIG PINEY WY CLIMATE NORMALS FOR TODAY
                         NORMAL    RECORD    YEAR
 MAXIMUM TEMPERATURE (F)   51        69      1999
 MINIMUM TEMPERATURE (F)   18         1      2001


SUNRISE AND SUNSET
OCTOBER 26 2014.......SUNRISE   747 AM MDT   SUNSET   621 PM MDT
OCTOBER 27 2014.......SUNRISE   748 AM MDT   SUNSET   620 PM MDT


-  INDICATES NEGATIVE NUMBERS.
R  INDICATES RECORD WAS SET OR TIED.
MM INDICATES DATA IS MISSING.
T  INDICATES TRACE AMOUNT.




$$
