000
CDUS45 KRIW 130727
CLIBPI


CLIMATE REPORT
NATIONAL WEATHER SERVICE RIVERTON WY
1226 AM MST WED DEC 13 2017


...................................

...THE BIG PINEY WY CLIMATE SUMMARY FOR DECEMBER 12 2017...

CLIMATE NORMAL PERIOD 1981 TO 2010
CLIMATE RECORD PERIOD 1976 TO 2017


WEATHER ITEM   OBSERVED TIME   RECORD YEAR NORMAL DEPARTURE LAST
                VALUE   (LST)  VALUE       VALUE  FROM      YEAR
                                                  NORMAL
..................................................................
TEMPERATURE (F)
 YESTERDAY
  MAXIMUM         57R   319 PM  46    2004  26     31       27
  MINIMUM          9    734 AM -21    2007   1      8        0
  AVERAGE         33                        13     20       14

PRECIPITATION (IN)
  YESTERDAY        0.00          0.13 1996   0.01  -0.01     0.01
  MONTH TO DATE    T                         0.11  -0.11     0.13
  SINCE DEC 1      T                         0.11  -0.11     0.13
  SINCE JAN 1      9.08                      6.29   2.79    12.17

DEGREE DAYS
 HEATING
  YESTERDAY       32                        52    -20       51
  MONTH TO DATE  451                       609   -158      648
  SINCE DEC 1    451                       609   -158      648
  SINCE JUL 1   3007                      3424   -417     3097

 COOLING
  YESTERDAY        0                         0      0        0
  MONTH TO DATE    0                         0      0        0
  SINCE DEC 1      0                         0      0        0
  SINCE JAN 1     27                        35     -8       23
..................................................................


WIND (MPH)
  HIGHEST WIND SPEED    14   HIGHEST WIND DIRECTION     N (360)
  HIGHEST GUST SPEED    18   HIGHEST GUST DIRECTION    NW (330)
  AVERAGE WIND SPEED     4.4


SKY COVER
  POSSIBLE SUNSHINE  MM
  AVERAGE SKY COVER 0.0


WEATHER CONDITIONS
 THE FOLLOWING WEATHER WAS RECORDED YESTERDAY.
  NO SIGNIFICANT WEATHER WAS OBSERVED.


RELATIVE HUMIDITY (PERCENT)
 HIGHEST    73           500 AM
 LOWEST      7           400 PM
 AVERAGE    40

..........................................................


THE BIG PINEY WY CLIMATE NORMALS FOR TODAY
                         NORMAL    RECORD    YEAR
 MAXIMUM TEMPERATURE (F)   26        42      2014
 MINIMUM TEMPERATURE (F)   -1       -15      1982


SUNRISE AND SUNSET
DECEMBER 13 2017......SUNRISE   742 AM MST   SUNSET   447 PM MST
DECEMBER 14 2017......SUNRISE   743 AM MST   SUNSET   448 PM MST


-  INDICATES NEGATIVE NUMBERS.
R  INDICATES RECORD WAS SET OR TIED.
MM INDICATES DATA IS MISSING.
T  INDICATES TRACE AMOUNT.




$$
