000
CDUS45 KRIW 290732
CLIBPI


CLIMATE REPORT
NATIONAL WEATHER SERVICE RIVERTON WY
132 AM MDT MON AUG 29 2016


...................................

...THE BIG PINEY WY CLIMATE SUMMARY FOR AUGUST 28 2016...

CLIMATE NORMAL PERIOD 1981 TO 2010
CLIMATE RECORD PERIOD 1976 TO 2016


WEATHER ITEM   OBSERVED TIME   RECORD YEAR NORMAL DEPARTURE LAST
                VALUE   (LST)  VALUE       VALUE  FROM      YEAR
                                                  NORMAL
..................................................................
TEMPERATURE (F)
 YESTERDAY
  MAXIMUM         81    401 PM  88    2012  76      5       83
  MINIMUM         32    551 AM  26    1976  37     -5       36
  AVERAGE         57                        56      1       60

PRECIPITATION (IN)
  YESTERDAY        0.00          0.11 2010   0.03  -0.03     0.00
  MONTH TO DATE    0.45                      0.62  -0.17     0.39
  SINCE JUN 1      1.43                      2.12  -0.69     2.35
  SINCE JAN 1      7.48                      4.59   2.89     5.33

DEGREE DAYS
 HEATING
  YESTERDAY        8                         9     -1        5
  MONTH TO DATE  168                       149     19      109
  SINCE JUN 1    450                       571   -121      402
  SINCE JUL 1    272                       266      6      267

 COOLING
  YESTERDAY        0                         0      0        0
  MONTH TO DATE    2                        12    -10       10
  SINCE JUN 1     23                        36    -13       52
  SINCE JAN 1     23                        36    -13       52
..................................................................


WIND (MPH)
  HIGHEST WIND SPEED    17   HIGHEST WIND DIRECTION     N (340)
  HIGHEST GUST SPEED    24   HIGHEST GUST DIRECTION    NW (320)
  AVERAGE WIND SPEED     6.5


SKY COVER
  POSSIBLE SUNSHINE  MM
  AVERAGE SKY COVER 0.0


WEATHER CONDITIONS
 THE FOLLOWING WEATHER WAS RECORDED YESTERDAY.
  NO SIGNIFICANT WEATHER WAS OBSERVED.


RELATIVE HUMIDITY (PERCENT)
 HIGHEST    75           500 AM
 LOWEST     12           300 PM
 AVERAGE    44

..........................................................


THE BIG PINEY WY CLIMATE NORMALS FOR TODAY
                         NORMAL    RECORD    YEAR
 MAXIMUM TEMPERATURE (F)   75        87      2012
                                             2005
 MINIMUM TEMPERATURE (F)   37        26      1989


SUNRISE AND SUNSET
AUGUST 29 2016........SUNRISE   643 AM MDT   SUNSET   759 PM MDT
AUGUST 30 2016........SUNRISE   644 AM MDT   SUNSET   757 PM MDT


-  INDICATES NEGATIVE NUMBERS.
R  INDICATES RECORD WAS SET OR TIED.
MM INDICATES DATA IS MISSING.
T  INDICATES TRACE AMOUNT.




$$
