000
CDUS44 KLCH 260828
CLIBPT


CLIMATE REPORT
NATIONAL WEATHER SERVICE LAKE CHARLES, LA
227 AM CST FRI DEC 26 2014


...................................

...THE BEAUMONT PORT ARTHUR CLIMATE SUMMARY FOR DECEMBER 25 2014...

CLIMATE NORMAL PERIOD 1981 TO 2010
CLIMATE RECORD PERIOD 1901 TO 2014


WEATHER ITEM   OBSERVED TIME   RECORD YEAR NORMAL DEPARTURE LAST
                VALUE   (LST)  VALUE       VALUE  FROM      YEAR
                                                  NORMAL
..................................................................
TEMPERATURE (F)
 YESTERDAY
  MAXIMUM         64    211 PM  80    1982  62      2       58
  MINIMUM         35    728 AM  15    1983  44     -9       36
  AVERAGE         50                        53     -3       47

PRECIPITATION (IN)
  YESTERDAY        0.00          2.80 1916   0.18  -0.18     0.00
  MONTH TO DATE    2.54                      4.21  -1.67     1.29
  SINCE DEC 1      2.54                      4.21  -1.67     1.29
  SINCE JAN 1     51.25                     59.39  -8.14    56.12

SNOWFALL (IN)
  YESTERDAY        0.0           T    1953   0.0    0.0      0.0
  MONTH TO DATE    0.0                       0.0    0.0      0.0
  SINCE DEC 1      0.0                       0.0    0.0      0.0
  SINCE JUL 1      0.0                       0.0    0.0      0.0
  SNOW DEPTH       0

DEGREE DAYS
 HEATING
  YESTERDAY       15                        13      2       18
  MONTH TO DATE  173                       278   -105      316
  SINCE DEC 1    173                       278   -105      316
  SINCE JUL 1    410                       473    -63      558

 COOLING
  YESTERDAY        0                         1     -1        0
  MONTH TO DATE   20                        25     -5       24
  SINCE DEC 1     20                        25     -5       24
  SINCE JAN 1   2931                      2880     51     3019
..................................................................


WIND (MPH)
  HIGHEST WIND SPEED    18   HIGHEST WIND DIRECTION    SE (150)
  HIGHEST GUST SPEED    25   HIGHEST GUST DIRECTION    SE (150)
  AVERAGE WIND SPEED     7.6


SKY COVER
  POSSIBLE SUNSHINE  MM
  AVERAGE SKY COVER 0.1


WEATHER CONDITIONS
 THE FOLLOWING WEATHER WAS RECORDED YESTERDAY.
  NO SIGNIFICANT WEATHER WAS OBSERVED.


RELATIVE HUMIDITY (PERCENT)
 HIGHEST    92          1200 AM
 LOWEST     44          1200 PM
 AVERAGE    68

..........................................................


THE BEAUMONT PORT ARTHUR CLIMATE NORMALS FOR TODAY
                         NORMAL    RECORD    YEAR
 MAXIMUM TEMPERATURE (F)   62        78      1987
                                             1922
 MINIMUM TEMPERATURE (F)   43        21      1983


SUNRISE AND SUNSET
DECEMBER 26 2014......SUNRISE   710 AM CST   SUNSET   524 PM CST
DECEMBER 27 2014......SUNRISE   710 AM CST   SUNSET   524 PM CST


-  INDICATES NEGATIVE NUMBERS.
R  INDICATES RECORD WAS SET OR TIED.
MM INDICATES DATA IS MISSING.
T  INDICATES TRACE AMOUNT.




$$
