000
CDUS44 KLCH 022216
CLIBPT


CLIMATE REPORT
NATIONAL WEATHER SERVICE LAKE CHARLES, LA
515 PM CDT SUN AUG 2 2015


...................................

...THE BEAUMONT PORT ARTHUR CLIMATE SUMMARY FOR AUGUST 2 2015...
VALID TODAY AS OF 0500 PM LOCAL TIME.

CLIMATE NORMAL PERIOD 1981 TO 2010
CLIMATE RECORD PERIOD 1901 TO 2015


WEATHER ITEM   OBSERVED TIME   RECORD YEAR NORMAL DEPARTURE LAST
                VALUE   (LST)  VALUE       VALUE  FROM      YEAR
                                                  NORMAL
..................................................................
TEMPERATURE (F)
 TODAY
  MAXIMUM         99    303 PM 102    1944  93      6       85
  MINIMUM         70    439 AM  66    1948  74     -4       71
  AVERAGE         85                        83      2       78

PRECIPITATION (IN)
  TODAY            0.00          1.35 1954   0.16  -0.16     0.00
  MONTH TO DATE    0.00                      0.33  -0.33     0.12
  SINCE JUN 1      7.77                     13.37  -5.60    17.87
  SINCE JAN 1     41.75                     34.18   7.57    30.32

SNOWFALL (IN)
  TODAY            0.0           0.0    MM   0.0    0.0      0.0
  MONTH TO DATE    0.0                       0.0    0.0      0.0
  SINCE JUN 1      0.0                       0.0    0.0      0.0
  SINCE JUL 1      0.0                       0.0    0.0      0.0
  SNOW DEPTH       0

DEGREE DAYS
 HEATING
  TODAY            0                         0      0        0
  MONTH TO DATE    0                         0      0        0
  SINCE JUN 1      0                         0      0        0
  SINCE JUL 1      0                         0      0        0

 COOLING
  TODAY           20                        18      2       13
  MONTH TO DATE   41                        36      5       30
  SINCE JUN 1   1179                      1076    103     1092
  SINCE JAN 1   1904                      1642    262     1586
..................................................................


WIND (MPH)
  HIGHEST WIND SPEED    15   HIGHEST WIND DIRECTION     E (90)
  HIGHEST GUST SPEED    27   HIGHEST GUST DIRECTION    NW (320)
  AVERAGE WIND SPEED     5.0


SKY COVER
  POSSIBLE SUNSHINE  MM
  AVERAGE SKY COVER 0.0


WEATHER CONDITIONS
 THE FOLLOWING WEATHER WAS RECORDED TODAY.
  NO SIGNIFICANT WEATHER WAS OBSERVED.


RELATIVE HUMIDITY (PERCENT)
 HIGHEST    93          1200 AM
 LOWEST     29           100 PM
 AVERAGE    61

..........................................................


THE BEAUMONT PORT ARTHUR CLIMATE NORMALS FOR TOMORROW
                         NORMAL    RECORD    YEAR
 MAXIMUM TEMPERATURE (F)   93       102      1902
 MINIMUM TEMPERATURE (F)   74        68      1976


SUNRISE AND SUNSET
AUGUST  2 2015........SUNRISE   636 AM CDT   SUNSET   809 PM CDT
AUGUST  3 2015........SUNRISE   636 AM CDT   SUNSET   808 PM CDT


-  INDICATES NEGATIVE NUMBERS.
R  INDICATES RECORD WAS SET OR TIED.
MM INDICATES DATA IS MISSING.
T  INDICATES TRACE AMOUNT.




$$
