000
CDUS43 KDVN 260911
CLIBRL


CLIMATE REPORT
NATIONAL WEATHER SERVICE QUAD CITIES IA IL
409 AM CDT SUN MAR 26 2017


...................................

...THE BURLINGTON IA CLIMATE SUMMARY FOR MARCH 25 2017...

CLIMATE NORMAL PERIOD 1981 TO 2010
CLIMATE RECORD PERIOD 1897 TO 2017


WEATHER ITEM   OBSERVED TIME   RECORD YEAR NORMAL DEPARTURE LAST
                VALUE   (LST)  VALUE       VALUE  FROM      YEAR
                                                  NORMAL
..................................................................
TEMPERATURE (F)
 YESTERDAY
  MAXIMUM         60    610 PM  84    1907  56      4       52
  MINIMUM         45   1023 AM   5    1960  35     10       25
  AVERAGE         53                        46      7       39

PRECIPITATION (IN)
  YESTERDAY        0.24         MM      MM   0.09   0.15     0.00
  MONTH TO DATE    1.43                      2.20  -0.77     2.37
  SINCE MAR 1      1.43                      2.20  -0.77     2.37
  SINCE JAN 1      3.29                      5.06  -1.77     3.75

DEGREE DAYS
 HEATING
  YESTERDAY       12                        20     -8       26
  MONTH TO DATE  584                       620    -36      484
  SINCE MAR 1    584                       620    -36      484
  SINCE JUL 1   4278                      4998   -720     4366

 COOLING
  YESTERDAY        0                         0      0        0
  MONTH TO DATE    0                         0      0        1
  SINCE MAR 1      0                         0      0        1
  SINCE JAN 1      0                         0      0        1
..................................................................


WIND (MPH)
  HIGHEST WIND SPEED    22   HIGHEST WIND DIRECTION    NE (50)
  HIGHEST GUST SPEED    28   HIGHEST GUST DIRECTION    NE (50)
  AVERAGE WIND SPEED    10.8


SKY COVER
  POSSIBLE SUNSHINE  MM
  AVERAGE SKY COVER 1.0


WEATHER CONDITIONS
 THE FOLLOWING WEATHER WAS RECORDED YESTERDAY.
  RAIN
  LIGHT RAIN
  FOG
  HAZE


RELATIVE HUMIDITY (PERCENT)
 HIGHEST   100          1200 AM
 LOWEST     80           200 PM
 AVERAGE    90

..........................................................


THE BURLINGTON IA CLIMATE NORMALS FOR TODAY
                         NORMAL    RECORD    YEAR
 MAXIMUM TEMPERATURE (F)   57        84      1991
 MINIMUM TEMPERATURE (F)   35         3      1955


SUNRISE AND SUNSET
MARCH 26 2017.........SUNRISE   657 AM CDT   SUNSET   723 PM CDT
MARCH 27 2017.........SUNRISE   656 AM CDT   SUNSET   724 PM CDT


-  INDICATES NEGATIVE NUMBERS.
R  INDICATES RECORD WAS SET OR TIED.
MM INDICATES DATA IS MISSING.
T  INDICATES TRACE AMOUNT.




$$
