000
CDUS43 KDVN 220920
CLIBRL


CLIMATE REPORT
NATIONAL WEATHER SERVICE QUAD CITIES IA IL
419 AM CDT WED OCT 22 2014


...................................

...THE BURLINGTON IA CLIMATE SUMMARY FOR OCTOBER 21 2014...

CLIMATE NORMAL PERIOD 1981 TO 2010
CLIMATE RECORD PERIOD 1897 TO 2014


WEATHER ITEM   OBSERVED TIME   RECORD YEAR NORMAL DEPARTURE LAST
                VALUE   (LST)  VALUE       VALUE  FROM      YEAR
                                                  NORMAL
..................................................................
TEMPERATURE (F)
 YESTERDAY
  MAXIMUM         61    330 PM  87    1899  64     -3       52
  MINIMUM         38    510 AM  23    1916  43     -5       31
  AVERAGE         50                        54     -4       42

PRECIPITATION (IN)
  YESTERDAY        0.00         MM      MM   0.10  -0.10     0.03
  MONTH TO DATE    4.13                      2.17   1.96     0.37
  SINCE SEP 1      9.27                      5.69   3.58     1.57
  SINCE JAN 1     38.34                     32.94   5.40    28.63

DEGREE DAYS
 HEATING
  YESTERDAY       15                        12      3       23
  MONTH TO DATE  218                       186     32      168
  SINCE SEP 1    319                       253     66      209
  SINCE JUL 1    326                       257     69      220

 COOLING
  YESTERDAY        0                         0      0        0
  MONTH TO DATE    0                        19    -19       33
  SINCE SEP 1     83                       158    -75      214
  SINCE JAN 1    937                      1201   -264     1115
..................................................................


WIND (MPH)
  HIGHEST WIND SPEED    14   HIGHEST WIND DIRECTION     N (20)
  HIGHEST GUST SPEED    18   HIGHEST GUST DIRECTION     N (20)
  AVERAGE WIND SPEED     7.0


SKY COVER
  POSSIBLE SUNSHINE  MM
  AVERAGE SKY COVER 0.0


WEATHER CONDITIONS
 THE FOLLOWING WEATHER WAS RECORDED YESTERDAY.
  NO SIGNIFICANT WEATHER WAS OBSERVED.


RELATIVE HUMIDITY (PERCENT)
 HIGHEST   100           500 AM
 LOWEST     51           100 PM
 AVERAGE    76

..........................................................


THE BURLINGTON IA CLIMATE NORMALS FOR TODAY
                         NORMAL    RECORD    YEAR
 MAXIMUM TEMPERATURE (F)   64        85      1963
 MINIMUM TEMPERATURE (F)   43        22      1997


SUNRISE AND SUNSET
OCTOBER 22 2014.......SUNRISE   723 AM CDT   SUNSET   614 PM CDT
OCTOBER 23 2014.......SUNRISE   725 AM CDT   SUNSET   612 PM CDT


-  INDICATES NEGATIVE NUMBERS.
R  INDICATES RECORD WAS SET OR TIED.
MM INDICATES DATA IS MISSING.
T  INDICATES TRACE AMOUNT.




$$
