000
CDUS43 KDVN 281009
CLIBRL


CLIMATE REPORT
NATIONAL WEATHER SERVICE QUAD CITIES IA IL
408 AM CST SAT FEB 28 2015


...................................

...THE BURLINGTON IA CLIMATE SUMMARY FOR FEBRUARY 27 2015...

CLIMATE NORMAL PERIOD 1981 TO 2010
CLIMATE RECORD PERIOD 1897 TO 2015


WEATHER ITEM   OBSERVED TIME   RECORD YEAR NORMAL DEPARTURE LAST
                VALUE   (LST)  VALUE       VALUE  FROM      YEAR
                                                  NORMAL
..................................................................
TEMPERATURE (F)
 YESTERDAY
  MAXIMUM         13    431 PM  72    1976  43    -30       23
  MINIMUM        -15R   658 AM  -7    1934  25    -40        3
  AVERAGE         -1                        34    -35       13

PRECIPITATION (IN)
  YESTERDAY        0.00         MM      MM   0.07  -0.07     0.00
  MONTH TO DATE    0.88                      1.54  -0.66     3.29
  SINCE DEC 1      3.08                      4.87  -1.79     5.45
  SINCE JAN 1      2.42                      2.78  -0.36     4.37

DEGREE DAYS
 HEATING
  YESTERDAY       66                        31     35       52
  MONTH TO DATE 1274                       946    328     1307
  SINCE DEC 1   3497                      3274    223     4045
  SINCE JUL 1   4874                      4347    527     5282

 COOLING
  YESTERDAY        0                         0      0        0
  MONTH TO DATE    0                         0      0        0
  SINCE DEC 1      0                         0      0        0
  SINCE JAN 1      0                         0      0        0
..................................................................


WIND (MPH)
  HIGHEST WIND SPEED    12   HIGHEST WIND DIRECTION    NW (320)
  HIGHEST GUST SPEED    15   HIGHEST GUST DIRECTION    NW (320)
  AVERAGE WIND SPEED     3.4


SKY COVER
  POSSIBLE SUNSHINE  MM
  AVERAGE SKY COVER 0.0


WEATHER CONDITIONS
 THE FOLLOWING WEATHER WAS RECORDED YESTERDAY.
  FOG


RELATIVE HUMIDITY (PERCENT)
 HIGHEST    86           700 AM
 LOWEST     52           200 PM
 AVERAGE    69

..........................................................


THE BURLINGTON IA CLIMATE NORMALS FOR TODAY
                         NORMAL    RECORD    YEAR
 MAXIMUM TEMPERATURE (F)   44        69      1932
 MINIMUM TEMPERATURE (F)   26        -7      1962


SUNRISE AND SUNSET
FEBRUARY 28 2015......SUNRISE   640 AM CST   SUNSET   554 PM CST
MARCH  1 2015.........SUNRISE   639 AM CST   SUNSET   555 PM CST


-  INDICATES NEGATIVE NUMBERS.
R  INDICATES RECORD WAS SET OR TIED.
MM INDICATES DATA IS MISSING.
T  INDICATES TRACE AMOUNT.




$$
