000
CDUS43 KDVN 300926
CLIBRL


CLIMATE REPORT
NATIONAL WEATHER SERVICE QUAD CITIES IA IL
424 AM CDT MON MAR 30 2015


...................................

...THE BURLINGTON IA CLIMATE SUMMARY FOR MARCH 29 2015...

CLIMATE NORMAL PERIOD 1981 TO 2010
CLIMATE RECORD PERIOD 1897 TO 2015


WEATHER ITEM   OBSERVED TIME   RECORD YEAR NORMAL DEPARTURE LAST
                VALUE   (LST)  VALUE       VALUE  FROM      YEAR
                                                  NORMAL
..................................................................
TEMPERATURE (F)
 YESTERDAY
  MAXIMUM         59    519 PM  88    1986  58      1       51
  MINIMUM         32    314 AM  10    1969  37     -5       34
  AVERAGE         46                        47     -1       43

PRECIPITATION (IN)
  YESTERDAY        0.08         MM      MM   0.10  -0.02     0.00
  MONTH TO DATE    0.30                      2.59  -2.29     1.14
  SINCE MAR 1      0.30                      2.59  -2.29     1.14
  SINCE JAN 1      2.72                      5.45  -2.73     5.51

DEGREE DAYS
 HEATING
  YESTERDAY       19                        18      1       22
  MONTH TO DATE  747                       694     53      938
  SINCE MAR 1    747                       694     53      938
  SINCE JUL 1   5678                      5072    606     6261

 COOLING
  YESTERDAY        0                         0      0        0
  MONTH TO DATE    0                         0      0        0
  SINCE MAR 1      0                         0      0        0
  SINCE JAN 1      0                         0      0        0
..................................................................


WIND (MPH)
  HIGHEST WIND SPEED    26   HIGHEST WIND DIRECTION    SW (210)
  HIGHEST GUST SPEED    32   HIGHEST GUST DIRECTION    SW (210)
  AVERAGE WIND SPEED    13.6


SKY COVER
  POSSIBLE SUNSHINE  MM
  AVERAGE SKY COVER 0.3


WEATHER CONDITIONS
 THE FOLLOWING WEATHER WAS RECORDED YESTERDAY.
  LIGHT RAIN
  FOG


RELATIVE HUMIDITY (PERCENT)
 HIGHEST    82           800 AM
 LOWEST     46          1000 PM
 AVERAGE    64

..........................................................


THE BURLINGTON IA CLIMATE NORMALS FOR TODAY
                         NORMAL    RECORD    YEAR
 MAXIMUM TEMPERATURE (F)   59        84      1986
 MINIMUM TEMPERATURE (F)   37        11      1969


SUNRISE AND SUNSET
MARCH 30 2015.........SUNRISE   652 AM CDT   SUNSET   727 PM CDT
MARCH 31 2015.........SUNRISE   650 AM CDT   SUNSET   728 PM CDT


-  INDICATES NEGATIVE NUMBERS.
R  INDICATES RECORD WAS SET OR TIED.
MM INDICATES DATA IS MISSING.
T  INDICATES TRACE AMOUNT.




$$
