000
CDUS43 KDVN 260902
CLIBRL


CLIMATE REPORT
NATIONAL WEATHER SERVICE QUAD CITIES IA IL
400 AM CDT WED APR 26 2017


...................................

...THE BURLINGTON IA CLIMATE SUMMARY FOR APRIL 25 2017...

CLIMATE NORMAL PERIOD 1981 TO 2010
CLIMATE RECORD PERIOD 1897 TO 2017


WEATHER ITEM   OBSERVED TIME   RECORD YEAR NORMAL DEPARTURE LAST
                VALUE   (LST)  VALUE       VALUE  FROM      YEAR
                                                  NORMAL
..................................................................
TEMPERATURE (F)
 YESTERDAY
  MAXIMUM         78    307 PM  92    1986  68     10       82
  MINIMUM         54    550 AM  29    1910  46      8       62
  AVERAGE         66                        57      9       72

PRECIPITATION (IN)
  YESTERDAY        0.00         MM      MM   0.14  -0.14     0.00
  MONTH TO DATE    3.08                      3.00   0.08     1.64
  SINCE MAR 1      6.06                      5.79   0.27     4.85
  SINCE JAN 1      7.92                      8.65  -0.73     6.23

DEGREE DAYS
 HEATING
  YESTERDAY        0                         9     -9        0
  MONTH TO DATE  208                       317   -109      314
  SINCE MAR 1    899                      1045   -146      896
  SINCE JUL 1   4593                      5423   -830     4778

 COOLING
  YESTERDAY        1                         1      0        7
  MONTH TO DATE   20                        15      5       17
  SINCE MAR 1     20                        17      3       18
  SINCE JAN 1     20                        17      3       18
..................................................................


WIND (MPH)
  HIGHEST WIND SPEED    22   HIGHEST WIND DIRECTION    SE (140)
  HIGHEST GUST SPEED    31   HIGHEST GUST DIRECTION    SE (140)
  AVERAGE WIND SPEED    11.5


SKY COVER
  POSSIBLE SUNSHINE  MM
  AVERAGE SKY COVER 0.1


WEATHER CONDITIONS
 THE FOLLOWING WEATHER WAS RECORDED YESTERDAY.
  NO SIGNIFICANT WEATHER WAS OBSERVED.


RELATIVE HUMIDITY (PERCENT)
 HIGHEST    61           500 AM
 LOWEST     36           100 PM
 AVERAGE    49

..........................................................


THE BURLINGTON IA CLIMATE NORMALS FOR TODAY
                         NORMAL    RECORD    YEAR
 MAXIMUM TEMPERATURE (F)   68        92      1986
 MINIMUM TEMPERATURE (F)   46        31      1976
                                             1950


SUNRISE AND SUNSET
APRIL 26 2017.........SUNRISE   609 AM CDT   SUNSET   756 PM CDT
APRIL 27 2017.........SUNRISE   608 AM CDT   SUNSET   757 PM CDT


-  INDICATES NEGATIVE NUMBERS.
R  INDICATES RECORD WAS SET OR TIED.
MM INDICATES DATA IS MISSING.
T  INDICATES TRACE AMOUNT.




$$
