000
CDUS43 KDVN 162132
CLIBRL


CLIMATE REPORT
NATIONAL WEATHER SERVICE QUAD CITIES IA IL
432 PM CDT WED AUG 16 2017


...................................

...THE BURLINGTON IA CLIMATE SUMMARY FOR AUGUST 16 2017...
VALID TODAY AS OF 0400 PM LOCAL TIME.

CLIMATE NORMAL PERIOD 1981 TO 2010
CLIMATE RECORD PERIOD 1897 TO 2017


WEATHER ITEM   OBSERVED TIME   RECORD YEAR NORMAL DEPARTURE LAST
                VALUE   (LST)  VALUE       VALUE  FROM      YEAR
                                                  NORMAL
..................................................................
TEMPERATURE (F)
 TODAY
  MAXIMUM         84    244 PM 102    1913  85     -1       84
  MINIMUM         70    610 AM  53    1992  66      4       64
  AVERAGE         77                        75      2       74

PRECIPITATION (IN)
  TODAY            T            MM      MM   0.15  -0.15     0.00
  MONTH TO DATE    0.99                      2.13  -1.14     3.72
  SINCE JUN 1      7.61                     10.85  -3.24    12.09
  SINCE JAN 1     21.76                     25.11  -3.35    22.94

DEGREE DAYS
 HEATING
  TODAY            0                         0      0        0
  MONTH TO DATE    0                         0      0        0
  SINCE JUN 1      8                        14     -6        6
  SINCE JUL 1      0                         1     -1        6

 COOLING
  TODAY           12                        10      2        9
  MONTH TO DATE   86                       174    -88      172
  SINCE JUN 1    727                       800    -73      790
  SINCE JAN 1    803                       903   -100      889
..................................................................


WIND (MPH)
  HIGHEST WIND SPEED    22   HIGHEST WIND DIRECTION     S (180)
  HIGHEST GUST SPEED    26   HIGHEST GUST DIRECTION     S (170)
  AVERAGE WIND SPEED     8.8


SKY COVER
  POSSIBLE SUNSHINE  MM
  AVERAGE SKY COVER 0.3


WEATHER CONDITIONS
 THE FOLLOWING WEATHER WAS RECORDED TODAY.
  LIGHT RAIN


RELATIVE HUMIDITY (PERCENT)
 HIGHEST   100           400 AM
 LOWEST     74           200 PM
 AVERAGE    87

..........................................................


THE BURLINGTON IA CLIMATE NORMALS FOR TOMORROW
                         NORMAL    RECORD    YEAR
 MAXIMUM TEMPERATURE (F)   85       105      1983
 MINIMUM TEMPERATURE (F)   65        52      2012


SUNRISE AND SUNSET
AUGUST 16 2017........SUNRISE   616 AM CDT   SUNSET   801 PM CDT
AUGUST 17 2017........SUNRISE   617 AM CDT   SUNSET   759 PM CDT


-  INDICATES NEGATIVE NUMBERS.
R  INDICATES RECORD WAS SET OR TIED.
MM INDICATES DATA IS MISSING.
T  INDICATES TRACE AMOUNT.




$$
