000
CDUS43 KDVN 200900
CLIBRL


CLIMATE REPORT
NATIONAL WEATHER SERVICE QUAD CITIES IA IL
400 AM CDT FRI OCT 20 2017


...................................

...THE BURLINGTON IA CLIMATE SUMMARY FOR OCTOBER 19 2017...

CLIMATE NORMAL PERIOD 1981 TO 2010
CLIMATE RECORD PERIOD 1897 TO 2017


WEATHER ITEM   OBSERVED TIME   RECORD YEAR NORMAL DEPARTURE LAST
                VALUE   (LST)  VALUE       VALUE  FROM      YEAR
                                                  NORMAL
..................................................................
TEMPERATURE (F)
 YESTERDAY
  MAXIMUM         76    400 PM  85    1953  65     11       68
  MINIMUM         46    626 AM  18    1972  44      2       51
  AVERAGE         61                        54      7       60

PRECIPITATION (IN)
  YESTERDAY        0.00         MM      MM   0.10  -0.10      T
  MONTH TO DATE    4.50                      1.98   2.52     2.11
  SINCE SEP 1      4.63                      5.50  -0.87     5.34
  SINCE JAN 1     29.96                     32.75  -2.79    29.59

DEGREE DAYS
 HEATING
  YESTERDAY        4                        11     -7        5
  MONTH TO DATE   69                       162    -93       84
  SINCE SEP 1    109                       229   -120      108
  SINCE JUL 1    109                       233   -124      114

 COOLING
  YESTERDAY        0                         0      0        0
  MONTH TO DATE   35                        19     16       39
  SINCE SEP 1    188                       158     30      235
  SINCE JAN 1   1062                      1201   -139     1268
..................................................................


WIND (MPH)
  HIGHEST WIND SPEED    12   HIGHEST WIND DIRECTION     S (180)
  HIGHEST GUST SPEED    15   HIGHEST GUST DIRECTION     S (170)
  AVERAGE WIND SPEED     5.0


SKY COVER
  POSSIBLE SUNSHINE  MM
  AVERAGE SKY COVER 0.0


WEATHER CONDITIONS
 THE FOLLOWING WEATHER WAS RECORDED YESTERDAY.
  NO SIGNIFICANT WEATHER WAS OBSERVED.


RELATIVE HUMIDITY (PERCENT)
 HIGHEST   100           600 AM
 LOWEST     46           200 PM
 AVERAGE    73

..........................................................


THE BURLINGTON IA CLIMATE NORMALS FOR TODAY
                         NORMAL    RECORD    YEAR
 MAXIMUM TEMPERATURE (F)   65        85      1979
 MINIMUM TEMPERATURE (F)   43        21      1960


SUNRISE AND SUNSET
OCTOBER 20 2017.......SUNRISE   722 AM CDT   SUNSET   616 PM CDT
OCTOBER 21 2017.......SUNRISE   723 AM CDT   SUNSET   615 PM CDT


-  INDICATES NEGATIVE NUMBERS.
R  INDICATES RECORD WAS SET OR TIED.
MM INDICATES DATA IS MISSING.
T  INDICATES TRACE AMOUNT.




$$
