000
CDUS43 KDVN 230914
CLIBRL


CLIMATE REPORT
NATIONAL WEATHER SERVICE QUAD CITIES IA IL
412 AM CDT SAT MAY 23 2015


...................................

...THE BURLINGTON IA CLIMATE SUMMARY FOR MAY 22 2015...

CLIMATE NORMAL PERIOD 1981 TO 2010
CLIMATE RECORD PERIOD 1897 TO 2015


WEATHER ITEM   OBSERVED TIME   RECORD YEAR NORMAL DEPARTURE LAST
                VALUE   (LST)  VALUE       VALUE  FROM      YEAR
                                                  NORMAL
..................................................................
TEMPERATURE (F)
 YESTERDAY
  MAXIMUM         76    230 PM  94    1925  76      0       72
  MINIMUM         51    516 AM  35    1963  55     -4       51
  AVERAGE         64                        66     -2       62

PRECIPITATION (IN)
  YESTERDAY        0.00         MM      MM   0.16  -0.16      T
  MONTH TO DATE    2.21                      3.51  -1.30     1.27
  SINCE MAR 1      4.11                     10.06  -5.95     6.48
  SINCE JAN 1      6.53                     12.92  -6.39    10.85

DEGREE DAYS
 HEATING
  YESTERDAY        1                         3     -2        3
  MONTH TO DATE   90                       106    -16      141
  SINCE MAR 1   1154                      1190    -36     1499
  SINCE JUL 1   6085                      5568    517     6822

 COOLING
  YESTERDAY        0                         3     -3        0
  MONTH TO DATE   53                        44      9       57
  SINCE MAR 1     56                        64     -8       65
  SINCE JAN 1     56                        64     -8       65
..................................................................


WIND (MPH)
  HIGHEST WIND SPEED    10   HIGHEST WIND DIRECTION    SW (230)
  HIGHEST GUST SPEED    14   HIGHEST GUST DIRECTION     S (200)
  AVERAGE WIND SPEED     4.4


SKY COVER
  POSSIBLE SUNSHINE  MM
  AVERAGE SKY COVER 0.1


WEATHER CONDITIONS
 THE FOLLOWING WEATHER WAS RECORDED YESTERDAY.
  NO SIGNIFICANT WEATHER WAS OBSERVED.


RELATIVE HUMIDITY (PERCENT)
 HIGHEST    77           200 AM
 LOWEST     29           200 PM
 AVERAGE    53

..........................................................


THE BURLINGTON IA CLIMATE NORMALS FOR TODAY
                         NORMAL    RECORD    YEAR
 MAXIMUM TEMPERATURE (F)   77        92      1939
 MINIMUM TEMPERATURE (F)   55        34      1963


SUNRISE AND SUNSET
MAY 23 2015...........SUNRISE   541 AM CDT   SUNSET   822 PM CDT
MAY 24 2015...........SUNRISE   540 AM CDT   SUNSET   823 PM CDT


-  INDICATES NEGATIVE NUMBERS.
R  INDICATES RECORD WAS SET OR TIED.
MM INDICATES DATA IS MISSING.
T  INDICATES TRACE AMOUNT.




$$
