000
CDUS43 KDVN 211006
CLIBRL


CLIMATE REPORT
NATIONAL WEATHER SERVICE QUAD CITIES IA IL
405 AM CST TUE FEB 21 2017


...................................

...THE BURLINGTON IA CLIMATE SUMMARY FOR FEBRUARY 20 2017...

CLIMATE NORMAL PERIOD 1981 TO 2010
CLIMATE RECORD PERIOD 1897 TO 2017


WEATHER ITEM   OBSERVED TIME   RECORD YEAR NORMAL DEPARTURE LAST
                VALUE   (LST)  VALUE       VALUE  FROM      YEAR
                                                  NORMAL
..................................................................
TEMPERATURE (F)
 YESTERDAY
  MAXIMUM         74R   405 PM  67    1983  40     34       63
  MINIMUM         52    758 AM  -7    1929  23     29       37
  AVERAGE         63                        32     31       50

PRECIPITATION (IN)
  YESTERDAY        0.15         MM      MM   0.06   0.09     0.00
  MONTH TO DATE    0.23                      1.05  -0.82     0.84
  SINCE DEC 1      2.67                      4.38  -1.71     5.89
  SINCE JAN 1      1.69                      2.29  -0.60     1.38

DEGREE DAYS
 HEATING
  YESTERDAY        2                        33    -31       15
  MONTH TO DATE  530                       722   -192      722
  SINCE DEC 1   2791                      3050   -259     2741
  SINCE JUL 1   3547                      4123   -576     3658

 COOLING
  YESTERDAY        0                         0      0        0
  MONTH TO DATE    0                         0      0        0
  SINCE DEC 1      0                         0      0        0
  SINCE JAN 1      0                         0      0        0
..................................................................


WIND (MPH)
  HIGHEST WIND SPEED    20   HIGHEST WIND DIRECTION     S (180)
  HIGHEST GUST SPEED    25   HIGHEST GUST DIRECTION     S (190)
  AVERAGE WIND SPEED    10.6


SKY COVER
  POSSIBLE SUNSHINE  MM
  AVERAGE SKY COVER 0.5


WEATHER CONDITIONS
 THE FOLLOWING WEATHER WAS RECORDED YESTERDAY.
  LIGHT RAIN
  FOG
  HAZE


RELATIVE HUMIDITY (PERCENT)
 HIGHEST   100           700 AM
 LOWEST     46           400 PM
 AVERAGE    73

..........................................................


THE BURLINGTON IA CLIMATE NORMALS FOR TODAY
                         NORMAL    RECORD    YEAR
 MAXIMUM TEMPERATURE (F)   41        68      1983
 MINIMUM TEMPERATURE (F)   23        -7      1963


SUNRISE AND SUNSET
FEBRUARY 21 2017......SUNRISE   650 AM CST   SUNSET   547 PM CST
FEBRUARY 22 2017......SUNRISE   648 AM CST   SUNSET   548 PM CST


-  INDICATES NEGATIVE NUMBERS.
R  INDICATES RECORD WAS SET OR TIED.
MM INDICATES DATA IS MISSING.
T  INDICATES TRACE AMOUNT.




$$
