000
CDUS43 KDVN 081020
CLIBRL


CLIMATE REPORT
NATIONAL WEATHER SERVICE QUAD CITIES IA IL
418 AM CST THU DEC 8 2016


...................................

...THE BURLINGTON IA CLIMATE SUMMARY FOR DECEMBER 7 2016...

CLIMATE NORMAL PERIOD 1981 TO 2010
CLIMATE RECORD PERIOD 1897 TO 2016


WEATHER ITEM   OBSERVED TIME   RECORD YEAR NORMAL DEPARTURE LAST
                VALUE   (LST)  VALUE       VALUE  FROM      YEAR
                                                  NORMAL
..................................................................
TEMPERATURE (F)
 YESTERDAY
  MAXIMUM         30    200 PM  66    1916  40    -10       42
  MINIMUM         20   1159 PM  -9    1976  23     -3       34
  AVERAGE         25                        32     -7       38

PRECIPITATION (IN)
  YESTERDAY        0.00         MM      MM   0.07  -0.07     0.00
  MONTH TO DATE    0.51                      0.54  -0.03     0.03
  SINCE DEC 1      0.51                      0.54  -0.03     0.03
  SINCE JAN 1     32.13                     36.93  -4.80    37.76

DEGREE DAYS
 HEATING
  YESTERDAY       40                        33      7       27
  MONTH TO DATE  216                       225     -9      188
  SINCE DEC 1    216                       225     -9      188
  SINCE JUL 1    972                      1298   -326     1105

 COOLING
  YESTERDAY        0                         0      0        0
  MONTH TO DATE    0                         0      0        0
  SINCE DEC 1      0                         0      0        0
  SINCE JAN 1   1276                      1207     69     1093
..................................................................


WIND (MPH)
  HIGHEST WIND SPEED    16   HIGHEST WIND DIRECTION     W (280)
  HIGHEST GUST SPEED    23   HIGHEST GUST DIRECTION    NW (300)
  AVERAGE WIND SPEED     9.6


SKY COVER
  POSSIBLE SUNSHINE  MM
  AVERAGE SKY COVER 0.2


WEATHER CONDITIONS
 THE FOLLOWING WEATHER WAS RECORDED YESTERDAY.
  NO SIGNIFICANT WEATHER WAS OBSERVED.


RELATIVE HUMIDITY (PERCENT)
 HIGHEST    68           700 AM
 LOWEST     53           200 PM
 AVERAGE    61

..........................................................


THE BURLINGTON IA CLIMATE NORMALS FOR TODAY
                         NORMAL    RECORD    YEAR
 MAXIMUM TEMPERATURE (F)   39        69      1991
 MINIMUM TEMPERATURE (F)   23       -10      1917


SUNRISE AND SUNSET
DECEMBER  8 2016......SUNRISE   716 AM CST   SUNSET   437 PM CST
DECEMBER  9 2016......SUNRISE   717 AM CST   SUNSET   437 PM CST


-  INDICATES NEGATIVE NUMBERS.
R  INDICATES RECORD WAS SET OR TIED.
MM INDICATES DATA IS MISSING.
T  INDICATES TRACE AMOUNT.




$$
