000
CDUS44 KBRO 280726
CLIBRO


CLIMATE REPORT
NATIONAL WEATHER SERVICE BROWNSVILLE TX
126 AM CST TUE FEB 28 2017


...................................

...THE BROWNSVILLE CLIMATE SUMMARY FOR FEBRUARY 27 2017...

CLIMATE NORMAL PERIOD 1981 TO 2010
CLIMATE RECORD PERIOD 1878 TO 2017


WEATHER ITEM   OBSERVED TIME   RECORD YEAR NORMAL DEPARTURE LAST
                VALUE   (LST)  VALUE       VALUE  FROM      YEAR
                                                  NORMAL
..................................................................
TEMPERATURE (F)
 YESTERDAY
  MAXIMUM         86    314 PM  94    1954  76     10       73
  MINIMUM         68    705 AM  35    1935  57     11       52
                                      1924
                                      1912
  AVERAGE         77                        66     11       63

PRECIPITATION (IN)
  YESTERDAY        0.00          0.97 1889   0.04  -0.04     0.00
  MONTH TO DATE    1.36                      1.04   0.32      T
  SINCE DEC 1      3.21                      3.46  -0.25     2.04
  SINCE JAN 1      1.54                      2.31  -0.77     1.88

SNOWFALL (IN)
  YESTERDAY        0.0           0.0  2002   0.0
                                      2000
  MONTH TO DATE    0.0                       0.0
  SINCE DEC 1      0.0                       0.0
  SINCE JUL 1      0.0                       0.0

DEGREE DAYS
 HEATING
  YESTERDAY        0                         3     -3        2
  MONTH TO DATE    9                       104    -95       73
  SINCE DEC 1    191                       449   -258      338
  SINCE JUL 1    199                       503   -304      360

 COOLING
  YESTERDAY       12                         4      8        0
  MONTH TO DATE  230                        78    152       74
  SINCE DEC 1    547                       217    330      229
  SINCE JAN 1    371                       137    234       95
..................................................................


WIND (MPH)
  HIGHEST WIND SPEED    23   HIGHEST WIND DIRECTION     S (160)
  HIGHEST GUST SPEED    29   HIGHEST GUST DIRECTION     S (180)
  AVERAGE WIND SPEED    13.7


SKY COVER
  POSSIBLE SUNSHINE  MM
  AVERAGE SKY COVER 0.4


WEATHER CONDITIONS
 THE FOLLOWING WEATHER WAS RECORDED YESTERDAY.
  NO SIGNIFICANT WEATHER WAS OBSERVED.


RELATIVE HUMIDITY (PERCENT)
 HIGHEST    97          1200 AM
 LOWEST     59           100 PM
 AVERAGE    78

..........................................................


THE BROWNSVILLE CLIMATE NORMALS FOR TODAY
                         NORMAL    RECORD    YEAR
 MAXIMUM TEMPERATURE (F)   76        92      1940
 MINIMUM TEMPERATURE (F)   57        36      1890


SUNRISE AND SUNSET
FEBRUARY 28 2017......SUNRISE   654 AM CST   SUNSET   631 PM CST
MARCH  1 2017.........SUNRISE   653 AM CST   SUNSET   632 PM CST


-  INDICATES NEGATIVE NUMBERS.
R  INDICATES RECORD WAS SET OR TIED.
MM INDICATES DATA IS MISSING.
T  INDICATES TRACE AMOUNT.




$$
