648
CDUS44 KBRO 220631
CLIBRO


CLIMATE REPORT
NATIONAL WEATHER SERVICE BROWNSVILLE TX
130 AM CDT FRI SEP 22 2017


...................................

...THE BROWNSVILLE CLIMATE SUMMARY FOR SEPTEMBER 21 2017...

CLIMATE NORMAL PERIOD 1981 TO 2010
CLIMATE RECORD PERIOD 1878 TO 2017


WEATHER ITEM   OBSERVED TIME   RECORD YEAR NORMAL DEPARTURE LAST
                VALUE   (LST)  VALUE       VALUE  FROM      YEAR
                                                  NORMAL
..................................................................
TEMPERATURE (F)
 YESTERDAY
  MAXIMUM         93    157 PM 102    1947  90      3       96
  MINIMUM         79    551 AM  59    1983  72      7       76
  AVERAGE         86                        81      5       86

PRECIPITATION (IN)
  YESTERDAY        T            10.32 1886   0.21  -0.21     0.00
  MONTH TO DATE    4.13                      4.13   0.00     1.07
  SINCE SEP 1      4.13                      4.13   0.00     1.07
  SINCE JAN 1     17.17                     18.94  -1.77    14.73

SNOWFALL (IN)
  YESTERDAY        0.0           0.0  2002   0.0
                                      2001
  MONTH TO DATE    0.0                       0.0
  SINCE SEP 1      0.0                       0.0
  SINCE JUL 1      0.0                       0.0

DEGREE DAYS
 HEATING
  YESTERDAY        0                         0      0        0
  MONTH TO DATE    0                         0      0        0
  SINCE SEP 1      0                         0      0        0
  SINCE JUL 1      0                         0      0        0

 COOLING
  YESTERDAY       21                        16      5       21
  MONTH TO DATE  359                       369    -10      448
  SINCE SEP 1    359                       369    -10      448
  SINCE JAN 1   3886                      3276    610     3553
..................................................................


WIND (MPH)
  HIGHEST WIND SPEED    22   HIGHEST WIND DIRECTION    SE (140)
  HIGHEST GUST SPEED    27   HIGHEST GUST DIRECTION    SE (140)
  AVERAGE WIND SPEED    13.0


SKY COVER
  POSSIBLE SUNSHINE  MM
  AVERAGE SKY COVER 0.2


WEATHER CONDITIONS
 THE FOLLOWING WEATHER WAS RECORDED YESTERDAY.
  LIGHT RAIN


RELATIVE HUMIDITY (PERCENT)
 HIGHEST   100           400 AM
 LOWEST     60          1200 PM
 AVERAGE    80

..........................................................


THE BROWNSVILLE CLIMATE NORMALS FOR TODAY
                         NORMAL    RECORD    YEAR
 MAXIMUM TEMPERATURE (F)   89        99      1926
                                             1920
 MINIMUM TEMPERATURE (F)   72        55      1995


SUNRISE AND SUNSET
SEPTEMBER 22 2017.....SUNRISE   718 AM CDT   SUNSET   726 PM CDT
SEPTEMBER 23 2017.....SUNRISE   719 AM CDT   SUNSET   725 PM CDT


-  INDICATES NEGATIVE NUMBERS.
R  INDICATES RECORD WAS SET OR TIED.
MM INDICATES DATA IS MISSING.
T  INDICATES TRACE AMOUNT.




$$
