000
CDUS44 KBRO 260726
CLIBRO


CLIMATE REPORT
NATIONAL WEATHER SERVICE BROWNSVILLE TX
125 AM CST WED NOV 26 2014


...................................

...THE BROWNSVILLE CLIMATE SUMMARY FOR NOVEMBER 25 2014...

CLIMATE NORMAL PERIOD 1981 TO 2010
CLIMATE RECORD PERIOD 1878 TO 2014


WEATHER ITEM   OBSERVED TIME   RECORD YEAR NORMAL DEPARTURE LAST
                VALUE   (LST)  VALUE       VALUE  FROM      YEAR
                                                  NORMAL
..................................................................
TEMPERATURE (F)
 YESTERDAY
  MAXIMUM         70    149 PM  88    1965  76     -6       47
  MINIMUM         45   1159 PM  35    1881  57    -12       43
  AVERAGE         58                        67     -9       45

PRECIPITATION (IN)
  YESTERDAY        0.00          1.28 1987   0.06  -0.06     0.20
                                      1920
  MONTH TO DATE    3.44                      1.60   1.84     1.81
  SINCE SEP 1     17.62                     11.26   6.36    15.32
  SINCE JAN 1     27.14                     26.07   1.07    25.37

SNOWFALL (IN)
  YESTERDAY        0.0           0.0  2001   0.0
  MONTH TO DATE    0.0                       0.0
  SINCE SEP 1      0.0                       0.0
  SINCE JUL 1      0.0                       0.0

DEGREE DAYS
 HEATING
  YESTERDAY        7                         3      4       20
  MONTH TO DATE  102                        36     66       65
  SINCE SEP 1    102                        40     62       65
  SINCE JUL 1    102                        40     62       65

 COOLING
  YESTERDAY        0                         4     -4        0
  MONTH TO DATE  100                       160    -60      173
  SINCE SEP 1   1069                      1018     51     1087
  SINCE JAN 1   3889                      3925    -36     4120
..................................................................


WIND (MPH)
  HIGHEST WIND SPEED    17   HIGHEST WIND DIRECTION     N (350)
  HIGHEST GUST SPEED    24   HIGHEST GUST DIRECTION     N (20)
  AVERAGE WIND SPEED     7.7


SKY COVER
  POSSIBLE SUNSHINE  MM
  AVERAGE SKY COVER 0.5


WEATHER CONDITIONS
 THE FOLLOWING WEATHER WAS RECORDED YESTERDAY.
  NO SIGNIFICANT WEATHER WAS OBSERVED.


RELATIVE HUMIDITY (PERCENT)
 HIGHEST    93          1100 PM
 LOWEST     37           500 PM
 AVERAGE    65

..........................................................


THE BROWNSVILLE CLIMATE NORMALS FOR TODAY
                         NORMAL    RECORD    YEAR
 MAXIMUM TEMPERATURE (F)   76        93      1988
 MINIMUM TEMPERATURE (F)   57        37      1993
                                             1974


SUNRISE AND SUNSET
NOVEMBER 26 2014......SUNRISE   656 AM CST   SUNSET   538 PM CST
NOVEMBER 27 2014......SUNRISE   657 AM CST   SUNSET   538 PM CST


-  INDICATES NEGATIVE NUMBERS.
R  INDICATES RECORD WAS SET OR TIED.
MM INDICATES DATA IS MISSING.
T  INDICATES TRACE AMOUNT.




$$
