000
CDUS44 KBRO 012228
CLIBRO


CLIMATE REPORT
NATIONAL WEATHER SERVICE BROWNSVILLE TX
428 PM CST SUN MAR 1 2015


...................................

...THE BROWNSVILLE CLIMATE SUMMARY FOR MARCH 1 2015...
VALID TODAY AS OF 0400 PM LOCAL TIME.

CLIMATE NORMAL PERIOD 1981 TO 2010
CLIMATE RECORD PERIOD 1878 TO 2015


WEATHER ITEM   OBSERVED TIME   RECORD YEAR NORMAL DEPARTURE LAST
                VALUE   (LST)  VALUE       VALUE  FROM      YEAR
                                                  NORMAL
..................................................................
TEMPERATURE (F)
 TODAY
  MAXIMUM         61    358 PM  93    1991  76    -15       79
                                      1910
  MINIMUM         49    814 AM  31    1922  57     -8       62
                                      1890
  AVERAGE         55                        66    -11       71

PRECIPITATION (IN)
  TODAY            0.03          1.45 1895   0.04  -0.01     0.00
  MONTH TO DATE    0.03                      0.04  -0.01     0.00
  SINCE MAR 1      0.03                      0.04  -0.01     0.00
  SINCE JAN 1      4.35                      2.39   1.96     0.76

SNOWFALL (IN)
  TODAY           MM             0.0  2002   0.0
                                      2000
  MONTH TO DATE   MM                         0.0
  SINCE MAR 1     MM                         0.0
  SINCE JUL 1      0.0                       0.0

DEGREE DAYS
 HEATING
  TODAY           10                         2      8        0
  MONTH TO DATE   10                         2      8        0
  SINCE MAR 1     10                         2      8        0
  SINCE JUL 1    633                       505    128      724

 COOLING
  TODAY            0                         4     -4        6
  MONTH TO DATE    0                         4     -4        6
  SINCE MAR 1      0                         4     -4        6
  SINCE JAN 1     57                       145    -88      126
..................................................................


WIND (MPH)
  HIGHEST WIND SPEED    14   HIGHEST WIND DIRECTION    NW (300)
  HIGHEST GUST SPEED    17   HIGHEST GUST DIRECTION    NW (310)
  AVERAGE WIND SPEED     6.7


SKY COVER
  POSSIBLE SUNSHINE  MM
  AVERAGE SKY COVER 0.8


WEATHER CONDITIONS
 THE FOLLOWING WEATHER WAS RECORDED TODAY.
  LIGHT RAIN
  FOG


RELATIVE HUMIDITY (PERCENT)
 HIGHEST   100           400 AM
 LOWEST     84           300 PM
 AVERAGE    92

..........................................................


THE BROWNSVILLE CLIMATE NORMALS FOR TOMORROW
                         NORMAL    RECORD    YEAR
 MAXIMUM TEMPERATURE (F)   76        96      1991
                                             1916
 MINIMUM TEMPERATURE (F)   57        32      1980
                                             1922


SUNRISE AND SUNSET
MARCH  1 2015.........SUNRISE   653 AM CST   SUNSET   631 PM CST
MARCH  2 2015.........SUNRISE   652 AM CST   SUNSET   632 PM CST


-  INDICATES NEGATIVE NUMBERS.
R  INDICATES RECORD WAS SET OR TIED.
MM INDICATES DATA IS MISSING.
T  INDICATES TRACE AMOUNT.




$$
