865
CDUS44 KBRO 240731
CLIBRO


CLIMATE REPORT
NATIONAL WEATHER SERVICE BROWNSVILLE TX
128 AM CST TUE JAN 24 2017


...................................

...THE BROWNSVILLE CLIMATE SUMMARY FOR JANUARY 23 2017...

CLIMATE NORMAL PERIOD 1981 TO 2010
CLIMATE RECORD PERIOD 1878 TO 2017


WEATHER ITEM   OBSERVED TIME   RECORD YEAR NORMAL DEPARTURE LAST
                VALUE   (LST)  VALUE       VALUE  FROM      YEAR
                                                  NORMAL
..................................................................
TEMPERATURE (F)
 YESTERDAY
  MAXIMUM         80    402 PM  86    2010  71      9       66
  MINIMUM         49    740 AM  24    1930  52     -3       39
  AVERAGE         65                        62      3       53

PRECIPITATION (IN)
  YESTERDAY        0.00          1.50 1893   0.05  -0.05     0.00
  MONTH TO DATE    0.04                      0.90  -0.86     1.81
  SINCE DEC 1      1.71                      2.05  -0.34     1.97
  SINCE JAN 1      0.04                      0.90  -0.86     1.81

SNOWFALL (IN)
  YESTERDAY        0.0           0.0  2002   0.0
                                      1998
                                      2000
  MONTH TO DATE    0.0                       0.0
  SINCE DEC 1      0.0                       0.0
  SINCE JUL 1      0.0                       0.0

DEGREE DAYS
 HEATING
  YESTERDAY        0                         5     -5       12
  MONTH TO DATE   57                       136    -79      164
  SINCE DEC 1    147                       301   -154      224
  SINCE JUL 1    155                       355   -200      246

 COOLING
  YESTERDAY        0                         2     -2        0
  MONTH TO DATE  124                        46     78       11
  SINCE DEC 1    300                       126    174      145
  SINCE JAN 1    124                        46     78       11
..................................................................


WIND (MPH)
  HIGHEST WIND SPEED    15   HIGHEST WIND DIRECTION    SE (150)
  HIGHEST GUST SPEED    19   HIGHEST GUST DIRECTION    SE (150)
  AVERAGE WIND SPEED     7.0


SKY COVER
  POSSIBLE SUNSHINE  MM
  AVERAGE SKY COVER 0.0


WEATHER CONDITIONS
 THE FOLLOWING WEATHER WAS RECORDED YESTERDAY.
  NO SIGNIFICANT WEATHER WAS OBSERVED.


RELATIVE HUMIDITY (PERCENT)
 HIGHEST    84          1100 PM
 LOWEST     16           400 PM
 AVERAGE    50

..........................................................


THE BROWNSVILLE CLIMATE NORMALS FOR TODAY
                         NORMAL    RECORD    YEAR
 MAXIMUM TEMPERATURE (F)   71        86      2002
 MINIMUM TEMPERATURE (F)   52        26      1963


SUNRISE AND SUNSET
JANUARY 24 2017.......SUNRISE   717 AM CST   SUNSET   608 PM CST
JANUARY 25 2017.......SUNRISE   716 AM CST   SUNSET   608 PM CST


-  INDICATES NEGATIVE NUMBERS.
R  INDICATES RECORD WAS SET OR TIED.
MM INDICATES DATA IS MISSING.
T  INDICATES TRACE AMOUNT.




$$
