000
CDUS44 KBRO 030729
CLIBRO


CLIMATE REPORT
NATIONAL WEATHER SERVICE BROWNSVILLE TX
127 AM CST SAT DEC 3 2016


...................................

...THE BROWNSVILLE CLIMATE SUMMARY FOR DECEMBER 2 2016...

CLIMATE NORMAL PERIOD 1981 TO 2010
CLIMATE RECORD PERIOD 1878 TO 2016


WEATHER ITEM   OBSERVED TIME   RECORD YEAR NORMAL DEPARTURE LAST
                VALUE   (LST)  VALUE       VALUE  FROM      YEAR
                                                  NORMAL
..................................................................
TEMPERATURE (F)
 YESTERDAY
  MAXIMUM         84    228 PM  89    1904  75      9       69
  MINIMUM         72   1214 AM  35    1902  55     17       59
  AVERAGE         78                        65     13       64

PRECIPITATION (IN)
  YESTERDAY        0.02          1.10 1915   0.04  -0.02     0.00
  MONTH TO DATE    0.02                      0.08  -0.06     0.06
  SINCE DEC 1      0.02                      0.08  -0.06     0.06
  SINCE JAN 1     21.16                     26.37  -5.21    46.76

SNOWFALL (IN)
  YESTERDAY        0.0           0.0  2001   0.0
  MONTH TO DATE    0.0                       0.0
  SINCE DEC 1      0.0                       0.0
  SINCE JUL 1      0.0                       0.0

DEGREE DAYS
 HEATING
  YESTERDAY        0                         4     -4        1
  MONTH TO DATE    0                         8     -8        4
  SINCE DEC 1      0                         8     -8        4
  SINCE JUL 1      8                        62    -54       26

 COOLING
  YESTERDAY       13                         4      9        0
  MONTH TO DATE   13                         8      5        0
  SINCE DEC 1     13                         8      5        0
  SINCE JAN 1   4480                      3953    527     3675
..................................................................


WIND (MPH)
  HIGHEST WIND SPEED    14   HIGHEST WIND DIRECTION    SE (150)
  HIGHEST GUST SPEED    19   HIGHEST GUST DIRECTION    SE (120)
  AVERAGE WIND SPEED     7.8


SKY COVER
  POSSIBLE SUNSHINE  MM
  AVERAGE SKY COVER 0.7


WEATHER CONDITIONS
 THE FOLLOWING WEATHER WAS RECORDED YESTERDAY.
  LIGHT RAIN


RELATIVE HUMIDITY (PERCENT)
 HIGHEST    94           800 AM
 LOWEST     65          1200 PM
 AVERAGE    80

..........................................................


THE BROWNSVILLE CLIMATE NORMALS FOR TODAY
                         NORMAL    RECORD    YEAR
 MAXIMUM TEMPERATURE (F)   74        89      1964
 MINIMUM TEMPERATURE (F)   55        34      1976
                                             1897


SUNRISE AND SUNSET
DECEMBER  3 2016......SUNRISE   701 AM CST   SUNSET   538 PM CST
DECEMBER  4 2016......SUNRISE   702 AM CST   SUNSET   538 PM CST


-  INDICATES NEGATIVE NUMBERS.
R  INDICATES RECORD WAS SET OR TIED.
MM INDICATES DATA IS MISSING.
T  INDICATES TRACE AMOUNT.




$$
