000
CDUS44 KBRO 300641
CLIBRO


CLIMATE REPORT
NATIONAL WEATHER SERVICE BROWNSVILLE TX
140 AM CDT SAT JUL 30 2016


...................................

...THE BROWNSVILLE CLIMATE SUMMARY FOR JULY 29 2016...

CLIMATE NORMAL PERIOD 1981 TO 2010
CLIMATE RECORD PERIOD 1878 TO 2016


WEATHER ITEM   OBSERVED TIME   RECORD YEAR NORMAL DEPARTURE LAST
                VALUE   (LST)  VALUE       VALUE  FROM      YEAR
                                                  NORMAL
..................................................................
TEMPERATURE (F)
 YESTERDAY
  MAXIMUM         97    132 PM 104    2003  95      2       95
  MINIMUM         79    618 AM  70    1965  76      3       MM
                                      1913
  AVERAGE         88                        85      3       MM

PRECIPITATION (IN)
  YESTERDAY        0.00          1.66 1947   0.06  -0.06     0.00
  MONTH TO DATE    0.18                      1.93  -1.75     2.36
  SINCE JUN 1      3.16                      4.50  -1.34     3.12
  SINCE JAN 1     13.15                     12.26   0.89    23.61

DEGREE DAYS
 HEATING
  YESTERDAY        0                         0      0       MM
  MONTH TO DATE    0                         0      0        0
  SINCE JUN 1      0                         0      0        0
  SINCE JUL 1      0                         0      0        0

 COOLING
  YESTERDAY       23                        20      3       MM
  MONTH TO DATE  653                       580     73      187
  SINCE JUN 1   1218                      1147     71      760
  SINCE JAN 1   2378                      2240    138     1822
..................................................................


WIND (MPH)
  HIGHEST WIND SPEED    22   HIGHEST WIND DIRECTION    SE (140)
  HIGHEST GUST SPEED    27   HIGHEST GUST DIRECTION    SE (140)
  AVERAGE WIND SPEED     9.4


SKY COVER
  POSSIBLE SUNSHINE  MM
  AVERAGE SKY COVER 0.2


WEATHER CONDITIONS
 THE FOLLOWING WEATHER WAS RECORDED YESTERDAY.
  THUNDERSTORM


RELATIVE HUMIDITY (PERCENT)
 HIGHEST    97           500 AM
 LOWEST     52          1100 AM
 AVERAGE    75

..........................................................


THE BROWNSVILLE CLIMATE NORMALS FOR TODAY
                         NORMAL    RECORD    YEAR
 MAXIMUM TEMPERATURE (F)   95       102      1918
 MINIMUM TEMPERATURE (F)   76        70      1913


SUNRISE AND SUNSET
JULY 30 2016..........SUNRISE   655 AM CDT   SUNSET   817 PM CDT
JULY 31 2016..........SUNRISE   656 AM CDT   SUNSET   816 PM CDT


-  INDICATES NEGATIVE NUMBERS.
R  INDICATES RECORD WAS SET OR TIED.
MM INDICATES DATA IS MISSING.
T  INDICATES TRACE AMOUNT.

$$
