000
CDUS44 KBRO 022125
CLIBRO


CLIMATE REPORT
NATIONAL WEATHER SERVICE BROWNSVILLE TX
425 PM CDT TUE SEP 2 2014


...................................

...THE BROWNSVILLE CLIMATE SUMMARY FOR SEPTEMBER 2 2014...
VALID TODAY AS OF 0400 PM LOCAL TIME.

CLIMATE NORMAL PERIOD 1981 TO 2010
CLIMATE RECORD PERIOD 1878 TO 2014


WEATHER ITEM   OBSERVED TIME   RECORD YEAR NORMAL DEPARTURE LAST
                VALUE   (LST)  VALUE       VALUE  FROM      YEAR
                                                  NORMAL
..................................................................
TEMPERATURE (F)
 TODAY
  MAXIMUM         93   1258 PM  98    1998  93      0       96
                                      1918
                                      1900
  MINIMUM         80    234 PM  68    1893  75      5       77
  AVERAGE         87                        84      3       87

PRECIPITATION (IN)
  TODAY            0.06          3.19 1889   0.16  -0.10     0.01
  MONTH TO DATE    0.06                      0.31  -0.25     0.01
  SINCE SEP 1      0.06                      0.31  -0.25     0.01
  SINCE JAN 1      9.58                     15.12  -5.54    10.06

SNOWFALL (IN)
  TODAY            0.0           0.0  2002   0.0
                                      2001
  MONTH TO DATE    0.0                       0.0
  SINCE SEP 1      0.0                       0.0
  SINCE JUL 1      0.0                       0.0

DEGREE DAYS
 HEATING
  TODAY            0                         0      0        0
  MONTH TO DATE    0                         0      0        0
  SINCE SEP 1      0                         0      0        0
  SINCE JUL 1      0                         0      0        0

 COOLING
  TODAY           22                        19      3       22
  MONTH TO DATE   44                        38      6       44
  SINCE SEP 1     44                        38      6       44
  SINCE JAN 1   2864                      2945    -81     3077
..................................................................


WIND (MPH)
  HIGHEST WIND SPEED    26   HIGHEST WIND DIRECTION    SE (120)
  HIGHEST GUST SPEED    35   HIGHEST GUST DIRECTION    SE (120)
  AVERAGE WIND SPEED     9.7


SKY COVER
  POSSIBLE SUNSHINE  MM
  AVERAGE SKY COVER 0.2


WEATHER CONDITIONS
 THE FOLLOWING WEATHER WAS RECORDED TODAY.
  LIGHT RAIN


RELATIVE HUMIDITY (PERCENT)
 HIGHEST    94           100 AM
 LOWEST     64          1100 AM
 AVERAGE    79

..........................................................


THE BROWNSVILLE CLIMATE NORMALS FOR TOMORROW
                         NORMAL    RECORD    YEAR
 MAXIMUM TEMPERATURE (F)   93       102      2011
 MINIMUM TEMPERATURE (F)   75        63      1915


SUNRISE AND SUNSET
SEPTEMBER  2 2014.....SUNRISE   710 AM CDT   SUNSET   748 PM CDT
SEPTEMBER  3 2014.....SUNRISE   711 AM CDT   SUNSET   747 PM CDT


-  INDICATES NEGATIVE NUMBERS.
R  INDICATES RECORD WAS SET OR TIED.
MM INDICATES DATA IS MISSING.
T  INDICATES TRACE AMOUNT.




$$
