000
CDAK49 PAFG 240954
CLIBRW

CLIMATE REPORT
NATIONAL WEATHER SERVICE FAIRBANKS AK
154 AM AKDT MON APR 24 2017


...................................

...THE BARROW AK CLIMATE SUMMARY FOR APRIL 23 2017...

CLIMATE NORMAL PERIOD 1981 TO 2010
CLIMATE RECORD PERIOD 1920 TO 2017


WEATHER ITEM   OBSERVED TIME   RECORD YEAR NORMAL DEPARTURE LAST
                VALUE   (LST)  VALUE       VALUE  FROM      YEAR
                                                  NORMAL
..................................................................
TEMPERATURE (F)
 YESTERDAY
  MAXIMUM         19    600 PM  40    1931  14      5       20
  MINIMUM         -3    617 AM -28    1984   0     -3       16
  AVERAGE          8                         7      1       18

PRECIPITATION (IN)
  YESTERDAY        0.00          0.12 2014   0.00   0.00      T
  MONTH TO DATE    T                         0.12  -0.12     0.06
  SINCE MAR 1      0.30                      0.21   0.09     0.20
  SINCE JAN 1      1.17                      0.48   0.69     3.26

SNOWFALL (IN)
  YESTERDAY        0.0           1.5  2014   0.2   -0.2       T
  MONTH TO DATE    0.2                       2.5   -2.3      0.3
  SINCE MAR 1      2.6                       4.6   -2.0      0.5
  SINCE JUL 1     29.5                      33.6   -4.1      9.3
  SNOW DEPTH       6

DEGREE DAYS
 HEATING
  YESTERDAY       57                        58     -1       47
  MONTH TO DATE 1335                      1508   -173     1295
  SINCE MAR 1   3572                      3915   -343     3311
  SINCE JUL 1  14534                     16772  -2238    14707

 COOLING
  YESTERDAY        0                         0      0        0
  MONTH TO DATE    0                         0      0        0
  SINCE MAR 1      0                         0      0        0
  SINCE JAN 1      0                         0      0        0
..................................................................


WIND (MPH)
  HIGHEST GUST SPEED    15   HIGHEST GUST DIRECTION     N (20)


SKY COVER
  AVERAGE SKY COVER 0.5


WEATHER CONDITIONS
 THE FOLLOWING WEATHER WAS RECORDED YESTERDAY.
  FOG
  FOG W/VISIBILITY <= 1/4 MILE
  HAZE


RELATIVE HUMIDITY (PERCENT)
 HIGHEST   100
 LOWEST     73
 AVERAGE    87

..........................................................


THE BARROW AK CLIMATE NORMALS FOR TODAY
                         NORMAL    RECORD    YEAR
 MAXIMUM TEMPERATURE (F)   14        42      1936
 MINIMUM TEMPERATURE (F)    1       -25      1922


SUNRISE AND SUNSET
APRIL 24 2017.........SUNRISE   518 AM AKDT  SUNSET  1138 PM AKDT
APRIL 25 2017.........SUNRISE   512 AM AKDT  SUNSET  1144 PM AKDT

-  INDICATES NEGATIVE NUMBERS.
R  INDICATES RECORD WAS SET OR TIED.
MM INDICATES DATA IS MISSING.
T  INDICATES TRACE AMOUNT.

&&

SNOW DEPTH IS MEASURED AT 3AM AKST/4AM AKDT.

----------------------------
AVAILABLE DAYLIGHT

AMOUNT OF DAYLIGHT TODAY  (HOUR:MIN)........18:20
GAIN/LOSS SINCE YESTERDAY (HOUR:MIN:SEC)....+0:11:56

$$
APR 17
