000
CDAK49 PABR 270903
CLIBRW

CLIMATE REPORT
NATIONAL WEATHER SERVICE BARROW, AK
103 AM AKDT THU AUG 27 2015

...................................
...THE BARROW WSO AP CLIMATE SUMMARY FOR AUGUST 26 2015...

CLIMATE NORMAL PERIOD  1981 TO  2010
CLIMATE RECORD PERIOD  1915 TO  2015

WEATHER ITEM   OBSERVED TIME    RECORD YEAR NORMAL DEPARTURE LAST
               VALUE    (LST)   VALUE       VALUE  FROM      YEAR
                                                   NORMAL
...................................................................
TEMPERATURE
YESTERDAY
 MAXIMUM            46  1230 AM    65  1929     42       4     42
 MINIMUM            36  1154 PM    21  1991     33       3     33
 AVERAGE            41                          38       3     38

PRECIPITATION
(INCHES)
 YESTERDAY           T           0.38  1957   0.03   -0.03      T
 MONTH TO DATE    1.46                        0.89    0.57   0.04
 SINCE JUN 1      2.52                        2.19    0.33   2.52
 SINCE JAN 1      4.48                        2.89    1.59   4.14

SNOWFALL
(INCHES)
 YESTERDAY           T            1.3  1933    0.0       T    0.0
 MONTH TO DATE     0.2                         0.6    -0.4      T
 SINCE JUN 1       1.2                         1.5    -0.3    1.8
 SINCE JUL 1       0.2                         0.8    -0.6    0.9
 SNOW DEPTH (IN)     0                                          0

DEGREE DAYS
 HEATING
  YESTERDAY         24                          27      -3     27
  MONTH TO DATE    680                         668      12    702
  SINCE JUN 1     2173                        2295    -122   2463
  SINCE JUL 1     1431                        1415      16   1530

 COOLING
  YESTERDAY          0                           0       0      0
  MONTH TO DATE      0                           0       0      0
  SINCE JUN 1        0                           0       0      0
  SINCE JAN 1        0                           0       0      0
...................................................................

WIND (MPH)
 HIGHEST WIND SPEED    33     HIGHEST WIND DIRECTION    270
 HIGHEST GUST SPEED    42     HIGHEST GUST DIRECTION    260
 AVERAGE WIND SPEED  20.3

WEATHER CONDITIONS
 THE FOLLOWING WEATHER WAS RECORDED YESTERDAY.
  FOG
RAIN
SNOW


RELATIVE HUMIDITY
 HIGHEST RH     MM PERCENT       MM
 LOWEST  RH     MM PERCENT       MM
 AVERAGE RH     MM PERCENT       MM
...................................................................

THE BARROW CLIMATE NORMALS FOR TODAY
                           NORMAL    RECORD   YEAR
 MAXIMUM TEMPERATURE (F)     42        63     1929
 MINIMUM TEMPERATURE (F)     33        22     1932

SUNRISE AND SUNSET
 AUG 27 2015..........SUNRISE  6:11 AM      SUNSET 10:44 PM
 AUG 28 2015..........SUNRISE  6:15 AM      SUNSET 10:39 PM

-  INDICATES NEGATIVE NUMBERS.
R  INDICATES RECORD HAS BEEN SET OR TIED.
MM INDICATES DATA IS MISSING.
T  INDICATES TRACE OF PRECIPITATION.

&&
-------------------------------------------------------------------

AMOUNT OF DAYLIGHT TODAY  (HOUR:MIN)........16 HOURS 33 MINUTES
GAIN/LOSS SINCE YESTERDAY (HOUR:MIN:SEC)....-0:10:25

$$
DZB AUG 15
