000
CDAK49 PABR 301016
CLIBRW

CLIMATE REPORT
NATIONAL WEATHER SERVICE BARROW, AK
216 AM AKDT MON MAR 30 2015

...................................
...THE BARROW WSO AP CLIMATE SUMMARY FOR MARCH 29 2015...

CLIMATE NORMAL PERIOD  1981 TO  2010
CLIMATE RECORD PERIOD  1915 TO  2015

WEATHER ITEM   OBSERVED TIME    RECORD YEAR NORMAL DEPARTURE LAST
               VALUE    (LST)   VALUE       VALUE  FROM      YEAR
                                                   NORMAL
...................................................................
TEMPERATURE
YESTERDAY
 MAXIMUM             0  0723 PM    27  1954     -2       2      4
 MINIMUM           -11  0139 AM   -36  1944    -16       5     -5
 AVERAGE            -6                          -9       3     -1

PRECIPITATION
(INCHES)
 YESTERDAY        0.02           0.10  1925   0.00    0.02      T
 MONTH TO DATE    0.28                        0.08    0.20   0.05
 SINCE MAR 1      0.28                        0.08    0.20   0.05
 SINCE JAN 1      0.85                        0.35    0.50   0.42

SNOWFALL
(INCHES)
 YESTERDAY         0.3            1.0  1925    0.1     0.2      T
 MONTH TO DATE     3.3                         2.0     1.3    1.7
 SINCE MAR 1       3.3                         2.0     1.3    1.7
 SINCE JUL 1      46.4                        31.0    15.4   44.3
 SNOW DEPTH (IN)     6                                          7

DEGREE DAYS
 HEATING
  YESTERDAY         71                          74      -3     66
  MONTH TO DATE   2232                        2257     -25   2020
  SINCE MAR 1     2216                        2257     -41   2010
  SINCE JUL 1    14359                       15105    -746  13730

 COOLING
  YESTERDAY          0                           0       0      0
  MONTH TO DATE      0                           0       0      0
  SINCE MAR 1        0                           0       0      0
  SINCE JAN 1        0                           0       0      0
...................................................................

WIND (MPH)
 HIGHEST WIND SPEED    24     HIGHEST WIND DIRECTION     50
 HIGHEST GUST SPEED    30     HIGHEST GUST DIRECTION     50
 AVERAGE WIND SPEED  18.7

SKY COVER
  POSSIBLE SUNSHINE    MM          AVERAGE SKY COVER     MM

WEATHER CONDITIONS
 THE FOLLOWING WEATHER WAS RECORDED YESTERDAY.
  FOG
  BLOWING SNOW WITH VISIBILITY AS LOW AS ONE HALF MILE.
  SNOW

RELATIVE HUMIDITY
 HIGHEST RH     95 PERCENT   AT 1153 PM AST
 LOWEST  RH     74 PERCENT   AT  153 AM AST
 AVERAGE RH     81 PERCENT
...................................................................

THE BARROW CLIMATE NORMALS FOR TODAY
                           NORMAL    RECORD   YEAR
 MAXIMUM TEMPERATURE (F)     -2        27     1927
 MINIMUM TEMPERATURE (F)    -15       -42     1944

SUNRISE AND SUNSET
 MAR 30 2015..........SUNRISE  7:36 AM      SUNSET  9:31 PM
 MAR 31 2015..........SUNRISE  7:31 AM      SUNSET  9:35 PM

-  INDICATES NEGATIVE NUMBERS.
R  INDICATES RECORD HAS BEEN SET OR TIED.
MM INDICATES DATA IS MISSING.
T  INDICATES TRACE OF PRECIPITATION.

&&
-------------------------------------------------------------------

AMOUNT OF DAYLIGHT TODAY  (HOUR:MIN)........13 HOURS 55 MINUTES
GAIN/LOSS SINCE YESTERDAY (HOUR:MIN:SEC)....+0:09:29

$$
RFL MAR 15
