000
CDAK49 PAFG 160957
CLIBRW

CLIMATE REPORT
NATIONAL WEATHER SERVICE FAIRBANKS AK
1257 AM AKST TUE JAN 16 2018


...................................

...THE BARROW AK CLIMATE SUMMARY FOR JANUARY 15 2018...

CLIMATE NORMAL PERIOD 1981 TO 2010
CLIMATE RECORD PERIOD 1920 TO 2018


WEATHER ITEM   OBSERVED TIME   RECORD YEAR NORMAL DEPARTURE LAST
                VALUE   (LST)  VALUE       VALUE  FROM      YEAR
                                                  NORMAL
..................................................................
TEMPERATURE (F)
 YESTERDAY
  MAXIMUM          9    130 AM  32    1957  -8     17       -8
  MINIMUM         -5    750 AM -53    1951 -20     15      -24
  AVERAGE          2                       -14     16      -16

PRECIPITATION (IN)
  YESTERDAY        0.00          0.08 2009   0.01  -0.01      T
  MONTH TO DATE    0.02                      0.07  -0.05     0.46
  SINCE DEC 1      0.40                      0.21   0.19     0.76
  SINCE JAN 1      0.02                      0.07  -0.05     0.46

SNOWFALL (IN)
  YESTERDAY        0.0           1.8  2009   0.1   -0.1       T
  MONTH TO DATE    0.2                       1.3   -1.1      4.2
  SINCE DEC 1      6.8                       4.8    2.0      8.4
  SINCE JUL 1     23.5                      25.1   -1.6     21.5
  SNOW DEPTH       8

DEGREE DAYS
 HEATING
  YESTERDAY       63                        79    -16       81
  MONTH TO DATE 1011                      1165   -154      824
  SINCE DEC 1   2843                      3422   -579     2828
  SINCE JUL 1   7771                      9374  -1603     7783

 COOLING
  YESTERDAY        0                         0      0        0
  MONTH TO DATE    0                         0      0        0
  SINCE DEC 1      0                         0      0        0
  SINCE JAN 1      0                         0      0        0
..................................................................


WIND (MPH)
  HIGHEST GUST SPEED    17   HIGHEST GUST DIRECTION     E (110)


SKY COVER
  AVERAGE SKY COVER 0.1


WEATHER CONDITIONS
 THE FOLLOWING WEATHER WAS RECORDED YESTERDAY.
  FOG
  FOG W/VISIBILITY <= 1/4 MILE
  HAZE


RELATIVE HUMIDITY (PERCENT)
 HIGHEST    91
 LOWEST     78
 AVERAGE    85

..........................................................


THE BARROW AK CLIMATE NORMALS FOR TODAY
                         NORMAL    RECORD    YEAR
 MAXIMUM TEMPERATURE (F)   -8        32      1957
 MINIMUM TEMPERATURE (F)  -20       -52      1980


SUNRISE AND SUNSET
JANUARY 16 2018.......SUN BELOW VISIBLE HORIZON.
JANUARY 17 2018.......SUN BELOW VISIBLE HORIZON.

-  INDICATES NEGATIVE NUMBERS.
R  INDICATES RECORD WAS SET OR TIED.
MM INDICATES DATA IS MISSING.
T  INDICATES TRACE AMOUNT.

&&

SNOW DEPTH IS MEASURED AT 3AM AKST/4AM AKDT.

----------------------------
AVAILABLE DAYLIGHT

AMOUNT OF DAYLIGHT TODAY  (HOUR:MIN)........0:00
GAIN/LOSS SINCE YESTERDAY (HOUR:MIN:SEC)....+0:00:00

$$
CCC JAN 18
