000
CDAK49 PABR 290115
CLIBRW

CLIMATE REPORT
NATIONAL WEATHER SERVICE BARROW, AK
415 PM AKST SUN DEC 28 2014

...................................
...THE BARROW WSO AP CLIMATE SUMMARY FOR DECEMBER 28 2014...
VALID TODAY AS OF 2:00 PM LOCAL TIME

CLIMATE NORMAL PERIOD  1981 TO  2010
CLIMATE RECORD PERIOD  1915 TO  2014

WEATHER ITEM   OBSERVED TIME    RECORD YEAR NORMAL DEPARTURE LAST
               VALUE    (LST)   VALUE       VALUE  FROM      YEAR
                                                   NORMAL
...................................................................
TEMPERATURE
TODAY
 MAXIMUM             4  0413 PM    24  2001     -4       8    -12
 MINIMUM           -13  0124 AM   -45  1974    -17       4    -19
 AVERAGE            -5                         -11       6    -16

PRECIPITATION
(INCHES)
 TODAY            0.10           0.10  2014   0.01    0.09   0.00
 MONTH TO DATE    0.18                        0.13    0.05   1.17
 SINCE DEC 1      0.18                        0.13    0.05   1.17
 SINCE JAN 1      7.40                        4.52    2.88   8.39

SNOWFALL
(INCHES)
 TODAY             1.0            1.7  2001    0.1     0.9    0.0
 MONTH TO DATE     2.8                         3.2    -0.4   13.1
 SINCE DEC 1       2.8                         3.2    -0.4   13.1
 SINCE JUL 1      33.9                        23.5    10.4   37.0
 SNOW DEPTH (IN)     5                                          8

DEGREE DAYS
 HEATING
  TODAY             70                          75      -5     81
  MONTH TO DATE   2057                        2029      28   1885
  SINCE DEC 1     2041                        2029      12   1873
  SINCE JUL 1     7643                        7979    -336   7258

 COOLING
  TODAY              0                           0       0      0
  MONTH TO DATE      0                           0       0      0
  SINCE DEC 1        0                           0       0      0
  SINCE JAN 1        0                           0       0      0
...................................................................

WIND (MPH)
 HIGHEST WIND SPEED    40     HIGHEST WIND DIRECTION    110
 HIGHEST GUST SPEED    49     HIGHEST GUST DIRECTION    110
 AVERAGE WIND SPEED    MM

WEATHER CONDITIONS
 THE FOLLOWING WEATHER WAS RECORDED TODAY.
 BLOWING SNOW WITH VISIBILITY AS LOW AS ONE QUARTER MILE.
 SNOW

RELATIVE HUMIDITY
 HIGHEST RH     95 PERCENT   AT  253 PM AST
 LOWEST  RH     74 PERCENT   AT  253 AM AST
 AVERAGE RH     MM PERCENT
...................................................................

THE BARROW CLIMATE NORMALS FOR TOMORROW
                        NORMAL    RECORD   YEAR
 MAXIMUM TEMPERATURE      -5        27     1967
 MINIMUM TEMPERATURE     -17       -44     1974

SUNRISE AND SUNSET
 THE SUN IS CONTINUOUSLY BELOW THE HORIZON ALL DAY.

-  INDICATES NEGATIVE NUMBERS.
R  INDICATES RECORD HAS BEEN SET OR TIED.
MM INDICATES DATA IS MISSING.
T  INDICATES TRACE OF PRECIPITATION.

&&
-------------------------------------------------------------------

AMOUNT OF DAYLIGHT TODAY  (HOUR:MIN)........0 HOURS 00 MINUTES
GAIN/LOSS SINCE YESTERDAY (HOUR:MIN:SEC)....+0:00:00

$$
RFL DEC 14
