087
CDAK49 PAFG 240939
CLIBRW

CLIMATE REPORT
NATIONAL WEATHER SERVICE FAIRBANKS AK
1239 AM AKST TUE JAN 24 2017


...................................

...THE BARROW AK CLIMATE SUMMARY FOR JANUARY 23 2017...

CLIMATE NORMAL PERIOD 1981 TO 2010
CLIMATE RECORD PERIOD 1920 TO 2017


WEATHER ITEM   OBSERVED TIME   RECORD YEAR NORMAL DEPARTURE LAST
                VALUE   (LST)  VALUE       VALUE  FROM      YEAR
                                                  NORMAL
..................................................................
TEMPERATURE (F)
 YESTERDAY
  MAXIMUM        -14   1012 PM  25    1930  -8     -6       -9
  MINIMUM        -34    743 AM -47    1947 -20    -14      -15
  AVERAGE        -24                       -14    -10      -12

PRECIPITATION (IN)
  YESTERDAY        T             0.18 1950   0.00   0.00      T
  MONTH TO DATE    0.46                      0.10   0.36     0.53
  SINCE DEC 1      0.76                      0.24   0.52     0.54
  SINCE JAN 1      0.46                      0.10   0.36     0.53

SNOWFALL (IN)
  YESTERDAY        T             2.1  1934   0.0    0.0       T
  MONTH TO DATE    4.4                       1.9    2.5      0.9
  SINCE DEC 1      8.6                       5.4    3.2      1.3
  SINCE JUL 1     21.7                      25.7   -4.0      4.8
  SNOW DEPTH       6

DEGREE DAYS
 HEATING
  YESTERDAY       89                        79     10       77
  MONTH TO DATE 1503                      1797   -294     1505
  SINCE DEC 1   3507                      4054   -547     3839
  SINCE JUL 1   8462                     10006  -1544     8900

 COOLING
  YESTERDAY        0                         0      0        0
  MONTH TO DATE    0                         0      0        0
  SINCE DEC 1      0                         0      0        0
  SINCE JAN 1      0                         0      0        0
..................................................................


WIND (MPH)
  HIGHEST GUST SPEED    21   HIGHEST GUST DIRECTION     E (70)


SKY COVER
  AVERAGE SKY COVER 0.3


WEATHER CONDITIONS
 THE FOLLOWING WEATHER WAS RECORDED YESTERDAY.
  LIGHT SNOW
  FOG
  HAZE


RELATIVE HUMIDITY (PERCENT)
 HIGHEST    78
 LOWEST     69
 AVERAGE    74

..........................................................


THE BARROW AK CLIMATE NORMALS FOR TODAY
                         NORMAL    RECORD    YEAR
 MAXIMUM TEMPERATURE (F)   -8        31      1991
 MINIMUM TEMPERATURE (F)  -20       -50      1989


SUNRISE AND SUNSET
JANUARY 24 2017.......SUNRISE  1241 PM AKST  SUNSET   239 PM AKST
JANUARY 25 2017.......SUNRISE  1230 PM AKST  SUNSET   251 PM AKST

-  INDICATES NEGATIVE NUMBERS.
R  INDICATES RECORD WAS SET OR TIED.
MM INDICATES DATA IS MISSING.
T  INDICATES TRACE AMOUNT.

&&

SNOW DEPTH IS MEASURED AT 3AM AKST/4AM AKDT.

----------------------------
AVAILABLE DAYLIGHT

AMOUNT OF DAYLIGHT TODAY  (HOUR:MIN)........1:58
GAIN/LOSS SINCE YESTERDAY (HOUR:MIN:SEC)....+0:28:32

$$
SDB JAN 17
