523
CDAK49 PAFG 191003
CLIBRW

CLIMATE REPORT
NATIONAL WEATHER SERVICE FAIRBANKS AK
103 AM AKST SUN FEB 19 2017


...................................

...THE BARROW AK CLIMATE SUMMARY FOR FEBRUARY 18 2017...

CLIMATE NORMAL PERIOD 1981 TO 2010
CLIMATE RECORD PERIOD 1920 TO 2017


WEATHER ITEM   OBSERVED TIME   RECORD YEAR NORMAL DEPARTURE LAST
                VALUE   (LST)  VALUE       VALUE  FROM      YEAR
                                                  NORMAL
..................................................................
TEMPERATURE (F)
 YESTERDAY
  MAXIMUM        -12    856 PM  26    1944  -8     -4       -2
  MINIMUM        -21    355 AM -53    1964 -20     -1      -12
  AVERAGE        -16                       -14     -2       -7

PRECIPITATION (IN)
  YESTERDAY        T             0.21 1944   0.01  -0.01     0.00
  MONTH TO DATE    0.05                      0.09  -0.04     2.00
  SINCE DEC 1      0.82                      0.36   0.46     2.98
  SINCE JAN 1      0.52                      0.22   0.30     2.97

SNOWFALL (IN)
  YESTERDAY        T             2.5  1944   0.1   -0.1      0.0
  MONTH TO DATE    1.1                       1.7   -0.6      2.1
  SINCE DEC 1     10.0                       7.8    2.2      4.4
  SINCE JUL 1     23.1                      28.1   -5.0      7.9
  SNOW DEPTH       6

DEGREE DAYS
 HEATING
  YESTERDAY       81                        79      2       72
  MONTH TO DATE 1220                      1422   -202     1284
  SINCE DEC 1   5240                      6109   -869     5633
  SINCE JUL 1  10195                     12061  -1866    10694

 COOLING
  YESTERDAY        0                         0      0        0
  MONTH TO DATE    0                         0      0        0
  SINCE DEC 1      0                         0      0        0
  SINCE JAN 1      0                         0      0        0
..................................................................


WIND (MPH)
  HIGHEST GUST SPEED    19   HIGHEST GUST DIRECTION    NE (40)


SKY COVER
  AVERAGE SKY COVER 0.4


WEATHER CONDITIONS
 THE FOLLOWING WEATHER WAS RECORDED YESTERDAY.
  LIGHT SNOW
  HAZE


RELATIVE HUMIDITY (PERCENT)
 HIGHEST    78
 LOWEST     69
 AVERAGE    74

..........................................................


THE BARROW AK CLIMATE NORMALS FOR TODAY
                         NORMAL    RECORD    YEAR
 MAXIMUM TEMPERATURE (F)   -8        30      2006
 MINIMUM TEMPERATURE (F)  -20       -54      1964


SUNRISE AND SUNSET
FEBRUARY 19 2017......SUNRISE   949 AM AKST  SUNSET   536 PM AKST
FEBRUARY 20 2017......SUNRISE   944 AM AKST  SUNSET   541 PM AKST

-  INDICATES NEGATIVE NUMBERS.
R  INDICATES RECORD WAS SET OR TIED.
MM INDICATES DATA IS MISSING.
T  INDICATES TRACE AMOUNT.

&&

SNOW DEPTH IS MEASURED AT 3AM AKST/4AM AKDT.

----------------------------
AVAILABLE DAYLIGHT

AMOUNT OF DAYLIGHT TODAY  (HOUR:MIN)........7:47
GAIN/LOSS SINCE YESTERDAY (HOUR:MIN:SEC)....+0:10:19

$$
LTH FEB 17
