000
CDUS43 KGRR 270515
CLIBTL


CLIMATE REPORT
NATIONAL WEATHER SERVICE GRAND RAPIDS, MI
115 AM EDT FRI MAR 27 2015


...................................

...THE BATTLE CREEK MI CLIMATE SUMMARY FOR MARCH 26 2015...

CLIMATE NORMAL PERIOD 1981 TO 2010
CLIMATE RECORD PERIOD 1998 TO 2015


WEATHER ITEM   OBSERVED TIME   NORMAL DEPARTURE LAST
                VALUE   (LST)  VALUE  FROM      YEAR
                                      NORMAL
......................................................
TEMPERATURE (F)
 YESTERDAY
  MAXIMUM         41    212 PM  51    -10       33
  MINIMUM         30   1159 PM  29      1       11
  AVERAGE         36            40     -4       22

PRECIPITATION (IN)
  YESTERDAY        T             0.07  -0.07     0.00
  MONTH TO DATE    0.23          1.53  -1.30     0.85
  SINCE MAR 1      0.23          1.53  -1.30     0.85
  SINCE JAN 1      1.24          4.53  -3.29     2.38

DEGREE DAYS
 HEATING
  YESTERDAY       29            25      4       43
  MONTH TO DATE  804           790     14     1043
  SINCE MAR 1    804           790     14     1043
  SINCE JUL 1   6009          5755    254     6497

 COOLING
  YESTERDAY        0             0      0        0
  MONTH TO DATE    0             0      0        0
  SINCE MAR 1      0             0      0        0
  SINCE JAN 1      0             0      0        0
......................................................


WIND (MPH)
  RESULTANT WIND SPEED  11   RESULTANT WIND DIRECTION  NW (310)
  HIGHEST WIND SPEED    20   HIGHEST WIND DIRECTION    NW (310)
  HIGHEST GUST SPEED    24   HIGHEST GUST DIRECTION    NW (310)
  AVERAGE WIND SPEED    11.4


SKY COVER
  AVERAGE SKY COVER 0.9


WEATHER CONDITIONS
 THE FOLLOWING WEATHER WAS RECORDED YESTERDAY.
  NO SIGNIFICANT WEATHER WAS OBSERVED.


RELATIVE HUMIDITY (PERCENT)
 HIGHEST    85           100 AM
 LOWEST     51           100 PM
 AVERAGE    68

..........................................................


THE BATTLE CREEK MI CLIMATE NORMALS FOR TODAY
                         NORMAL
 MAXIMUM TEMPERATURE (F)   51
 MINIMUM TEMPERATURE (F)   29


SUNRISE AND SUNSET
MARCH 27 2015.........SUNRISE   733 AM EDT   SUNSET   801 PM EDT
MARCH 28 2015.........SUNRISE   731 AM EDT   SUNSET   802 PM EDT


-  INDICATES NEGATIVE NUMBERS.
R  INDICATES RECORD WAS SET OR TIED.
MM INDICATES DATA IS MISSING.
T  INDICATES TRACE AMOUNT.




$$
