000
CDUS43 KGRR 030518
CLIBTL


CLIMATE REPORT
NATIONAL WEATHER SERVICE GRAND RAPIDS, MI
117 AM EDT TUE MAY 3 2016


...................................

...THE BATTLE CREEK MI CLIMATE SUMMARY FOR MAY 2 2016...

CLIMATE NORMAL PERIOD 1981 TO 2010
CLIMATE RECORD PERIOD 1998 TO 2016


WEATHER ITEM   OBSERVED TIME   NORMAL DEPARTURE LAST
                VALUE   (LST)  VALUE  FROM      YEAR
                                      NORMAL
......................................................
TEMPERATURE (F)
 YESTERDAY
  MAXIMUM         54    437 PM  66    -12       74
  MINIMUM         43    802 AM  42      1       42
  AVERAGE         49            54     -5       58

PRECIPITATION (IN)
  YESTERDAY        0.21          0.11   0.10     0.00
  MONTH TO DATE    0.28          0.22   0.06     0.00
  SINCE MAR 1      5.72          4.93   0.79     2.07
  SINCE JAN 1      7.32          7.93  -0.61     3.08

DEGREE DAYS
 HEATING
  YESTERDAY       16            11      5        7
  MONTH TO DATE   33            23     10       14
  SINCE MAR 1   1292          1447   -155     1450
  SINCE JUL 1   5207          6412  -1205     6655

 COOLING
  YESTERDAY        0             0      0        0
  MONTH TO DATE    0             0      0        0
  SINCE MAR 1      2             7     -5        0
  SINCE JAN 1      2             7     -5        0
......................................................


WIND (MPH)
  RESULTANT WIND SPEED   6   RESULTANT WIND DIRECTION  NE (40)
  HIGHEST WIND SPEED    14   HIGHEST WIND DIRECTION    NE (40)
  HIGHEST GUST SPEED    18   HIGHEST GUST DIRECTION    NE (60)
  AVERAGE WIND SPEED     6.9


SKY COVER
  AVERAGE SKY COVER 1.0


WEATHER CONDITIONS
 THE FOLLOWING WEATHER WAS RECORDED YESTERDAY.
  HEAVY RAIN
  RAIN
  LIGHT RAIN
  FOG


RELATIVE HUMIDITY (PERCENT)
 HIGHEST    96           400 AM
 LOWEST     66           400 PM
 AVERAGE    81

..........................................................


THE BATTLE CREEK MI CLIMATE NORMALS FOR TODAY
                         NORMAL
 MAXIMUM TEMPERATURE (F)   67
 MINIMUM TEMPERATURE (F)   42


SUNRISE AND SUNSET
MAY  3 2016...........SUNRISE   633 AM EDT   SUNSET   843 PM EDT
MAY  4 2016...........SUNRISE   632 AM EDT   SUNSET   844 PM EDT


-  INDICATES NEGATIVE NUMBERS.
R  INDICATES RECORD WAS SET OR TIED.
MM INDICATES DATA IS MISSING.
T  INDICATES TRACE AMOUNT.




$$
