597
CDUS43 KGRR 240523
CLIBTL


CLIMATE REPORT
NATIONAL WEATHER SERVICE GRAND RAPIDS, MI
122 AM EDT TUE MAY 24 2016


...................................

...THE BATTLE CREEK MI CLIMATE SUMMARY FOR MAY 23 2016...

CLIMATE NORMAL PERIOD 1981 TO 2010
CLIMATE RECORD PERIOD 1998 TO 2016


WEATHER ITEM   OBSERVED TIME   NORMAL DEPARTURE LAST
                VALUE   (LST)  VALUE  FROM      YEAR
                                      NORMAL
......................................................
TEMPERATURE (F)
 YESTERDAY
  MAXIMUM         77    454 PM  73      4       77
  MINIMUM         41    500 AM  48     -7       43
  AVERAGE         59            60     -1       60

PRECIPITATION (IN)
  YESTERDAY        0.00          0.13  -0.13     0.00
  MONTH TO DATE    1.96          2.76  -0.80     2.59
  SINCE MAR 1      7.40          7.47  -0.07     4.66
  SINCE JAN 1      9.00         10.47  -1.47     5.67

DEGREE DAYS
 HEATING
  YESTERDAY        6             6      0        5
  MONTH TO DATE  241           204     37      131
  SINCE MAR 1   1500          1628   -128     1567
  SINCE JUL 1   5415          6593  -1178     6772

 COOLING
  YESTERDAY        0             1     -1        0
  MONTH TO DATE    0            17    -17       40
  SINCE MAR 1      2            24    -22       40
  SINCE JAN 1      2            24    -22       40
......................................................


WIND (MPH)
  RESULTANT WIND SPEED   3   RESULTANT WIND DIRECTION   S (180)
  HIGHEST WIND SPEED    12   HIGHEST WIND DIRECTION    SW (210)
  HIGHEST GUST SPEED    14   HIGHEST GUST DIRECTION     S (170)
  AVERAGE WIND SPEED     3.9


SKY COVER
  AVERAGE SKY COVER 0.0


WEATHER CONDITIONS
 THE FOLLOWING WEATHER WAS RECORDED YESTERDAY.
  NO SIGNIFICANT WEATHER WAS OBSERVED.


RELATIVE HUMIDITY (PERCENT)
 HIGHEST    89           500 AM
 LOWEST     20           300 PM
 AVERAGE    55

..........................................................


THE BATTLE CREEK MI CLIMATE NORMALS FOR TODAY
                         NORMAL
 MAXIMUM TEMPERATURE (F)   73
 MINIMUM TEMPERATURE (F)   48


SUNRISE AND SUNSET
MAY 24 2016...........SUNRISE   611 AM EDT   SUNSET   905 PM EDT
MAY 25 2016...........SUNRISE   611 AM EDT   SUNSET   906 PM EDT


-  INDICATES NEGATIVE NUMBERS.
R  INDICATES RECORD WAS SET OR TIED.
MM INDICATES DATA IS MISSING.
T  INDICATES TRACE AMOUNT.




$$
