683
CDUS43 KGRR 270523
CLIBTL


CLIMATE REPORT
NATIONAL WEATHER SERVICE GRAND RAPIDS, MI
123 AM EDT SAT MAY 27 2017


...................................

...THE BATTLE CREEK MI CLIMATE SUMMARY FOR MAY 26 2017...

CLIMATE NORMAL PERIOD 1981 TO 2010
CLIMATE RECORD PERIOD 1998 TO 2017


WEATHER ITEM   OBSERVED TIME   NORMAL DEPARTURE LAST
                VALUE   (LST)  VALUE  FROM      YEAR
                                      NORMAL
......................................................
TEMPERATURE (F)
 YESTERDAY
  MAXIMUM         71    315 PM  73     -2       83
  MINIMUM         51    338 AM  49      2       62
  AVERAGE         61            61      0       73

PRECIPITATION (IN)
  YESTERDAY        0.03          0.13  -0.10     0.52
  MONTH TO DATE    2.88          3.15  -0.27     2.79
  SINCE MAR 1     10.01          7.86   2.15     8.23
  SINCE JAN 1     15.48         10.86   4.62     9.83

DEGREE DAYS
 HEATING
  YESTERDAY        4             6     -2        0
  MONTH TO DATE  233           222     11      241
  SINCE MAR 1   1500          1646   -146     1500
  SINCE JUL 1   5403          6611  -1208     5415

 COOLING
  YESTERDAY        0             2     -2        8
  MONTH TO DATE   23            22      1       17
  SINCE MAR 1     32            29      3       19
  SINCE JAN 1     32            29      3       19
......................................................


WIND (MPH)
  RESULTANT WIND SPEED   2   RESULTANT WIND DIRECTION   W (290)
  HIGHEST WIND SPEED    10   HIGHEST WIND DIRECTION     N (20)
  HIGHEST GUST SPEED    14   HIGHEST GUST DIRECTION    NE (50)
  AVERAGE WIND SPEED     5.1


SKY COVER
  AVERAGE SKY COVER 0.7


WEATHER CONDITIONS
 THE FOLLOWING WEATHER WAS RECORDED YESTERDAY.
  LIGHT RAIN
  FOG
  FOG W/VISIBILITY <= 1/4 MILE


RELATIVE HUMIDITY (PERCENT)
 HIGHEST   100           400 AM
 LOWEST     57           200 PM
 AVERAGE    79

..........................................................


THE BATTLE CREEK MI CLIMATE NORMALS FOR TODAY
                         NORMAL
 MAXIMUM TEMPERATURE (F)   74
 MINIMUM TEMPERATURE (F)   49


SUNRISE AND SUNSET
MAY 27 2017...........SUNRISE   610 AM EDT   SUNSET   907 PM EDT
MAY 28 2017...........SUNRISE   609 AM EDT   SUNSET   908 PM EDT


-  INDICATES NEGATIVE NUMBERS.
R  INDICATES RECORD WAS SET OR TIED.
MM INDICATES DATA IS MISSING.
T  INDICATES TRACE AMOUNT.




$$
