000
CDUS43 KGRR 250525
CLIBTL


CLIMATE REPORT
NATIONAL WEATHER SERVICE GRAND RAPIDS, MI
123 AM EDT MON SEP 25 2017


...................................

...THE BATTLE CREEK MI CLIMATE SUMMARY FOR SEPTEMBER 24 2017...

CLIMATE NORMAL PERIOD 1981 TO 2010
CLIMATE RECORD PERIOD 1998 TO 2017


WEATHER ITEM   OBSERVED TIME   NORMAL DEPARTURE LAST
                VALUE   (LST)  VALUE  FROM      YEAR
                                      NORMAL
......................................................
TEMPERATURE (F)
 YESTERDAY
  MAXIMUM         92    328 PM  70     22       73
  MINIMUM         61    620 AM  47     14       55
  AVERAGE         77            58     19       64

PRECIPITATION (IN)
  YESTERDAY        0.00          0.12  -0.12     0.00
  MONTH TO DATE    0.23          2.93  -2.70     1.86
  SINCE SEP 1      0.23          2.93  -2.70     1.86
  SINCE JAN 1     21.83         24.47  -2.64    25.32

DEGREE DAYS
 HEATING
  YESTERDAY        0             8     -8        1
  MONTH TO DATE   63           102    -39       17
  SINCE SEP 1     63           102    -39       17
  SINCE JUL 1     83           143    -60       25

 COOLING
  YESTERDAY       12             1     11        0
  MONTH TO DATE  109            50     59       91
  SINCE SEP 1    109            50     59       91
  SINCE JAN 1    696           568    128      707
......................................................


WIND (MPH)
  RESULTANT WIND SPEED   4   RESULTANT WIND DIRECTION   S (170)
  HIGHEST WIND SPEED    15   HIGHEST WIND DIRECTION     S (180)
  HIGHEST GUST SPEED    19   HIGHEST GUST DIRECTION     S (160)
  AVERAGE WIND SPEED     4.2


SKY COVER
  AVERAGE SKY COVER 0.0


WEATHER CONDITIONS
 THE FOLLOWING WEATHER WAS RECORDED YESTERDAY.
  NO SIGNIFICANT WEATHER WAS OBSERVED.


RELATIVE HUMIDITY (PERCENT)
 HIGHEST    93           300 AM
 LOWEST     30           200 PM
 AVERAGE    62

..........................................................


THE BATTLE CREEK MI CLIMATE NORMALS FOR TODAY
                         NORMAL
 MAXIMUM TEMPERATURE (F)   70
 MINIMUM TEMPERATURE (F)   46


SUNRISE AND SUNSET
SEPTEMBER 25 2017.....SUNRISE   732 AM EDT   SUNSET   732 PM EDT
SEPTEMBER 26 2017.....SUNRISE   733 AM EDT   SUNSET   731 PM EDT


-  INDICATES NEGATIVE NUMBERS.
R  INDICATES RECORD WAS SET OR TIED.
MM INDICATES DATA IS MISSING.
T  INDICATES TRACE AMOUNT.




$$
