000
CDUS43 KGRR 250529
CLIBTL


CLIMATE REPORT
NATIONAL WEATHER SERVICE GRAND RAPIDS, MI
127 AM EDT TUE JUL 25 2017


...................................

...THE BATTLE CREEK MI CLIMATE SUMMARY FOR JULY 24 2017...

CLIMATE NORMAL PERIOD 1981 TO 2010
CLIMATE RECORD PERIOD 1998 TO 2017


WEATHER ITEM   OBSERVED TIME   NORMAL DEPARTURE LAST
                VALUE   (LST)  VALUE  FROM      YEAR
                                      NORMAL
......................................................
TEMPERATURE (F)
 YESTERDAY
  MAXIMUM         76    537 PM  82     -6       85
  MINIMUM         58   1155 PM  59     -1       67
  AVERAGE         67            71     -4       76

PRECIPITATION (IN)
  YESTERDAY        0.00          0.11  -0.11     1.66
  MONTH TO DATE    2.68          2.58   0.10     3.56
  SINCE JUN 1      4.06          5.81  -1.75     4.96
  SINCE JAN 1     19.54         17.29   2.25    14.80

DEGREE DAYS
 HEATING
  YESTERDAY        0             0      0        0
  MONTH TO DATE    0             6     -6        5
  SINCE JUN 1     23            63    -40       39
  SINCE JUL 1      0             6     -6        5

 COOLING
  YESTERDAY        2             6     -4       11
  MONTH TO DATE  201           156     45      170
  SINCE JUN 1    366           282     84      306
  SINCE JAN 1    403           320     83      361
......................................................


WIND (MPH)
  RESULTANT WIND SPEED   6   RESULTANT WIND DIRECTION   N (20)
  HIGHEST WIND SPEED    17   HIGHEST WIND DIRECTION     N (20)
  HIGHEST GUST SPEED    21   HIGHEST GUST DIRECTION     N (20)
  AVERAGE WIND SPEED     7.0


SKY COVER
  AVERAGE SKY COVER 0.5


WEATHER CONDITIONS
 THE FOLLOWING WEATHER WAS RECORDED YESTERDAY.
  NO SIGNIFICANT WEATHER WAS OBSERVED.


RELATIVE HUMIDITY (PERCENT)
 HIGHEST   100           500 AM
 LOWEST     50           500 PM
 AVERAGE    75

..........................................................


THE BATTLE CREEK MI CLIMATE NORMALS FOR TODAY
                         NORMAL
 MAXIMUM TEMPERATURE (F)   82
 MINIMUM TEMPERATURE (F)   59


SUNRISE AND SUNSET
JULY 25 2017..........SUNRISE   627 AM EDT   SUNSET   907 PM EDT
JULY 26 2017..........SUNRISE   628 AM EDT   SUNSET   906 PM EDT


-  INDICATES NEGATIVE NUMBERS.
R  INDICATES RECORD WAS SET OR TIED.
MM INDICATES DATA IS MISSING.
T  INDICATES TRACE AMOUNT.




$$
