000
CDUS43 KGRR 272135
CLIBTL


CLIMATE REPORT
NATIONAL WEATHER SERVICE GRAND RAPIDS, MI
534 PM EDT WED JUL 27 2016


...................................

...THE BATTLE CREEK MI CLIMATE SUMMARY FOR JULY 27 2016...
VALID TODAY AS OF 0500 PM LOCAL TIME.

CLIMATE NORMAL PERIOD 1981 TO 2010
CLIMATE RECORD PERIOD 1998 TO 2016


WEATHER ITEM   OBSERVED TIME   NORMAL DEPARTURE LAST
                VALUE   (LST)  VALUE  FROM      YEAR
                                      NORMAL
......................................................
TEMPERATURE (F)
 TODAY
  MAXIMUM         85    353 PM  82      3       88
  MINIMUM         62    545 AM  59      3       64
  AVERAGE         74            71      3       76

PRECIPITATION (IN)
  TODAY            0.00          0.11  -0.11     0.00
  MONTH TO DATE    3.57          2.91   0.66     4.21
  SINCE JUN 1      4.97          6.14  -1.17    12.78
  SINCE JAN 1     14.81         17.62  -2.81    21.03

DEGREE DAYS
 HEATING
  TODAY            0             0      0        0
  MONTH TO DATE    5             6     -1        7
  SINCE JUN 1     39            63    -24       30
  SINCE JUL 1      5             6     -1        7

 COOLING
  TODAY            9             6      3       11
  MONTH TO DATE  195           174     21      159
  SINCE JUN 1    331           300     31      299
  SINCE JAN 1    386           338     48      372
......................................................


WIND (MPH)
  RESULTANT WIND SPEED   2   RESULTANT WIND DIRECTION  SW (220)
  HIGHEST WIND SPEED    10   HIGHEST WIND DIRECTION    SW (240)
  HIGHEST GUST SPEED    16   HIGHEST GUST DIRECTION     W (250)
  AVERAGE WIND SPEED     3.5


SKY COVER
  AVERAGE SKY COVER 0.0


WEATHER CONDITIONS
 THE FOLLOWING WEATHER WAS RECORDED TODAY.
  NO SIGNIFICANT WEATHER WAS OBSERVED.


RELATIVE HUMIDITY (PERCENT)
 HIGHEST   100           100 AM
 LOWEST     49          1200 PM
 AVERAGE    75

..........................................................


THE BATTLE CREEK MI CLIMATE NORMALS FOR TOMORROW
                         NORMAL
 MAXIMUM TEMPERATURE (F)   82
 MINIMUM TEMPERATURE (F)   59


SUNRISE AND SUNSET
JULY 27 2016..........SUNRISE   629 AM EDT   SUNSET   905 PM EDT
JULY 28 2016..........SUNRISE   630 AM EDT   SUNSET   904 PM EDT


-  INDICATES NEGATIVE NUMBERS.
R  INDICATES RECORD WAS SET OR TIED.
MM INDICATES DATA IS MISSING.
T  INDICATES TRACE AMOUNT.




$$

jam
