000
CDUS45 KMSO 040757
CLIBTM


CLIMATE REPORT
NATIONAL WEATHER SERVICE MISSOULA, MT
1257 AM MST WED MAR 4 2015


...................................

...THE BUTTE MT CLIMATE SUMMARY FOR MARCH 3 2015...

CLIMATE NORMAL PERIOD 1981 TO 2010
CLIMATE RECORD PERIOD 1895 TO 2015


WEATHER ITEM   OBSERVED TIME   RECORD YEAR NORMAL DEPARTURE LAST
                VALUE   (LST)  VALUE       VALUE  FROM      YEAR
                                                  NORMAL
..................................................................
TEMPERATURE (F)
 YESTERDAY
  MAXIMUM         19    425 PM  65    1921  40    -21       42
  MINIMUM          2   1142 PM -25    1976  14    -12       25
  AVERAGE         11                        27    -16       34

PRECIPITATION (IN)
  YESTERDAY        T             0.25 1971   0.02  -0.02     0.14
  MONTH TO DATE    T                         0.06  -0.06     0.17
  SINCE OCT 1      2.69                      2.85  -0.16     2.07
  SINCE JAN 1      0.30                      0.96  -0.66     1.03

SNOWFALL (IN)
  YESTERDAY       MM
  MONTH TO DATE   MM
  SINCE JAN 1     MM
  SINCE JUL 1     MM
  SNOW DEPTH       0

DEGREE DAYS
 HEATING
  YESTERDAY       54                        38     16       31
  MONTH TO DATE  148                       116     32      148
  SINCE MAR 1    148                       116     32      148
  SINCE JUL 1   6029                      6685   -656     6526

 COOLING
  YESTERDAY        0                         0      0        0
  MONTH TO DATE    0                         0      0        0
  SINCE MAR 1      0                         0      0        0
  SINCE JAN 1      0                         0      0        0
..................................................................


WIND (MPH)
  HIGHEST WIND SPEED    22   HIGHEST WIND DIRECTION     N (20)
  HIGHEST GUST SPEED    26   HIGHEST GUST DIRECTION     N (20)
  AVERAGE WIND SPEED     6.1


SKY COVER
  POSSIBLE SUNSHINE  MM
  AVERAGE SKY COVER 0.5


WEATHER CONDITIONS
 THE FOLLOWING WEATHER WAS RECORDED YESTERDAY.
  LIGHT SNOW
  HAZE


RELATIVE HUMIDITY (PERCENT)
 HIGHEST    86          1000 PM
 LOWEST     43           200 PM
 AVERAGE    65

..........................................................


THE BUTTE MT CLIMATE NORMALS FOR TODAY
                         NORMAL    RECORD    YEAR
 MAXIMUM TEMPERATURE (F)   40        59      1921
 MINIMUM TEMPERATURE (F)   15       -25      1989


SUNRISE AND SUNSET
MARCH  4 2015.........SUNRISE   704 AM MST   SUNSET   621 PM MST
MARCH  5 2015.........SUNRISE   702 AM MST   SUNSET   622 PM MST


-  INDICATES NEGATIVE NUMBERS.
R  INDICATES RECORD WAS SET OR TIED.
MM INDICATES DATA IS MISSING.
T  INDICATES TRACE AMOUNT.




$$
