000
CDUS45 KMSO 280758
CLIBTM


CLIMATE REPORT
NATIONAL WEATHER SERVICE MISSOULA, MT
157 AM MDT WED SEP 28 2016


...................................

...THE BUTTE MT CLIMATE SUMMARY FOR SEPTEMBER 27 2016...

CLIMATE NORMAL PERIOD 1981 TO 2010
CLIMATE RECORD PERIOD 1895 TO 2016


WEATHER ITEM   OBSERVED TIME   RECORD YEAR NORMAL DEPARTURE LAST
                VALUE   (LST)  VALUE       VALUE  FROM      YEAR
                                                  NORMAL
..................................................................
TEMPERATURE (F)
 YESTERDAY
  MAXIMUM         78    325 PM  83    1963  63     15       67
  MINIMUM         34    659 AM  16    1935  32      2       40
  AVERAGE         56                        47      9       54

PRECIPITATION (IN)
  YESTERDAY        0.00          0.55 2014   0.03  -0.03     0.00
  MONTH TO DATE    1.22                      0.91   0.31     2.36
  SINCE OCT 1     10.02                     12.68  -2.66    11.56
  SINCE JAN 1      7.28                     10.79  -3.51     9.17

SNOWFALL (IN)
  YESTERDAY        0.0
  MONTH TO DATE    0.0
  SINCE JAN 1      0.0
  SINCE JUL 1      0.0
  SNOW DEPTH       0

DEGREE DAYS
 HEATING
  YESTERDAY        9                        18     -9       11
  MONTH TO DATE  397                       338     59      290
  SINCE SEP 1    397                       338     59      290
  SINCE JUL 1    695                       566    129      520

 COOLING
  YESTERDAY        0                         0      0        0
  MONTH TO DATE    3                         0      3        0
  SINCE SEP 1      3                         0      3        0
  SINCE JAN 1     57                        79    -22      101
..................................................................


WIND (MPH)
  HIGHEST WIND SPEED    14   HIGHEST WIND DIRECTION    NW (300)
  HIGHEST GUST SPEED    17   HIGHEST GUST DIRECTION    NW (310)
  AVERAGE WIND SPEED     3.8


SKY COVER
  POSSIBLE SUNSHINE  MM
  AVERAGE SKY COVER 0.0


WEATHER CONDITIONS
 THE FOLLOWING WEATHER WAS RECORDED YESTERDAY.
  NO SIGNIFICANT WEATHER WAS OBSERVED.


RELATIVE HUMIDITY (PERCENT)
 HIGHEST    92           500 AM
 LOWEST     20           400 PM
 AVERAGE    56

..........................................................


THE BUTTE MT CLIMATE NORMALS FOR TODAY
                         NORMAL    RECORD    YEAR
 MAXIMUM TEMPERATURE (F)   63        82      2010
                                             1970
 MINIMUM TEMPERATURE (F)   32        17      1985


SUNRISE AND SUNSET
SEPTEMBER 28 2016.....SUNRISE   725 AM MDT   SUNSET   715 PM MDT
SEPTEMBER 29 2016.....SUNRISE   727 AM MDT   SUNSET   713 PM MDT


-  INDICATES NEGATIVE NUMBERS.
R  INDICATES RECORD WAS SET OR TIED.
MM INDICATES DATA IS MISSING.
T  INDICATES TRACE AMOUNT.




$$
