000
CDUS45 KMSO 070838
CLIBTM


CLIMATE REPORT
NATIONAL WEATHER SERVICE MISSOULA, MT
138 AM MST SUN FEB 7 2016


...................................

...THE BUTTE MT CLIMATE SUMMARY FOR FEBRUARY 6 2016...

CLIMATE NORMAL PERIOD 1981 TO 2010
CLIMATE RECORD PERIOD 1895 TO 2016


WEATHER ITEM   OBSERVED TIME   RECORD YEAR NORMAL DEPARTURE LAST
                VALUE   (LST)  VALUE       VALUE  FROM      YEAR
                                                  NORMAL
..................................................................
TEMPERATURE (F)
 YESTERDAY
  MAXIMUM         38    823 AM  55    2015  33      5       55
  MINIMUM         22    931 PM -36    2014   8     14       31
  AVERAGE         30                        21      9       43

PRECIPITATION (IN)
  YESTERDAY        T             0.30 1900   0.01  -0.01     0.00
  MONTH TO DATE    0.03                      0.08  -0.05     0.02
  SINCE OCT 1      3.11                      2.44   0.67     2.58
  SINCE JAN 1      0.37                      0.55  -0.18     0.19

SNOWFALL (IN)
  YESTERDAY       MM
  MONTH TO DATE   MM
  SINCE JAN 1     MM
  SINCE JUL 1     MM
  SNOW DEPTH      MM

DEGREE DAYS
 HEATING
  YESTERDAY       35                        44     -9       22
  MONTH TO DATE  288                       269     19      191
  SINCE DEC 1   3200                      3150     50     2756
  SINCE JUL 1   5620                      5640    -20     5086

 COOLING
  YESTERDAY        0                         0      0        0
  MONTH TO DATE    0                         0      0        0
  SINCE DEC 1      0                         0      0        0
  SINCE JAN 1      0                         0      0        0
..................................................................


WIND (MPH)
  HIGHEST WIND SPEED    26   HIGHEST WIND DIRECTION     W (270)
  HIGHEST GUST SPEED    40   HIGHEST GUST DIRECTION     W (270)
  AVERAGE WIND SPEED    10.9


SKY COVER
  POSSIBLE SUNSHINE  MM
  AVERAGE SKY COVER 0.4


WEATHER CONDITIONS
 THE FOLLOWING WEATHER WAS RECORDED YESTERDAY.
  LIGHT RAIN
  HEAVY SNOW
  SNOW
  LIGHT SNOW
  FOG
  FOG W/VISIBILITY <= 1/4 MILE
  HAZE


RELATIVE HUMIDITY (PERCENT)
 HIGHEST    85          1200 PM
 LOWEST     35           500 PM
 AVERAGE    60

..........................................................


THE BUTTE MT CLIMATE NORMALS FOR TODAY
                         NORMAL    RECORD    YEAR
 MAXIMUM TEMPERATURE (F)   33        57      1907
 MINIMUM TEMPERATURE (F)    8       -41      1936


SUNRISE AND SUNSET
FEBRUARY  7 2016......SUNRISE   745 AM MST   SUNSET   544 PM MST
FEBRUARY  8 2016......SUNRISE   744 AM MST   SUNSET   545 PM MST


-  INDICATES NEGATIVE NUMBERS.
R  INDICATES RECORD WAS SET OR TIED.
MM INDICATES DATA IS MISSING.
T  INDICATES TRACE AMOUNT.




$$
