000
CDUS45 KMSO 250738
CLIBTM


CLIMATE REPORT
NATIONAL WEATHER SERVICE MISSOULA, MT
137 AM MDT MON MAY 25 2015


...................................

...THE BUTTE MT CLIMATE SUMMARY FOR MAY 24 2015...

CLIMATE NORMAL PERIOD 1981 TO 2010
CLIMATE RECORD PERIOD 1895 TO 2015


WEATHER ITEM   OBSERVED TIME   RECORD YEAR NORMAL DEPARTURE LAST
                VALUE   (LST)  VALUE       VALUE  FROM      YEAR
                                                  NORMAL
..................................................................
TEMPERATURE (F)
 YESTERDAY
  MAXIMUM         60    334 PM  84    1928  63     -3       68
  MINIMUM         44    554 AM  20    1918  36      8       43
  AVERAGE         52                        50      2       56

PRECIPITATION (IN)
  YESTERDAY        0.02          1.20 1953   0.08  -0.06     0.03
  MONTH TO DATE    1.13                      1.47  -0.34     0.80
  SINCE OCT 1      5.11                      6.19  -1.08     5.30
  SINCE JAN 1      2.72                      4.30  -1.58     4.26

SNOWFALL (IN)
  YESTERDAY       MM
  MONTH TO DATE   MM
  SINCE JAN 1     MM
  SINCE JUL 1     MM
  SNOW DEPTH      MM

DEGREE DAYS
 HEATING
  YESTERDAY       13                        15     -2        9
  MONTH TO DATE  446                       442      4      453
  SINCE MAR 1   2070                      2264   -194     2296
  SINCE JUL 1   7951                      8833   -882     8674

 COOLING
  YESTERDAY        0                         0      0        0
  MONTH TO DATE    0                         0      0        0
  SINCE MAR 1      0                         0      0        0
  SINCE JAN 1      0                         0      0        0
..................................................................


WIND (MPH)
  HIGHEST WIND SPEED    18   HIGHEST WIND DIRECTION     N (20)
  HIGHEST GUST SPEED    23   HIGHEST GUST DIRECTION    NE (30)
  AVERAGE WIND SPEED     5.1


SKY COVER
  POSSIBLE SUNSHINE  MM
  AVERAGE SKY COVER 0.9


WEATHER CONDITIONS
 THE FOLLOWING WEATHER WAS RECORDED YESTERDAY.
  LIGHT RAIN


RELATIVE HUMIDITY (PERCENT)
 HIGHEST    89           500 AM
 LOWEST     43           400 PM
 AVERAGE    66

..........................................................


THE BUTTE MT CLIMATE NORMALS FOR TODAY
                         NORMAL    RECORD    YEAR
 MAXIMUM TEMPERATURE (F)   64        85      1934
 MINIMUM TEMPERATURE (F)   37        20      1950


SUNRISE AND SUNSET
MAY 25 2015...........SUNRISE   548 AM MDT   SUNSET   906 PM MDT
MAY 26 2015...........SUNRISE   547 AM MDT   SUNSET   907 PM MDT


-  INDICATES NEGATIVE NUMBERS.
R  INDICATES RECORD WAS SET OR TIED.
MM INDICATES DATA IS MISSING.
T  INDICATES TRACE AMOUNT.




$$
