640
CDUS45 KMSO 282237
CLIBTM


CLIMATE REPORT
NATIONAL WEATHER SERVICE MISSOULA, MT
436 PM MDT THU APR 28 2016


...................................

...THE BUTTE MT CLIMATE SUMMARY FOR APRIL 28 2016...
VALID TODAY AS OF 0400 PM LOCAL TIME.

CLIMATE NORMAL PERIOD 1981 TO 2010
CLIMATE RECORD PERIOD 1895 TO 2016


WEATHER ITEM   OBSERVED TIME   RECORD YEAR NORMAL DEPARTURE LAST
                VALUE   (LST)  VALUE       VALUE  FROM      YEAR
                                                  NORMAL
..................................................................
TEMPERATURE (F)
 TODAY
  MAXIMUM         36   1210 PM  78    1987  56    -20       72
  MINIMUM         31    634 AM  12    1907  29      2       28
  AVERAGE         34                        42     -8       50

PRECIPITATION (IN)
  TODAY            0.04          0.51 1967   0.04   0.00     0.00
  MONTH TO DATE    1.10                      1.08   0.02     0.88
  SINCE OCT 1      4.76                      4.63   0.13     3.98
  SINCE JAN 1      2.02                      2.74  -0.72     1.59

SNOWFALL (IN)
  TODAY           MM
  MONTH TO DATE   MM
  SINCE JAN 1     MM
  SINCE JUL 1     MM
  SNOW DEPTH      MM

DEGREE DAYS
 HEATING
  TODAY           31                        23      8       15
  MONTH TO DATE  607                       736   -129      746
  SINCE MAR 1   1569                      1778   -209     1594
  SINCE JUL 1   7966                      8347   -381     7475

 COOLING
  TODAY            0                         0      0        0
  MONTH TO DATE    0                         0      0        0
  SINCE MAR 1      0                         0      0        0
  SINCE JAN 1      0                         0      0        0
..................................................................


WIND (MPH)
  HIGHEST WIND SPEED    10   HIGHEST WIND DIRECTION    NW (300)
  HIGHEST GUST SPEED    12   HIGHEST GUST DIRECTION    NW (310)
  AVERAGE WIND SPEED     4.5


SKY COVER
  POSSIBLE SUNSHINE  MM
  AVERAGE SKY COVER 0.9


WEATHER CONDITIONS
 THE FOLLOWING WEATHER WAS RECORDED TODAY.
  LIGHT SNOW
  FOG
  HAZE


RELATIVE HUMIDITY (PERCENT)
 HIGHEST    85           700 AM
 LOWEST     64          1200 AM
 AVERAGE    75

..........................................................


THE BUTTE MT CLIMATE NORMALS FOR TOMORROW
                         NORMAL    RECORD    YEAR
 MAXIMUM TEMPERATURE (F)   56        81      1926
 MINIMUM TEMPERATURE (F)   29        12      2005


SUNRISE AND SUNSET
APRIL 28 2016.........SUNRISE   621 AM MDT   SUNSET   835 PM MDT
APRIL 29 2016.........SUNRISE   619 AM MDT   SUNSET   836 PM MDT


-  INDICATES NEGATIVE NUMBERS.
R  INDICATES RECORD WAS SET OR TIED.
MM INDICATES DATA IS MISSING.
T  INDICATES TRACE AMOUNT.




$$
