000
CDUS45 KMSO 310742
CLIBTM


CLIMATE REPORT
NATIONAL WEATHER SERVICE MISSOULA, MT
141 AM MDT MON AUG 31 2015


...................................

...THE BUTTE MT CLIMATE SUMMARY FOR AUGUST 30 2015...

CLIMATE NORMAL PERIOD 1981 TO 2010
CLIMATE RECORD PERIOD 1895 TO 2015


WEATHER ITEM   OBSERVED TIME   RECORD YEAR NORMAL DEPARTURE LAST
                VALUE   (LST)  VALUE       VALUE  FROM      YEAR
                                                  NORMAL
..................................................................
TEMPERATURE (F)
 YESTERDAY
  MAXIMUM         76    336 PM  89    1954  75      1       64
  MINIMUM         48   1159 PM  25    1965  41      7       47
  AVERAGE         62                        58      4       56

PRECIPITATION (IN)
  YESTERDAY        0.30          0.52 2005   0.05   0.25     0.12
  MONTH TO DATE    0.67                      1.32  -0.65     3.05
  SINCE OCT 1      9.20                     11.73  -2.53    12.49
  SINCE JAN 1      6.81                      9.84  -3.03    11.45

SNOWFALL (IN)
  YESTERDAY       MM
  MONTH TO DATE   MM
  SINCE JAN 1     MM
  SINCE JUL 1     MM
  SNOW DEPTH      MM

DEGREE DAYS
 HEATING
  YESTERDAY        3                         7     -4        9
  MONTH TO DATE  118                       120     -2      117
  SINCE JUN 1    370                       507   -137      505
  SINCE JUL 1    222                       220      2      152

 COOLING
  YESTERDAY        0                         0      0        0
  MONTH TO DATE   34                        24     10       16
  SINCE JUN 1    101                        75     26       77
  SINCE JAN 1    101                        75     26       77
..................................................................


WIND (MPH)
  HIGHEST WIND SPEED    30   HIGHEST WIND DIRECTION     W (250)
  HIGHEST GUST SPEED    47   HIGHEST GUST DIRECTION     W (260)
  AVERAGE WIND SPEED    11.0


SKY COVER
  POSSIBLE SUNSHINE  MM
  AVERAGE SKY COVER 0.4


WEATHER CONDITIONS
 THE FOLLOWING WEATHER WAS RECORDED YESTERDAY.
  RAIN
  LIGHT RAIN
  HAZE


RELATIVE HUMIDITY (PERCENT)
 HIGHEST    77           400 AM
 LOWEST     19           300 PM
 AVERAGE    48

..........................................................


THE BUTTE MT CLIMATE NORMALS FOR TODAY
                         NORMAL    RECORD    YEAR
 MAXIMUM TEMPERATURE (F)   75        91      1955
 MINIMUM TEMPERATURE (F)   41        27      2006


SUNRISE AND SUNSET
AUGUST 31 2015........SUNRISE   649 AM MDT   SUNSET   810 PM MDT
SEPTEMBER  1 2015.....SUNRISE   651 AM MDT   SUNSET   809 PM MDT


-  INDICATES NEGATIVE NUMBERS.
R  INDICATES RECORD WAS SET OR TIED.
MM INDICATES DATA IS MISSING.
T  INDICATES TRACE AMOUNT.




$$
