000
CDUS45 KMSO 282332
CLIBTM


CLIMATE REPORT
NATIONAL WEATHER SERVICE MISSOULA, MT
432 PM MST FRI NOV 28 2014


...................................

...THE BUTTE MT CLIMATE SUMMARY FOR NOVEMBER 28 2014...
VALID TODAY AS OF 0400 PM LOCAL TIME.

CLIMATE NORMAL PERIOD 1981 TO 2010
CLIMATE RECORD PERIOD 1895 TO 2014


WEATHER ITEM   OBSERVED TIME   RECORD YEAR NORMAL DEPARTURE LAST
                VALUE   (LST)  VALUE       VALUE  FROM      YEAR
                                                  NORMAL
..................................................................
TEMPERATURE (F)
 TODAY
  MAXIMUM         46    518 AM  51    1932  33     13       43
  MINIMUM         37    136 AM -24    1896  10     27       12
  AVERAGE         42                        21     21       28

PRECIPITATION (IN)
  TODAY            T             0.25 1905   0.02  -0.02     0.00
  MONTH TO DATE    0.98                      0.56   0.42     0.20
  SINCE OCT 1      1.81                      1.34   0.47     0.82
  SINCE JAN 1     14.25                     12.22   2.03    11.10

SNOWFALL (IN)
  TODAY           MM
  MONTH TO DATE   MM
  SINCE JAN 1     MM
  SINCE JUL 1     MM
  SNOW DEPTH      MM

DEGREE DAYS
 HEATING
  TODAY           23                        44    -21       37
  MONTH TO DATE 1113                      1029     84      954
  SINCE SEP 1   2071                      2172   -101     2129
  SINCE JUL 1   2234                      2400   -166     2196

 COOLING
  TODAY            0                         0      0        0
  MONTH TO DATE    0                         0      0        0
  SINCE SEP 1      1                         2     -1        8
  SINCE JAN 1     78                        81     -3      104
..................................................................


WIND (MPH)
  HIGHEST WIND SPEED    32   HIGHEST WIND DIRECTION     S (200)
  HIGHEST GUST SPEED    40   HIGHEST GUST DIRECTION    SE (120)
  AVERAGE WIND SPEED    10.6


SKY COVER
  POSSIBLE SUNSHINE  MM
  AVERAGE SKY COVER 0.9


WEATHER CONDITIONS
 THE FOLLOWING WEATHER WAS RECORDED TODAY.
  NO SIGNIFICANT WEATHER WAS OBSERVED.


RELATIVE HUMIDITY (PERCENT)
 HIGHEST    70           200 AM
 LOWEST     49           500 AM
 AVERAGE    60

..........................................................


THE BUTTE MT CLIMATE NORMALS FOR TOMORROW
                         NORMAL    RECORD    YEAR
 MAXIMUM TEMPERATURE (F)   33        60      1917
 MINIMUM TEMPERATURE (F)    9       -22      1975


SUNRISE AND SUNSET
NOVEMBER 28 2014......SUNRISE   748 AM MST   SUNSET   448 PM MST
NOVEMBER 29 2014......SUNRISE   749 AM MST   SUNSET   447 PM MST


-  INDICATES NEGATIVE NUMBERS.
R  INDICATES RECORD WAS SET OR TIED.
MM INDICATES DATA IS MISSING.
T  INDICATES TRACE AMOUNT.




$$
