134
CDUS44 KLIX 240705
CLIBTR


CLIMATE REPORT
NATIONAL WEATHER SERVICE NEW ORLEANS
205 AM CDT TUE MAY 24 2016


...................................

...THE BATON ROUGE  ASOS CLIMATE SUMMARY FOR MAY 23 2016...

CLIMATE NORMAL PERIOD 1981 TO 2010
CLIMATE RECORD PERIOD 1894 TO 2016


WEATHER ITEM   OBSERVED TIME   RECORD YEAR NORMAL DEPARTURE LAST
                VALUE   (LST)  VALUE       VALUE  FROM      YEAR
                                                  NORMAL
..................................................................
TEMPERATURE (F)
 YESTERDAY
  MAXIMUM         87    254 PM  94    2005  88     -1       88
                                      1918
                                      1915
  MINIMUM         62    507 AM  49    2002  67     -5       68
                                      2001
  AVERAGE         75                        77     -2       78

PRECIPITATION (IN)
  YESTERDAY        0.00          2.94 1927   0.16  -0.16     0.00
  MONTH TO DATE    6.11                      3.53   2.58     2.80
  SINCE MAR 1     20.85                     12.40   8.45    14.26
  SINCE JAN 1     30.16                     23.16   7.00    24.01

SNOWFALL (IN)
  YESTERDAY        0.0
  MONTH TO DATE    0.0
  SINCE MAR 1      0.0
  SINCE JUL 1      0.0
  SNOW DEPTH       0

DEGREE DAYS
 HEATING
  YESTERDAY        0                         0      0        0
  MONTH TO DATE    0                         0      0        0
  SINCE MAR 1     88                       218   -130       99
  SINCE JUL 1   1079                      1553   -474     1641

 COOLING
  YESTERDAY       10                        12     -2       13
  MONTH TO DATE  182                       227    -45      261
  SINCE MAR 1    438                       427     11      568
  SINCE JAN 1    455                       458     -3      572
..................................................................


WIND (MPH)
  HIGHEST WIND SPEED    12   HIGHEST WIND DIRECTION     E (110)
  HIGHEST GUST SPEED    14   HIGHEST GUST DIRECTION    SE (120)
  AVERAGE WIND SPEED     4.4


SKY COVER
  POSSIBLE SUNSHINE  MM
  AVERAGE SKY COVER 0.1


WEATHER CONDITIONS
 THE FOLLOWING WEATHER WAS RECORDED YESTERDAY.
  NO SIGNIFICANT WEATHER WAS OBSERVED.


RELATIVE HUMIDITY (PERCENT)
 HIGHEST    90           400 AM
 LOWEST     43           200 PM
 AVERAGE    67

..........................................................


THE BATON ROUGE  ASOS CLIMATE NORMALS FOR TODAY
                         NORMAL    RECORD    YEAR
 MAXIMUM TEMPERATURE (F)   88        95      2010
                                             1941
                                             1915
 MINIMUM TEMPERATURE (F)   67        54      1913


SUNRISE AND SUNSET
MAY 24 2016...........SUNRISE   605 AM CDT   SUNSET   758 PM CDT
MAY 25 2016...........SUNRISE   605 AM CDT   SUNSET   759 PM CDT


-  INDICATES NEGATIVE NUMBERS.
R  INDICATES RECORD WAS SET OR TIED.
MM INDICATES DATA IS MISSING.
T  INDICATES TRACE AMOUNT.




$$
