000
CDUS44 KLIX 210800
CLIBTR


CLIMATE REPORT
NATIONAL WEATHER SERVICE NEW ORLEANS
200 AM CST TUE NOV 21 2017


...................................

...THE BATON ROUGE  ASOS CLIMATE SUMMARY FOR NOVEMBER 20 2017...

CLIMATE NORMAL PERIOD 1981 TO 2010
CLIMATE RECORD PERIOD 1894 TO 2017


WEATHER ITEM   OBSERVED TIME   RECORD YEAR NORMAL DEPARTURE LAST
                VALUE   (LST)  VALUE       VALUE  FROM      YEAR
                                                  NORMAL
..................................................................
TEMPERATURE (F)
 YESTERDAY
  MAXIMUM         62    219 PM  88    1900  71     -9       65
  MINIMUM         36    624 AM  24    1903  48    -12       33
  AVERAGE         49                        59    -10       49

PRECIPITATION (IN)
  YESTERDAY        0.00          3.88 1934   0.14  -0.14     0.00
  MONTH TO DATE    1.83                      2.72  -0.89     0.45
  SINCE SEP 1      5.53                     11.96  -6.43     3.54
  SINCE JAN 1     60.92                     53.67   7.25    78.69

SNOWFALL (IN)
  YESTERDAY        0.0
  MONTH TO DATE    0.0
  SINCE SEP 1      0.0
  SINCE JUL 1      0.0
  SNOW DEPTH       0

DEGREE DAYS
 HEATING
  YESTERDAY       16                         7      9       16
  MONTH TO DATE   59                       104    -45       53
  SINCE SEP 1    116                       150    -34       60
  SINCE JUL 1    116                       150    -34       60

 COOLING
  YESTERDAY        0                         1     -1        0
  MONTH TO DATE   75                        39     36       57
  SINCE SEP 1    713                       628     85      829
  SINCE JAN 1   2972                      2789    183     3105
..................................................................


WIND (MPH)
  HIGHEST WIND SPEED    10   HIGHEST WIND DIRECTION     E (100)
  HIGHEST GUST SPEED    13   HIGHEST GUST DIRECTION     E (100)
  AVERAGE WIND SPEED     3.1


SKY COVER
  POSSIBLE SUNSHINE  MM
  AVERAGE SKY COVER 0.0


WEATHER CONDITIONS
 THE FOLLOWING WEATHER WAS RECORDED YESTERDAY.
  NO SIGNIFICANT WEATHER WAS OBSERVED.


RELATIVE HUMIDITY (PERCENT)
 HIGHEST    89           400 AM
 LOWEST     36           200 PM
 AVERAGE    63

..........................................................


THE BATON ROUGE  ASOS CLIMATE NORMALS FOR TODAY
                         NORMAL    RECORD    YEAR
 MAXIMUM TEMPERATURE (F)   70        87      1942
                                             1900
 MINIMUM TEMPERATURE (F)   47        25      1937


SUNRISE AND SUNSET
NOVEMBER 21 2017......SUNRISE   636 AM CST   SUNSET   505 PM CST
NOVEMBER 22 2017......SUNRISE   637 AM CST   SUNSET   505 PM CST


-  INDICATES NEGATIVE NUMBERS.
R  INDICATES RECORD WAS SET OR TIED.
MM INDICATES DATA IS MISSING.
T  INDICATES TRACE AMOUNT.




$$
