000
CDUS44 KLIX 182221
CLIBTR


CLIMATE REPORT
NATIONAL WEATHER SERVICE NEW ORLEANS
NATIONAL WEATHER SERVICE NEW ORL
420 PM CST SUN FEB 18 2018


...................................

...THE BATON ROUGE  ASOS CLIMATE SUMMARY FOR FEBRUARY 18 2018...
VALID TODAY AS OF 0400 PM LOCAL TIME.

CLIMATE NORMAL PERIOD 1981 TO 2010
CLIMATE RECORD PERIOD 1894 TO 2018


WEATHER ITEM   OBSERVED TIME   RECORD YEAR NORMAL DEPARTURE LAST
                VALUE   (LST)  VALUE       VALUE  FROM      YEAR
                                                  NORMAL
..................................................................
TEMPERATURE (F)
 TODAY
  MAXIMUM         79    243 PM  85    1922  66     13       70
  MINIMUM         60    745 AM  20    1910  45     15       54
  AVERAGE         70

PRECIPITATION (IN)
  TODAY            0.00          4.12 1988   0.19  -0.19     0.00
  MONTH TO DATE    2.76                      3.35  -0.59     0.45
  SINCE DEC 1     15.87                     14.67   1.20    19.84
  SINCE JAN 1      9.93                      9.07   0.86    10.13

SNOWFALL (IN)
  TODAY            0.0
  MONTH TO DATE    0.0
  SINCE DEC 1      4.0
  SINCE JUL 1      4.0
  SNOW DEPTH       0

DEGREE DAYS
 HEATING
  TODAY            0                        10    -10        3
  MONTH TO DATE  108                       208   -100       81
  SINCE DEC 1   1078                      1013     65      574
  SINCE JUL 1   1285                      1248     37      687

 COOLING
  TODAY            5                         1      4        0
  MONTH TO DATE   40                        16     24       55
  SINCE DEC 1     58                        51      7      174
  SINCE JAN 1     40                        29     11      109
..................................................................


WIND (MPH)
  HIGHEST WIND SPEED    13   HIGHEST WIND DIRECTION     S (170)
  HIGHEST GUST SPEED    17   HIGHEST GUST DIRECTION     S (190)
  AVERAGE WIND SPEED     6.4


SKY COVER
  POSSIBLE SUNSHINE  MM
  AVERAGE SKY COVER 0.9


WEATHER CONDITIONS
 THE FOLLOWING WEATHER WAS RECORDED TODAY.
  FOG


RELATIVE HUMIDITY (PERCENT)
 HIGHEST    97           200 AM
 LOWEST     54           400 PM
 AVERAGE    76

..........................................................


THE BATON ROUGE  ASOS CLIMATE NORMALS FOR TOMORROW
                         NORMAL    RECORD    YEAR
 MAXIMUM TEMPERATURE (F)   67        88      1922
 MINIMUM TEMPERATURE (F)   45        24      1900


SUNRISE AND SUNSET
FEBRUARY 18 2018......SUNRISE   642 AM CST   SUNSET   555 PM CST
FEBRUARY 19 2018......SUNRISE   641 AM CST   SUNSET   556 PM CST


-  INDICATES NEGATIVE NUMBERS.
R  INDICATES RECORD WAS SET OR TIED.
MM INDICATES DATA IS MISSING.
T  INDICATES TRACE AMOUNT.




$$
