000
CDUS44 KLIX 280701
CLIBTR


CLIMATE REPORT
NATIONAL WEATHER SERVICE NEW ORLEANS
200 AM CDT TUE MAR 28 2017


...................................

...THE BATON ROUGE  ASOS CLIMATE SUMMARY FOR MARCH 27 2017...

CLIMATE NORMAL PERIOD 1981 TO 2010
CLIMATE RECORD PERIOD 1894 TO 2017


WEATHER ITEM   OBSERVED TIME   RECORD YEAR NORMAL DEPARTURE LAST
                VALUE   (LST)  VALUE       VALUE  FROM      YEAR
                                                  NORMAL
..................................................................
TEMPERATURE (F)
 YESTERDAY
  MAXIMUM         84    249 PM  89    1899  75      9       72
  MINIMUM         67    639 AM  28    1955  52     15       62
  AVERAGE         76                        64     12       67

PRECIPITATION (IN)
  YESTERDAY        0.00          2.16 1914   0.15  -0.15     1.29
  MONTH TO DATE    2.49                      3.80  -1.31     9.99
  SINCE MAR 1      2.49                      3.80  -1.31     9.99
  SINCE JAN 1     13.92                     14.56  -0.64    19.30

SNOWFALL (IN)
  YESTERDAY        0.0
  MONTH TO DATE    0.0
  SINCE MAR 1      0.0
  SINCE JUL 1      0.0
  SNOW DEPTH       0

DEGREE DAYS
 HEATING
  YESTERDAY        0                         4     -4        0
  MONTH TO DATE   84                       154    -70       69
  SINCE MAR 1     84                       154    -70       69
  SINCE JUL 1    788                      1489   -701     1060

 COOLING
  YESTERDAY       11                         2      9        2
  MONTH TO DATE  106                        47     59       73
  SINCE MAR 1    106                        47     59       73
  SINCE JAN 1    249                        78    171       90
..................................................................


WIND (MPH)
  HIGHEST WIND SPEED    22   HIGHEST WIND DIRECTION     S (200)
  HIGHEST GUST SPEED    37   HIGHEST GUST DIRECTION     S (200)
  AVERAGE WIND SPEED    10.2


SKY COVER
  POSSIBLE SUNSHINE  MM
  AVERAGE SKY COVER 0.4


WEATHER CONDITIONS
 THE FOLLOWING WEATHER WAS RECORDED YESTERDAY.
  FOG


RELATIVE HUMIDITY (PERCENT)
 HIGHEST   100           600 AM
 LOWEST     47           200 PM
 AVERAGE    74

..........................................................


THE BATON ROUGE  ASOS CLIMATE NORMALS FOR TODAY
                         NORMAL    RECORD    YEAR
 MAXIMUM TEMPERATURE (F)   76        87      1989
 MINIMUM TEMPERATURE (F)   52        34      1913


SUNRISE AND SUNSET
MARCH 28 2017.........SUNRISE   658 AM CDT   SUNSET   721 PM CDT
MARCH 29 2017.........SUNRISE   657 AM CDT   SUNSET   722 PM CDT


-  INDICATES NEGATIVE NUMBERS.
R  INDICATES RECORD WAS SET OR TIED.
MM INDICATES DATA IS MISSING.
T  INDICATES TRACE AMOUNT.




$$
