000
CDUS44 KLIX 282117
CLIBTR


CLIMATE REPORT
NATIONAL WEATHER SERVICE NEW ORLEANS
417 PM CDT THU AUG 28 2014


...................................

...THE BATON ROUGE  ASOS CLIMATE SUMMARY FOR AUGUST 28 2014...
VALID TODAY AS OF 0400 PM LOCAL TIME.

CLIMATE NORMAL PERIOD 1981 TO 2010
CLIMATE RECORD PERIOD 1894 TO 2014


WEATHER ITEM   OBSERVED TIME   RECORD YEAR NORMAL DEPARTURE LAST
                VALUE   (LST)  VALUE       VALUE  FROM      YEAR
                                                  NORMAL
..................................................................
TEMPERATURE (F)
 TODAY
  MAXIMUM         91   1111 AM 100    2011  92     -1       89
                                      1998
  MINIMUM         75    611 AM  61    1968  73      2       66
  AVERAGE         83

PRECIPITATION (IN)
  TODAY            T             1.90 1920   0.17  -0.17     0.00
  MONTH TO DATE    4.06                      5.30  -1.24     3.36
  SINCE JUN 1     21.20                     16.67   4.53    14.48
  SINCE JAN 1     45.54                     41.19   4.35    52.66

SNOWFALL (IN)
  TODAY            0.0
  MONTH TO DATE    0.0
  SINCE JUN 1      0.0
  SINCE JUL 1      0.0
  SNOW DEPTH       0

DEGREE DAYS
 HEATING
  TODAY            0                         0      0        0
  MONTH TO DATE    0                         0      0        0
  SINCE JUN 1      0                         0      0        0
  SINCE JUL 1      0                         0      0        0

 COOLING
  TODAY           18                        17      1       13
  MONTH TO DATE  502                       503     -1      484
  SINCE JUN 1   1475                      1543    -68     1500
  SINCE JAN 1   1981                      2108   -127     1923
..................................................................


WIND (MPH)
  HIGHEST WIND SPEED    13   HIGHEST WIND DIRECTION    SE (150)
  HIGHEST GUST SPEED    15   HIGHEST GUST DIRECTION    SE (140)
  AVERAGE WIND SPEED     4.1


SKY COVER
  POSSIBLE SUNSHINE  MM
  AVERAGE SKY COVER 0.2


WEATHER CONDITIONS
 THE FOLLOWING WEATHER WAS RECORDED TODAY.
  NO SIGNIFICANT WEATHER WAS OBSERVED.


RELATIVE HUMIDITY (PERCENT)
 HIGHEST    94          1200 AM
 LOWEST     56          1100 AM
 AVERAGE    75

..........................................................


THE BATON ROUGE  ASOS CLIMATE NORMALS FOR TOMORROW
                         NORMAL    RECORD    YEAR
 MAXIMUM TEMPERATURE (F)   92       100      1998
 MINIMUM TEMPERATURE (F)   73        59      1992


SUNRISE AND SUNSET
AUGUST 28 2014........SUNRISE   639 AM CDT   SUNSET   732 PM CDT
AUGUST 29 2014........SUNRISE   639 AM CDT   SUNSET   731 PM CDT


-  INDICATES NEGATIVE NUMBERS.
R  INDICATES RECORD WAS SET OR TIED.
MM INDICATES DATA IS MISSING.
T  INDICATES TRACE AMOUNT.




$$
