000
CDUS44 KLIX 162118
CLIBTR


CLIMATE REPORT
NATIONAL WEATHER SERVICE NEW ORLEANS
417 PM CDT WED APR 16 2014


...................................

...THE BATON ROUGE  ASOS CLIMATE SUMMARY FOR APRIL 16 2014...
VALID TODAY AS OF 0400 PM LOCAL TIME.

CLIMATE NORMAL PERIOD 1981 TO 2010
CLIMATE RECORD PERIOD 1894 TO 2014


WEATHER ITEM   OBSERVED TIME   RECORD YEAR NORMAL DEPARTURE LAST
                VALUE   (LST)  VALUE       VALUE  FROM      YEAR
                                                  NORMAL
..................................................................
TEMPERATURE (F)
 TODAY
  MAXIMUM         67    232 PM  90    1920  79    -12       85
  MINIMUM         37R   606 AM  39    1983  57    -20       73
  AVERAGE         52

PRECIPITATION (IN)
  TODAY            T             4.32 1973   0.16  -0.16     0.00
  MONTH TO DATE    3.50                      2.47   1.03     4.00
  SINCE MAR 1      6.72                      6.88  -0.16     6.91
  SINCE JAN 1     15.99                     17.64  -1.65    28.95

SNOWFALL (IN)
  TODAY            0.0
  MONTH TO DATE    0.0
  SINCE MAR 1      0.0
  SINCE JUL 1      0.4
  SNOW DEPTH       0

DEGREE DAYS
 HEATING
  TODAY           13                         2     11        0
  MONTH TO DATE   43                        40      3       41
  SINCE MAR 1    264                       207     57      317
  SINCE JUL 1   1970                      1542    428     1489

 COOLING
  TODAY            0                         5     -5       14
  MONTH TO DATE   58                        60     -2       57
  SINCE MAR 1     84                       118    -34       76
  SINCE JAN 1    104                       149    -45      101
..................................................................


WIND (MPH)
  HIGHEST WIND SPEED    15   HIGHEST WIND DIRECTION     E (70)
  HIGHEST GUST SPEED    18   HIGHEST GUST DIRECTION    SE (120)
  AVERAGE WIND SPEED     5.6


SKY COVER
  POSSIBLE SUNSHINE  MM
  AVERAGE SKY COVER 0.0


WEATHER CONDITIONS
 THE FOLLOWING WEATHER WAS RECORDED TODAY.
  NO SIGNIFICANT WEATHER WAS OBSERVED.


RELATIVE HUMIDITY (PERCENT)
 HIGHEST    85           600 AM
 LOWEST     34           200 PM
 AVERAGE    60

..........................................................


THE BATON ROUGE  ASOS CLIMATE NORMALS FOR TOMORROW
                         NORMAL    RECORD    YEAR
 MAXIMUM TEMPERATURE (F)   80        91      2006
 MINIMUM TEMPERATURE (F)   57        41      1949


SUNRISE AND SUNSET
APRIL 16 2014.........SUNRISE   636 AM CDT   SUNSET   733 PM CDT
APRIL 17 2014.........SUNRISE   635 AM CDT   SUNSET   734 PM CDT


-  INDICATES NEGATIVE NUMBERS.
R  INDICATES RECORD WAS SET OR TIED.
MM INDICATES DATA IS MISSING.
T  INDICATES TRACE AMOUNT.




$$
