000
CDUS44 KLIX 270801
CLIBTR


CLIMATE REPORT
NATIONAL WEATHER SERVICE NEW ORLEANS
200 AM CST THU NOV 27 2014


...................................

...THE BATON ROUGE  ASOS CLIMATE SUMMARY FOR NOVEMBER 26 2014...

CLIMATE NORMAL PERIOD 1981 TO 2010
CLIMATE RECORD PERIOD 1894 TO 2014


WEATHER ITEM   OBSERVED TIME   RECORD YEAR NORMAL DEPARTURE LAST
                VALUE   (LST)  VALUE       VALUE  FROM      YEAR
                                                  NORMAL
..................................................................
TEMPERATURE (F)
 YESTERDAY
  MAXIMUM         70    257 PM  85    1973  69      1       48
                                      1910
                                      1908
  MINIMUM         31    602 AM  30    1991  46    -15       39
                                      1956
                                      1941
  AVERAGE         51                        57     -6       44

PRECIPITATION (IN)
  YESTERDAY        0.00          5.04 1948   0.14  -0.14     1.02
  MONTH TO DATE    3.50                      3.51  -0.01     1.71
  SINCE SEP 1      8.91                     12.75  -3.84    12.48
  SINCE JAN 1     56.03                     54.46   1.57    65.14

SNOWFALL (IN)
  YESTERDAY        0.0
  MONTH TO DATE    0.0
  SINCE SEP 1      0.0
  SINCE JUL 1      0.0
  SNOW DEPTH       0

DEGREE DAYS
 HEATING
  YESTERDAY       14                         9      5       21
  MONTH TO DATE  291                       153    138      181
  SINCE SEP 1    306                       199    107      200
  SINCE JUL 1    306                       199    107      200

 COOLING
  YESTERDAY        0                         1     -1        0
  MONTH TO DATE   15                        45    -30       36
  SINCE SEP 1    648                       634     14      698
  SINCE JAN 1   2676                      2795   -119     2666
..................................................................


WIND (MPH)
  HIGHEST WIND SPEED    23   HIGHEST WIND DIRECTION    SW (240)
  HIGHEST GUST SPEED    30   HIGHEST GUST DIRECTION     W (260)
  AVERAGE WIND SPEED     7.8


SKY COVER
  POSSIBLE SUNSHINE  MM
  AVERAGE SKY COVER 0.0


WEATHER CONDITIONS
 THE FOLLOWING WEATHER WAS RECORDED YESTERDAY.
  NO SIGNIFICANT WEATHER WAS OBSERVED.


RELATIVE HUMIDITY (PERCENT)
 HIGHEST    96           100 AM
 LOWEST     26           100 PM
 AVERAGE    61

..........................................................


THE BATON ROUGE  ASOS CLIMATE NORMALS FOR TODAY
                         NORMAL    RECORD    YEAR
 MAXIMUM TEMPERATURE (F)   68        84      1985
 MINIMUM TEMPERATURE (F)   46        25      1903


SUNRISE AND SUNSET
NOVEMBER 27 2014......SUNRISE   641 AM CST   SUNSET   504 PM CST
NOVEMBER 28 2014......SUNRISE   642 AM CST   SUNSET   503 PM CST


-  INDICATES NEGATIVE NUMBERS.
R  INDICATES RECORD WAS SET OR TIED.
MM INDICATES DATA IS MISSING.
T  INDICATES TRACE AMOUNT.




$$
