000
CDUS44 KLIX 110814
CLIBTR


CLIMATE REPORT
NATIONAL WEATHER SERVICE NEW ORLEANS
212 AM CST THU FEB 11 2016

...................................

...THE BATON ROUGE  ASOS CLIMATE SUMMARY FOR FEBRUARY 10 2016...

CLIMATE NORMAL PERIOD 1981 TO 2010
CLIMATE RECORD PERIOD 1894 TO 2016


WEATHER ITEM   OBSERVED TIME   RECORD YEAR NORMAL DEPARTURE LAST
                VALUE   (LST)  VALUE       VALUE  FROM      YEAR
                                                  NORMAL
..................................................................
TEMPERATURE (F)
 YESTERDAY
  MAXIMUM         59    334 PM  83    1957  65     -6       68
  MINIMUM         34    704 AM  21    1979  44    -10       41
  AVERAGE         47                        54     -7       55

PRECIPITATION (IN)
  YESTERDAY        0.00          2.84 1903   0.19  -0.19     0.00
  MONTH TO DATE    1.85                      1.88  -0.03     0.78
  SINCE DEC 1     13.91                     13.20   0.71    12.82
  SINCE JAN 1      7.58                      7.60  -0.02     7.15

SNOWFALL (IN)
  YESTERDAY        0.0
  MONTH TO DATE    0.0
  SINCE DEC 1      0.0
  SINCE JUL 1      0.0
  SNOW DEPTH       0

DEGREE DAYS
 HEATING
  YESTERDAY       18                        12      6       10
  MONTH TO DATE  137                       123     14      135
  SINCE DEC 1    753                       928   -175      912
  SINCE JUL 1    864                      1163   -299     1253

 COOLING
  YESTERDAY        0                         1     -1        0
  MONTH TO DATE    7                         8     -1        2
  SINCE DEC 1     98                        43     55       17
  SINCE JAN 1     11                        21    -10        3
..................................................................


WIND (MPH)
  HIGHEST WIND SPEED    18   HIGHEST WIND DIRECTION    SW (220)
  HIGHEST GUST SPEED    24   HIGHEST GUST DIRECTION    SW (220)
  AVERAGE WIND SPEED     8.1


SKY COVER
  POSSIBLE SUNSHINE  MM
  AVERAGE SKY COVER 0.0


WEATHER CONDITIONS
 THE FOLLOWING WEATHER WAS RECORDED YESTERDAY.
  HAZE


RELATIVE HUMIDITY (PERCENT)
 HIGHEST    61          1100 PM
 LOWEST     24           100 PM
 AVERAGE    43

..........................................................


THE BATON ROUGE  ASOS CLIMATE NORMALS FOR TODAY
                         NORMAL    RECORD    YEAR
 MAXIMUM TEMPERATURE (F)   65        81      1999
 MINIMUM TEMPERATURE (F)   44        24      2011
                                             1973


SUNRISE AND SUNSET
FEBRUARY 11 2016......SUNRISE   649 AM CST   SUNSET   549 PM CST
FEBRUARY 12 2016......SUNRISE   648 AM CST   SUNSET   550 PM CST


-  INDICATES NEGATIVE NUMBERS.
R  INDICATES RECORD WAS SET OR TIED.
MM INDICATES DATA IS MISSING.
T  INDICATES TRACE AMOUNT.




$$
