000
CDUS41 KBTV 070521
CLIBTV


CLIMATE REPORT
NATIONAL WEATHER SERVICE BURLINGTON VT
120 AM EDT TUE JUL 7 2015


...................................

...THE BURLINGTON VT CLIMATE SUMMARY FOR JULY 6 2015...

CLIMATE NORMAL PERIOD 1981 TO 2010
CLIMATE RECORD PERIOD 1884 TO 2015


WEATHER ITEM   OBSERVED TIME   RECORD YEAR NORMAL DEPARTURE LAST
                VALUE   (LST)  VALUE       VALUE  FROM      YEAR
                                                  NORMAL
..................................................................
TEMPERATURE (F)
 YESTERDAY
  MAXIMUM         84    404 PM  95    2010  81      3       86
  MINIMUM         59    411 AM  39    1962  60     -1       63
  AVERAGE         72                        70      2       75

PRECIPITATION (IN)
  YESTERDAY        0.00          1.47 1984   0.14  -0.14     0.00
  MONTH TO DATE    2.46                      0.79   1.67     0.80
  SINCE JUN 1     11.13                      4.48   6.65     5.15
  SINCE JAN 1     19.97                     16.79   3.18    18.91

SNOWFALL (IN)
  YESTERDAY        0.0           0.0  2002   0.0    0.0      0.0
                                      2001
  MONTH TO DATE    0.0                       0.0    0.0      0.0
  SINCE JUN 1      0.0                       0.0    0.0      0.0
  SINCE JUL 1      0.0                       0.0    0.0      0.0
  SNOW DEPTH       0

DEGREE DAYS
 HEATING
  YESTERDAY        0                         1     -1        0
  MONTH TO DATE    1                         6     -5        0
  SINCE JUN 1     72                        79     -7       20
  SINCE JUL 1      1                         6     -5        0

 COOLING
  YESTERDAY        7                         6      1       10
  MONTH TO DATE   18                        36    -18       65
  SINCE JUN 1     93                       133    -40      185
  SINCE JAN 1    186                       152     34      207
..................................................................


WIND (MPH)
  HIGHEST WIND SPEED    13   HIGHEST WIND DIRECTION     S (190)
  HIGHEST GUST SPEED    17   HIGHEST GUST DIRECTION     S (180)
  AVERAGE WIND SPEED     4.2


SKY COVER
  POSSIBLE SUNSHINE  MM
  AVERAGE SKY COVER 0.2


WEATHER CONDITIONS
 THE FOLLOWING WEATHER WAS RECORDED YESTERDAY.
  HAZE


RELATIVE HUMIDITY (PERCENT)
 HIGHEST    90          1200 AM
 LOWEST     43           400 PM
 AVERAGE    67

..........................................................


THE BURLINGTON VT CLIMATE NORMALS FOR TODAY
                         NORMAL    RECORD    YEAR
 MAXIMUM TEMPERATURE (F)   81        96      1908
 MINIMUM TEMPERATURE (F)   60        43      1969
                                             1965


SUNRISE AND SUNSET
JULY  7 2015..........SUNRISE   515 AM EDT   SUNSET   839 PM EDT
JULY  8 2015..........SUNRISE   516 AM EDT   SUNSET   839 PM EDT


-  INDICATES NEGATIVE NUMBERS.
R  INDICATES RECORD WAS SET OR TIED.
MM INDICATES DATA IS MISSING.
T  INDICATES TRACE AMOUNT.







&&

LAKE CHAMPLAIN DATA:
LEVEL...............98.54 FEET
TEMPERATURE.........68 DEGREES

MOUNT MANSFIELD DATA:
HIGH................67 DEGREES
LOW.................53 DEGREES
PRECIPITATION.......NONE

$$
