000
CDUS41 KBTV 022201
CLIBTV


CLIMATE REPORT
NATIONAL WEATHER SERVICE BURLINGTON VT
600 PM EDT SUN AUG 2 2015


...................................

...THE BURLINGTON VT CLIMATE SUMMARY FOR AUGUST 2 2015...
VALID TODAY AS OF 0500 PM LOCAL TIME.

CLIMATE NORMAL PERIOD 1981 TO 2010
CLIMATE RECORD PERIOD 1884 TO 2015


WEATHER ITEM   OBSERVED TIME   RECORD YEAR NORMAL DEPARTURE LAST
                VALUE   (LST)  VALUE       VALUE  FROM      YEAR
                                                  NORMAL
..................................................................
TEMPERATURE (F)
 TODAY
  MAXIMUM         83    227 PM  99    1975  81      2       84
  MINIMUM         58    426 AM  44    1953  60     -2       64
  AVERAGE         71                        70      1       74

PRECIPITATION (IN)
  TODAY            T             1.51 1946   0.14  -0.14     0.00
  MONTH TO DATE    0.02                      0.28  -0.26     0.00
  SINCE JUN 1     13.36                      8.13   5.23     9.89
  SINCE JAN 1     22.20                     20.44   1.76    23.65

SNOWFALL (IN)
  TODAY            0.0          90.0  2001   0.0    0.0      0.0
  MONTH TO DATE    0.0                       0.0    0.0      0.0
  SINCE JUN 1      0.0                       0.0    0.0      0.0
  SINCE JUL 1      0.0                       0.0    0.0      0.0
  SNOW DEPTH       0

DEGREE DAYS
 HEATING
  TODAY            0                         0      0        0
  MONTH TO DATE    0                         0      0        0
  SINCE JUN 1     76                        86    -10       21
  SINCE JUL 1      5                        13     -8        1

 COOLING
  TODAY            6                         6      0        9
  MONTH TO DATE   15                        12      3       15
  SINCE JUN 1    309                       296     13      343
  SINCE JAN 1    402                       315     87      365
..................................................................


WIND (MPH)
  HIGHEST WIND SPEED    16   HIGHEST WIND DIRECTION     S (190)
  HIGHEST GUST SPEED    24   HIGHEST GUST DIRECTION     S (180)
  AVERAGE WIND SPEED    11.2


SKY COVER
  POSSIBLE SUNSHINE  MM
  AVERAGE SKY COVER 0.5


WEATHER CONDITIONS
 THE FOLLOWING WEATHER WAS RECORDED TODAY.
  NO SIGNIFICANT WEATHER WAS OBSERVED.


RELATIVE HUMIDITY (PERCENT)
 HIGHEST    67           500 AM
 LOWEST     43           100 PM
 AVERAGE    55

..........................................................


THE BURLINGTON VT CLIMATE NORMALS FOR TOMORROW
                         NORMAL    RECORD    YEAR
 MAXIMUM TEMPERATURE (F)   81        97      1988
 MINIMUM TEMPERATURE (F)   60        42      1964


SUNRISE AND SUNSET
AUGUST  2 2015........SUNRISE   540 AM EDT   SUNSET   817 PM EDT
AUGUST  3 2015........SUNRISE   541 AM EDT   SUNSET   815 PM EDT


-  INDICATES NEGATIVE NUMBERS.
R  INDICATES RECORD WAS SET OR TIED.
MM INDICATES DATA IS MISSING.
T  INDICATES TRACE AMOUNT.




$$
