000
CDUS41 KBTV 060550
CLIBTV


CLIMATE REPORT
NATIONAL WEATHER SERVICE BURLINGTON VT
1249 AM EST TUE DEC 6 2016


...................................

...THE BURLINGTON VT CLIMATE SUMMARY FOR DECEMBER 5 2016...

CLIMATE NORMAL PERIOD 1981 TO 2010
CLIMATE RECORD PERIOD 1884 TO 2016


WEATHER ITEM   OBSERVED TIME   RECORD YEAR NORMAL DEPARTURE LAST
                VALUE   (LST)  VALUE       VALUE  FROM      YEAR
                                                  NORMAL
..................................................................
TEMPERATURE (F)
 YESTERDAY
  MAXIMUM         37    641 PM  67    1941  37      0       49
  MINIMUM         26    337 AM -12    1886  24      2       29
  AVERAGE         32                        30      2       39

PRECIPITATION (IN)
  YESTERDAY        0.22          1.32 1920   0.08   0.14     0.00
  MONTH TO DATE    0.66                      0.44   0.22     1.41
  SINCE DEC 1      0.66                      0.44   0.22     1.41
  SINCE JAN 1     26.04                     34.88  -8.84    34.81

SNOWFALL (IN)
  YESTERDAY        2.9           3.8  1977   0.5    2.4      0.0
  MONTH TO DATE    2.9                       2.3    0.6      0.0
  SINCE DEC 1      2.9                       2.3    0.6      0.0
  SINCE JUL 1      7.2                       7.7   -0.5      0.2
  SNOW DEPTH       1

DEGREE DAYS
 HEATING
  YESTERDAY       33                        35     -2       26
  MONTH TO DATE  136                       169    -33      135
  SINCE DEC 1    136                       169    -33      135
  SINCE JUL 1   1341                      1714   -373     1374

 COOLING
  YESTERDAY        0                         0      0        0
  MONTH TO DATE    0                         0      0        0
  SINCE DEC 1      0                         0      0        0
  SINCE JAN 1    855                       491    364      768
..................................................................


WIND (MPH)
  HIGHEST WIND SPEED    16   HIGHEST WIND DIRECTION     S (190)
  HIGHEST GUST SPEED    21   HIGHEST GUST DIRECTION     S (190)
  AVERAGE WIND SPEED     7.2


SKY COVER
  POSSIBLE SUNSHINE  MM
  AVERAGE SKY COVER 0.8


WEATHER CONDITIONS
 THE FOLLOWING WEATHER WAS RECORDED YESTERDAY.
  HEAVY SNOW
  SNOW
  LIGHT SNOW
  FOG
  FOG W/VISIBILITY <= 1/4 MILE


RELATIVE HUMIDITY (PERCENT)
 HIGHEST    92           700 AM
 LOWEST     69           500 AM
 AVERAGE    81

..........................................................


THE BURLINGTON VT CLIMATE NORMALS FOR TODAY
                         NORMAL    RECORD    YEAR
 MAXIMUM TEMPERATURE (F)   37        64      2001
 MINIMUM TEMPERATURE (F)   23        -8      1910


SUNRISE AND SUNSET
DECEMBER  6 2016......SUNRISE   715 AM EST   SUNSET   413 PM EST
DECEMBER  7 2016......SUNRISE   716 AM EST   SUNSET   413 PM EST


-  INDICATES NEGATIVE NUMBERS.
R  INDICATES RECORD WAS SET OR TIED.
MM INDICATES DATA IS MISSING.
T  INDICATES TRACE AMOUNT.

&&

LAKE CHAMPLAIN DATA:
LAKE LEVEL..........94.69 FEET
WATER TEMPERATURE...46 DEGREES

MOUNT MANSFIELD DATA:
HIGH TEMPERATURE...22 DEGREES
LOW TEMPERATURE....11 DEGREES
PRECIPITATION......0.30 INCHES
NEW SNOW...........3.0 INCHES
SNOW AT STAKE......28 INCHES

$$
