000
CDUS41 KBTV 200546
CLIBTV


CLIMATE REPORT
NATIONAL WEATHER SERVICE BURLINGTON VT
1246 AM EST FRI JAN 20 2017


...................................

...THE BURLINGTON VT CLIMATE SUMMARY FOR JANUARY 19 2017...

CLIMATE NORMAL PERIOD 1981 TO 2010
CLIMATE RECORD PERIOD 1884 TO 2017


WEATHER ITEM   OBSERVED TIME   RECORD YEAR NORMAL DEPARTURE LAST
                VALUE   (LST)  VALUE       VALUE  FROM      YEAR
                                                  NORMAL
..................................................................
TEMPERATURE (F)
 YESTERDAY
  MAXIMUM         39   1245 PM  65    1996  27     12       19
  MINIMUM         35   1159 PM -24    1976  10     25        7
  AVERAGE         37                        18     19       13

PRECIPITATION (IN)
  YESTERDAY        T             1.62 1996   0.07  -0.07     0.14
  MONTH TO DATE    0.88                      1.26  -0.38     1.05
  SINCE DEC 1      3.23                      3.64  -0.41     5.49
  SINCE JAN 1      0.88                      1.26  -0.38     1.05

SNOWFALL (IN)
  YESTERDAY        T             9.0  1931   0.7   -0.7      2.1
  MONTH TO DATE    4.1                      12.9   -8.8     11.0
  SINCE DEC 1     20.8                      30.8  -10.0     18.1
  SINCE JUL 1     25.1                      36.2  -11.1     18.3
  SNOW DEPTH       2

DEGREE DAYS
 HEATING
  YESTERDAY       28                        47    -19       52
  MONTH TO DATE  699                       878   -179      760
  SINCE DEC 1   1807                      2092   -285     1554
  SINCE JUL 1   3012                      3637   -625     2793

 COOLING
  YESTERDAY        0                         0      0        0
  MONTH TO DATE    0                         0      0        0
  SINCE DEC 1      0                         0      0        0
  SINCE JAN 1      0                         0      0        0
..................................................................


WIND (MPH)
  HIGHEST WIND SPEED    10   HIGHEST WIND DIRECTION     N (360)
  HIGHEST GUST SPEED    13   HIGHEST GUST DIRECTION     N (350)
  AVERAGE WIND SPEED     3.4


SKY COVER
  POSSIBLE SUNSHINE  MM
  AVERAGE SKY COVER 1.0


WEATHER CONDITIONS
 THE FOLLOWING WEATHER WAS RECORDED YESTERDAY.
  LIGHT RAIN
  LIGHT SNOW


RELATIVE HUMIDITY (PERCENT)
 HIGHEST    92          1200 AM
 LOWEST     76           300 PM
 AVERAGE    84

..........................................................


THE BURLINGTON VT CLIMATE NORMALS FOR TODAY
                         NORMAL    RECORD    YEAR
 MAXIMUM TEMPERATURE (F)   27        52      1951
 MINIMUM TEMPERATURE (F)   10       -22      1970


SUNRISE AND SUNSET
JANUARY 20 2017.......SUNRISE   722 AM EST   SUNSET   446 PM EST
JANUARY 21 2017.......SUNRISE   721 AM EST   SUNSET   447 PM EST


-  INDICATES NEGATIVE NUMBERS.
R  INDICATES RECORD WAS SET OR TIED.
MM INDICATES DATA IS MISSING.
T  INDICATES TRACE AMOUNT.

&&

LAKE CHAMPLAIN DATA:
LAKE LEVEL..........95.08 FEET
WATER TEMPERATURE...37 DEGREES

MOUNT MANSFIELD DATA:
HIGH TEMPERATURE...24 DEGREES
LOW TEMPERATURE....18 DEGREES
PRECIPITATION......0.17 INCHES
NEW SNOW...........0.9 INCHES
SNOW AT STAKE......53 INCHES

$$
