000
CDUS41 KBTV 100540
CLIBTV


CLIMATE REPORT
NATIONAL WEATHER SERVICE BURLINGTON VT
139 AM EDT THU JUL 10 2014


...................................

...THE BURLINGTON VT CLIMATE SUMMARY FOR JULY 9 2014...

CLIMATE NORMAL PERIOD 1981 TO 2010
CLIMATE RECORD PERIOD 1884 TO 2014


WEATHER ITEM   OBSERVED TIME   RECORD YEAR NORMAL DEPARTURE LAST
                VALUE   (LST)  VALUE       VALUE  FROM      YEAR
                                                  NORMAL
..................................................................
TEMPERATURE (F)
 YESTERDAY
  MAXIMUM         81    241 PM  97    1988  81      0       87
  MINIMUM         67   1159 PM  44    1969  60      7       67
  AVERAGE         74                        71      3       77

PRECIPITATION (IN)
  YESTERDAY        0.00          3.32 1899   0.14  -0.14     0.00
  MONTH TO DATE    2.07                      1.20   0.87     3.13
  SINCE JUN 1      6.42                      4.89   1.53    12.99
  SINCE JAN 1     20.18                     17.20   2.98    28.26

SNOWFALL (IN)
  YESTERDAY        0.0           0.0  2002   0.0    0.0      0.0
                                      2001
  MONTH TO DATE    0.0                       0.0    0.0      0.0
  SINCE JUN 1      0.0                       0.0    0.0      0.0
  SINCE JUL 1      0.0                       0.0    0.0      0.0
  SNOW DEPTH       0

DEGREE DAYS
 HEATING
  YESTERDAY        0                         0      0        0
  MONTH TO DATE    0                         8     -8        0
  SINCE JUN 1     20                        81    -61       65
  SINCE JUL 1      0                         8     -8        0

 COOLING
  YESTERDAY        9                         6      3       12
  MONTH TO DATE   93                        54     39       93
  SINCE JUN 1    213                       151     62      208
  SINCE JAN 1    235                       170     65      255
..................................................................


WIND (MPH)
  HIGHEST WIND SPEED    21   HIGHEST WIND DIRECTION     S (200)
  HIGHEST GUST SPEED    28   HIGHEST GUST DIRECTION     S (200)
  AVERAGE WIND SPEED     9.3


SKY COVER
  POSSIBLE SUNSHINE  MM
  AVERAGE SKY COVER 0.5


WEATHER CONDITIONS
 THE FOLLOWING WEATHER WAS RECORDED YESTERDAY.
  NO SIGNIFICANT WEATHER WAS OBSERVED.


RELATIVE HUMIDITY (PERCENT)
 HIGHEST    87           400 AM
 LOWEST     48           200 PM
 AVERAGE    68

..........................................................


THE BURLINGTON VT CLIMATE NORMALS FOR TODAY
                         NORMAL    RECORD    YEAR
 MAXIMUM TEMPERATURE (F)   81        96      1911
 MINIMUM TEMPERATURE (F)   60        45      1954
                                             1942


SUNRISE AND SUNSET
JULY 10 2014..........SUNRISE   518 AM EDT   SUNSET   838 PM EDT
JULY 11 2014..........SUNRISE   519 AM EDT   SUNSET   837 PM EDT


-  INDICATES NEGATIVE NUMBERS.
R  INDICATES RECORD WAS SET OR TIED.
MM INDICATES DATA IS MISSING.
T  INDICATES TRACE AMOUNT.

&&

LAKE CHAMPLAIN DATA:
LEVEL...............96.93 FEET
TEMPERATURE.........69 DEGREES

MOUNT MANSFIELD DATA:
HIGH................69 DEGREES
LOW.................52 DEGREES
PRECIPITATION.......1.11 INCHES

$$
