000
CDUS41 KBTV 250600
CLIBTV


CLIMATE REPORT
NATIONAL WEATHER SERVICE BURLINGTON VT
135 AM EDT THU MAY 25 2017


...................................

...THE BURLINGTON VT CLIMATE SUMMARY FOR MAY 24 2017...

CLIMATE NORMAL PERIOD 1981 TO 2010
CLIMATE RECORD PERIOD 1884 TO 2017


WEATHER ITEM   OBSERVED TIME   RECORD YEAR NORMAL DEPARTURE LAST
                VALUE   (LST)  VALUE       VALUE  FROM      YEAR
                                                  NORMAL
..................................................................
TEMPERATURE (F)
 YESTERDAY
  MAXIMUM         79    326 PM  88    2007  70      9       81
                                      1991
  MINIMUM         52    502 AM  28    1963  48      4       50
  AVERAGE         66                        59      7       66

PRECIPITATION (IN)
  YESTERDAY        0.00          1.20 2004   0.12  -0.12     0.00
  MONTH TO DATE    3.09                      2.60   0.49     1.79
  SINCE MAR 1     10.19                      7.64   2.55     5.85
  SINCE JAN 1     14.86                     11.46   3.40    10.18

SNOWFALL (IN)
  YESTERDAY        0.0           0.0  2002   0.0    0.0      0.0
                                      2001
  MONTH TO DATE    0.0                       0.0    0.0       T
  SINCE MAR 1     41.2                      20.4   20.8      5.3
  SINCE JUL 1    100.4                      81.2   19.2     34.3
  SNOW DEPTH       0

DEGREE DAYS
 HEATING
  YESTERDAY        0                         7     -7        0
  MONTH TO DATE  245                       245      0      231
  SINCE MAR 1   1872                      1909    -37     1794
  SINCE JUL 1   6250                      7319  -1069     6178

 COOLING
  YESTERDAY        1                         1      0        1
  MONTH TO DATE   27                         7     20        1
  SINCE MAR 1     42                         9     33        1
  SINCE JAN 1     42                         9     33        1
..................................................................


WIND (MPH)
  HIGHEST WIND SPEED    12   HIGHEST WIND DIRECTION    SE (140)
  HIGHEST GUST SPEED    14   HIGHEST GUST DIRECTION    SE (130)
  AVERAGE WIND SPEED     2.9


SKY COVER
  POSSIBLE SUNSHINE  MM
  AVERAGE SKY COVER 0.5


WEATHER CONDITIONS
 THE FOLLOWING WEATHER WAS RECORDED YESTERDAY.
  NO SIGNIFICANT WEATHER WAS OBSERVED.


RELATIVE HUMIDITY (PERCENT)
 HIGHEST    96           500 AM
 LOWEST     33           300 PM
 AVERAGE    65

..........................................................


THE BURLINGTON VT CLIMATE NORMALS FOR TODAY
                         NORMAL    RECORD    YEAR
 MAXIMUM TEMPERATURE (F)   70        91      2010
                                             1946
 MINIMUM TEMPERATURE (F)   48        28      1956


SUNRISE AND SUNSET
MAY 25 2017...........SUNRISE   516 AM EDT   SUNSET   824 PM EDT
MAY 26 2017...........SUNRISE   515 AM EDT   SUNSET   825 PM EDT


-  INDICATES NEGATIVE NUMBERS.
R  INDICATES RECORD WAS SET OR TIED.
MM INDICATES DATA IS MISSING.
T  INDICATES TRACE AMOUNT.







&&

LAKE CHAMPLAIN DATA:
LEVEL...............98.32 FEET
TEMPERATURE.........49 DEGREES

MOUNT MANSFIELD DATA:
HIGH................57 DEGREES
LOW.................46 DEGREES
PRECIPITATION.......0.02 INCHES

$$
