000
CDUS41 KBUF 181015
CLIBUF


CLIMATE REPORT
NATIONAL WEATHER SERVICE BUFFALO NY
614 AM EDT FRI APR 18 2014


...................................

...THE BUFFALO NY CLIMATE SUMMARY FOR APRIL 17 2014...

CLIMATE NORMAL PERIOD 1981 TO 2010
CLIMATE RECORD PERIOD 1871 TO 2014


WEATHER ITEM   OBSERVED TIME   RECORD YEAR NORMAL DEPARTURE LAST
                VALUE   (LST)  VALUE       VALUE  FROM      YEAR
                                                  NORMAL
..................................................................
TEMPERATURE (F)
 YESTERDAY
  MAXIMUM         61    531 PM  80    1976  56      5       57
  MINIMUM         29    534 AM  15    1875  37     -8       37
  AVERAGE         45                        47     -2       47

PRECIPITATION (IN)
  YESTERDAY        0.00          0.71 1918   0.10  -0.10      T
  MONTH TO DATE    2.78                      1.79   0.99     3.34
  SINCE MAR 1      5.33                      4.66   0.67     4.40
  SINCE JAN 1     12.11                     10.33   1.78     9.95

SNOWFALL (IN)
  YESTERDAY        0.0           2.5  1928   0.1   -0.1      0.0
  MONTH TO DATE    1.2                       2.3   -1.1      0.3
  SINCE MAR 1     25.7                      15.2   10.5     10.1
  SINCE JUL 1    129.9                      94.0   35.9     58.8
  SNOW DEPTH       0

DEGREE DAYS
 HEATING
  YESTERDAY       20                        18      2       18
  MONTH TO DATE  361                       369     -8      386
  SINCE MAR 1   1539                      1330    209     1372
  SINCE JUL 1   6645                      6074    571     5692

 COOLING
  YESTERDAY        0                         0      0        0
  MONTH TO DATE    0                         0      0        0
  SINCE MAR 1      0                         0      0        0
  SINCE JAN 1      0                         0      0        0
..................................................................


WIND (MPH)
  HIGHEST WIND SPEED    17   HIGHEST WIND DIRECTION     S (170)
  HIGHEST GUST SPEED    22   HIGHEST GUST DIRECTION     S (180)
  AVERAGE WIND SPEED     9.0


SKY COVER
  POSSIBLE SUNSHINE 100 PERCENT
  AVERAGE SKY COVER 0.7


WEATHER CONDITIONS
 THE FOLLOWING WEATHER WAS RECORDED YESTERDAY.
  NO SIGNIFICANT WEATHER WAS OBSERVED.


RELATIVE HUMIDITY (PERCENT)
 HIGHEST    69           500 AM
 LOWEST     25           400 PM
 AVERAGE    47

..........................................................


THE BUFFALO NY CLIMATE NORMALS FOR TODAY
                         NORMAL    RECORD    YEAR
 MAXIMUM TEMPERATURE (F)   56        82      2013
 MINIMUM TEMPERATURE (F)   38        14      1875


SUNRISE AND SUNSET
APRIL 18 2014.........SUNRISE   628 AM EDT   SUNSET   801 PM EDT
APRIL 19 2014.........SUNRISE   627 AM EDT   SUNSET   802 PM EDT


-  INDICATES NEGATIVE NUMBERS.
R  INDICATES RECORD WAS SET OR TIED.
MM INDICATES DATA IS MISSING.
T  INDICATES TRACE AMOUNT.




$$
