000
CDUS41 KBUF 281004
CLIBUF


CLIMATE REPORT
NATIONAL WEATHER SERVICE BUFFALO NY
603 AM EDT FRI JUL 28 2017


...................................

...THE BUFFALO NY CLIMATE SUMMARY FOR JULY 27 2017...

CLIMATE NORMAL PERIOD 1981 TO 2010
CLIMATE RECORD PERIOD 1871 TO 2017


WEATHER ITEM   OBSERVED TIME   RECORD YEAR NORMAL DEPARTURE LAST
                VALUE   (LST)  VALUE       VALUE  FROM      YEAR
                                                  NORMAL
..................................................................
TEMPERATURE (F)
 YESTERDAY
  MAXIMUM         81    455 PM  90    1964  80      1       84
                                      1958
                                      1955
  MINIMUM         67    628 AM  48    1977  63      4       65
                                      1891
  AVERAGE         74                        71      3       75

PRECIPITATION (IN)
  YESTERDAY        0.07          1.38 1948   0.11  -0.04     0.00
  MONTH TO DATE    4.65                      2.76   1.89     1.80
  SINCE JUN 1      6.86                      6.42   0.44     3.11
  SINCE JAN 1     29.13                     21.43   7.70    14.35

SNOWFALL (IN)
  YESTERDAY        0.0           0.0    MM   0.0    0.0      0.0
  MONTH TO DATE    0.0                       0.0    0.0      0.0
  SINCE JUN 1      0.0                       0.0    0.0      0.0
  SINCE JUL 1      0.0                       0.0    0.0      0.0
  SNOW DEPTH       0

DEGREE DAYS
 HEATING
  YESTERDAY        0                         0      0        0
  MONTH TO DATE    1                         2     -1        0
  SINCE JUN 1     50                        66    -16       42
  SINCE JUL 1      1                         2     -1        0

 COOLING
  YESTERDAY        9                         6      3       10
  MONTH TO DATE  164                       177    -13      251
  SINCE JUN 1    287                       280      7      379
  SINCE JAN 1    314                       306      8      438
..................................................................


WIND (MPH)
  HIGHEST WIND SPEED    13   HIGHEST WIND DIRECTION     N (350)
  HIGHEST GUST SPEED    17   HIGHEST GUST DIRECTION     N (360)
  AVERAGE WIND SPEED     5.2


SKY COVER
  AVERAGE SKY COVER 0.9


WEATHER CONDITIONS
 THE FOLLOWING WEATHER WAS RECORDED YESTERDAY.
  LIGHT RAIN
  FOG


RELATIVE HUMIDITY (PERCENT)
 HIGHEST    93           600 AM
 LOWEST     54           300 PM
 AVERAGE    74

..........................................................


THE BUFFALO NY CLIMATE NORMALS FOR TODAY
                         NORMAL    RECORD    YEAR
 MAXIMUM TEMPERATURE (F)   80        93      1964
 MINIMUM TEMPERATURE (F)   63        51      1996


SUNRISE AND SUNSET
JULY 28 2017..........SUNRISE   602 AM EDT   SUNSET   840 PM EDT
JULY 29 2017..........SUNRISE   603 AM EDT   SUNSET   839 PM EDT


-  INDICATES NEGATIVE NUMBERS.
R  INDICATES RECORD WAS SET OR TIED.
MM INDICATES DATA IS MISSING.
T  INDICATES TRACE AMOUNT.




$$
