000
CDUS41 KBUF 201012
CLIBUF


CLIMATE REPORT
NATIONAL WEATHER SERVICE BUFFALO NY
512 AM EST TUE FEB 20 2018


...................................

...THE BUFFALO NY CLIMATE SUMMARY FOR FEBRUARY 19 2018...

CLIMATE NORMAL PERIOD 1981 TO 2010
CLIMATE RECORD PERIOD 1871 TO 2018


WEATHER ITEM   OBSERVED TIME   RECORD YEAR NORMAL DEPARTURE LAST
                VALUE   (LST)  VALUE       VALUE  FROM      YEAR
                                                  NORMAL
..................................................................
TEMPERATURE (F)
 YESTERDAY
  MAXIMUM         58   1159 PM  63    1994  34     24       49
  MINIMUM         31    245 AM  -6    2015  20     11       32
  AVERAGE         45                        27     18       41

PRECIPITATION (IN)
  YESTERDAY        0.82          1.37 1960   0.09   0.73     0.00
  MONTH TO DATE    2.55                      1.66   0.89     1.36
  SINCE DEC 1      9.21                      8.73   0.48     8.34
  SINCE JAN 1      6.28                      4.84   1.44     4.28

SNOWFALL (IN)
  YESTERDAY        0.0          13.0  1960   0.6   -0.6      0.0
  MONTH TO DATE   18.1                      12.1    6.0      4.6
  SINCE DEC 1     83.0                      64.8   18.2     45.7
  SINCE JUL 1     83.2                      73.6    9.6     46.6
  SNOW DEPTH       0

DEGREE DAYS
 HEATING
  YESTERDAY       20                        38    -18       24
  MONTH TO DATE  733                       750    -17      659
  SINCE DEC 1   3209                      3076    133     2744
  SINCE JUL 1   4324                      4409    -85     3714

 COOLING
  YESTERDAY        0                         0      0        0
  MONTH TO DATE    0                         0      0        0
  SINCE DEC 1      0                         0      0        0
  SINCE JAN 1      0                         0      0        0
..................................................................


WIND (MPH)
  HIGHEST WIND SPEED    22   HIGHEST WIND DIRECTION    SW (210)
  HIGHEST GUST SPEED    31   HIGHEST GUST DIRECTION    SW (210)
  AVERAGE WIND SPEED    12.9


SKY COVER
  AVERAGE SKY COVER 0.9


WEATHER CONDITIONS
 THE FOLLOWING WEATHER WAS RECORDED YESTERDAY.
  HEAVY RAIN
  RAIN
  LIGHT RAIN
  FOG
  HAZE


RELATIVE HUMIDITY (PERCENT)
 HIGHEST    93           300 PM
 LOWEST     57           800 AM
 AVERAGE    75

..........................................................


THE BUFFALO NY CLIMATE NORMALS FOR TODAY
                         NORMAL    RECORD    YEAR
 MAXIMUM TEMPERATURE (F)   34        64      1955
 MINIMUM TEMPERATURE (F)   20       -10      1934


SUNRISE AND SUNSET
FEBRUARY 20 2018......SUNRISE   705 AM EST   SUNSET   553 PM EST
FEBRUARY 21 2018......SUNRISE   703 AM EST   SUNSET   554 PM EST


-  INDICATES NEGATIVE NUMBERS.
R  INDICATES RECORD WAS SET OR TIED.
MM INDICATES DATA IS MISSING.
T  INDICATES TRACE AMOUNT.




$$
