000
CDUS46 KLOX 190915
CLIBUR


CLIMATE REPORT
NATIONAL WEATHER SERVICE LOS ANGELES/OXNARD CA
115 AM PST SUN NOV 19 2017


...................................

...THE BOB HOPE AIRPORT (BURBANK) CA CLIMATE SUMMARY FOR NOVEMBER 18 2017...

CLIMATE NORMAL PERIOD 1981 TO 2010
CLIMATE RECORD PERIOD 1939 TO 2017


WEATHER ITEM   OBSERVED TIME   RECORD YEAR NORMAL DEPARTURE LAST
                VALUE   (LST)  VALUE       VALUE  FROM      YEAR
                                                  NORMAL
..................................................................
TEMPERATURE (F)
 YESTERDAY
  MAXIMUM         78    347 PM  88    2008  72      6       77
  MINIMUM         51    626 AM  32    1980  45      6       48
  AVERAGE         65                        59      6       63

PRECIPITATION (IN)
  YESTERDAY        0.00          0.99 1986   0.04  -0.04     0.00
  MONTH TO DATE    T                         0.56  -0.56     0.00
  SINCE OCT 1      0.08                      1.53  -1.45     0.22
  SINCE JAN 1      9.70                     14.40  -4.70     6.78

SNOWFALL (IN)
  YESTERDAY        0.0
  MONTH TO DATE    0.0
  SINCE SEP 1      0.0
  SINCE JUL 1      0.0

DEGREE DAYS
 HEATING
  YESTERDAY        0                         6     -6        2
  MONTH TO DATE   22                        81    -59       16
  SINCE SEP 1     27                       130   -103       22
  SINCE JUL 1     27                       130   -103       22

 COOLING
  YESTERDAY        0                         0      0        0
  MONTH TO DATE   13                        12      1       87
  SINCE SEP 1    555                       361    194      517
  SINCE JAN 1   1883                      1243    640     1730
..................................................................


WIND (MPH)
  HIGHEST WIND SPEED    14   HIGHEST WIND DIRECTION     W (270)
  HIGHEST GUST SPEED    16   HIGHEST GUST DIRECTION     W (250)
  AVERAGE WIND SPEED     2.9


SKY COVER
  POSSIBLE SUNSHINE  MM
  AVERAGE SKY COVER 0.0


WEATHER CONDITIONS
 THE FOLLOWING WEATHER WAS RECORDED YESTERDAY.
  NO SIGNIFICANT WEATHER WAS OBSERVED.


RELATIVE HUMIDITY (PERCENT)
 HIGHEST    93           100 AM
 LOWEST     16           400 PM
 AVERAGE    55

..........................................................


THE BOB HOPE AIRPORT (BURBANK) CA CLIMATE NORMALS FOR TODAY
                         NORMAL    RECORD    YEAR
 MAXIMUM TEMPERATURE (F)   72        90      2006
 MINIMUM TEMPERATURE (F)   45        33      1978
                                             1975
                                             1941


SUNRISE AND SUNSET
NOVEMBER 19 2017......SUNRISE   630 AM PST   SUNSET   447 PM PST
NOVEMBER 20 2017......SUNRISE   631 AM PST   SUNSET   447 PM PST


-  INDICATES NEGATIVE NUMBERS.
R  INDICATES RECORD WAS SET OR TIED.
MM INDICATES DATA IS MISSING.
T  INDICATES TRACE AMOUNT.




$$
