000
CDUS46 KLOX 231025
CLIBUR


CLIMATE REPORT
NATIONAL WEATHER SERVICE LOS ANGELES/OXNARD CA
225 AM PST SUN NOV 23 2014


...................................

...THE BOB HOPE AIRPORT (BURBANK) CA CLIMATE SUMMARY FOR NOVEMBER 22 2014...

CLIMATE NORMAL PERIOD 1981 TO 2010
CLIMATE RECORD PERIOD 1939 TO 2014


WEATHER ITEM   OBSERVED TIME   RECORD YEAR NORMAL DEPARTURE LAST
                VALUE   (LST)  VALUE       VALUE  FROM      YEAR
                                                  NORMAL
..................................................................
TEMPERATURE (F)
 YESTERDAY
  MAXIMUM         73    111 PM  91    1950  71      2       66
  MINIMUM         47    639 AM  33    1983  44      3       54
  AVERAGE         60                        58      2       60

PRECIPITATION (IN)
  YESTERDAY        0.00          3.40 1965   0.04  -0.04     0.00
  MONTH TO DATE    0.07                      0.71  -0.64     0.24
  SINCE JUL 1      0.45                      2.00  -1.55     0.35
  SINCE JAN 1      5.36                     14.55  -9.19     2.95

SNOWFALL (IN)
  YESTERDAY        0.0
  MONTH TO DATE    0.0
  SINCE SEP 1      0.0
  SINCE JUL 1      0.0

DEGREE DAYS
 HEATING
  YESTERDAY        5                         8     -3        5
  MONTH TO DATE   50                       110    -60       33
  SINCE SEP 1     51                       159   -108       60
  SINCE JUL 1     51                       159   -108       60

 COOLING
  YESTERDAY        0                         0      0        0
  MONTH TO DATE   34                        12     22       52
  SINCE SEP 1    644                       361    283      582
  SINCE JAN 1   1944                      1243    701     2011
..................................................................


WIND (MPH)
  HIGHEST WIND SPEED    12   HIGHEST WIND DIRECTION     S (200)
  HIGHEST GUST SPEED    21   HIGHEST GUST DIRECTION     W (260)
  AVERAGE WIND SPEED     2.3


SKY COVER
  POSSIBLE SUNSHINE  MM
  AVERAGE SKY COVER 0.0


WEATHER CONDITIONS
 THE FOLLOWING WEATHER WAS RECORDED YESTERDAY.
  NO SIGNIFICANT WEATHER WAS OBSERVED.


RELATIVE HUMIDITY (PERCENT)
 HIGHEST    72           800 PM
 LOWEST     31           100 PM
 AVERAGE    52

..........................................................


THE BOB HOPE AIRPORT (BURBANK) CA CLIMATE NORMALS FOR TODAY
                         NORMAL    RECORD    YEAR
 MAXIMUM TEMPERATURE (F)   71        86      1950
 MINIMUM TEMPERATURE (F)   44        33      1941


SUNRISE AND SUNSET
NOVEMBER 23 2014......SUNRISE   634 AM PST   SUNSET   446 PM PST
NOVEMBER 24 2014......SUNRISE   635 AM PST   SUNSET   445 PM PST


-  INDICATES NEGATIVE NUMBERS.
R  INDICATES RECORD WAS SET OR TIED.
MM INDICATES DATA IS MISSING.
T  INDICATES TRACE AMOUNT.




$$
