000
CDUS46 KLOX 280915
CLIBUR


CLIMATE REPORT
NATIONAL WEATHER SERVICE LOS ANGELES/OXNARD CA
215 AM PDT SUN MAY 28 2017


...................................

...THE BOB HOPE AIRPORT (BURBANK) CA CLIMATE SUMMARY FOR MAY 27 2017...

CLIMATE NORMAL PERIOD 1981 TO 2010
CLIMATE RECORD PERIOD 1939 TO 2017


WEATHER ITEM   OBSERVED TIME   RECORD YEAR NORMAL DEPARTURE LAST
                VALUE   (LST)  VALUE       VALUE  FROM      YEAR
                                                  NORMAL
..................................................................
TEMPERATURE (F)
 YESTERDAY
  MAXIMUM         72    307 PM 100    1973  77     -5       76
  MINIMUM         54    431 AM  46    1946  56     -2       55
  AVERAGE         63                        66     -3       66

PRECIPITATION (IN)
  YESTERDAY        0.00          0.21 1947   0.01  -0.01     0.00
  MONTH TO DATE    0.13                      0.33  -0.20     0.02
  SINCE OCT 1     13.83                     16.86  -3.03     7.66
  SINCE JAN 1      9.57                     12.42  -2.85     6.56

SNOWFALL (IN)
  YESTERDAY        0.0
  MONTH TO DATE    0.0
  SINCE MAR 1      0.0
  SINCE JUL 1      0.0

DEGREE DAYS
 HEATING
  YESTERDAY        2                         1      1        0
  MONTH TO DATE   60                        53      7       48
  SINCE MAR 1    186                       409   -223      220
  SINCE JUL 1   1179                      1550   -371     1127

 COOLING
  YESTERDAY        0                         3     -3        1
  MONTH TO DATE   90                        58     32       30
  SINCE MAR 1    237                       103    134      119
  SINCE JAN 1    238                       109    129      174
..................................................................


WIND (MPH)
  HIGHEST WIND SPEED    15   HIGHEST WIND DIRECTION     S (180)
  HIGHEST GUST SPEED    19   HIGHEST GUST DIRECTION     S (180)
  AVERAGE WIND SPEED     4.8


SKY COVER
  POSSIBLE SUNSHINE  MM
  AVERAGE SKY COVER 0.2


WEATHER CONDITIONS
 THE FOLLOWING WEATHER WAS RECORDED YESTERDAY.
  NO SIGNIFICANT WEATHER WAS OBSERVED.


RELATIVE HUMIDITY (PERCENT)
 HIGHEST    77           300 AM
 LOWEST     44           400 PM
 AVERAGE    61

..........................................................


THE BOB HOPE AIRPORT (BURBANK) CA CLIMATE NORMALS FOR TODAY
                         NORMAL    RECORD    YEAR
 MAXIMUM TEMPERATURE (F)   77       104      1973
 MINIMUM TEMPERATURE (F)   56        47      1953
                                             1946


SUNRISE AND SUNSET
MAY 28 2017...........SUNRISE   544 AM PDT   SUNSET   758 PM PDT
MAY 29 2017...........SUNRISE   544 AM PDT   SUNSET   758 PM PDT


-  INDICATES NEGATIVE NUMBERS.
R  INDICATES RECORD WAS SET OR TIED.
MM INDICATES DATA IS MISSING.
T  INDICATES TRACE AMOUNT.




$$
