000
CDUS46 KLOX 180907
CLIBUR


CLIMATE REPORT
NATIONAL WEATHER SERVICE LOS ANGELES/OXNARD CA
207 AM PDT THU SEP 18 2014


...................................

...THE BOB HOPE AIRPORT (BURBANK) CA CLIMATE SUMMARY FOR SEPTEMBER 17 2014...

CLIMATE NORMAL PERIOD 1981 TO 2010
CLIMATE RECORD PERIOD 1939 TO 2014


WEATHER ITEM   OBSERVED TIME   RECORD YEAR NORMAL DEPARTURE LAST
                VALUE   (LST)  VALUE       VALUE  FROM      YEAR
                                                  NORMAL
..................................................................
TEMPERATURE (F)
 YESTERDAY
  MAXIMUM         96    111 PM 103    1984  86     10       86
  MINIMUM         74   1159 PM  49    1943  60     14       64
  AVERAGE         85                        73     12       75

PRECIPITATION (IN)
  YESTERDAY        0.00          0.47 1950   0.01  -0.01     0.00
  MONTH TO DATE    T                         0.07  -0.07     0.00
  SINCE JUL 1      0.04                      0.16  -0.12     0.01
  SINCE JAN 1      4.95                     12.71  -7.76     2.61

SNOWFALL (IN)
  YESTERDAY        0.0
  MONTH TO DATE    0.0
  SINCE SEP 1      0.0
  SINCE JUL 1      0.0

DEGREE DAYS
 HEATING
  YESTERDAY        0                         0      0        0
  MONTH TO DATE    0                         0      0        0
  SINCE SEP 1      0                         0      0        0
  SINCE JUL 1      0                         0      0        0

 COOLING
  YESTERDAY       20                         8     12       10
  MONTH TO DATE  285                       159    126      300
  SINCE SEP 1    285                       159    126      300
  SINCE JAN 1   1585                      1041    544     1729
..................................................................


WIND (MPH)
  HIGHEST WIND SPEED    14   HIGHEST WIND DIRECTION     S (160)
  HIGHEST GUST SPEED    21   HIGHEST GUST DIRECTION     S (180)
  AVERAGE WIND SPEED     5.6


SKY COVER
  POSSIBLE SUNSHINE  MM
  AVERAGE SKY COVER 0.0


WEATHER CONDITIONS
 THE FOLLOWING WEATHER WAS RECORDED YESTERDAY.
  NO SIGNIFICANT WEATHER WAS OBSERVED.


RELATIVE HUMIDITY (PERCENT)
 HIGHEST    54          1100 PM
 LOWEST     19           500 PM
 AVERAGE    37

..........................................................


THE BOB HOPE AIRPORT (BURBANK) CA CLIMATE NORMALS FOR TODAY
                         NORMAL    RECORD    YEAR
 MAXIMUM TEMPERATURE (F)   86       105      1979
 MINIMUM TEMPERATURE (F)   60        47      1978


SUNRISE AND SUNSET
SEPTEMBER 18 2014.....SUNRISE   639 AM PDT   SUNSET   656 PM PDT
SEPTEMBER 19 2014.....SUNRISE   639 AM PDT   SUNSET   654 PM PDT


-  INDICATES NEGATIVE NUMBERS.
R  INDICATES RECORD WAS SET OR TIED.
MM INDICATES DATA IS MISSING.
T  INDICATES TRACE AMOUNT.




$$
