339
CDUS46 KLOX 290902
CLIBUR


CLIMATE REPORT
NATIONAL WEATHER SERVICE LOS ANGELES/OXNARD CA
201 AM PDT SUN MAY 29 2016


...................................

...THE BOB HOPE AIRPORT (BURBANK) CA CLIMATE SUMMARY FOR MAY 28 2016...

CLIMATE NORMAL PERIOD 1981 TO 2010
CLIMATE RECORD PERIOD 1939 TO 2016


WEATHER ITEM   OBSERVED TIME   RECORD YEAR NORMAL DEPARTURE LAST
                VALUE   (LST)  VALUE       VALUE  FROM      YEAR
                                                  NORMAL
..................................................................
TEMPERATURE (F)
 YESTERDAY
  MAXIMUM         75    147 PM 104    1973  77     -2       79
  MINIMUM         58   1159 PM  47    1953  56      2       55
  AVERAGE         67                        66      1       67

PRECIPITATION (IN)
  YESTERDAY        0.00          0.64 1990   0.00   0.00     0.00
  MONTH TO DATE    0.02                      0.33  -0.31     0.30
  SINCE OCT 1      7.66                     16.86  -9.20     7.58
  SINCE JAN 1      6.56                     12.42  -5.86     3.08

SNOWFALL (IN)
  YESTERDAY        0.0
  MONTH TO DATE    0.0
  SINCE MAR 1      0.0
  SINCE JUL 1      0.0

DEGREE DAYS
 HEATING
  YESTERDAY        0                         1     -1        0
  MONTH TO DATE   48                        54     -6       65
  SINCE MAR 1    220                       410   -190      177
  SINCE JUL 1   1127                      1551   -424      734

 COOLING
  YESTERDAY        2                         3     -1        2
  MONTH TO DATE   32                        61    -29       29
  SINCE MAR 1    121                       106     15      224
  SINCE JAN 1    176                       112     64      250
..................................................................


WIND (MPH)
  HIGHEST WIND SPEED    15   HIGHEST WIND DIRECTION     S (160)
  HIGHEST GUST SPEED    17   HIGHEST GUST DIRECTION     S (180)
  AVERAGE WIND SPEED     6.1


SKY COVER
  POSSIBLE SUNSHINE  MM
  AVERAGE SKY COVER 0.6


WEATHER CONDITIONS
 THE FOLLOWING WEATHER WAS RECORDED YESTERDAY.
  HAZE


RELATIVE HUMIDITY (PERCENT)
 HIGHEST    86          1200 AM
 LOWEST     53          1200 PM
 AVERAGE    70

..........................................................


THE BOB HOPE AIRPORT (BURBANK) CA CLIMATE NORMALS FOR TODAY
                         NORMAL    RECORD    YEAR
 MAXIMUM TEMPERATURE (F)   77       107      1984
 MINIMUM TEMPERATURE (F)   56        43      1953


SUNRISE AND SUNSET
MAY 29 2016...........SUNRISE   544 AM PDT   SUNSET   759 PM PDT
MAY 30 2016...........SUNRISE   543 AM PDT   SUNSET   759 PM PDT


-  INDICATES NEGATIVE NUMBERS.
R  INDICATES RECORD WAS SET OR TIED.
MM INDICATES DATA IS MISSING.
T  INDICATES TRACE AMOUNT.




$$
