000
CDUS43 KLMK 242029
CLIBWG

CLIMATE REPORT
NATIONAL WEATHER SERVICE LOUISVILLE KY
428 PM EDT THU APR 24 2014


...................................

...THE BOWLING GREEN CLIMATE SUMMARY FOR APRIL 24 2014...
VALID TODAY AS OF 0400 PM LOCAL TIME.

CLIMATE NORMAL PERIOD 1981 TO 2010
CLIMATE RECORD PERIOD 1870 TO 2014


WEATHER ITEM   OBSERVED TIME   RECORD YEAR NORMAL DEPARTURE LAST
                VALUE   (LST)  VALUE       VALUE  FROM      YEAR
                                                  NORMAL
..................................................................
TEMPERATURE (F)
 TODAY
  MAXIMUM         77    200 PM  96    1925  72      5       67
  MINIMUM         42        MM  28    1887  48     -6       39
  AVERAGE         60                        60      0       53

PRECIPITATION (IN)
  TODAY            0.00          2.07 2010   0.16  -0.16     0.90
  MONTH TO DATE    3.05                      3.38  -0.33     4.19
  SINCE MAR 1      6.78                      7.79  -1.01     9.40
  SINCE JAN 1     13.95                     15.36  -1.41    17.09

SNOWFALL (IN)
  TODAY            0.0           0.0    MM   0.0    0.0      0.0
  MONTH TO DATE    T                         0.2   -0.2      0.0
  SINCE MAR 1      5.1                       1.3    3.8      2.5
  SINCE JUL 1     10.4                       9.1    1.3      3.8
  SNOW DEPTH       0

DEGREE DAYS
 HEATING
  TODAY            5                         6     -1       12
  MONTH TO DATE  180                       219    -39      204
  SINCE MAR 1    833                       739     94      881
  SINCE JUL 1   4442                      3937    505     3776

 COOLING
  TODAY            0                         1     -1        0
  MONTH TO DATE   12                        23    -11       53
  SINCE MAR 1     12                        28    -16       53
  SINCE JAN 1     12                        28    -16       53
..................................................................


WIND (MPH)
  HIGHEST WIND SPEED    14   HIGHEST WIND DIRECTION     S (180)
  HIGHEST GUST SPEED    22   HIGHEST GUST DIRECTION     S (190)
  AVERAGE WIND SPEED     4.9


SKY COVER
  POSSIBLE SUNSHINE  MM
  AVERAGE SKY COVER 0.0


WEATHER CONDITIONS
 THE FOLLOWING WEATHER WAS RECORDED TODAY.
  NO SIGNIFICANT WEATHER WAS OBSERVED.


RELATIVE HUMIDITY (PERCENT)
 HIGHEST    76           500 AM
 LOWEST     24           200 PM
 AVERAGE    50

..........................................................


THE BOWLING GREEN CLIMATE NORMALS FOR TOMORROW
                         NORMAL    RECORD    YEAR
 MAXIMUM TEMPERATURE (F)   72        92      1915
 MINIMUM TEMPERATURE (F)   49        32      2013
                                             1927
                                             1910


SUNRISE AND SUNSET
APRIL 24 2014.........SUNRISE   600 AM CDT   SUNSET   728 PM CDT
APRIL 25 2014.........SUNRISE   559 AM CDT   SUNSET   729 PM CDT


-  INDICATES NEGATIVE NUMBERS.
R  INDICATES RECORD WAS SET OR TIED.
MM INDICATES DATA IS MISSING.
T  INDICATES TRACE AMOUNT.




$$
