000
CDUS43 KLMK 272137
CLIBWG


CLIMATE REPORT
NATIONAL WEATHER SERVICE LOUISVILLE KY
435 PM EST THU NOV 27 2014


...................................

...THE BOWLING GREEN CLIMATE SUMMARY FOR NOVEMBER 27 2014...
VALID TODAY AS OF 0400 PM LOCAL TIME.

CLIMATE NORMAL PERIOD 1981 TO 2010
CLIMATE RECORD PERIOD 1870 TO 2014


WEATHER ITEM   OBSERVED TIME   RECORD YEAR NORMAL DEPARTURE LAST
                VALUE   (LST)  VALUE       VALUE  FROM      YEAR
                                                  NORMAL
..................................................................
TEMPERATURE (F)
 TODAY
  MAXIMUM         38    111 AM  78    1990  54    -16       35
                                      1927
  MINIMUM         31    315 PM  13    1903  34     -3       18
  AVERAGE         35                        44     -9       27

PRECIPITATION (IN)
  TODAY            0.01          3.07 1973   0.15  -0.14     0.00
  MONTH TO DATE    2.52                      3.74  -1.22     2.82
  SINCE SEP 1      8.27                     11.05  -2.78    11.95
  SINCE JAN 1     44.43                     44.61  -0.18    54.65

SNOWFALL (IN)
  TODAY            T             3.0  1977   0.0    0.0      0.0
  MONTH TO DATE    0.3                       0.1    0.2      1.1
  SINCE SEP 1      0.3                       0.1    0.2      1.1
  SINCE JUL 1      0.3                       0.1    0.2      1.1
  SNOW DEPTH       T

DEGREE DAYS
 HEATING
  TODAY           30                        21      9       38
  MONTH TO DATE  628                       435    193      537
  SINCE SEP 1    846                       697    149      787
  SINCE JUL 1    846                       698    148      787

 COOLING
  TODAY            0                         0      0        0
  MONTH TO DATE    0                         0      0        0
  SINCE SEP 1    211                       219     -8      239
  SINCE JAN 1   1488                      1488      0     1499
..................................................................


WIND (MPH)
  HIGHEST WIND SPEED    17   HIGHEST WIND DIRECTION     W (290)
  HIGHEST GUST SPEED    26   HIGHEST GUST DIRECTION     N (340)
  AVERAGE WIND SPEED     9.3


SKY COVER
  POSSIBLE SUNSHINE  MM
  AVERAGE SKY COVER 1.0


WEATHER CONDITIONS
 THE FOLLOWING WEATHER WAS RECORDED TODAY.
  LIGHT SNOW
  FOG
  HAZE


RELATIVE HUMIDITY (PERCENT)
 HIGHEST    89           300 AM
 LOWEST     69          1200 PM
 AVERAGE    79

..........................................................


THE BOWLING GREEN CLIMATE NORMALS FOR TOMORROW
                         NORMAL    RECORD    YEAR
 MAXIMUM TEMPERATURE (F)   54        76      1927
                                             1909
 MINIMUM TEMPERATURE (F)   34         0      1887


SUNRISE AND SUNSET
NOVEMBER 27 2014......SUNRISE   636 AM CST   SUNSET   430 PM CST
NOVEMBER 28 2014......SUNRISE   637 AM CST   SUNSET   430 PM CST


-  INDICATES NEGATIVE NUMBERS.
R  INDICATES RECORD WAS SET OR TIED.
MM INDICATES DATA IS MISSING.
T  INDICATES TRACE AMOUNT.




$$
