638
CDUS43 KLMK 220631
CLIBWG


CLIMATE REPORT
NATIONAL WEATHER SERVICE LOUISVILLE KY
230 AM EDT FRI MAY 22 2015


...................................

...THE BOWLING GREEN KY CLIMATE SUMMARY FOR MAY 21 2015...

CLIMATE NORMAL PERIOD 1981 TO 2010
CLIMATE RECORD PERIOD 1870 TO 2015


WEATHER ITEM   OBSERVED TIME   RECORD YEAR NORMAL DEPARTURE LAST
                VALUE   (LST)  VALUE       VALUE  FROM      YEAR
                                                  NORMAL
..................................................................
TEMPERATURE (F)
 YESTERDAY
  MAXIMUM         60    307 PM  96    1941  79    -19       84
  MINIMUM         46   1104 PM  38    1954  57    -11       61
  AVERAGE         53                        68    -15       73

PRECIPITATION (IN)
  YESTERDAY        0.00          1.99 1987   0.18  -0.18     0.00
  MONTH TO DATE    2.20                      3.88  -1.68     2.90
  SINCE MAR 1     17.55                     12.63   4.92    13.20
  SINCE JAN 1     23.43                     20.20   3.23    20.37

SNOWFALL (IN)
  YESTERDAY        0.0           0.0    MM   0.0    0.0      0.0
  MONTH TO DATE    0.0                       0.0    0.0      0.0
  SINCE MAR 1      7.2                       1.3    5.9      5.1
  SINCE JUL 1     23.5                       9.1   14.4     10.4
  SNOW DEPTH       0

DEGREE DAYS
 HEATING
  YESTERDAY       12                         2     10        0
  MONTH TO DATE   32                        63    -31       76
  SINCE MAR 1    744                       834    -90      924
  SINCE JUL 1   4279                      4032    247     4533

 COOLING
  YESTERDAY        0                         5     -5        8
  MONTH TO DATE   99                        62     37       89
  SINCE MAR 1    134                        98     36      103
  SINCE JAN 1    134                        98     36      103
..................................................................


WIND (MPH)
  HIGHEST WIND SPEED    13   HIGHEST WIND DIRECTION    NW (310)
  HIGHEST GUST SPEED    18   HIGHEST GUST DIRECTION     W (290)
  AVERAGE WIND SPEED     6.3


SKY COVER
  POSSIBLE SUNSHINE  MM
  AVERAGE SKY COVER 0.8


WEATHER CONDITIONS
 THE FOLLOWING WEATHER WAS RECORDED YESTERDAY.
  FOG
  HAZE


RELATIVE HUMIDITY (PERCENT)
 HIGHEST    93           200 AM
 LOWEST     62           300 PM
 AVERAGE    78

..........................................................


THE BOWLING GREEN KY CLIMATE NORMALS FOR TODAY
                         NORMAL    RECORD    YEAR
 MAXIMUM TEMPERATURE (F)   79        96      1925
 MINIMUM TEMPERATURE (F)   57        35      2002


SUNRISE AND SUNSET
MAY 22 2015...........SUNRISE   533 AM CDT   SUNSET   752 PM CDT
MAY 23 2015...........SUNRISE   532 AM CDT   SUNSET   753 PM CDT


-  INDICATES NEGATIVE NUMBERS.
R  INDICATES RECORD WAS SET OR TIED.
MM INDICATES DATA IS MISSING.
T  INDICATES TRACE AMOUNT.




$$
