000
CDUS43 KLMK 212131
CLIBWG


CLIMATE REPORT
NATIONAL WEATHER SERVICE LOUISVILLE KY
431 PM EST TUE FEB 21 2017


...................................

...THE BOWLING GREEN CLIMATE SUMMARY FOR FEBRUARY 21 2017...
VALID TODAY AS OF 0400 PM LOCAL TIME.

CLIMATE NORMAL PERIOD 1981 TO 2010
CLIMATE RECORD PERIOD 1870 TO 2017


WEATHER ITEM   OBSERVED TIME   RECORD YEAR NORMAL DEPARTURE LAST
                VALUE   (LST)  VALUE       VALUE  FROM      YEAR
                                                  NORMAL
..................................................................
TEMPERATURE (F)
 TODAY
  MAXIMUM         71   1259 PM  75    1930  52     19       65
                                      1897
  MINIMUM         49    441 AM  -2    1870  31     18       51
  AVERAGE         60                        41     19       58

PRECIPITATION (IN)
  TODAY            T             2.60 1929   0.14  -0.14     0.40
  MONTH TO DATE    2.10                      2.99  -0.89     3.72
  SINCE DEC 1     11.90                     11.40   0.50    10.76
  SINCE JAN 1      6.26                      6.60  -0.34     5.53

SNOWFALL (IN)
  TODAY            0.0          10.0  1929   0.1   -0.1      0.0
  MONTH TO DATE    0.0                       2.8   -2.8      9.2
  SINCE DEC 1      0.7                       7.3   -6.6     24.0
  SINCE JUL 1      0.7                       7.3   -6.6     24.0
  SNOW DEPTH       0

DEGREE DAYS
 HEATING
  TODAY            5                        24    -19        7
  MONTH TO DATE  392                       548   -156      532
  SINCE DEC 1   1827                      2277   -450     1917
  SINCE JUL 1   2313                      3040   -727     2455

 COOLING
  TODAY            0                         0      0        0
  MONTH TO DATE    0                         0      0        0
  SINCE DEC 1      0                         1     -1        2
  SINCE JAN 1      0                         0      0        0
..................................................................


WIND (MPH)
  HIGHEST WIND SPEED    18   HIGHEST WIND DIRECTION     S (160)
  HIGHEST GUST SPEED    37   HIGHEST GUST DIRECTION     S (200)
  AVERAGE WIND SPEED     4.9


SKY COVER
  POSSIBLE SUNSHINE  MM
  AVERAGE SKY COVER 0.3


WEATHER CONDITIONS
 THE FOLLOWING WEATHER WAS RECORDED TODAY.
  LIGHT RAIN


RELATIVE HUMIDITY (PERCENT)
 HIGHEST    80           600 AM
 LOWEST     47          1000 AM
 AVERAGE    64

..........................................................


THE BOWLING GREEN CLIMATE NORMALS FOR TOMORROW
                         NORMAL    RECORD    YEAR
 MAXIMUM TEMPERATURE (F)   52        74      1922
 MINIMUM TEMPERATURE (F)   31         0      1963


SUNRISE AND SUNSET
FEBRUARY 21 2017......SUNRISE   627 AM CST   SUNSET   532 PM CST
FEBRUARY 22 2017......SUNRISE   625 AM CST   SUNSET   533 PM CST


-  INDICATES NEGATIVE NUMBERS.
R  INDICATES RECORD WAS SET OR TIED.
MM INDICATES DATA IS MISSING.
T  INDICATES TRACE AMOUNT.




$$
