000
CDUS41 KLWX 140533
CLIBWI


CLIMATE REPORT
NATIONAL WEATHER SERVICE BALTIMORE MD/WASHINGTON DC
1231 AM EST SUN FEB 14 2016


...................................

...THE BALTIMORE MD CLIMATE SUMMARY FOR FEBRUARY 13 2016...

CLIMATE NORMAL PERIOD 1981 TO 2010
CLIMATE RECORD PERIOD 1870 TO 2016


WEATHER ITEM   OBSERVED TIME   RECORD YEAR NORMAL DEPARTURE LAST
                VALUE   (LST)  VALUE       VALUE  FROM      YEAR
                                                  NORMAL
..................................................................
TEMPERATURE (F)
 YESTERDAY
  MAXIMUM         24    411 AM  72    1951  44    -20       27
  MINIMUM         13   1159 PM   1    1983  26    -13       12
  AVERAGE         19                        35    -16       20

PRECIPITATION (IN)
  YESTERDAY        T             1.77 2014   0.10  -0.10     0.00
  MONTH TO DATE    1.27                      1.33  -0.06     0.50
  SINCE DEC 1     10.62                      7.75   2.87     7.97
  SINCE JAN 1      4.77                      4.38   0.39     4.39

SNOWFALL (IN)
  YESTERDAY        T            15.5  1899   0.3   -0.3
  MONTH TO DATE    0.4                       4.1   -3.7
  SINCE JUL 1     30.4                      14.3   16.1
  SNOW DEPTH       0

DEGREE DAYS
 HEATING
  YESTERDAY       46                        30     16       45
  MONTH TO DATE  392                       398     -6      439
  SINCE DEC 1   1898                      2270   -372     2260
  SINCE JUL 1   2618                      3174   -556     3152

 COOLING
  YESTERDAY        0                         0      0        0
  MONTH TO DATE    0                         0      0        0
  SINCE DEC 1      1                         0      1        0
  SINCE JAN 1      0                         0      0        0
..................................................................


WIND (MPH)
  HIGHEST WIND SPEED    29   HIGHEST WIND DIRECTION     W (280)
  HIGHEST GUST SPEED    37   HIGHEST GUST DIRECTION     W (290)
  AVERAGE WIND SPEED    14.9


SKY COVER
  POSSIBLE SUNSHINE  MM
  AVERAGE SKY COVER 0.5


WEATHER CONDITIONS
 THE FOLLOWING WEATHER WAS RECORDED YESTERDAY.
  HEAVY SNOW
  LIGHT SNOW
  FOG


RELATIVE HUMIDITY (PERCENT)
 HIGHEST    84           100 AM
 LOWEST     31          1200 PM
 AVERAGE    58

..........................................................


THE BALTIMORE MD CLIMATE NORMALS FOR TODAY
                         NORMAL    RECORD    YEAR
 MAXIMUM TEMPERATURE (F)   45        70      1990
 MINIMUM TEMPERATURE (F)   26        -2      1979


SUNRISE AND SUNSET
FEBRUARY 14 2016......SUNRISE   700 AM EST   SUNSET   542 PM EST
FEBRUARY 15 2016......SUNRISE   659 AM EST   SUNSET   543 PM EST


-  INDICATES NEGATIVE NUMBERS.
R  INDICATES RECORD WAS SET OR TIED.
MM INDICATES DATA IS MISSING.
T  INDICATES TRACE AMOUNT.




$$
