625
CDUS41 KLWX 290529
CLIBWI


CLIMATE REPORT
NATIONAL WEATHER SERVICE BALTIMORE MD/WASHINGTON DC
128 AM EDT FRI APR 29 2016


...................................

...THE BALTIMORE MD CLIMATE SUMMARY FOR APRIL 28 2016...

CLIMATE NORMAL PERIOD 1981 TO 2010
CLIMATE RECORD PERIOD 1870 TO 2016


WEATHER ITEM   OBSERVED TIME   RECORD YEAR NORMAL DEPARTURE LAST
                VALUE   (LST)  VALUE       VALUE  FROM      YEAR
                                                  NORMAL
..................................................................
TEMPERATURE (F)
 YESTERDAY
  MAXIMUM         55    838 AM  90    1957  69    -14       70
  MINIMUM         46    859 PM  33    1998  46      0       46
  AVERAGE         51                        58     -7       58

PRECIPITATION (IN)
  YESTERDAY        0.14          1.43 2002   0.11   0.03     0.00
  MONTH TO DATE    1.22                      2.98  -1.76     3.97
  SINCE MAR 1      3.32                      6.88  -3.56     8.64
  SINCE JAN 1     12.52                     12.83  -0.31    14.77

SNOWFALL (IN)
  YESTERDAY        0.0           0.1  1898   0.0    0.0
  MONTH TO DATE    T                         0.0    0.0
  SINCE JUL 1     35.1                      20.1   15.0
  SNOW DEPTH       0

DEGREE DAYS
 HEATING
  YESTERDAY       14                         8      6        7
  MONTH TO DATE  318                       338    -20      301
  SINCE MAR 1    778                      1004   -226     1078
  SINCE JUL 1   3799                      4599   -800     4893

 COOLING
  YESTERDAY        0                         1     -1        0
  MONTH TO DATE   23                        10     13        5
  SINCE MAR 1     27                        11     16        5
  SINCE JAN 1     27                        11     16        5
..................................................................


WIND (MPH)
  HIGHEST WIND SPEED    18   HIGHEST WIND DIRECTION     E (100)
  HIGHEST GUST SPEED    23   HIGHEST GUST DIRECTION     E (90)
  AVERAGE WIND SPEED     9.3


SKY COVER
  POSSIBLE SUNSHINE  MM
  AVERAGE SKY COVER 1.0


WEATHER CONDITIONS
 THE FOLLOWING WEATHER WAS RECORDED YESTERDAY.
  RAIN
  LIGHT RAIN
  FOG
  HAZE


RELATIVE HUMIDITY (PERCENT)
 HIGHEST    93          1100 PM
 LOWEST     71          1000 AM
 AVERAGE    82

..........................................................


THE BALTIMORE MD CLIMATE NORMALS FOR TODAY
                         NORMAL    RECORD    YEAR
 MAXIMUM TEMPERATURE (F)   69        91      1974
 MINIMUM TEMPERATURE (F)   47        33      1874


SUNRISE AND SUNSET
APRIL 29 2016.........SUNRISE   610 AM EDT   SUNSET   758 PM EDT
APRIL 30 2016.........SUNRISE   609 AM EDT   SUNSET   759 PM EDT


-  INDICATES NEGATIVE NUMBERS.
R  INDICATES RECORD WAS SET OR TIED.
MM INDICATES DATA IS MISSING.
T  INDICATES TRACE AMOUNT.




$$
