000
CDUS41 KLWX 290537
CLIBWI


CLIMATE REPORT
NATIONAL WEATHER SERVICE BALTIMORE MD/WASHINGTON DC
1235 AM EST SAT NOV 29 2014


...................................

...THE BALTIMORE MD CLIMATE SUMMARY FOR NOVEMBER 28 2014...

CLIMATE NORMAL PERIOD 1981 TO 2010
CLIMATE RECORD PERIOD 1870 TO 2014


WEATHER ITEM   OBSERVED TIME   RECORD YEAR NORMAL DEPARTURE LAST
                VALUE   (LST)  VALUE       VALUE  FROM      YEAR
                                                  NORMAL
..................................................................
TEMPERATURE (F)
 YESTERDAY
  MAXIMUM         39    232 PM  73    1990  51    -12       38
  MINIMUM         24   1054 PM  15    1951  33     -9       24
  AVERAGE         32                        42    -10       31

PRECIPITATION (IN)
  YESTERDAY        0.00          1.50 1948   0.11  -0.11     0.00
  MONTH TO DATE    3.36                      3.06   0.30     2.82
  SINCE SEP 1     10.73                     10.42   0.31    12.09
  SINCE JAN 1     49.00                     38.27  10.73    37.66

SNOWFALL (IN)
  YESTERDAY        0.0           1.7  1917   0.0    0.0
  MONTH TO DATE    0.3                       0.3    0.0
  SINCE JUL 1      0.3                       0.3    0.0
  SNOW DEPTH       0

DEGREE DAYS
 HEATING
  YESTERDAY       33                        23     10       34
  MONTH TO DATE  596                       511     85      569
  SINCE SEP 1    848                       857     -9      858
  SINCE JUL 1    848                       858    -10      858

 COOLING
  YESTERDAY        0                         0      0        0
  MONTH TO DATE    0                         0      0        0
  SINCE SEP 1    167                       153     14      194
  SINCE JAN 1   1084                      1163    -79     1339
..................................................................


WIND (MPH)
  HIGHEST WIND SPEED    20   HIGHEST WIND DIRECTION    NW (320)
  HIGHEST GUST SPEED    26   HIGHEST GUST DIRECTION     W (280)
  AVERAGE WIND SPEED     7.9


SKY COVER
  POSSIBLE SUNSHINE  MM
  AVERAGE SKY COVER 0.3


WEATHER CONDITIONS
 THE FOLLOWING WEATHER WAS RECORDED YESTERDAY.
  NO SIGNIFICANT WEATHER WAS OBSERVED.


RELATIVE HUMIDITY (PERCENT)
 HIGHEST    81          1100 PM
 LOWEST     40           200 PM
 AVERAGE    61

..........................................................


THE BALTIMORE MD CLIMATE NORMALS FOR TODAY
                         NORMAL    RECORD    YEAR
 MAXIMUM TEMPERATURE (F)   51        74      1927
 MINIMUM TEMPERATURE (F)   33        13      1955


SUNRISE AND SUNSET
NOVEMBER 29 2014......SUNRISE   705 AM EST   SUNSET   445 PM EST
NOVEMBER 30 2014......SUNRISE   706 AM EST   SUNSET   444 PM EST


-  INDICATES NEGATIVE NUMBERS.
R  INDICATES RECORD WAS SET OR TIED.
MM INDICATES DATA IS MISSING.
T  INDICATES TRACE AMOUNT.




$$
