000
CDUS45 KRIW 200740
CLIBYG


CLIMATE REPORT
NATIONAL WEATHER SERVICE RIVERTON WY
136 AM MDT WED AUG 20 2014


...................................

...THE BUFFALO WY CLIMATE SUMMARY FOR AUGUST 19 2014...

CLIMATE NORMAL PERIOD 1981 TO 2010
CLIMATE RECORD PERIOD 1998 TO 2014


WEATHER ITEM   OBSERVED TIME   RECORD YEAR NORMAL DEPARTURE LAST
                VALUE   (LST)  VALUE       VALUE  FROM      YEAR
                                                  NORMAL
..................................................................
TEMPERATURE (F)
 YESTERDAY
  MAXIMUM         88    139 PM  95    2008  84      4       94
                                      1999
  MINIMUM         57    449 AM  48    2004  55      2       63
                                      2002
  AVERAGE         73                        70      3       79

PRECIPITATION (IN)
  YESTERDAY        0.04          0.07 2009   0.02   0.02     0.00
  MONTH TO DATE    0.80                      0.57   0.23     0.21
  SINCE JUN 1      4.65                      4.51   0.14     1.27
  SINCE JAN 1      8.41                     10.03  -1.62     4.40

DEGREE DAYS
 HEATING
  YESTERDAY        0                         1     -1        0
  MONTH TO DATE    0                        19    -19        0
  SINCE JUN 1    217                       207     10      101
  SINCE JUL 1     11                        44    -33        1

 COOLING
  YESTERDAY        8                         6      2       14
  MONTH TO DATE  118                       131    -13      134
  SINCE JUN 1    312                       385    -73      469
  SINCE JAN 1    323                       392    -69      479
..................................................................


WIND (MPH)
  HIGHEST WIND SPEED    24   HIGHEST WIND DIRECTION     N (340)
  HIGHEST GUST SPEED    31   HIGHEST GUST DIRECTION    NW (330)
  AVERAGE WIND SPEED     6.8


SKY COVER
  POSSIBLE SUNSHINE  MM
  AVERAGE SKY COVER 0.2


WEATHER CONDITIONS
 THE FOLLOWING WEATHER WAS RECORDED YESTERDAY.
  LIGHT RAIN


RELATIVE HUMIDITY (PERCENT)
 HIGHEST    53           500 AM
 LOWEST     15          1200 PM
 AVERAGE    34

..........................................................


THE BUFFALO WY CLIMATE NORMALS FOR TODAY
                         NORMAL    RECORD    YEAR
 MAXIMUM TEMPERATURE (F)   84        90      2013
                                             2008
 MINIMUM TEMPERATURE (F)   55        48      2009


SUNRISE AND SUNSET
AUGUST 20 2014........SUNRISE   616 AM MDT   SUNSET   804 PM MDT
AUGUST 21 2014........SUNRISE   617 AM MDT   SUNSET   802 PM MDT


-  INDICATES NEGATIVE NUMBERS.
R  INDICATES RECORD WAS SET OR TIED.
MM INDICATES DATA IS MISSING.
T  INDICATES TRACE AMOUNT.




$$
