000
CDUS45 KRIW 250032
CLIBYG


CLIMATE REPORT
NATIONAL WEATHER SERVICE RIVERTON WY
530 PM MST TUE JAN 24 2017


...................................

...THE BUFFALO WY CLIMATE SUMMARY FOR JANUARY 24 2017...
VALID TODAY AS OF 0500 PM LOCAL TIME.

CLIMATE NORMAL PERIOD 1981 TO 2010
CLIMATE RECORD PERIOD 1998 TO 2017


WEATHER ITEM   OBSERVED TIME   RECORD YEAR NORMAL DEPARTURE LAST
                VALUE   (LST)  VALUE       VALUE  FROM      YEAR
                                                  NORMAL
..................................................................
TEMPERATURE (F)
 TODAY
  MAXIMUM         20        MM  64    2005  38    -18       38
  MINIMUM         16        MM  -1    2009  17     -1       30
                                      1999
  AVERAGE         18

PRECIPITATION (IN)
  TODAY            0.01          0.11 2015   0.02  -0.01     0.01
  MONTH TO DATE    0.06                      0.31  -0.25     0.12
  SINCE DEC 1      0.31                      0.71  -0.40     0.22
  SINCE JAN 1      0.06                      0.31  -0.25     0.12

DEGREE DAYS
 HEATING
  TODAY           47                        37     10       31
  MONTH TO DATE 1066                       894    172      836
  SINCE DEC 1   2487                      2107    380     1946
  SINCE JUL 1   3669                      3941   -272     3375

 COOLING
  TODAY            0                         0      0        0
  MONTH TO DATE    0                         0      0        0
  SINCE DEC 1      0                         0      0        0
  SINCE JAN 1      0                         0      0        0
..................................................................


WIND (MPH)
  HIGHEST WIND SPEED    28   HIGHEST WIND DIRECTION     N (360)
  HIGHEST GUST SPEED    37   HIGHEST GUST DIRECTION     N (350)
  AVERAGE WIND SPEED    17.8


SKY COVER
  POSSIBLE SUNSHINE  MM
  AVERAGE SKY COVER 0.9


WEATHER CONDITIONS
 THE FOLLOWING WEATHER WAS RECORDED TODAY.
  LIGHT SNOW
  FOG


RELATIVE HUMIDITY (PERCENT)
 HIGHEST    84           200 AM
 LOWEST     77           100 AM
 AVERAGE    81

..........................................................


THE BUFFALO WY CLIMATE NORMALS FOR TOMORROW
                         NORMAL    RECORD    YEAR
 MAXIMUM TEMPERATURE (F)   38        66      2006
 MINIMUM TEMPERATURE (F)   17        -6      2009
                                             2004


SUNRISE AND SUNSET
JANUARY 24 2017.......SUNRISE   733 AM MST   SUNSET   506 PM MST
JANUARY 25 2017.......SUNRISE   732 AM MST   SUNSET   507 PM MST


-  INDICATES NEGATIVE NUMBERS.
R  INDICATES RECORD WAS SET OR TIED.
MM INDICATES DATA IS MISSING.
T  INDICATES TRACE AMOUNT.




$$
