000
CDUS45 KRIW 250741
CLIBYG


CLIMATE REPORT
NATIONAL WEATHER SERVICE RIVERTON WY
1240 AM MST THU DEC 25 2014


...................................

...THE BUFFALO WY CLIMATE SUMMARY FOR DECEMBER 24 2014...

CLIMATE NORMAL PERIOD 1981 TO 2010
CLIMATE RECORD PERIOD 1998 TO 2014


WEATHER ITEM   OBSERVED TIME   RECORD YEAR NORMAL DEPARTURE LAST
                VALUE   (LST)  VALUE       VALUE  FROM      YEAR
                                                  NORMAL
..................................................................
TEMPERATURE (F)
 YESTERDAY
  MAXIMUM         41   1234 PM  52    1999  37      4       49
  MINIMUM         23    420 AM  -6    1998  15      8       19
  AVERAGE         32                        26      6       34

PRECIPITATION (IN)
  YESTERDAY        0.00          0.04 2007   0.01  -0.01      T
  MONTH TO DATE    T                         0.32  -0.32     0.21
  SINCE DEC 1      T                         0.32  -0.32     0.21
  SINCE JAN 1     11.86                     13.37  -1.51    10.34

DEGREE DAYS
 HEATING
  YESTERDAY       33                        39     -6       31
  MONTH TO DATE  546                       944   -398      869
  SINCE DEC 1    546                       944   -398      869
  SINCE JUL 1   2302                      2778   -476     2577

 COOLING
  YESTERDAY        0                         0      0        0
  MONTH TO DATE    0                         0      0        0
  SINCE DEC 1      0                         0      0        0
  SINCE JAN 1    387                       492   -105      709
..................................................................


WIND (MPH)
  HIGHEST WIND SPEED    21   HIGHEST WIND DIRECTION     N (350)
  HIGHEST GUST SPEED    26   HIGHEST GUST DIRECTION     N (340)
  AVERAGE WIND SPEED     5.8


SKY COVER
  POSSIBLE SUNSHINE  MM
  AVERAGE SKY COVER 0.4


WEATHER CONDITIONS
 THE FOLLOWING WEATHER WAS RECORDED YESTERDAY.
  NO SIGNIFICANT WEATHER WAS OBSERVED.


RELATIVE HUMIDITY (PERCENT)
 HIGHEST    78          1100 PM
 LOWEST     34           200 AM
 AVERAGE    56

..........................................................


THE BUFFALO WY CLIMATE NORMALS FOR TODAY
                         NORMAL    RECORD    YEAR
 MAXIMUM TEMPERATURE (F)   37        60      2005
 MINIMUM TEMPERATURE (F)   15        -4      2012


SUNRISE AND SUNSET
DECEMBER 25 2014......SUNRISE   741 AM MST   SUNSET   433 PM MST
DECEMBER 26 2014......SUNRISE   742 AM MST   SUNSET   433 PM MST


-  INDICATES NEGATIVE NUMBERS.
R  INDICATES RECORD WAS SET OR TIED.
MM INDICATES DATA IS MISSING.
T  INDICATES TRACE AMOUNT.




$$
