000
CDUS45 KRIW 040746
CLIBYG


CLIMATE REPORT
NATIONAL WEATHER SERVICE RIVERTON WY
139 AM MDT TUE AUG 4 2015


...................................

...THE BUFFALO WY CLIMATE SUMMARY FOR AUGUST 3 2015...

CLIMATE NORMAL PERIOD 1981 TO 2010
CLIMATE RECORD PERIOD 1998 TO 2015


WEATHER ITEM   OBSERVED TIME   RECORD YEAR NORMAL DEPARTURE LAST
                VALUE   (LST)  VALUE       VALUE  FROM      YEAR
                                                  NORMAL
..................................................................
TEMPERATURE (F)
 YESTERDAY
  MAXIMUM         86    232 PM 103    2001  86      0       87
  MINIMUM         60    220 AM  47    2012  58      2       60
  AVERAGE         73                        72      1       74

PRECIPITATION (IN)
  YESTERDAY        T             0.32 2010   0.04  -0.04      T
  MONTH TO DATE    T                         0.12  -0.12     0.01
  SINCE JUN 1      4.00                      4.06  -0.06     3.86
  SINCE JAN 1     11.26                      9.58   1.68     7.62

DEGREE DAYS
 HEATING
  YESTERDAY        0                         1     -1        0
  MONTH TO DATE    0                         3     -3        0
  SINCE JUN 1     84                       191   -107      217
  SINCE JUL 1     30                        28      2       11

 COOLING
  YESTERDAY        8                         8      0        9
  MONTH TO DATE   31                        24      7       28
  SINCE JUN 1    249                       278    -29      222
  SINCE JAN 1    249                       285    -36      233
..................................................................


WIND (MPH)
  HIGHEST WIND SPEED    45   HIGHEST WIND DIRECTION     S (180)
  HIGHEST GUST SPEED    55   HIGHEST GUST DIRECTION     S (200)
  AVERAGE WIND SPEED    12.4


SKY COVER
  POSSIBLE SUNSHINE  MM
  AVERAGE SKY COVER 0.1


WEATHER CONDITIONS
 THE FOLLOWING WEATHER WAS RECORDED YESTERDAY.
  THUNDERSTORM
  LIGHT RAIN


RELATIVE HUMIDITY (PERCENT)
 HIGHEST    57           700 AM
 LOWEST     31          1100 AM
 AVERAGE    44

..........................................................


THE BUFFALO WY CLIMATE NORMALS FOR TODAY
                         NORMAL    RECORD    YEAR
 MAXIMUM TEMPERATURE (F)   86        94      2001
 MINIMUM TEMPERATURE (F)   58        45      2012


SUNRISE AND SUNSET
AUGUST  4 2015........SUNRISE   557 AM MDT   SUNSET   828 PM MDT
AUGUST  5 2015........SUNRISE   558 AM MDT   SUNSET   827 PM MDT


-  INDICATES NEGATIVE NUMBERS.
R  INDICATES RECORD WAS SET OR TIED.
MM INDICATES DATA IS MISSING.
T  INDICATES TRACE AMOUNT.




$$
