000
CDUS45 KRIW 130727
CLIBYG


CLIMATE REPORT
NATIONAL WEATHER SERVICE RIVERTON WY
1226 AM MST WED DEC 13 2017


...................................

...THE BUFFALO WY CLIMATE SUMMARY FOR DECEMBER 12 2017...

CLIMATE NORMAL PERIOD 1981 TO 2010
CLIMATE RECORD PERIOD 1998 TO 2017


WEATHER ITEM   OBSERVED TIME   RECORD YEAR NORMAL DEPARTURE LAST
                VALUE   (LST)  VALUE       VALUE  FROM      YEAR
                                                  NORMAL
..................................................................
TEMPERATURE (F)
 YESTERDAY
  MAXIMUM         70R   140 PM  52    2010  36     34       32
  MINIMUM         32    135 AM  -3    2000  15     17        1
  AVERAGE         51                        25     26       17

PRECIPITATION (IN)
  YESTERDAY        0.00          T    2004   0.01  -0.01      T
                                      2004
                                      2016
  MONTH TO DATE    0.01                      0.19  -0.18     0.07
  SINCE DEC 1      0.01                      0.19  -0.18     0.07
  SINCE JAN 1     14.58                     13.24   1.34    12.11

DEGREE DAYS
 HEATING
  YESTERDAY       14                        40    -26       48
  MONTH TO DATE  322                       468   -146      561
  SINCE DEC 1    322                       468   -146      561
  SINCE JUL 1   1984                      2302   -318     1743

 COOLING
  YESTERDAY        0                         0      0        0
  MONTH TO DATE    0                         0      0        0
  SINCE DEC 1      0                         0      0        0
  SINCE JAN 1    622                       492    130      632
..................................................................


WIND (MPH)
  HIGHEST WIND SPEED    28   HIGHEST WIND DIRECTION     N (340)
  HIGHEST GUST SPEED    37   HIGHEST GUST DIRECTION     N (340)
  AVERAGE WIND SPEED     8.3


SKY COVER
  POSSIBLE SUNSHINE  MM
  AVERAGE SKY COVER 0.0


WEATHER CONDITIONS
 THE FOLLOWING WEATHER WAS RECORDED YESTERDAY.
  NO SIGNIFICANT WEATHER WAS OBSERVED.


RELATIVE HUMIDITY (PERCENT)
 HIGHEST    37           800 AM
 LOWEST      5           200 PM
 AVERAGE    21

..........................................................


THE BUFFALO WY CLIMATE NORMALS FOR TODAY
                         NORMAL    RECORD    YEAR
 MAXIMUM TEMPERATURE (F)   36        57      1998
 MINIMUM TEMPERATURE (F)   15       -13      2008


SUNRISE AND SUNSET
DECEMBER 13 2017......SUNRISE   735 AM MST   SUNSET   428 PM MST
DECEMBER 14 2017......SUNRISE   735 AM MST   SUNSET   428 PM MST


-  INDICATES NEGATIVE NUMBERS.
R  INDICATES RECORD WAS SET OR TIED.
MM INDICATES DATA IS MISSING.
T  INDICATES TRACE AMOUNT.




$$
