000
CDUS45 KRIW 070046
CLIBYG


CLIMATE REPORT
NATIONAL WEATHER SERVICE RIVERTON WY
536 PM MST FRI MAR 6 2015


...................................

...THE BUFFALO WY CLIMATE SUMMARY FOR MARCH 6 2015...
VALID TODAY AS OF 0500 PM LOCAL TIME.

CLIMATE NORMAL PERIOD 1981 TO 2010
CLIMATE RECORD PERIOD 1998 TO 2015


WEATHER ITEM   OBSERVED TIME   RECORD YEAR NORMAL DEPARTURE LAST
                VALUE   (LST)  VALUE       VALUE  FROM      YEAR
                                                  NORMAL
..................................................................
TEMPERATURE (F)
 TODAY
  MAXIMUM         51        MM  63    2006  43      8       61
  MINIMUM         29        MM   5    2003  20      9       35
  AVERAGE         40

PRECIPITATION (IN)
  TODAY            0.00          0.20 2008   0.03  -0.03     0.01
  MONTH TO DATE    T                         0.13  -0.13     0.09
  SINCE MAR 1      T                         0.13  -0.13     0.09
  SINCE JAN 1      0.64                      0.90  -0.26     0.45

DEGREE DAYS
 HEATING
  TODAY           25                        33     -8       17
  MONTH TO DATE  266                       204     62      244
  SINCE MAR 1    266                       204     62      244
  SINCE JUL 1   4962                      5444   -482     5488

 COOLING
  TODAY            0                         0      0        0
  MONTH TO DATE    0                         0      0        0
  SINCE MAR 1      0                         0      0        0
  SINCE JAN 1      0                         0      0        0
..................................................................


WIND (MPH)
  HIGHEST WIND SPEED     8   HIGHEST WIND DIRECTION     W (250)
  HIGHEST GUST SPEED    MM   HIGHEST GUST DIRECTION    MM
  AVERAGE WIND SPEED     4.4


SKY COVER
  POSSIBLE SUNSHINE  MM
  AVERAGE SKY COVER 0.0


WEATHER CONDITIONS
 THE FOLLOWING WEATHER WAS RECORDED TODAY.
  NO SIGNIFICANT WEATHER WAS OBSERVED.


RELATIVE HUMIDITY (PERCENT)
 HIGHEST    53          1200 AM
 LOWEST     26          1200 PM
 AVERAGE    40

..........................................................


THE BUFFALO WY CLIMATE NORMALS FOR TOMORROW
                         NORMAL    RECORD    YEAR
 MAXIMUM TEMPERATURE (F)   43        60      2007
 MINIMUM TEMPERATURE (F)   21         0      2003


SUNRISE AND SUNSET
MARCH  6 2015.........SUNRISE   636 AM MST   SUNSET   601 PM MST
MARCH  7 2015.........SUNRISE   634 AM MST   SUNSET   603 PM MST


-  INDICATES NEGATIVE NUMBERS.
R  INDICATES RECORD WAS SET OR TIED.
MM INDICATES DATA IS MISSING.
T  INDICATES TRACE AMOUNT.




$$
