231
CDUS45 KRIW 250735
CLIBYG


CLIMATE REPORT
NATIONAL WEATHER SERVICE RIVERTON WY
1234 AM MST SAT FEB 25 2017


...................................

...THE BUFFALO WY CLIMATE SUMMARY FOR FEBRUARY 24 2017...

CLIMATE NORMAL PERIOD 1981 TO 2010
CLIMATE RECORD PERIOD 1998 TO 2017


WEATHER ITEM   OBSERVED TIME   RECORD YEAR NORMAL DEPARTURE LAST
                VALUE   (LST)  VALUE       VALUE  FROM      YEAR
                                                  NORMAL
..................................................................
TEMPERATURE (F)
 YESTERDAY
  MAXIMUM         25    512 PM  59    2009  40    -15       38
  MINIMUM         16    602 PM -15    2003  19     -3       19
  AVERAGE         21                        29     -8       29

PRECIPITATION (IN)
  YESTERDAY        0.01          0.03 2000   0.01   0.00     0.00
  MONTH TO DATE    0.33                      0.30   0.03     0.45
  SINCE DEC 1      0.68                      1.12  -0.44     0.68
  SINCE JAN 1      0.43                      0.72  -0.29     0.58

DEGREE DAYS
 HEATING
  YESTERDAY       44                        36      8       36
  MONTH TO DATE  744                       894   -150      693
  SINCE DEC 1   3489                      3267    222     2850
  SINCE JUL 1   4671                      5101   -430     4279

 COOLING
  YESTERDAY        0                         0      0        0
  MONTH TO DATE    0                         0      0        0
  SINCE DEC 1      0                         0      0        0
  SINCE JAN 1      0                         0      0        0
..................................................................


WIND (MPH)
  HIGHEST WIND SPEED    14   HIGHEST WIND DIRECTION     S (170)
  HIGHEST GUST SPEED    17   HIGHEST GUST DIRECTION    NW (320)
  AVERAGE WIND SPEED     7.1


SKY COVER
  POSSIBLE SUNSHINE  MM
  AVERAGE SKY COVER 0.9


WEATHER CONDITIONS
 THE FOLLOWING WEATHER WAS RECORDED YESTERDAY.
  LIGHT SNOW
  FOG
  HAZE


RELATIVE HUMIDITY (PERCENT)
 HIGHEST    84          1200 AM
 LOWEST     68           500 PM
 AVERAGE    76

..........................................................


THE BUFFALO WY CLIMATE NORMALS FOR TODAY
                         NORMAL    RECORD    YEAR
 MAXIMUM TEMPERATURE (F)   40        63      1999
 MINIMUM TEMPERATURE (F)   19       -17      2011


SUNRISE AND SUNSET
FEBRUARY 25 2017......SUNRISE   650 AM MST   SUNSET   550 PM MST
FEBRUARY 26 2017......SUNRISE   649 AM MST   SUNSET   551 PM MST


-  INDICATES NEGATIVE NUMBERS.
R  INDICATES RECORD WAS SET OR TIED.
MM INDICATES DATA IS MISSING.
T  INDICATES TRACE AMOUNT.




$$
