000
CDUS45 KRIW 110732
CLIBYG


CLIMATE REPORT
NATIONAL WEATHER SERVICE RIVERTON WY
132 AM MDT FRI JUL 11 2014


...................................

...THE BUFFALO WY CLIMATE SUMMARY FOR JULY 10 2014...

CLIMATE NORMAL PERIOD 1981 TO 2010
CLIMATE RECORD PERIOD 1998 TO 2014


WEATHER ITEM   OBSERVED TIME   RECORD YEAR NORMAL DEPARTURE LAST
                VALUE   (LST)  VALUE       VALUE  FROM      YEAR
                                                  NORMAL
..................................................................
TEMPERATURE (F)
 YESTERDAY
  MAXIMUM         84    309 PM  93    2012  84      0       91
  MINIMUM         60    500 AM  48    2009  56      4       61
                                      1999
  AVERAGE         72                        70      2       76

PRECIPITATION (IN)
  YESTERDAY        0.20          0.21 2001   0.04   0.16    MM
  MONTH TO DATE    0.33                      0.51  -0.18     0.00
  SINCE JUN 1      3.24                      2.79   0.45     0.95
  SINCE JAN 1      7.00                      8.31  -1.31     4.08

DEGREE DAYS
 HEATING
  YESTERDAY        0                         1     -1        0
  MONTH TO DATE    8                        13     -5        0
  SINCE JUN 1    214                       176     38      100
  SINCE JUL 1      8                        13     -5        0

 COOLING
  YESTERDAY        7                         6      1       11
  MONTH TO DATE   50                        51     -1       81
  SINCE JUN 1     55                       102    -47      158
  SINCE JAN 1     66                       109    -43      168
..................................................................


WIND (MPH)
  HIGHEST WIND SPEED    20   HIGHEST WIND DIRECTION     N (350)
  HIGHEST GUST SPEED    28   HIGHEST GUST DIRECTION    NW (330)
  AVERAGE WIND SPEED     6.2


SKY COVER
  POSSIBLE SUNSHINE  MM
  AVERAGE SKY COVER 0.2


WEATHER CONDITIONS
 THE FOLLOWING WEATHER WAS RECORDED YESTERDAY.
  THUNDERSTORM
  RAIN
  HAZE


RELATIVE HUMIDITY (PERCENT)
 HIGHEST    84           200 AM
 LOWEST     39           300 PM
 AVERAGE    62

..........................................................


THE BUFFALO WY CLIMATE NORMALS FOR TODAY
                         NORMAL    RECORD    YEAR
 MAXIMUM TEMPERATURE (F)   84       101      2013
 MINIMUM TEMPERATURE (F)   56        44      2008


SUNRISE AND SUNSET
JULY 11 2014..........SUNRISE   533 AM MDT   SUNSET   851 PM MDT
JULY 12 2014..........SUNRISE   534 AM MDT   SUNSET   850 PM MDT


-  INDICATES NEGATIVE NUMBERS.
R  INDICATES RECORD WAS SET OR TIED.
MM INDICATES DATA IS MISSING.
T  INDICATES TRACE AMOUNT.




$$
