000
CDUS45 KRIW 250735
CLIBYG


CLIMATE REPORT
NATIONAL WEATHER SERVICE RIVERTON WY
135 AM MDT WED MAY 25 2016


...................................

...THE BUFFALO WY CLIMATE SUMMARY FOR MAY 24 2016...

CLIMATE NORMAL PERIOD 1981 TO 2010
CLIMATE RECORD PERIOD 1998 TO 2016


WEATHER ITEM   OBSERVED TIME   RECORD YEAR NORMAL DEPARTURE LAST
                VALUE   (LST)  VALUE       VALUE  FROM      YEAR
                                                  NORMAL
..................................................................
TEMPERATURE (F)
 YESTERDAY
  MAXIMUM         67    151 PM  76    2001  66      1       49
  MINIMUM         39    205 AM  26    2002  42     -3       46
  AVERAGE         53                        54     -1       48

PRECIPITATION (IN)
  YESTERDAY        0.11          2.83 2015   0.09   0.02     2.83
  MONTH TO DATE    1.23                      1.99  -0.76     5.36
  SINCE MAR 1      4.05                      4.21  -0.16     6.22
  SINCE JAN 1      4.64                      4.98  -0.34     6.86

DEGREE DAYS
 HEATING
  YESTERDAY       12                        11      1       17
  MONTH TO DATE  274                       337    -63      411
  SINCE MAR 1   1428                      1941   -513     1666
  SINCE JUL 1   5819                      7181  -1362     6362

 COOLING
  YESTERDAY        0                         0      0        0
  MONTH TO DATE    4                         0      4        0
  SINCE MAR 1      5                         0      5        0
  SINCE JAN 1      5                         0      5        0
..................................................................


WIND (MPH)
  HIGHEST WIND SPEED    31   HIGHEST WIND DIRECTION    SW (220)
  HIGHEST GUST SPEED    39   HIGHEST GUST DIRECTION    SW (230)
  AVERAGE WIND SPEED     8.7


SKY COVER
  POSSIBLE SUNSHINE  MM
  AVERAGE SKY COVER 0.4


WEATHER CONDITIONS
 THE FOLLOWING WEATHER WAS RECORDED YESTERDAY.
  THUNDERSTORM
  RAIN
  LIGHT RAIN


RELATIVE HUMIDITY (PERCENT)
 HIGHEST    93          1000 PM
 LOWEST     32           200 PM
 AVERAGE    63

..........................................................


THE BUFFALO WY CLIMATE NORMALS FOR TODAY
                         NORMAL    RECORD    YEAR
 MAXIMUM TEMPERATURE (F)   66        83      2006
 MINIMUM TEMPERATURE (F)   42        33      2012


SUNRISE AND SUNSET
MAY 25 2016...........SUNRISE   530 AM MDT   SUNSET   838 PM MDT
MAY 26 2016...........SUNRISE   529 AM MDT   SUNSET   839 PM MDT


-  INDICATES NEGATIVE NUMBERS.
R  INDICATES RECORD WAS SET OR TIED.
MM INDICATES DATA IS MISSING.
T  INDICATES TRACE AMOUNT.




$$
