000
CDUS45 KPIH 290738
CLIBYI


CLIMATE REPORT
NATIONAL WEATHER SERVICE POCATELLO ID
136 AM MDT WED JUL 29 2015


...................................

...THE BURLEY ID CLIMATE SUMMARY FOR JULY 28 2015...

CLIMATE NORMAL PERIOD 1981 TO 2010
CLIMATE RECORD PERIOD 1948 TO 2015


WEATHER ITEM   OBSERVED TIME   RECORD YEAR NORMAL DEPARTURE LAST
                VALUE   (LST)  VALUE       VALUE  FROM      YEAR
                                                  NORMAL
..................................................................
TEMPERATURE (F)
 YESTERDAY
  MAXIMUM         74    450 PM 102    1995  87    -13       89
  MINIMUM         41R   419 AM  46    1963  55    -14       63
  AVERAGE         58                        71    -13       76

PRECIPITATION (IN)
  YESTERDAY        0.00          0.49 1956   0.01  -0.01      T
  MONTH TO DATE    1.10                      0.27   0.83     0.01
  SINCE OCT 1      8.32                      9.16  -0.84     7.38
  SINCE JAN 1      6.27                      6.33  -0.06     6.77

SNOWFALL (IN)
  YESTERDAY       MM
  MONTH TO DATE   MM
  SINCE JUN 1     MM
  SINCE JUL 1     MM
  SNOW DEPTH      MM

DEGREE DAYS
 HEATING
  YESTERDAY        7                         0      7        0
  MONTH TO DATE   16                        20     -4        3
  SINCE JUN 1     42                       154   -112      107
  SINCE JUL 1     16                        20     -4        3

 COOLING
  YESTERDAY        0                         6     -6       11
  MONTH TO DATE  145                       142      3      231
  SINCE JUN 1    293                       189    104      250
  SINCE JAN 1    298                       195    103      251
..................................................................


WIND (MPH)
  HIGHEST WIND SPEED     8   HIGHEST WIND DIRECTION     N (360)
  HIGHEST GUST SPEED    11   HIGHEST GUST DIRECTION     N (350)
  AVERAGE WIND SPEED     3.0


SKY COVER
  POSSIBLE SUNSHINE  MM
  AVERAGE SKY COVER 0.0


WEATHER CONDITIONS
 THE FOLLOWING WEATHER WAS RECORDED YESTERDAY.
  NO SIGNIFICANT WEATHER WAS OBSERVED.


RELATIVE HUMIDITY (PERCENT)
 HIGHEST    82           600 AM
 LOWEST     16           400 PM
 AVERAGE    49

..........................................................


THE BURLEY ID CLIMATE NORMALS FOR TODAY
                         NORMAL    RECORD    YEAR
 MAXIMUM TEMPERATURE (F)   87       101      2000
 MINIMUM TEMPERATURE (F)   55        41      1959


SUNRISE AND SUNSET
JULY 29 2015..........SUNRISE   624 AM MDT   SUNSET   859 PM MDT
JULY 30 2015..........SUNRISE   625 AM MDT   SUNSET   857 PM MDT


-  INDICATES NEGATIVE NUMBERS.
R  INDICATES RECORD WAS SET OR TIED.
MM INDICATES DATA IS MISSING.
T  INDICATES TRACE AMOUNT.




$$
