855
CDUS45 KPIH 240731
CLIBYI


CLIMATE REPORT
NATIONAL WEATHER SERVICE POCATELLO ID
130 AM MDT WED AUG 24 2016


...................................

...THE BURLEY ID CLIMATE SUMMARY FOR AUGUST 23 2016...

CLIMATE NORMAL PERIOD 1981 TO 2010
CLIMATE RECORD PERIOD 1948 TO 2016


WEATHER ITEM   OBSERVED TIME   RECORD YEAR NORMAL DEPARTURE LAST
                VALUE   (LST)  VALUE       VALUE  FROM      YEAR
                                                  NORMAL
..................................................................
TEMPERATURE (F)
 YESTERDAY
  MAXIMUM         76    308 PM  97    1981  83     -7       87
  MINIMUM         46    614 AM  37    1978  50     -4       41
  AVERAGE         61                        67     -6       64

PRECIPITATION (IN)
  YESTERDAY        0.00          0.63 2009   0.01  -0.01     0.00
  MONTH TO DATE    0.02                      0.28  -0.26     0.17
  SINCE OCT 1      8.19                      9.47  -1.28     8.49
  SINCE JAN 1      5.39                      6.64  -1.25     6.44

SNOWFALL (IN)
  YESTERDAY       MM
  MONTH TO DATE   MM
  SINCE JUN 1     MM
  SINCE JUL 1     MM
  SNOW DEPTH      MM

DEGREE DAYS
 HEATING
  YESTERDAY        4                         1      3        1
  MONTH TO DATE   14                        16     -2        6
  SINCE JUN 1     90                       172    -82       51
  SINCE JUL 1     40                        38      2       25

 COOLING
  YESTERDAY        0                         3     -3        0
  MONTH TO DATE   87                       111    -24      110
  SINCE JUN 1    324                       318      6      413
  SINCE JAN 1    328                       324      4      418
..................................................................


WIND (MPH)
  HIGHEST WIND SPEED    21   HIGHEST WIND DIRECTION     W (270)
  HIGHEST GUST SPEED    27   HIGHEST GUST DIRECTION     W (280)
  AVERAGE WIND SPEED    10.4


SKY COVER
  POSSIBLE SUNSHINE  MM
  AVERAGE SKY COVER 0.0


WEATHER CONDITIONS
 THE FOLLOWING WEATHER WAS RECORDED YESTERDAY.
  NO SIGNIFICANT WEATHER WAS OBSERVED.


RELATIVE HUMIDITY (PERCENT)
 HIGHEST    65           600 AM
 LOWEST     19           300 PM
 AVERAGE    42

..........................................................


THE BURLEY ID CLIMATE NORMALS FOR TODAY
                         NORMAL    RECORD    YEAR
 MAXIMUM TEMPERATURE (F)   83        99      1988
 MINIMUM TEMPERATURE (F)   50        37      1978


SUNRISE AND SUNSET
AUGUST 24 2016........SUNRISE   652 AM MDT   SUNSET   822 PM MDT
AUGUST 25 2016........SUNRISE   653 AM MDT   SUNSET   820 PM MDT


-  INDICATES NEGATIVE NUMBERS.
R  INDICATES RECORD WAS SET OR TIED.
MM INDICATES DATA IS MISSING.
T  INDICATES TRACE AMOUNT.




$$
