000
CDUS45 KPIH 222335
CLIBYI


CLIMATE REPORT
NATIONAL WEATHER SERVICE POCATELLO ID
433 PM MST SUN JAN 22 2017


...................................

...THE BURLEY ID CLIMATE SUMMARY FOR JANUARY 22 2017...
VALID TODAY AS OF 0400 PM LOCAL TIME.

CLIMATE NORMAL PERIOD 1981 TO 2010
CLIMATE RECORD PERIOD 1948 TO 2017


WEATHER ITEM   OBSERVED TIME   RECORD YEAR NORMAL DEPARTURE LAST
                VALUE   (LST)  VALUE       VALUE  FROM      YEAR
                                                  NORMAL
..................................................................
TEMPERATURE (F)
 TODAY
  MAXIMUM         39   1151 AM  54    1994  35      4       44
  MINIMUM         30    650 AM -30    1962  19     11       26
  AVERAGE         35                        27      8       35

PRECIPITATION (IN)
  TODAY            T             0.57 1972   0.03  -0.03     0.00
  MONTH TO DATE    1.77                      0.68   1.09     0.54
  SINCE OCT 1      6.56                      3.51   3.05     3.34
  SINCE JAN 1      1.77                      0.68   1.09     0.54

SNOWFALL (IN)
  TODAY           MM
  MONTH TO DATE   MM
  SINCE DEC 1     MM
  SINCE JUL 1     MM
  SNOW DEPTH      MM

DEGREE DAYS
 HEATING
  TODAY           30                        38     -8       30
  MONTH TO DATE  946                       848     98      802
  SINCE DEC 1   2193                      2040    153     1965
  SINCE JUL 1   3591                      3728   -137     3386

 COOLING
  TODAY            0                         0      0        0
  MONTH TO DATE    0                         0      0        0
  SINCE DEC 1      0                         0      0        0
  SINCE JAN 1      0                         0      0        0
..................................................................


WIND (MPH)
  HIGHEST WIND SPEED    25   HIGHEST WIND DIRECTION     S (200)
  HIGHEST GUST SPEED    33   HIGHEST GUST DIRECTION    SW (220)
  AVERAGE WIND SPEED     8.7


SKY COVER
  POSSIBLE SUNSHINE  MM
  AVERAGE SKY COVER 0.8


WEATHER CONDITIONS
 THE FOLLOWING WEATHER WAS RECORDED TODAY.
  LIGHT SNOW


RELATIVE HUMIDITY (PERCENT)
 HIGHEST    69          1200 AM
 LOWEST     52          1200 PM
 AVERAGE    61

..........................................................


THE BURLEY ID CLIMATE NORMALS FOR TOMORROW
                         NORMAL    RECORD    YEAR
 MAXIMUM TEMPERATURE (F)   35        57      1994
 MINIMUM TEMPERATURE (F)   19       -25      1962


SUNRISE AND SUNSET
JANUARY 22 2017.......SUNRISE   758 AM MST   SUNSET   536 PM MST
JANUARY 23 2017.......SUNRISE   757 AM MST   SUNSET   538 PM MST


-  INDICATES NEGATIVE NUMBERS.
R  INDICATES RECORD WAS SET OR TIED.
MM INDICATES DATA IS MISSING.
T  INDICATES TRACE AMOUNT.




$$
