000
CDUS45 KTFX 062327
CLIBZN


CLIMATE REPORT
NATIONAL WEATHER SERVICE GREAT FALLS MT
425 PM MST FRI MAR 6 2015


...................................

...THE BOZEMAN/GALLATIN FIELD MT CLIMATE SUMMARY FOR MARCH 6 2015...
VALID TODAY AS OF 0400 PM LOCAL TIME.

CLIMATE NORMAL PERIOD 1981 TO 2010
CLIMATE RECORD PERIOD 1935 TO 2015


WEATHER ITEM   OBSERVED TIME   RECORD YEAR NORMAL DEPARTURE LAST
                VALUE   (LST)  VALUE       VALUE  FROM      YEAR
                                                  NORMAL
..................................................................
TEMPERATURE (F)
 TODAY
  MAXIMUM         58    329 PM  64    1987  46     12       46
  MINIMUM         22    240 AM -30    1951  20      2       32
  AVERAGE         40                        33      7       39

PRECIPITATION (IN)
  TODAY            0.00          0.41 1969   0.02  -0.02     0.39
  MONTH TO DATE    0.01                      0.13  -0.12     0.44
  SINCE OCT 1      2.31                      3.42  -1.11     2.44
  SINCE JAN 1      0.38                      1.04  -0.66     1.39

SNOWFALL (IN)
  TODAY            0.0           5.0  1969   0.3   -0.3      0.0
  MONTH TO DATE    2.0                       1.4    0.6      2.0
  SINCE MAR 1      2.0                       1.4    0.6      2.0
  SINCE JUL 1     32.4                      23.7    8.7     27.0
  SNOW DEPTH       0

DEGREE DAYS
 HEATING
  TODAY           25                        32     -7       26
  MONTH TO DATE  251                       198     53      247
  SINCE MAR 1    251                       198     53      247
  SINCE JUL 1   5833                      5778     55     6262

 COOLING
  TODAY            0                         0      0        0
  MONTH TO DATE    0                         0      0        0
  SINCE MAR 1      0                         0      0        0
  SINCE JAN 1      0                         0      0        0
..................................................................


WIND (MPH)
  HIGHEST WIND SPEED    26   HIGHEST WIND DIRECTION    NW (300)
  HIGHEST GUST SPEED    33   HIGHEST GUST DIRECTION    NW (300)
  AVERAGE WIND SPEED     6.1


SKY COVER
  AVERAGE SKY COVER 0.2


WEATHER CONDITIONS
 THE FOLLOWING WEATHER WAS RECORDED TODAY.
  NO SIGNIFICANT WEATHER WAS OBSERVED.


RELATIVE HUMIDITY (PERCENT)
 HIGHEST    81           100 AM
 LOWEST     22           200 PM
 AVERAGE    52

..........................................................


THE BOZEMAN/GALLATIN FIELD MT CLIMATE NORMALS FOR TOMORROW
                         NORMAL    RECORD    YEAR
 MAXIMUM TEMPERATURE (F)   46        62      2007
 MINIMUM TEMPERATURE (F)   21       -24      1951


SUNRISE AND SUNSET
MARCH  6 2015.........SUNRISE   654 AM MST   SUNSET   618 PM MST
MARCH  7 2015.........SUNRISE   653 AM MST   SUNSET   619 PM MST


-  INDICATES NEGATIVE NUMBERS.
R  INDICATES RECORD WAS SET OR TIED.
MM INDICATES DATA IS MISSING.
T  INDICATES TRACE AMOUNT.




$$
