375
CDUS45 KTFX 301015
CLIBZN


CLIMATE REPORT
NATIONAL WEATHER SERVICE GREAT FALLS MT
414 AM MDT THU MAR 30 2017


...................................

...THE BOZEMAN/GALLATIN FIELD MT CLIMATE SUMMARY FOR MARCH 29 2017...

CLIMATE NORMAL PERIOD 1981 TO 2010
CLIMATE RECORD PERIOD 1935 TO 2017


WEATHER ITEM   OBSERVED TIME   RECORD YEAR NORMAL DEPARTURE LAST
                VALUE   (LST)  VALUE       VALUE  FROM      YEAR
                                                  NORMAL
..................................................................
TEMPERATURE (F)
 YESTERDAY
  MAXIMUM         57    526 PM  74    1978  54      3       43
  MINIMUM         28    145 AM -11    1936  27      1       31
  AVERAGE         43                        41      2       37

PRECIPITATION (IN)
  YESTERDAY        0.02          0.43 2009   0.04  -0.02      T
  MONTH TO DATE    0.87                      0.86   0.01     0.92
  SINCE OCT 1      4.77                      4.15   0.62     4.36
  SINCE JAN 1      1.44                      1.77  -0.33     1.51

SNOWFALL (IN)
  YESTERDAY        0.0           5.0  1967   0.3   -0.3     MM
  MONTH TO DATE    1.8                       7.2   -5.4      2.1
  SINCE MAR 1      1.8                       7.2   -5.4      2.1
  SINCE JUL 1     41.0                      29.5   11.5     25.7
  SNOW DEPTH       0

DEGREE DAYS
 HEATING
  YESTERDAY       22                        24     -2       28
  MONTH TO DATE  677                       836   -159      780
  SINCE MAR 1    677                       836   -159      780
  SINCE JUL 1   6870                      6416    454     6465

 COOLING
  YESTERDAY        0                         0      0        0
  MONTH TO DATE    0                         0      0        0
  SINCE MAR 1      0                         0      0        0
  SINCE JAN 1      0                         0      0        0
..................................................................


WIND (MPH)
  HIGHEST WIND SPEED    26   HIGHEST WIND DIRECTION     W (250)
  HIGHEST GUST SPEED    35   HIGHEST GUST DIRECTION     W (250)
  AVERAGE WIND SPEED     5.4


SKY COVER
  AVERAGE SKY COVER 0.7


WEATHER CONDITIONS
 THE FOLLOWING WEATHER WAS RECORDED YESTERDAY.
  LIGHT RAIN


RELATIVE HUMIDITY (PERCENT)
 HIGHEST    89
 LOWEST     42
 AVERAGE    66

..........................................................


THE BOZEMAN/GALLATIN FIELD MT CLIMATE NORMALS FOR TODAY
                         NORMAL    RECORD    YEAR
 MAXIMUM TEMPERATURE (F)   54        75      2004
                                             1978
 MINIMUM TEMPERATURE (F)   28       -15      1936


SUNRISE AND SUNSET
MARCH 30 2017.........SUNRISE   708 AM MDT   SUNSET   751 PM MDT
MARCH 31 2017.........SUNRISE   706 AM MDT   SUNSET   752 PM MDT


-  INDICATES NEGATIVE NUMBERS.
R  INDICATES RECORD WAS SET OR TIED.
MM INDICATES DATA IS MISSING.
T  INDICATES TRACE AMOUNT.




$$
