000
CDUS45 KTFX 222230
CLIBZN


CLIMATE REPORT
NATIONAL WEATHER SERVICE GREAT FALLS MT
430 PM MDT MON MAY 22 2017


...................................

...THE BOZEMAN/GALLATIN FIELD MT CLIMATE SUMMARY FOR MAY 22 2017...
VALID TODAY AS OF 0400 PM LOCAL TIME.

CLIMATE NORMAL PERIOD 1981 TO 2010
CLIMATE RECORD PERIOD 1935 TO 2017


WEATHER ITEM   OBSERVED TIME   RECORD YEAR NORMAL DEPARTURE LAST
                VALUE   (LST)  VALUE       VALUE  FROM      YEAR
                                                  NORMAL
..................................................................
TEMPERATURE (F)
 TODAY
  MAXIMUM         68    152 PM  87    1980  70     -2       62
  MINIMUM         40    442 AM  27    1984  41     -1       31
  AVERAGE         54                        55     -1       47

PRECIPITATION (IN)
  TODAY            0.00          1.01 2002   0.09  -0.09      T
  MONTH TO DATE    1.67                      1.61   0.06     1.84
  SINCE OCT 1      8.83                      7.44   1.39     7.08
  SINCE JAN 1      5.50                      5.06   0.44     4.23

SNOWFALL (IN)
  TODAY            0.0           2.0  1966   0.1   -0.1      0.0
  MONTH TO DATE    1.0                       2.1   -1.1       T
  SINCE MAR 1      5.3                      17.3  -12.0      2.1
  SINCE JUL 1     44.5                      39.6    4.9     25.7

DEGREE DAYS
 HEATING
  TODAY           11                        10      1       18
  MONTH TO DATE  321                       278     43      320
  SINCE MAR 1   1689                      1759    -70     1694
  SINCE JUL 1   7882                      7339    543     7379

 COOLING
  TODAY            0                         0      0        0
  MONTH TO DATE    0                         0      0        0
  SINCE MAR 1      0                         0      0        0
  SINCE JAN 1      0                         0      0        0
..................................................................


WIND (MPH)
  HIGHEST WIND SPEED    17   HIGHEST WIND DIRECTION     E (80)
  HIGHEST GUST SPEED    20   HIGHEST GUST DIRECTION     E (80)
  AVERAGE WIND SPEED     4.2


SKY COVER
  AVERAGE SKY COVER 0.4


WEATHER CONDITIONS
 THE FOLLOWING WEATHER WAS RECORDED TODAY.
  NO SIGNIFICANT WEATHER WAS OBSERVED.


RELATIVE HUMIDITY (PERCENT)
 HIGHEST    86           400 AM
 LOWEST     37           200 PM
 AVERAGE    62

..........................................................


THE BOZEMAN/GALLATIN FIELD MT CLIMATE NORMALS FOR TOMORROW
                         NORMAL    RECORD    YEAR
 MAXIMUM TEMPERATURE (F)   70        85      1985
 MINIMUM TEMPERATURE (F)   41        26      1986


SUNRISE AND SUNSET
MAY 22 2017...........SUNRISE   545 AM MDT   SUNSET   858 PM MDT
MAY 23 2017...........SUNRISE   545 AM MDT   SUNSET   859 PM MDT


-  INDICATES NEGATIVE NUMBERS.
R  INDICATES RECORD WAS SET OR TIED.
MM INDICATES DATA IS MISSING.
T  INDICATES TRACE AMOUNT.




$$
