000
CDUS45 KTFX 011012
CLIBZN


CLIMATE REPORT
NATIONAL WEATHER SERVICE GREAT FALLS MT
410 AM MDT FRI AUG 1 2014


...................................

...THE BOZEMAN/GALLATIN FIELD MT CLIMATE SUMMARY FOR JULY 31 2014...

CLIMATE NORMAL PERIOD 1981 TO 2010
CLIMATE RECORD PERIOD 1935 TO 2014


WEATHER ITEM   OBSERVED TIME   RECORD YEAR NORMAL DEPARTURE
                VALUE   (LST)  VALUE       VALUE  FROM
                                                  NORMAL
...............................................................
TEMPERATURE (F)
 YESTERDAY
  MAXIMUM         88    256 PM 102    1989  90     -2
  MINIMUM         48    402 AM  32    1968  52     -4
  AVERAGE         68                        71     -3

PRECIPITATION (IN)
  YESTERDAY        0.00          0.70 1948   0.03  -0.03
  MONTH TO DATE    0.38                      1.12  -0.74
  SINCE OCT 1     10.43                     11.80  -1.37
  SINCE JAN 1      9.38                      9.42  -0.04

SNOWFALL (IN)
  YESTERDAY        0.0           0.0  1999   0.0    0.0
                                      2001
                                      1994
  MONTH TO DATE    0.0                       0.0    0.0
  SINCE JUN 1      0.0                       0.0    0.0
  SINCE JUL 1      0.0                       0.0    0.0
  SNOW DEPTH       0

DEGREE DAYS
 HEATING
  YESTERDAY        0                                0
  MONTH TO DATE   13                              -14
  SINCE JUN 1    249                               80
  SINCE JUL 1     13                              -15

 COOLING
  YESTERDAY        3                               -3
  MONTH TO DATE  123                              -43
  SINCE JUN 1    123                              -81
  SINCE JAN 1    123                              -85
...............................................................


WIND (MPH)
  HIGHEST WIND SPEED    14   HIGHEST WIND DIRECTION    NW (330)
  HIGHEST GUST SPEED    20   HIGHEST GUST DIRECTION    NW (300)
  AVERAGE WIND SPEED     6.6



WEATHER CONDITIONS
 THE FOLLOWING WEATHER WAS RECORDED YESTERDAY.
  NO SIGNIFICANT WEATHER WAS OBSERVED.


RELATIVE HUMIDITY (PERCENT)
 HIGHEST    86
 LOWEST     15
 AVERAGE    51

..........................................................


THE BOZEMAN/GALLATIN FIELD MT CLIMATE NORMALS FOR TODAY
                         NORMAL    RECORD    YEAR
 MAXIMUM TEMPERATURE (F)   90        99      2008
 MINIMUM TEMPERATURE (F)   52        37      2002
                                             2001


SUNRISE AND SUNSET
AUGUST  1 2014........SUNRISE   608 AM MDT   SUNSET   853 PM MDT
AUGUST  2 2014........SUNRISE   609 AM MDT   SUNSET   852 PM MDT


-  INDICATES NEGATIVE NUMBERS.
R  INDICATES RECORD WAS SET OR TIED.
MM INDICATES DATA IS MISSING.
T  INDICATES TRACE AMOUNT.




$$
