000
CDUS45 KTFX 201015
CLIBZN


CLIMATE REPORT
NATIONAL WEATHER SERVICE GREAT FALLS MT
313 AM MST FRI JAN 20 2017


...................................

...THE BOZEMAN/GALLATIN FIELD MT CLIMATE SUMMARY FOR JANUARY 19 2017...

CLIMATE NORMAL PERIOD 1981 TO 2010
CLIMATE RECORD PERIOD 1935 TO 2017


WEATHER ITEM   OBSERVED TIME   RECORD YEAR NORMAL DEPARTURE LAST
                VALUE   (LST)  VALUE       VALUE  FROM      YEAR
                                                  NORMAL
..................................................................
TEMPERATURE (F)
 YESTERDAY
  MAXIMUM         36    513 PM  59    2005  36      0       32
  MINIMUM         19    650 AM -43    1963  12      7       12
  AVERAGE         28                        24      4       22

PRECIPITATION (IN)
  YESTERDAY        T             0.28 1969   0.02  -0.02      T
  MONTH TO DATE    0.15                      0.30  -0.15     0.18
  SINCE OCT 1      3.48                      2.68   0.80     3.03
  SINCE JAN 1      0.15                      0.30  -0.15     0.18

SNOWFALL (IN)
  YESTERDAY        T             7.0  1969   0.2   -0.2      0.1
  MONTH TO DATE    6.1                       2.4    3.7      5.3
  SINCE DEC 1     20.2                       8.4   11.8     14.8
  SINCE JUL 1     24.1                      15.8    8.3     21.4
  SNOW DEPTH       4

DEGREE DAYS
 HEATING
  YESTERDAY       37                        41     -4       43
  MONTH TO DATE 1138                       801    337      905
  SINCE DEC 1   2733                      2155    578     2245
  SINCE JUL 1   4510                      4036    474     4209

 COOLING
  YESTERDAY        0                         0      0        0
  MONTH TO DATE    0                         0      0        0
  SINCE DEC 1      0                         0      0        0
  SINCE JAN 1      0                         0      0        0
..................................................................


WIND (MPH)
  HIGHEST WIND SPEED    14   HIGHEST WIND DIRECTION    SE (140)
  HIGHEST GUST SPEED    14   HIGHEST GUST DIRECTION    SE (150)
  AVERAGE WIND SPEED     3.9


SKY COVER
  AVERAGE SKY COVER 0.9


WEATHER CONDITIONS
 THE FOLLOWING WEATHER WAS RECORDED YESTERDAY.
  FOG


RELATIVE HUMIDITY (PERCENT)
 HIGHEST    85
 LOWEST     70
 AVERAGE    78

..........................................................


THE BOZEMAN/GALLATIN FIELD MT CLIMATE NORMALS FOR TODAY
                         NORMAL    RECORD    YEAR
 MAXIMUM TEMPERATURE (F)   37        51      1950
 MINIMUM TEMPERATURE (F)   12       -42      1949


SUNRISE AND SUNSET
JANUARY 20 2017.......SUNRISE   758 AM MST   SUNSET   514 PM MST
JANUARY 21 2017.......SUNRISE   757 AM MST   SUNSET   515 PM MST


-  INDICATES NEGATIVE NUMBERS.
R  INDICATES RECORD WAS SET OR TIED.
MM INDICATES DATA IS MISSING.
T  INDICATES TRACE AMOUNT.




$$
