000
CDUS45 KTFX 051015
CLIBZN


CLIMATE REPORT
NATIONAL WEATHER SERVICE GREAT FALLS MT
415 AM MDT SAT SEP 5 2015


...................................

...THE BOZEMAN/GALLATIN FIELD MT CLIMATE SUMMARY FOR SEPTEMBER 4 2015...

CLIMATE NORMAL PERIOD 1981 TO 2010
CLIMATE RECORD PERIOD 1935 TO 2015


WEATHER ITEM   OBSERVED TIME   RECORD YEAR NORMAL DEPARTURE LAST
                VALUE   (LST)  VALUE       VALUE  FROM      YEAR
                                                  NORMAL
..................................................................
TEMPERATURE (F)
 YESTERDAY
  MAXIMUM         63    342 PM  94    1998  81    -18       64
  MINIMUM         45    454 AM  27    1969  44      1       37
  AVERAGE         54                        62     -8       51

PRECIPITATION (IN)
  YESTERDAY        0.02          0.26 1992   0.04  -0.02     0.00
  MONTH TO DATE    0.04                      0.14  -0.10     0.00
  SINCE OCT 1     11.04                     13.02  -1.98    13.36
  SINCE JAN 1      9.11                     10.64  -1.53    12.31

SNOWFALL (IN)
  YESTERDAY        0.0           0.0  2000   0.0    0.0      0.0
                                      1994
  MONTH TO DATE    0.0                       0.0    0.0      0.0
  SINCE SEP 1      0.0                       0.0    0.0      0.0
  SINCE JUL 1      0.0                       T      0.0      0.0
  SNOW DEPTH       0

DEGREE DAYS
 HEATING
  YESTERDAY       11                         4      7       14
  MONTH TO DATE   16                        15      1       37
  SINCE SEP 1     16                        15      1       37
  SINCE JUL 1    115                        82     33      123

 COOLING
  YESTERDAY        0                         2     -2        0
  MONTH TO DATE    3                         8     -5        0
  SINCE SEP 1      3                         8     -5        0
  SINCE JAN 1    237                       354   -117      182
..................................................................


WIND (MPH)
  HIGHEST WIND SPEED    14   HIGHEST WIND DIRECTION     W (290)
  HIGHEST GUST SPEED    18   HIGHEST GUST DIRECTION     S (190)
  AVERAGE WIND SPEED     4.1


SKY COVER
  AVERAGE SKY COVER 0.8


WEATHER CONDITIONS
 THE FOLLOWING WEATHER WAS RECORDED YESTERDAY.
  LIGHT RAIN
  FOG


RELATIVE HUMIDITY (PERCENT)
 HIGHEST    93
 LOWEST     56
 AVERAGE    75

..........................................................


THE BOZEMAN/GALLATIN FIELD MT CLIMATE NORMALS FOR TODAY
                         NORMAL    RECORD    YEAR
 MAXIMUM TEMPERATURE (F)   80        95      1967
 MINIMUM TEMPERATURE (F)   44        31      1994


SUNRISE AND SUNSET
SEPTEMBER  5 2015.....SUNRISE   650 AM MDT   SUNSET   755 PM MDT
SEPTEMBER  6 2015.....SUNRISE   652 AM MDT   SUNSET   753 PM MDT


-  INDICATES NEGATIVE NUMBERS.
R  INDICATES RECORD WAS SET OR TIED.
MM INDICATES DATA IS MISSING.
T  INDICATES TRACE AMOUNT.




$$
