000
CDUS45 KTFX 230833
CLIBZN


CLIMATE REPORT
NATIONAL WEATHER SERVICE GREAT FALLS MT
131 AM MST TUE JAN 23 2018


...................................

...THE BOZEMAN/GALLATIN FIELD MT CLIMATE SUMMARY FOR JANUARY 22 2018...

CLIMATE NORMAL PERIOD 1981 TO 2010
CLIMATE RECORD PERIOD 1935 TO 2018


WEATHER ITEM   OBSERVED TIME   RECORD YEAR NORMAL DEPARTURE LAST
                VALUE   (LST)  VALUE       VALUE  FROM      YEAR
                                                  NORMAL
..................................................................
TEMPERATURE (F)
 YESTERDAY
  MAXIMUM         29    402 PM  52    1994  37     -8       31
  MINIMUM          3    330 AM -42    1962  12     -9        4
  AVERAGE         16                        24     -8       18

PRECIPITATION (IN)
  YESTERDAY        T             0.48 1989   0.02  -0.02     0.00
  MONTH TO DATE    0.93                      0.35   0.58     0.15
  SINCE OCT 1      3.88                      2.73   1.15     3.48
  SINCE JAN 1      0.93                      0.35   0.58     0.15

SNOWFALL (IN)
  YESTERDAY        T             5.3  1989   0.1   -0.1      0.0
  MONTH TO DATE    4.0                       2.7    1.3      6.1
  SINCE DEC 1     25.4                       8.7   16.7     20.2
  SINCE JUL 1     41.6                      16.1   25.5     24.1
  SNOW DEPTH       6

DEGREE DAYS
 HEATING
  YESTERDAY       49                        41      8       47
  MONTH TO DATE  981                       924     57     1282
  SINCE DEC 1   2485                      2278    207     2877
  SINCE JUL 1   4616                      4159    457     4654

 COOLING
  YESTERDAY        0                         0      0        0
  MONTH TO DATE    0                         0      0        0
  SINCE DEC 1      0                         0      0        0
  SINCE JAN 1      0                         0      0        0
..................................................................


WIND (MPH)
  HIGHEST WIND SPEED    10   HIGHEST WIND DIRECTION    SE (150)
  HIGHEST GUST SPEED    11   HIGHEST GUST DIRECTION    SE (150)
  AVERAGE WIND SPEED     3.5


SKY COVER
  AVERAGE SKY COVER 0.6


WEATHER CONDITIONS
 THE FOLLOWING WEATHER WAS RECORDED YESTERDAY.
  LIGHT SNOW
  FOG


RELATIVE HUMIDITY (PERCENT)
 HIGHEST    96
 LOWEST     71
 AVERAGE    84

..........................................................


THE BOZEMAN/GALLATIN FIELD MT CLIMATE NORMALS FOR TODAY
                         NORMAL    RECORD    YEAR
 MAXIMUM TEMPERATURE (F)   37        54      2005
 MINIMUM TEMPERATURE (F)   12       -43      1969


SUNRISE AND SUNSET
JANUARY 23 2018.......SUNRISE   756 AM MST   SUNSET   518 PM MST
JANUARY 24 2018.......SUNRISE   755 AM MST   SUNSET   519 PM MST


-  INDICATES NEGATIVE NUMBERS.
R  INDICATES RECORD WAS SET OR TIED.
MM INDICATES DATA IS MISSING.
T  INDICATES TRACE AMOUNT.




$$
