513
CDUS45 KTFX 141136
CLIBZN


CLIMATE REPORT
NATIONAL WEATHER SERVICE GREAT FALLS MT
436 AM MST SUN FEB 14 2016


...................................

...THE BOZEMAN/GALLATIN FIELD MT CLIMATE SUMMARY FOR FEBRUARY 13 2016...

CLIMATE NORMAL PERIOD 1981 TO 2010
CLIMATE RECORD PERIOD 1935 TO 2016


WEATHER ITEM   OBSERVED TIME   RECORD YEAR NORMAL DEPARTURE LAST
                VALUE   (LST)  VALUE       VALUE  FROM      YEAR
                                                  NORMAL
..................................................................
TEMPERATURE (F)
 YESTERDAY
  MAXIMUM         42    427 PM  61    2015  39      3       61
  MINIMUM         27    646 PM -38    1949  14     13       26
  AVERAGE         35                        26      9       44

PRECIPITATION (IN)
  YESTERDAY        0.16          0.25 1975   0.02   0.14     0.00
  MONTH TO DATE    0.16                      0.18  -0.02     0.04
  SINCE OCT 1      3.37                      3.04   0.33     2.19
  SINCE JAN 1      0.52                      0.66  -0.14     0.26

SNOWFALL (IN)
  YESTERDAY        T             2.6  1952   0.2   -0.2      0.0
  MONTH TO DATE    T                         2.1   -2.1      0.4
  SINCE DEC 1     17.0                      12.1    4.9     13.3
  SINCE JUL 1     23.6                      19.5    4.1     28.9
  SNOW DEPTH       5

DEGREE DAYS
 HEATING
  YESTERDAY       30                        38     -8       21
  MONTH TO DATE  520                       512      8      334
  SINCE DEC 1   3271                      3153    118     2878
  SINCE JUL 1   5235                      5034    201     5005

 COOLING
  YESTERDAY        0                         0      0        0
  MONTH TO DATE    0                         0      0        0
  SINCE DEC 1      0                         0      0        0
  SINCE JAN 1      0                         0      0        0
..................................................................


WIND (MPH)
  HIGHEST WIND SPEED    20   HIGHEST WIND DIRECTION     N (350)
  HIGHEST GUST SPEED    28   HIGHEST GUST DIRECTION     N (340)
  AVERAGE WIND SPEED     6.1


SKY COVER
  AVERAGE SKY COVER 0.6


WEATHER CONDITIONS
 THE FOLLOWING WEATHER WAS RECORDED YESTERDAY.
  LIGHT RAIN
  SNOW
  LIGHT SNOW
  FOG


RELATIVE HUMIDITY (PERCENT)
 HIGHEST    96
 LOWEST     50
 AVERAGE    73

..........................................................


THE BOZEMAN/GALLATIN FIELD MT CLIMATE NORMALS FOR TODAY
                         NORMAL    RECORD    YEAR
 MAXIMUM TEMPERATURE (F)   39        60      2015
 MINIMUM TEMPERATURE (F)   15       -34      1936


SUNRISE AND SUNSET
FEBRUARY 14 2016......SUNRISE   729 AM MST   SUNSET   549 PM MST
FEBRUARY 15 2016......SUNRISE   727 AM MST   SUNSET   551 PM MST


-  INDICATES NEGATIVE NUMBERS.
R  INDICATES RECORD WAS SET OR TIED.
MM INDICATES DATA IS MISSING.
T  INDICATES TRACE AMOUNT.




$$
