615
CDUS45 KTFX 111121
CLIBZN


CLIMATE REPORT
NATIONAL WEATHER SERVICE GREAT FALLS MT
419 AM MST SUN DEC 11 2016


...................................

...THE BOZEMAN/GALLATIN FIELD MT CLIMATE SUMMARY FOR DECEMBER 10 2016...

CLIMATE NORMAL PERIOD 1981 TO 2010
CLIMATE RECORD PERIOD 1935 TO 2016


WEATHER ITEM   OBSERVED TIME   RECORD YEAR NORMAL DEPARTURE LAST
                VALUE   (LST)  VALUE       VALUE  FROM      YEAR
                                                  NORMAL
..................................................................
TEMPERATURE (F)
 YESTERDAY
  MAXIMUM         21    426 PM  58    1939  33    -12       37
  MINIMUM          5    820 PM -29    1972  10     -5       24
  AVERAGE         13                        21     -8       31

PRECIPITATION (IN)
  YESTERDAY        0.06          0.37 1945   0.02   0.04     0.03
  MONTH TO DATE    0.08                      0.20  -0.12     0.06
  SINCE OCT 1      2.95                      2.06   0.89     2.34
  SINCE JAN 1     12.84                     13.67  -0.83    12.46

SNOWFALL (IN)
  YESTERDAY       MM             1.4  1949   0.2   MM         T
  MONTH TO DATE    T                         2.3   -2.3       T
  SINCE DEC 1      T                         2.3   -2.3       T
  SINCE JUL 1      3.9                       9.7   -5.8      6.6
  SNOW DEPTH       2

DEGREE DAYS
 HEATING
  YESTERDAY       52                        44      8       34
  MONTH TO DATE  467                       424     43      343
  SINCE DEC 1    467                       424     43      343
  SINCE JUL 1   2244                      2305    -61     2307

 COOLING
  YESTERDAY        0                         0      0        0
  MONTH TO DATE    0                         0      0        0
  SINCE DEC 1      0                         0      0        0
  SINCE JAN 1    232                       368   -136      243
..................................................................


WIND (MPH)
  HIGHEST WIND SPEED    13   HIGHEST WIND DIRECTION     S (160)
  HIGHEST GUST SPEED    14   HIGHEST GUST DIRECTION    SE (140)
  AVERAGE WIND SPEED     2.8


SKY COVER
  AVERAGE SKY COVER 0.8


WEATHER CONDITIONS
 THE FOLLOWING WEATHER WAS RECORDED YESTERDAY.
  HEAVY SNOW
  SNOW
  LIGHT SNOW
  FOG
  FOG W/VISIBILITY <= 1/4 MILE


RELATIVE HUMIDITY (PERCENT)
 HIGHEST    96
 LOWEST     76
 AVERAGE    86

..........................................................


THE BOZEMAN/GALLATIN FIELD MT CLIMATE NORMALS FOR TODAY
                         NORMAL    RECORD    YEAR
 MAXIMUM TEMPERATURE (F)   33        60      2004
 MINIMUM TEMPERATURE (F)    9       -25      1961


SUNRISE AND SUNSET
DECEMBER 11 2016......SUNRISE   756 AM MST   SUNSET   440 PM MST
DECEMBER 12 2016......SUNRISE   757 AM MST   SUNSET   440 PM MST


-  INDICATES NEGATIVE NUMBERS.
R  INDICATES RECORD WAS SET OR TIED.
MM INDICATES DATA IS MISSING.
T  INDICATES TRACE AMOUNT.




$$
