000
CDUS45 KTFX 250754
CLIBZN


CLIMATE REPORT
NATIONAL WEATHER SERVICE GREAT FALLS MT
1251 AM MST THU DEC 25 2014


...................................

...THE BOZEMAN/GALLATIN FIELD MT CLIMATE SUMMARY FOR DECEMBER 24 2014...

CLIMATE NORMAL PERIOD 1981 TO 2010
CLIMATE RECORD PERIOD 1935 TO 2014


WEATHER ITEM   OBSERVED TIME   RECORD YEAR NORMAL DEPARTURE
                VALUE   (LST)  VALUE       VALUE  FROM
                                                  NORMAL
...............................................................
TEMPERATURE (F)
 YESTERDAY
  MAXIMUM         41    133 PM  53    1959  33      8
  MINIMUM         28    726 AM -46    1983   8     20
  AVERAGE         35                        20     15

PRECIPITATION (IN)
  YESTERDAY        0.18          0.28 1941   0.01   0.17
  MONTH TO DATE    0.38                      0.41  -0.03
  SINCE OCT 1      1.72                      2.27  -0.55
  SINCE JAN 1     15.33                     13.88   1.45

SNOWFALL (IN)
  YESTERDAY       MM             4.0  1977   0.2   MM
  MONTH TO DATE    1.1                       4.9   -3.8
  SINCE DEC 1      1.1                       4.9   -3.8
  SINCE JUL 1     16.7                      12.3    4.4
  SNOW DEPTH       0

DEGREE DAYS
 HEATING
  YESTERDAY       30                              -15
  MONTH TO DATE  869                             -180
  SINCE DEC 1    869                             -180
  SINCE JUL 1   2996                               66

 COOLING
  YESTERDAY        0                                0
  MONTH TO DATE    0                                0
  SINCE DEC 1      0                                0
  SINCE JAN 1    187                             -181
...............................................................


WIND (MPH)
  HIGHEST WIND SPEED    14   HIGHEST WIND DIRECTION    NE (50)
  HIGHEST GUST SPEED    17   HIGHEST GUST DIRECTION     S (180)
  AVERAGE WIND SPEED     4.8



WEATHER CONDITIONS
 THE FOLLOWING WEATHER WAS RECORDED YESTERDAY.
  LIGHT SNOW
  FOG


RELATIVE HUMIDITY (PERCENT)
 HIGHEST   100
 LOWEST     50
 AVERAGE    75

..........................................................


THE BOZEMAN/GALLATIN FIELD MT CLIMATE NORMALS FOR TODAY
                         NORMAL    RECORD    YEAR
 MAXIMUM TEMPERATURE (F)   33        52      1980
 MINIMUM TEMPERATURE (F)    8       -28      1944
                                             1941


SUNRISE AND SUNSET
DECEMBER 25 2014......SUNRISE   804 AM MST   SUNSET   445 PM MST
DECEMBER 26 2014......SUNRISE   805 AM MST   SUNSET   446 PM MST


-  INDICATES NEGATIVE NUMBERS.
R  INDICATES RECORD WAS SET OR TIED.
MM INDICATES DATA IS MISSING.
T  INDICATES TRACE AMOUNT.




$$
