000
CDUS45 KTFX 231055
CLIBZN


CLIMATE REPORT
NATIONAL WEATHER SERVICE GREAT FALLS MT
455 AM MDT WED JUL 23 2014


...................................

...THE BOZEMAN/GALLATIN FIELD MT CLIMATE SUMMARY FOR JULY 22 2014...

CLIMATE NORMAL PERIOD 1981 TO 2010
CLIMATE RECORD PERIOD 1935 TO 2014


WEATHER ITEM   OBSERVED TIME   RECORD YEAR NORMAL DEPARTURE
                VALUE   (LST)  VALUE       VALUE  FROM
                                                  NORMAL
...............................................................
TEMPERATURE (F)
 YESTERDAY
  MAXIMUM         87    137 PM 100    2007  90     -3
                                      1960
  MINIMUM         55    332 AM  37    1993  52      3
  AVERAGE         71                        71      0

PRECIPITATION (IN)
  YESTERDAY        T             0.42 1970   0.03  -0.03
  MONTH TO DATE    0.38                      0.86  -0.48
  SINCE OCT 1     10.43                     11.54  -1.11
  SINCE JAN 1      9.38                      9.16   0.22

SNOWFALL (IN)
  YESTERDAY        0.0           0.0  1999   0.0    0.0
                                      2001
                                      1994
  MONTH TO DATE    0.0                       0.0    0.0
  SINCE JUN 1      0.0                       0.0    0.0
  SINCE JUL 1      0.0                       0.0    0.0
  SNOW DEPTH       0

DEGREE DAYS
 HEATING
  YESTERDAY        0                                0
  MONTH TO DATE    6                              -21
  SINCE JUN 1    242                               74
  SINCE JUL 1      6                              -21

 COOLING
  YESTERDAY        6                                0
  MONTH TO DATE   96                              -12
  SINCE JUN 1     96                              -50
  SINCE JAN 1     96                              -54
...............................................................


WIND (MPH)
  HIGHEST WIND SPEED    21   HIGHEST WIND DIRECTION     S (180)
  HIGHEST GUST SPEED    28   HIGHEST GUST DIRECTION     S (180)
  AVERAGE WIND SPEED     5.9



WEATHER CONDITIONS
 THE FOLLOWING WEATHER WAS RECORDED YESTERDAY.
  NO SIGNIFICANT WEATHER WAS OBSERVED.


RELATIVE HUMIDITY (PERCENT)
 HIGHEST    80
 LOWEST     28
 AVERAGE    54

..........................................................


THE BOZEMAN/GALLATIN FIELD MT CLIMATE NORMALS FOR TODAY
                         NORMAL    RECORD    YEAR
 MAXIMUM TEMPERATURE (F)   90       105      2007
 MINIMUM TEMPERATURE (F)   52        38      1954


SUNRISE AND SUNSET
JULY 23 2014..........SUNRISE   558 AM MDT   SUNSET   904 PM MDT
JULY 24 2014..........SUNRISE   559 AM MDT   SUNSET   903 PM MDT


-  INDICATES NEGATIVE NUMBERS.
R  INDICATES RECORD WAS SET OR TIED.
MM INDICATES DATA IS MISSING.
T  INDICATES TRACE AMOUNT.




$$
