000
CDUS45 KTFX 280844
CLIBZN


CLIMATE REPORT
NATIONAL WEATHER SERVICE GREAT FALLS MT
243 AM MDT FRI JUL 28 2017


...................................

...THE BOZEMAN/GALLATIN FIELD MT CLIMATE SUMMARY FOR JULY 27 2017...

CLIMATE NORMAL PERIOD 1981 TO 2010
CLIMATE RECORD PERIOD 1935 TO 2017


WEATHER ITEM   OBSERVED TIME   RECORD YEAR NORMAL DEPARTURE LAST
                VALUE   (LST)  VALUE       VALUE  FROM      YEAR
                                                  NORMAL
..................................................................
TEMPERATURE (F)
 YESTERDAY
  MAXIMUM         89    233 PM  97    2006  90     -1       89
  MINIMUM         53    435 AM  41    2005  52      1       47
  AVERAGE         71                        71      0       68

PRECIPITATION (IN)
  YESTERDAY        T             0.57 2015   0.03  -0.03     0.35
  MONTH TO DATE    0.13                      1.01  -0.88     1.60
  SINCE OCT 1     11.58                     11.69  -0.11    10.52
  SINCE JAN 1      8.25                      9.31  -1.06     7.67

SNOWFALL (IN)
  YESTERDAY        0.0           0.0  1998   0.0    0.0      0.0
                                      1994
  MONTH TO DATE    0.0                       0.0    0.0      0.0
  SINCE JUN 1      0.0                       0.0    0.0      0.0
  SINCE JUL 1      0.0                       0.0    0.0      0.0
  SNOW DEPTH       0

DEGREE DAYS
 HEATING
  YESTERDAY        0                         0      0        0
  MONTH TO DATE    0                        27    -27       42
  SINCE JUN 1    164                       168     -4      141
  SINCE JUL 1      0                        27    -27       42

 COOLING
  YESTERDAY        6                         6      0        3
  MONTH TO DATE  167                       138     29       83
  SINCE JUN 1    188                       176     12      138
  SINCE JAN 1    188                       180      8      138
..................................................................


WIND (MPH)
  HIGHEST WIND SPEED    24   HIGHEST WIND DIRECTION    SW (210)
  HIGHEST GUST SPEED    30   HIGHEST GUST DIRECTION    SW (210)
  AVERAGE WIND SPEED     6.7


SKY COVER
  AVERAGE SKY COVER 0.1


WEATHER CONDITIONS
 THE FOLLOWING WEATHER WAS RECORDED YESTERDAY.
  LIGHT RAIN


RELATIVE HUMIDITY (PERCENT)
 HIGHEST    83
 LOWEST     26
 AVERAGE    55

..........................................................


THE BOZEMAN/GALLATIN FIELD MT CLIMATE NORMALS FOR TODAY
                         NORMAL    RECORD    YEAR
 MAXIMUM TEMPERATURE (F)   90       101      2006
 MINIMUM TEMPERATURE (F)   52        34      1949


SUNRISE AND SUNSET
JULY 28 2017..........SUNRISE   603 AM MDT   SUNSET   858 PM MDT
JULY 29 2017..........SUNRISE   605 AM MDT   SUNSET   857 PM MDT


-  INDICATES NEGATIVE NUMBERS.
R  INDICATES RECORD WAS SET OR TIED.
MM INDICATES DATA IS MISSING.
T  INDICATES TRACE AMOUNT.




$$
